000
CDAK49 PAOT 180038
CLIOTZ

CLIMATE REPORT
NATIONAL WEATHER SERVICE KOTZEBUE, AK
438 PM AKDT THU APR 17 2014

...................................
...THE KOTZEBUE WSO AP CLIMATE SUMMARY FOR APRIL 17 2014...
VALID TODAY AS OF 2:00 PM LOCAL TIME

CLIMATE NORMAL PERIOD  1981 TO  2010
CLIMATE RECORD PERIOD  1897 TO  2014

WEATHER ITEM   OBSERVED TIME    RECORD YEAR NORMAL DEPARTURE LAST
               VALUE    (LST)   VALUE       VALUE  FROM      YEAR
                                                   NORMAL
...................................................................
TEMPERATURE
TODAY
 MAXIMUM            33  0336 PM    45  1904     22      11     19
 MINIMUM            19  0716 AM   -22  1959      6      13     -6
 AVERAGE            26                          14      12      7

PRECIPITATION
(INCHES)
 TODAY            0.00           0.26  2002   0.02   -0.02   0.00
 MONTH TO DATE    0.07                        0.28   -0.21   0.04
 SINCE MAR 1      0.41                        0.72   -0.31   0.41
 SINCE JAN 1      1.13                        2.00   -0.87   2.47

SNOWFALL
(INCHES)
 TODAY             0.0            6.2  2002    0.2    -0.2    0.0
 MONTH TO DATE     0.4                         3.1    -2.7    0.4
 SINCE MAR 1       7.2                         9.0    -1.8    4.1
 SINCE JUL 1      32.2                        56.6   -24.4   28.4
 SNOW DEPTH (IN)     5                                          5

DEGREE DAYS
 HEATING
  TODAY             39                          51     -12     58
  MONTH TO DATE    893                         955     -62   1031
  SINCE MAR 1     2658                        2942    -284   2985
  SINCE JUL 1    11590                       13184   -1594  13316

 COOLING
  TODAY              0                           0       0      0
  MONTH TO DATE      0                           0       0      0
  SINCE MAR 1        0                           0       0      0
  SINCE JAN 1        0                           0       0      0
...................................................................

WIND (MPH)
 HIGHEST WIND SPEED     9     HIGHEST WIND DIRECTION     40
 HIGHEST GUST SPEED    10     HIGHEST GUST DIRECTION     40
 AVERAGE WIND SPEED    MM

SKY COVER
  POSSIBLE SUNSHINE  MM            AVERAGE SKY COVER MM

WEATHER CONDITIONS
 THE FOLLOWING WEATHER WAS RECORDED TODAY.
NO SIGNIFICANT WEATHER WAS OBSERVED.

RELATIVE HUMIDITY
 HIGHEST RH     MM PERCENT       MM
 LOWEST  RH     MM PERCENT       MM
 AVERAGE RH     MM PERCENT       MM
...................................................................

THE KOTZEBUE CLIMATE NORMALS FOR TOMORROW
                        NORMAL    RECORD   YEAR
 MAXIMUM TEMPERATURE      23        40     1953
 MINIMUM TEMPERATURE       7       -24     1899

SUNRISE AND SUNSET
 APR 17 2014..........SUNRISE  6:57 AM      SUNSET 10:47 PM
 APR 18 2014..........SUNRISE  6:53 AM      SUNSET 10:50 PM

-  INDICATES NEGATIVE NUMBERS.
R  INDICATES RECORD HAS BEEN SET OR TIED.
MM INDICATES DATA IS MISSING.
T  INDICATES TRACE OF PRECIPITATION.

&&
-------------------------------------------------------------------

AMOUNT OF DAYLIGHT TODAY  (HOUR:MIN)........15 HOURS 50 MINUTES
GAIN/LOSS SINCE YESTERDAY (HOUR:MIN:SEC)....+0:07:45

$$
EWH APR 14
