655
CDAK49 PAFG 191005
CLIOTZ

CLIMATE REPORT
NATIONAL WEATHER SERVICE FAIRBANKS AK
105 AM AKST SUN FEB 19 2017


...................................

...THE KOTZEBUE AK CLIMATE SUMMARY FOR FEBRUARY 18 2017...

CLIMATE NORMAL PERIOD 1981 TO 2010
CLIMATE RECORD PERIOD 1920 TO 2017


WEATHER ITEM   OBSERVED TIME   RECORD YEAR NORMAL DEPARTURE LAST
                VALUE   (LST)  VALUE       VALUE  FROM      YEAR
                                                  NORMAL
..................................................................
TEMPERATURE (F)
 YESTERDAY
  MAXIMUM         14   1129 AM  35    1944   7      7       15
  MINIMUM         -6   1159 PM -51    1964  -7      1       10
  AVERAGE          4                         0      4       13

PRECIPITATION (IN)
  YESTERDAY        T             0.64 2009   0.03  -0.03     0.02
  MONTH TO DATE    0.03                      0.41  -0.38     0.09
  SINCE DEC 1      1.32                      1.79  -0.47     0.93
  SINCE JAN 1      0.58                      1.03  -0.45     0.47

SNOWFALL (IN)
  YESTERDAY        0.5           7.0  2009   0.4    0.1     MM
  MONTH TO DATE    0.9                       6.0   -5.1      1.0
  SINCE DEC 1     26.3                      26.6   -0.3      4.2
  SINCE JUL 1     31.9                      44.0  -12.1     17.6
  SNOW DEPTH      26

DEGREE DAYS
 HEATING
  YESTERDAY       61                        65     -4       52
  MONTH TO DATE 1174                      1193    -19      969
  SINCE DEC 1   4930                      5239   -309     4493
  SINCE JUL 1   8543                      9597  -1054     8212

 COOLING
  YESTERDAY        0                         0      0        0
  MONTH TO DATE    0                         0      0        0
  SINCE DEC 1      0                         0      0        0
  SINCE JAN 1      0                         0      0        0
..................................................................


WIND (MPH)
  HIGHEST GUST SPEED    17   HIGHEST GUST DIRECTION     W (260)


SKY COVER
  AVERAGE SKY COVER 1.0


WEATHER CONDITIONS
 THE FOLLOWING WEATHER WAS RECORDED YESTERDAY.
  LIGHT SNOW
  FOG
  HAZE


RELATIVE HUMIDITY (PERCENT)
 HIGHEST    64
 LOWEST     17
 AVERAGE    41

..........................................................


THE KOTZEBUE AK CLIMATE NORMALS FOR TODAY
                         NORMAL    RECORD    YEAR
 MAXIMUM TEMPERATURE (F)    7        33      2010
 MINIMUM TEMPERATURE (F)   -7       -52      1964


SUNRISE AND SUNSET
FEBRUARY 19 2017......SUNRISE   943 AM AKST  SUNSET   627 PM AKST
FEBRUARY 20 2017......SUNRISE   940 AM AKST  SUNSET   631 PM AKST

-  INDICATES NEGATIVE NUMBERS.
R  INDICATES RECORD WAS SET OR TIED.
MM INDICATES DATA IS MISSING.
T  INDICATES TRACE AMOUNT.

&&

SNOW DEPTH IS MEASURED AT 3AM AKST/4AM AKDT.

----------------------------
AVAILABLE DAYLIGHT

AMOUNT OF DAYLIGHT TODAY  (HOUR:MIN)........8:44
GAIN/LOSS SINCE YESTERDAY (HOUR:MIN:SEC)....+0:07:38

$$
LTH FEB 17
