132
CDAK49 PAFG 220946
CLIOTZ

CLIMATE REPORT
NATIONAL WEATHER SERVICE FAIRBANKS AK
1246 AM AKST THU FEB 22 2018


...................................

...THE KOTZEBUE AK CLIMATE SUMMARY FOR FEBRUARY 21 2018...

CLIMATE NORMAL PERIOD 1981 TO 2010
CLIMATE RECORD PERIOD 1920 TO 2018


WEATHER ITEM   OBSERVED TIME   RECORD YEAR NORMAL DEPARTURE LAST
                VALUE   (LST)  VALUE       VALUE  FROM      YEAR
                                                  NORMAL
..................................................................
TEMPERATURE (F)
 YESTERDAY
  MAXIMUM         31   1128 PM  34    2015   7     24       -7
                                      2010
  MINIMUM         21    826 AM -45    1968  -7     28      -33
  AVERAGE         26                         0     26      -20

PRECIPITATION (IN)
  YESTERDAY        T             0.20 1937   0.03  -0.03     0.00
  MONTH TO DATE    0.59                      0.49   0.10     0.04
  SINCE DEC 1      2.43                      1.87   0.56     1.33
  SINCE JAN 1      0.85                      1.11  -0.26     0.59

SNOWFALL (IN)
  YESTERDAY        0.1           3.0  1937   0.4   -0.3      0.0
  MONTH TO DATE    3.9                       7.1   -3.2      1.4
  SINCE DEC 1     28.0                      27.7    0.3     26.8
  SINCE JUL 1     69.0                      45.1   23.9     32.4
  SNOW DEPTH      MM

DEGREE DAYS
 HEATING
  YESTERDAY       39                        65    -26       85
  MONTH TO DATE 1064                      1388   -324     1412
  SINCE DEC 1   4482                      5434   -952     5168
  SINCE JUL 1   8299                      9792  -1493     8781

 COOLING
  YESTERDAY        0                         0      0        0
  MONTH TO DATE    0                         0      0        0
  SINCE DEC 1      0                         0      0        0
  SINCE JAN 1      0                         0      0        0
..................................................................


WIND (MPH)
  HIGHEST GUST SPEED    35   HIGHEST GUST DIRECTION     E (110)


SKY COVER
  AVERAGE SKY COVER 0.7


WEATHER CONDITIONS
 THE FOLLOWING WEATHER WAS RECORDED YESTERDAY.
  LIGHT SNOW
  FOG


RELATIVE HUMIDITY (PERCENT)
 HIGHEST    92
 LOWEST     81
 AVERAGE    87

..........................................................


THE KOTZEBUE AK CLIMATE NORMALS FOR TODAY
                         NORMAL    RECORD    YEAR
 MAXIMUM TEMPERATURE (F)    7        37      2015
 MINIMUM TEMPERATURE (F)   -7       -52      1968


SUNRISE AND SUNSET
FEBRUARY 22 2018......SUNRISE   933 AM AKST  SUNSET   637 PM AKST
FEBRUARY 23 2018......SUNRISE   929 AM AKST  SUNSET   641 PM AKST

-  INDICATES NEGATIVE NUMBERS.
R  INDICATES RECORD WAS SET OR TIED.
MM INDICATES DATA IS MISSING.
T  INDICATES TRACE AMOUNT.

&&

SNOW DEPTH IS MEASURED AT 3AM AKST/4AM AKDT.

----------------------------
AVAILABLE DAYLIGHT

AMOUNT OF DAYLIGHT TODAY  (HOUR:MIN)........9:05
GAIN/LOSS SINCE YESTERDAY (HOUR:MIN:SEC)....+0:07:36

$$
SDB FEB 18
