000
CDAK49 PAFG 230943
CLIOTZ

CLIMATE REPORT
NATIONAL WEATHER SERVICE FAIRBANKS AK
1243 AM AKST MON JAN 23 2017


...................................

...THE KOTZEBUE AK CLIMATE SUMMARY FOR JANUARY 22 2017...

CLIMATE NORMAL PERIOD 1981 TO 2010
CLIMATE RECORD PERIOD 1920 TO 2017


WEATHER ITEM   OBSERVED TIME   RECORD YEAR NORMAL DEPARTURE LAST
                VALUE   (LST)  VALUE       VALUE  FROM      YEAR
                                                  NORMAL
..................................................................
TEMPERATURE (F)
 YESTERDAY
  MAXIMUM        -29    132 AM  33    2008   3    -32       -4
  MINIMUM        -33   1055 PM -48    1989 -10    -23      -13
  AVERAGE        -31                        -3    -28       -8

PRECIPITATION (IN)
  YESTERDAY        0.00          0.36 1999   0.02  -0.02     0.00
  MONTH TO DATE    0.15                      0.45  -0.30     0.16
  SINCE DEC 1      0.89                      1.21  -0.32     0.62
  SINCE JAN 1      0.15                      0.45  -0.30     0.16

SNOWFALL (IN)
  YESTERDAY        0.0          10.7  1999   0.3   -0.3      0.0
  MONTH TO DATE    1.1                       6.6   -5.5      1.0
  SINCE DEC 1     15.2                      18.1   -2.9      2.2
  SINCE JUL 1     20.8                      35.5  -14.7     15.6
  SNOW DEPTH      15

DEGREE DAYS
 HEATING
  YESTERDAY       96                        68     28       73
  MONTH TO DATE 1485                      1485      0     1094
  SINCE DEC 1   3287                      3429   -142     3033
  SINCE JUL 1   6900                      7787   -887     6752

 COOLING
  YESTERDAY        0                         0      0        0
  MONTH TO DATE    0                         0      0        0
  SINCE DEC 1      0                         0      0        0
  SINCE JAN 1      0                         0      0        0
..................................................................


WIND (MPH)
  HIGHEST GUST SPEED    13   HIGHEST GUST DIRECTION     E (100)


SKY COVER
  AVERAGE SKY COVER 0.0


WEATHER CONDITIONS
 THE FOLLOWING WEATHER WAS RECORDED YESTERDAY.
  NO SIGNIFICANT WEATHER WAS OBSERVED.


RELATIVE HUMIDITY (PERCENT)
 HIGHEST    69
 LOWEST     69
 AVERAGE    69

..........................................................


THE KOTZEBUE AK CLIMATE NORMALS FOR TODAY
                         NORMAL    RECORD    YEAR
 MAXIMUM TEMPERATURE (F)    3        35      2014
 MINIMUM TEMPERATURE (F)  -10       -46      1989


SUNRISE AND SUNSET
JANUARY 23 2017.......SUNRISE  1127 AM AKST  SUNSET   439 PM AKST
JANUARY 24 2017.......SUNRISE  1124 AM AKST  SUNSET   444 PM AKST

-  INDICATES NEGATIVE NUMBERS.
R  INDICATES RECORD WAS SET OR TIED.
MM INDICATES DATA IS MISSING.
T  INDICATES TRACE AMOUNT.

&&

SNOW DEPTH IS MEASURED AT 3AM AKST/4AM AKDT.

----------------------------
AVAILABLE DAYLIGHT

AMOUNT OF DAYLIGHT TODAY  (HOUR:MIN)........5:12
GAIN/LOSS SINCE YESTERDAY (HOUR:MIN:SEC)....+0:07:59

$$
SDB JAN 17
