493
CDAK49 PAOT 281229
CLIOTZ

CLIMATE REPORT
NATIONAL WEATHER SERVICE KOTZEBUE, AK
429 AM AKDT SUN AUG 28 2016

...................................
...THE KOTZEBUE WSO AP CLIMATE SUMMARY FOR AUGUST 27 2016...

CLIMATE NORMAL PERIOD  1981 TO  2010
CLIMATE RECORD PERIOD  1897 TO  2016

WEATHER ITEM   OBSERVED TIME    RECORD YEAR NORMAL DEPARTURE LAST
               VALUE    (LST)   VALUE       VALUE  FROM      YEAR
                                                   NORMAL
...................................................................
TEMPERATURE
YESTERDAY
 MAXIMUM            60  0744 PM    70  1981     54       6     46
 MINIMUM            53  1009 PM    32  1996     45       8     41
 AVERAGE            57                          50       7     44

PRECIPITATION
(INCHES)
 YESTERDAY        0.01           0.54  1963   0.06   -0.05   0.01
 MONTH TO DATE    1.91                        1.93   -0.02   3.88
 SINCE JUN 1      3.60                        3.96   -0.36   4.44
 SINCE JAN 1      5.71                        6.63   -0.92   6.95

SNOWFALL
(INCHES)
 YESTERDAY         0.0            0.0  2015    0.0     0.0    0.0
 MONTH TO DATE     0.0                         0.0     0.0    0.0
 SINCE JUN 1       0.0                         0.0     0.0    0.0
 SINCE JUL 1       0.0                         0.0     0.0    0.0
 SNOW DEPTH (IN)     0                                          0

DEGREE DAYS
 HEATING
  YESTERDAY          8                          15      -7     21
  MONTH TO DATE    216                         348    -132    338
  SINCE JUN 1      873                        1255    -382    943
  SINCE JUL 1      469                         674    -205    534

 COOLING
  YESTERDAY          0                           0       0      0
  MONTH TO DATE      0                           0       0      0
  SINCE JUN 1        5                           0       5     14
  SINCE JAN 1        5                           0       5     14
...................................................................

WIND (MPH)
 HIGHEST WIND SPEED    20     HIGHEST WIND DIRECTION    250
 HIGHEST GUST SPEED    22     HIGHEST GUST DIRECTION    250
 AVERAGE WIND SPEED   9.4

SKY COVER
  POSSIBLE SUNSHINE    MM          AVERAGE SKY COVER     MM

WEATHER CONDITIONS
 THE FOLLOWING WEATHER WAS RECORDED YESTERDAY.
  FOG
RAIN


RELATIVE HUMIDITY
 HIGHEST RH     MM PERCENT       MM
 LOWEST  RH     MM PERCENT       MM
 AVERAGE RH     MM PERCENT       MM
...................................................................

THE KOTZEBUE CLIMATE NORMALS FOR TODAY
                           NORMAL    RECORD   YEAR
 MAXIMUM TEMPERATURE (F)     54        67     2001
 MINIMUM TEMPERATURE (F)     45        29     1994

SUNRISE AND SUNSET
 AUG 28 2016..........SUNRISE  7:11 AM      SUNSET 10:30 PM
 AUG 29 2016..........SUNRISE  7:15 AM      SUNSET 10:26 PM

-  INDICATES NEGATIVE NUMBERS.
R  INDICATES RECORD HAS BEEN SET OR TIED.
MM INDICATES DATA IS MISSING.
T  INDICATES TRACE OF PRECIPITATION.

&&
-------------------------------------------------------------------

AMOUNT OF DAYLIGHT TODAY  (HOUR:MIN)........15 HOURS 19 MINUTES
LOSS SINCE YESTERDAY  (HOUR:MIN:SEC)........-0:07:34

$$
SV AUG 16
