000
CDAK49 PAOT 311203
CLIOTZ

CLIMATE REPORT
NATIONAL WEATHER SERVICE KOTZEBUE, AK
403 AM AKDT THU JUL 31 2014

...................................
...THE KOTZEBUE WSO AP CLIMATE SUMMARY FOR JULY 30 2014...

CLIMATE NORMAL PERIOD  1981 TO  2010
CLIMATE RECORD PERIOD  1897 TO  2014

WEATHER ITEM   OBSERVED TIME    RECORD YEAR NORMAL DEPARTURE LAST
               VALUE    (LST)   VALUE       VALUE  FROM      YEAR
                                                   NORMAL
...................................................................
TEMPERATURE
YESTERDAY
 MAXIMUM            63  0522 PM    76  1953     59       4     58
 MINIMUM            54  0455 AM    38  1931     50       4     54
 AVERAGE            59                          55       4     56

PRECIPITATION
(INCHES)
 YESTERDAY           T           0.62  1984   0.06   -0.06      T
 MONTH TO DATE    2.58                        1.38    1.20   1.28
 SINCE JUN 1      2.96                        1.96    1.00   2.19
 SINCE JAN 1      5.22                        4.63    0.59   5.79

SNOWFALL
(INCHES)
 YESTERDAY         0.0            0.0  2014    0.0     0.0    0.0
 MONTH TO DATE     0.0                         0.0     0.0    0.0
 SINCE JUN 1       0.0                         0.0     0.0    0.0
 SINCE JUL 1       0.0                         0.0     0.0    0.0
 SNOW DEPTH (IN)     0                                          0

DEGREE DAYS
 HEATING
  YESTERDAY          6                          10      -4      9
  MONTH TO DATE    344                         315      29    258
  SINCE JUN 1      961                         896      65    683
  SINCE JUL 1      344                         315      29    258

 COOLING
  YESTERDAY          0                           0       0      0
  MONTH TO DATE      8                           0       8      5
  SINCE JUN 1        8                           0       8     13
  SINCE JAN 1        8                           0       8     13
...................................................................

WIND (MPH)
 HIGHEST WIND SPEED    13     HIGHEST WIND DIRECTION    300
 HIGHEST GUST SPEED    14     HIGHEST GUST DIRECTION    300
 AVERAGE WIND SPEED   5.9

SKY COVER
  POSSIBLE SUNSHINE    MM          AVERAGE SKY COVER     MM

WEATHER CONDITIONS
 THE FOLLOWING WEATHER WAS RECORDED YESTERDAY.
 RAIN


RELATIVE HUMIDITY
 HIGHEST RH     MM PERCENT       MM
 LOWEST  RH     MM PERCENT       MM
 AVERAGE RH     MM PERCENT       MM
...................................................................

THE KOTZEBUE CLIMATE NORMALS FOR TODAY
                           NORMAL    RECORD   YEAR
 MAXIMUM TEMPERATURE (F)     59        74     1997
 MINIMUM TEMPERATURE (F)     50        33     1936

SUNRISE AND SUNSET
 JUL 31 2014..........SUNRISE  5:21 AM      SUNSET 12:30 AM
 AUG 1 2014..........SUNRISE  5:26 AM      SUNSET 12:25 AM

-  INDICATES NEGATIVE NUMBERS.
R  INDICATES RECORD HAS BEEN SET OR TIED.
MM INDICATES DATA IS MISSING.
T  INDICATES TRACE OF PRECIPITATION.

&&
-------------------------------------------------------------------

AMOUNT OF DAYLIGHT TODAY  (HOUR:MIN)........19 HOURS 9 MINUTES
GAIN/LOSS SINCE YESTERDAY (HOUR:MIN:SEC)....-0:08:51

$$


265 JUL 14
