000
CDAK49 PAOT 230011
CLIOTZ

CLIMATE REPORT
NATIONAL WEATHER SERVICE KOTZEBUE, AK
311 PM AKST MON DEC 22 2014

...................................
...THE KOTZEBUE WSO AP CLIMATE SUMMARY FOR DECEMBER 22 2014...
VALID TODAY AS OF 2:00 PM LOCAL TIME

CLIMATE NORMAL PERIOD  1981 TO  2010
CLIMATE RECORD PERIOD  1897 TO  2014

WEATHER ITEM   OBSERVED TIME    RECORD YEAR NORMAL DEPARTURE LAST
               VALUE    (LST)   VALUE       VALUE  FROM      YEAR
                                                   NORMAL
...................................................................
TEMPERATURE
TODAY
 MAXIMUM             8  1237 AM    32  1985      8       0     11
 MINIMUM             1  1017 AM   -40  1898     -5       6     -1
 AVERAGE             5                           1       4      5

PRECIPITATION
(INCHES)
 TODAY               T           0.18  1971   0.02   -0.02   0.07
 MONTH TO DATE    0.09                        0.55   -0.46   0.76
 SINCE DEC 1      0.09                        0.55   -0.46   0.76
 SINCE JAN 1      9.35                       10.79   -1.44  12.07

SNOWFALL
(INCHES)
 TODAY               T            3.6  1971    0.3    -0.3    2.0
 MONTH TO DATE     1.0                         8.4    -7.4    7.1
 SINCE DEC 1       1.0                         8.4    -7.4    7.1
 SINCE JUL 1       5.7                        25.8   -20.1   18.8
 SNOW DEPTH (IN)     2                                          7

DEGREE DAYS
 HEATING
  TODAY             60                          64      -4     60
  MONTH TO DATE   1263                        1359     -96   1172
  SINCE DEC 1     1261                        1359     -98   1169
  SINCE JUL 1     4936                        5718    -782   5052

 COOLING
  TODAY              0                           0       0      0
  MONTH TO DATE      0                           0       0      0
  SINCE DEC 1        0                           0       0      0
  SINCE JAN 1       19                           0      19     13
...................................................................

WIND (MPH)
 HIGHEST WIND SPEED    22     HIGHEST WIND DIRECTION    310
 HIGHEST GUST SPEED    24     HIGHEST GUST DIRECTION    310
 AVERAGE WIND SPEED   0.0

SKY COVER
  POSSIBLE SUNSHINE  MM            AVERAGE SKY COVER MM

WEATHER CONDITIONS
 THE FOLLOWING WEATHER WAS RECORDED TODAY.
 SNOW


RELATIVE HUMIDITY
 HIGHEST RH     MM PERCENT       MM
 LOWEST  RH     MM PERCENT       MM
 AVERAGE RH     MM PERCENT       MM
...................................................................

THE KOTZEBUE CLIMATE NORMALS FOR TOMORROW
                        NORMAL    RECORD   YEAR
 MAXIMUM TEMPERATURE       8        34     1983
 MINIMUM TEMPERATURE      -6       -39     1957

SUNRISE AND SUNSET
 DEC 22 2014..........SUNRISE 12:58 PM      SUNSET  2:41 PM
 DEC 23 2014..........SUNRISE 12:58 PM      SUNSET  2:42 PM

-  INDICATES NEGATIVE NUMBERS.
R  INDICATES RECORD HAS BEEN SET OR TIED.
MM INDICATES DATA IS MISSING.
T  INDICATES TRACE OF PRECIPITATION.

&&
-------------------------------------------------------------------

AMOUNT OF DAYLIGHT TODAY  (HOUR:MIN)........1 HOURS 43 MINUTES
GAIN SINCE YESTERDAY (HOUR:MIN:SEC).........+0:00:23

$$
TGH DEC 14
