289
CDAK49 PAOT 302317
CLIOTZ

CLIMATE REPORT
NATIONAL WEATHER SERVICE KOTZEBUE, AK
317 PM AKDT SAT JUL 30 2016

...................................
...THE KOTZEBUE WSO AP CLIMATE SUMMARY FOR JULY 30 2016...
VALID TODAY AS OF 2:00 PM LOCAL TIME

CLIMATE NORMAL PERIOD  1981 TO  2010
CLIMATE RECORD PERIOD  1897 TO  2016

WEATHER ITEM   OBSERVED TIME    RECORD YEAR NORMAL DEPARTURE LAST
               VALUE    (LST)   VALUE       VALUE  FROM      YEAR
                                                   NORMAL
...................................................................
TEMPERATURE
TODAY
 MAXIMUM            53  0217 PM    76  1953     59      -6     57
 MINIMUM            44  0554 AM    38  1931     50      -6     51
 AVERAGE            49                          55      -6     54

PRECIPITATION
(INCHES)
 TODAY            0.00           0.62  1984   0.06   -0.06   0.00
 MONTH TO DATE    1.44                        1.38    0.06   0.28
 SINCE JUN 1      1.69                        1.96   -0.27   0.49
 SINCE JAN 1      3.80                        4.63   -0.83   3.00

SNOWFALL
(INCHES)
 TODAY             0.0            0.0  2015    0.0     0.0    0.0
 MONTH TO DATE     0.0                         0.0     0.0    0.0
 SINCE JUN 1       0.0                         0.0     0.0    0.0
 SINCE JUL 1       0.0                         0.0     0.0    0.0
 SNOW DEPTH (IN)     0              0  2015                     0

DEGREE DAYS
 HEATING
  TODAY             16                          10       6     11
  MONTH TO DATE    239                         315     -76    187
  SINCE JUN 1      643                         896    -253    596
  SINCE JUL 1      239                         315     -76    187

 COOLING
  TODAY              0                           0       0      0
  MONTH TO DATE      5                           0       5     10
  SINCE JUN 1        5                           0       5     14
  SINCE JAN 1        5                           0       5     14
...................................................................

WIND (MPH)
 HIGHEST WIND SPEED    24     HIGHEST WIND DIRECTION    290
 HIGHEST GUST SPEED    28     HIGHEST GUST DIRECTION    300
 AVERAGE WIND SPEED   0.0

SKY COVER
  POSSIBLE SUNSHINE  MM            AVERAGE SKY COVER MM

WEATHER CONDITIONS
 THE FOLLOWING WEATHER WAS RECORDED TODAY.
  NO SIGNIFICANT WEATHER WAS OBSERVED.

RELATIVE HUMIDITY
 HIGHEST RH     MM PERCENT       MM
 LOWEST  RH     MM PERCENT       MM
 AVERAGE RH     MM PERCENT       MM
...................................................................

THE KOTZEBUE CLIMATE NORMALS FOR TOMORROW
                        NORMAL    RECORD   YEAR
 MAXIMUM TEMPERATURE      59        76     1903
 MINIMUM TEMPERATURE      50        34     1931

SUNRISE AND SUNSET
 JUL 30 2016..........SUNRISE  5:19 AM      SUNSET 12:32 AM
 JUL 31 2016..........SUNRISE  5:24 AM      SUNSET 12:27 AM

-  INDICATES NEGATIVE NUMBERS.
R  INDICATES RECORD HAS BEEN SET OR TIED.
MM INDICATES DATA IS MISSING.
T  INDICATES TRACE OF PRECIPITATION.

&&
-------------------------------------------------------------------

AMOUNT OF DAYLIGHT TODAY  (HOUR:MIN)........19 HOURS 13 MINUTES
GAIN/LOSS SINCE YESTERDAY (HOUR:MIN:SEC)....-0:08:53

$$
LEHL JUL 16
