312
CDAK49 PAFG 050943
CLIOTZ

CLIMATE REPORT
NATIONAL WEATHER SERVICE FAIRBANKS AK
1243 AM AKST MON DEC 5 2016


...................................

...THE KOTZEBUE AK CLIMATE SUMMARY FOR DECEMBER 4 2016...

CLIMATE NORMAL PERIOD 1981 TO 2010
CLIMATE RECORD PERIOD 1920 TO 2016


WEATHER ITEM   OBSERVED TIME   RECORD YEAR NORMAL DEPARTURE LAST
                VALUE   (LST)  VALUE       VALUE  FROM      YEAR
                                                  NORMAL
..................................................................
TEMPERATURE (F)
 YESTERDAY
  MAXIMUM         -4   1159 PM  34    2002  11    -15        2
  MINIMUM        -13   1158 AM -39    1951  -1    -12      -11
  AVERAGE         -8                         5    -13       -4

PRECIPITATION (IN)
  YESTERDAY        0.00          0.19 1999   0.02  -0.02     0.00
  MONTH TO DATE    T                         0.10  -0.10     0.05
  SINCE DEC 1      T                         0.10  -0.10     0.05
  SINCE JAN 1      8.16                     10.34  -2.18    10.18

SNOWFALL (IN)
  YESTERDAY        0.0           3.0  2011   0.4   -0.4      0.0
  MONTH TO DATE    T                         1.6   -1.6      0.0
  SINCE DEC 1      T                         1.6   -1.6      0.0
  SINCE JUL 1      5.6                      19.0  -13.4     13.4
  SNOW DEPTH       4

DEGREE DAYS
 HEATING
  YESTERDAY       73                        60     13       69
  MONTH TO DATE  289                       240     49      239
  SINCE DEC 1    289                       240     49      239
  SINCE JUL 1   3902                      4598   -696     3958

 COOLING
  YESTERDAY        0                         0      0        0
  MONTH TO DATE    0                         0      0        0
  SINCE DEC 1      0                         0      0        0
  SINCE JAN 1      5                         5      0       16
..................................................................


WIND (MPH)
  HIGHEST GUST SPEED    32   HIGHEST GUST DIRECTION     E (110)


SKY COVER
  AVERAGE SKY COVER 0.0


WEATHER CONDITIONS
 THE FOLLOWING WEATHER WAS RECORDED YESTERDAY.
  NO SIGNIFICANT WEATHER WAS OBSERVED.


RELATIVE HUMIDITY (PERCENT)
 HIGHEST    78
 LOWEST     63
 AVERAGE    71

..........................................................


THE KOTZEBUE AK CLIMATE NORMALS FOR TODAY
                         NORMAL    RECORD    YEAR
 MAXIMUM TEMPERATURE (F)   10        33      2002
                                             1934
 MINIMUM TEMPERATURE (F)   -2       -42      1951


SUNRISE AND SUNSET
DECEMBER 05 2016......SUNRISE  1216 PM AKST  SUNSET   308 PM AKST
DECEMBER 06 2016......SUNRISE  1220 PM AKST  SUNSET   305 PM AKST

-  INDICATES NEGATIVE NUMBERS.
R  INDICATES RECORD WAS SET OR TIED.
MM INDICATES DATA IS MISSING.
T  INDICATES TRACE AMOUNT.

&&

SNOW DEPTH IS MEASURED AT 3AM AKST/4AM AKDT.

----------------------------
AVAILABLE DAYLIGHT

AMOUNT OF DAYLIGHT TODAY  (HOUR:MIN)........2:52
GAIN/LOSS SINCE YESTERDAY (HOUR:MIN:SEC)....-0:07:08

$$
SDB DEC 16
