241
CDAK49 PAFG 220942
CLIOTZ

CLIMATE REPORT
NATIONAL WEATHER SERVICE FAIRBANKS AK
142 AM AKDT FRI SEP 22 2017


...................................

...THE KOTZEBUE AK CLIMATE SUMMARY FOR SEPTEMBER 21 2017...

CLIMATE NORMAL PERIOD 1981 TO 2010
CLIMATE RECORD PERIOD 1920 TO 2017


WEATHER ITEM   OBSERVED TIME   RECORD YEAR NORMAL DEPARTURE LAST
                VALUE   (LST)  VALUE       VALUE  FROM      YEAR
                                                  NORMAL
..................................................................
TEMPERATURE (F)
 YESTERDAY
  MAXIMUM         47    555 PM  66    1995  44      3       47
  MINIMUM         37   1159 PM  18    1992  36      1       41
  AVERAGE         42                        40      2       44

PRECIPITATION (IN)
  YESTERDAY        0.03          0.80 1990   0.06  -0.03     0.61
  MONTH TO DATE    1.58                      1.14   0.44     1.31
  SINCE SEP 1      1.58                      1.14   0.44     1.31
  SINCE JAN 1      8.04                      8.02   0.02     7.05

SNOWFALL (IN)
  YESTERDAY        0.0           1.0  1930   0.0    0.0      0.0
  MONTH TO DATE    0.0                       0.3   -0.3      0.0
  SINCE SEP 1      0.0                       0.3   -0.3      0.0
  SINCE JUL 1      0.0                       0.3   -0.3      0.0
  SNOW DEPTH       0

DEGREE DAYS
 HEATING
  YESTERDAY       23                        25     -2       21
  MONTH TO DATE  411                       429    -18      398
  SINCE SEP 1    411                       429    -18      398
  SINCE JUL 1   1098                      1167    -69      890

 COOLING
  YESTERDAY        0                         0      0        0
  MONTH TO DATE    0                         0      0        0
  SINCE SEP 1      0                         0      0        0
  SINCE JAN 1      1                         5     -4        5
..................................................................


WIND (MPH)
  HIGHEST GUST SPEED    16   HIGHEST GUST DIRECTION     N (360)


SKY COVER
  AVERAGE SKY COVER 0.8


WEATHER CONDITIONS
 THE FOLLOWING WEATHER WAS RECORDED YESTERDAY.
  LIGHT RAIN
  FOG


RELATIVE HUMIDITY (PERCENT)
 HIGHEST    85
 LOWEST     71
 AVERAGE    78

..........................................................


THE KOTZEBUE AK CLIMATE NORMALS FOR TODAY
                         NORMAL    RECORD    YEAR
 MAXIMUM TEMPERATURE (F)   44        57      1995
 MINIMUM TEMPERATURE (F)   35        18      1992


SUNRISE AND SUNSET
SEPTEMBER 22 2017.....SUNRISE   834 AM AKDT  SUNSET   850 PM AKDT
SEPTEMBER 23 2017.....SUNRISE   838 AM AKDT  SUNSET   846 PM AKDT

-  INDICATES NEGATIVE NUMBERS.
R  INDICATES RECORD WAS SET OR TIED.
MM INDICATES DATA IS MISSING.
T  INDICATES TRACE AMOUNT.

&&

SNOW DEPTH IS MEASURED AT 3AM AKST/4AM AKDT.

----------------------------
AVAILABLE DAYLIGHT

AMOUNT OF DAYLIGHT TODAY  (HOUR:MIN)........12:16
GAIN/LOSS SINCE YESTERDAY (HOUR:MIN:SEC)....-0:07:17

$$
CCC SEP 17
