172
CDAK49 PAFG 201007
CLIOTZ

CLIMATE REPORT
NATIONAL WEATHER SERVICE FAIRBANKS AK
207 AM AKDT THU JUL 20 2017


...................................

...THE KOTZEBUE AK CLIMATE SUMMARY FOR JULY 19 2017...

CLIMATE NORMAL PERIOD 1981 TO 2010
CLIMATE RECORD PERIOD 1920 TO 2017


WEATHER ITEM   OBSERVED TIME   RECORD YEAR NORMAL DEPARTURE LAST
                VALUE   (LST)  VALUE       VALUE  FROM      YEAR
                                                  NORMAL
..................................................................
TEMPERATURE (F)
 YESTERDAY
  MAXIMUM         59    212 AM  76    1985  60     -1       59
                                      1971
  MINIMUM         53   1159 PM  37    1965  51      2       51
                                      1964
  AVERAGE         56                        55      1       55

PRECIPITATION (IN)
  YESTERDAY        0.00          0.59 1978   0.05  -0.05     0.00
  MONTH TO DATE    0.94                      0.75   0.19     0.78
  SINCE JUN 1      1.14                      1.33  -0.19     1.03
  SINCE JAN 1      3.22                      4.00  -0.78     3.16

SNOWFALL (IN)
  YESTERDAY        0.0           0.0    MM   0.0    0.0      0.0
  MONTH TO DATE    0.0                       0.0    0.0      0.0
  SINCE JUN 1      0.0                       0.0    0.0      0.0
  SINCE JUL 1      0.0                       0.0    0.0      0.0
  SNOW DEPTH       0

DEGREE DAYS
 HEATING
  YESTERDAY        9                        10     -1       10
  MONTH TO DATE  138                       205    -67      147
  SINCE JUN 1    549                       785   -236      551
  SINCE JUL 1    138                       205    -67      147

 COOLING
  YESTERDAY        0                         0      0        0
  MONTH TO DATE    1                         0      1        5
  SINCE JUN 1      1                         1      0        5
  SINCE JAN 1      1                         1      0        5
..................................................................


WIND (MPH)
  HIGHEST GUST SPEED    26   HIGHEST GUST DIRECTION     W (280)


SKY COVER
  AVERAGE SKY COVER 0.9


WEATHER CONDITIONS
 THE FOLLOWING WEATHER WAS RECORDED YESTERDAY.
  FOG


RELATIVE HUMIDITY (PERCENT)
 HIGHEST   100
 LOWEST     86
 AVERAGE    93

..........................................................


THE KOTZEBUE AK CLIMATE NORMALS FOR TODAY
                         NORMAL    RECORD    YEAR
 MAXIMUM TEMPERATURE (F)   60        82      1939
 MINIMUM TEMPERATURE (F)   51        39      1965


SUNRISE AND SUNSET
JULY 20 2017..........SUNRISE   431 AM AKDT  SUNSET   120 AM AKDT
JULY 21 2017..........SUNRISE   436 AM AKDT  SUNSET   115 AM AKDT

-  INDICATES NEGATIVE NUMBERS.
R  INDICATES RECORD WAS SET OR TIED.
MM INDICATES DATA IS MISSING.
T  INDICATES TRACE AMOUNT.

&&

SNOW DEPTH IS MEASURED AT 3AM AKST/4AM AKDT.

----------------------------
AVAILABLE DAYLIGHT

AMOUNT OF DAYLIGHT TODAY  (HOUR:MIN)........20:54
GAIN/LOSS SINCE YESTERDAY (HOUR:MIN:SEC)....-0:10:28

$$
DJH JUL 17
