000
CDAK49 PAOT 061248
CLIOTZ

CLIMATE REPORT
NATIONAL WEATHER SERVICE KOTZEBUE, AK
348 AM AKST SAT FEB 6 2016

...................................
...THE KOTZEBUE WSO AP CLIMATE SUMMARY FOR FEBRUARY 5 2016...

CLIMATE NORMAL PERIOD  1981 TO  2010
CLIMATE RECORD PERIOD  1897 TO  2016

WEATHER ITEM   OBSERVED TIME    RECORD YEAR NORMAL DEPARTURE LAST
               VALUE    (LST)   VALUE       VALUE  FROM      YEAR
                                                   NORMAL
...................................................................
TEMPERATURE
YESTERDAY
 MAXIMUM            19  0127 PM    35  2003      5      14     -7
 MINIMUM            12  0507 AM   -49  1968     -9      21    -11
 AVERAGE            16                          -2      18     -9

PRECIPITATION
(INCHES)
 YESTERDAY           T           0.23  2012   0.02   -0.02   0.00
 MONTH TO DATE       T                        0.11   -0.11      T
 SINCE DEC 1      0.84                        1.49   -0.65   0.71
 SINCE JAN 1      0.38                        0.73   -0.35   0.36

SNOWFALL
(INCHES)
 YESTERDAY         0.2            3.2  2012    0.3    -0.1    0.0
 MONTH TO DATE     0.2                         1.6    -1.4      T
 SINCE DEC 1      16.6                        22.2    -5.6    6.4
 SINCE JUL 1      38.1                        39.6    -1.5   11.1
 SNOW DEPTH (IN)    27                                          4

DEGREE DAYS
 HEATING
  YESTERDAY         49                          67     -18     74
  MONTH TO DATE    254                         336     -82    317
  SINCE DEC 1     3783                        4376    -593   3965
  SINCE JUL 1     7685                        8735   -1050   7651

 COOLING
  YESTERDAY          0                           0       0      0
  MONTH TO DATE      0                           0       0      0
  SINCE DEC 1        0                           0       0      0
  SINCE JAN 1        0                           0       0      0
...................................................................

WIND (MPH)
 HIGHEST WIND SPEED    28     HIGHEST WIND DIRECTION     70
 HIGHEST GUST SPEED    32     HIGHEST GUST DIRECTION     60
 AVERAGE WIND SPEED  16.6

SKY COVER
  POSSIBLE SUNSHINE    MM          AVERAGE SKY COVER     MM

WEATHER CONDITIONS
 THE FOLLOWING WEATHER WAS RECORDED YESTERDAY.
 SNOW


RELATIVE HUMIDITY
 HIGHEST RH     MM PERCENT       MM
 LOWEST  RH     MM PERCENT       MM
 AVERAGE RH     MM PERCENT       MM
...................................................................

THE KOTZEBUE CLIMATE NORMALS FOR TODAY
                           NORMAL    RECORD   YEAR
 MAXIMUM TEMPERATURE (F)      5        35     1995
 MINIMUM TEMPERATURE (F)     -9       -49     1991

SUNRISE AND SUNSET
 FEB 6 2016..........SUNRISE 10:37 AM      SUNSET  5:34 PM
 FEB 7 2016..........SUNRISE 10:33 AM      SUNSET  5:38 PM

-  INDICATES NEGATIVE NUMBERS.
R  INDICATES RECORD HAS BEEN SET OR TIED.
MM INDICATES DATA IS MISSING.
T  INDICATES TRACE OF PRECIPITATION.

&&
-------------------------------------------------------------------

AMOUNT OF DAYLIGHT TODAY  (HOUR:MIN)........6 HOURS 57 MINUTES
GAIN SINCE YESTERDAY (HOUR:MIN:SEC).........+0:07:52

$$
TGH FEB 16
