000
CDUS43 KDDC 281010
CLIP28


CLIMATE REPORT
NATIONAL WEATHER SERVICE DODGE CITY KS
506 AM CDT THU MAY 28 2015


...................................

...THE MEDICINE LODGE KS CLIMATE SUMMARY FOR MAY 27 2015...

CLIMATE NORMAL PERIOD 1981 TO 2010
CLIMATE RECORD PERIOD 1893 TO 2015


WEATHER ITEM   OBSERVED TIME   RECORD YEAR NORMAL DEPARTURE LAST
                VALUE   (LST)  VALUE       VALUE  FROM      YEAR
                                                  NORMAL
..................................................................
TEMPERATURE (F)
 YESTERDAY
  MAXIMUM         83    326 PM 100    1896  83      0       82
                                      1953
  MINIMUM         56    530 AM  44    1992  59     -3       62
  AVERAGE         70                        71     -1       72

PRECIPITATION (IN)
  YESTERDAY        0.04          2.90 1900   0.11  -0.07     0.39
  MONTH TO DATE    6.79                      2.77   4.02     0.82
  SINCE MAR 1     10.65                      7.46   3.19     1.94
  SINCE JAN 1     11.96                      9.21   2.75     2.89

SNOWFALL (IN)
  YESTERDAY        0.0          MM      MM   0.0             0.0
  MONTH TO DATE    0.0                       0.0             0.0
  SINCE MAR 1      0.3                       0.1             5.5
  SINCE JUL 1     13.2                       8.5            28.5
  SNOW DEPTH       0

DEGREE DAYS
 HEATING
  YESTERDAY        0                         1     -1        0
  MONTH TO DATE  103                        69     34       84
  SINCE MAR 1    746                       925   -179     1072
  SINCE JUL 1   4320                      4454   -134     5023

 COOLING
  YESTERDAY        5                         7     -2        7
  MONTH TO DATE   63                       104    -41      196
  SINCE MAR 1     95                       128    -33      225
  SINCE JAN 1     95                       128    -33      225
..................................................................


WIND (MPH)
  HIGHEST WIND SPEED    16   HIGHEST WIND DIRECTION    SE (140)
  HIGHEST GUST SPEED    23   HIGHEST GUST DIRECTION    SE (150)
  AVERAGE WIND SPEED     6.4




RELATIVE HUMIDITY (PERCENT)
 HIGHEST   100           400 AM
 LOWEST     51           300 PM
 AVERAGE    76

..........................................................


THE MEDICINE LODGE KS CLIMATE NORMALS FOR TODAY
                         NORMAL    RECORD    YEAR
 MAXIMUM TEMPERATURE (F)   83        98      2006
                                             1959
 MINIMUM TEMPERATURE (F)   59        42      1906


SUNRISE AND SUNSET
MAY 28 2015...........SUNRISE   617 AM CDT   SUNSET   846 PM CDT
MAY 29 2015...........SUNRISE   617 AM CDT   SUNSET   847 PM CDT


-  INDICATES NEGATIVE NUMBERS.
R  INDICATES RECORD WAS SET OR TIED.
MM INDICATES DATA IS MISSING.
T  INDICATES TRACE AMOUNT.




$$
