000
CDUS43 KDDC 011427
CLIP28


CLIMATE REPORT
NATIONAL WEATHER SERVICE DODGE CITY KS
927 AM CDT MON SEP 1 2014


...................................

...THE MEDICINE LODGE KS CLIMATE SUMMARY FOR SEPTEMBER 1 2014...
VALID AS OF 0800 AM LOCAL TIME.

CLIMATE NORMAL PERIOD 1981 TO 2010
CLIMATE RECORD PERIOD 1893 TO 2014


WEATHER ITEM   OBSERVED TIME   RECORD YEAR NORMAL DEPARTURE LAST
                VALUE   (LST)  VALUE       VALUE  FROM      YEAR
                                                  NORMAL
..................................................................
TEMPERATURE (F)
 TODAY
  MAXIMUM         82    106 AM 110    1939  89     -7       93
  MINIMUM         67    652 AM  47    1949  64      3       71
  AVERAGE         75                        77     -2       82

PRECIPITATION (IN)
  TODAY            0.00          1.31 1977   0.09  -0.09     0.00
  MONTH TO DATE    0.00                      0.09  -0.09     0.00
  SINCE SEP 1      0.00                      0.09  -0.09     0.00
  SINCE JAN 1     17.51                     20.44  -2.93    21.64

..................................................................


WIND (MPH)
  HIGHEST WIND SPEED    23   HIGHEST WIND DIRECTION    NE (60)
  HIGHEST GUST SPEED    32   HIGHEST GUST DIRECTION    NE (60)



WEATHER CONDITIONS
 THE FOLLOWING WEATHER WAS RECORDED TODAY.
  NO SIGNIFICANT WEATHER WAS OBSERVED.


RELATIVE HUMIDITY (PERCENT)
 HIGHEST    81

..........................................................


THE MEDICINE LODGE KS CLIMATE NORMALS FOR TOMORROW
                         NORMAL    RECORD    YEAR
 MAXIMUM TEMPERATURE (F)   89       107      1939
 MINIMUM TEMPERATURE (F)   64        46      1952


SUNRISE AND SUNSET
SEPTEMBER  1 2014.....SUNRISE   705 AM CDT   SUNSET   803 PM CDT
SEPTEMBER  2 2014.....SUNRISE   706 AM CDT   SUNSET   802 PM CDT


-  INDICATES NEGATIVE NUMBERS.
R  INDICATES RECORD WAS SET OR TIED.
MM INDICATES DATA IS MISSING.
T  INDICATES TRACE AMOUNT.




$$
