000
CDUS43 KDDC 181426
CLIP28


CLIMATE REPORT
NATIONAL WEATHER SERVICE DODGE CITY KS
826 AM CST THU JAN 18 2018


...................................

...THE MEDICINE LODGE KS CLIMATE SUMMARY FOR JANUARY 18 2018...
VALID AS OF 0800 AM LOCAL TIME.

CLIMATE NORMAL PERIOD 1981 TO 2010
CLIMATE RECORD PERIOD 1893 TO 2018


WEATHER ITEM   OBSERVED TIME   RECORD YEAR NORMAL DEPARTURE LAST
                VALUE   (LST)  VALUE       VALUE  FROM      YEAR
                                                  NORMAL
..................................................................
TEMPERATURE (F)
 TODAY
  MAXIMUM         20   1223 AM  75    1951  45    -25       54
  MINIMUM         17    759 AM  -5    1943  22     -5       32
  AVERAGE         19                        33    -14       43

PRECIPITATION (IN)
  TODAY            0.00          0.67 1979   0.02  -0.02     0.01
  MONTH TO DATE    0.08                      0.34  -0.26     3.46
  SINCE DEC 1      0.08                      1.26  -1.18     4.16
  SINCE JAN 1      0.08                      0.34  -0.26     3.46

..................................................................


WIND (MPH)
  HIGHEST WIND SPEED     8   HIGHEST WIND DIRECTION    SE (130)
  HIGHEST GUST SPEED    12   HIGHEST GUST DIRECTION    SE (130)



WEATHER CONDITIONS
 THE FOLLOWING WEATHER WAS RECORDED TODAY.
  NO SIGNIFICANT WEATHER WAS OBSERVED.


RELATIVE HUMIDITY (PERCENT)
 HIGHEST    54           300 AM
 LOWEST     49          1200 AM

..........................................................


THE MEDICINE LODGE KS CLIMATE NORMALS FOR TOMORROW
                         NORMAL    RECORD    YEAR
 MAXIMUM TEMPERATURE (F)   46        74      2015
                                             1951
 MINIMUM TEMPERATURE (F)   22       -13      1984


SUNRISE AND SUNSET
JANUARY 18 2018.......SUNRISE   746 AM CST   SUNSET   544 PM CST
JANUARY 19 2018.......SUNRISE   746 AM CST   SUNSET   545 PM CST


-  INDICATES NEGATIVE NUMBERS.
R  INDICATES RECORD WAS SET OR TIED.
MM INDICATES DATA IS MISSING.
T  INDICATES TRACE AMOUNT.




$$
