000
CDUS43 KDDC 222343
CLIP28


CLIMATE REPORT
NATIONAL WEATHER SERVICE DODGE CITY KS
641 PM CDT WED OCT 22 2014


...................................

...THE MEDICINE LODGE KS CLIMATE SUMMARY FOR OCTOBER 22 2014...
VALID TODAY AS OF 0500 PM LOCAL TIME.

CLIMATE NORMAL PERIOD 1981 TO 2010
CLIMATE RECORD PERIOD 1893 TO 2014


WEATHER ITEM   OBSERVED TIME   RECORD YEAR NORMAL DEPARTURE LAST
                VALUE   (LST)  VALUE       VALUE  FROM      YEAR
                                                  NORMAL
..................................................................
TEMPERATURE (F)
 TODAY
  MAXIMUM         80    108 PM  92    1927  69     11       74
  MINIMUM         55    646 AM  23    1982  44     11       40
  AVERAGE         68                        56     12       57

PRECIPITATION (IN)
  TODAY            0.01          2.10 1941   0.09  -0.08     0.00
  MONTH TO DATE    0.65                      2.13  -1.48     0.79
  SINCE SEP 1      1.50                      4.23  -2.73     1.88
  SINCE JAN 1     19.01                     24.58  -5.57    23.52

DEGREE DAYS
 HEATING
  TODAY            0                         9     -9        8
  MONTH TO DATE  101                       137    -36      163
  SINCE SEP 1    120                       171    -51      173
  SINCE JUL 1    125                       171    -46      173

 COOLING
  TODAY            3                         0      3        0
  MONTH TO DATE   43                        37      6       45
  SINCE SEP 1    296                       257     39      337
  SINCE JAN 1   1780                      1768     12     1786
..................................................................


WIND (MPH)
  HIGHEST WIND SPEED    24   HIGHEST WIND DIRECTION     S (180)
  HIGHEST GUST SPEED    32   HIGHEST GUST DIRECTION     S (180)
  AVERAGE WIND SPEED     9.8




RELATIVE HUMIDITY (PERCENT)
 HIGHEST    93           600 AM
 LOWEST     36           100 PM
 AVERAGE    65

..........................................................


THE MEDICINE LODGE KS CLIMATE NORMALS FOR TOMORROW
                         NORMAL    RECORD    YEAR
 MAXIMUM TEMPERATURE (F)   68        93      1939
 MINIMUM TEMPERATURE (F)   43        21      1938


SUNRISE AND SUNSET
OCTOBER 22 2014.......SUNRISE   749 AM CDT   SUNSET   648 PM CDT
OCTOBER 23 2014.......SUNRISE   750 AM CDT   SUNSET   647 PM CDT


-  INDICATES NEGATIVE NUMBERS.
R  INDICATES RECORD WAS SET OR TIED.
MM INDICATES DATA IS MISSING.
T  INDICATES TRACE AMOUNT.




$$
