000
CDUS43 KDDC 012335
CLIP28


CLIMATE REPORT
NATIONAL WEATHER SERVICE DODGE CITY KS
633 PM CDT FRI AUG 1 2014


...................................

...THE MEDICINE LODGE KS CLIMATE SUMMARY FOR AUGUST 1 2014...
VALID TODAY AS OF 0500 PM LOCAL TIME.

CLIMATE NORMAL PERIOD 1981 TO 2010
CLIMATE RECORD PERIOD 1893 TO 2014


WEATHER ITEM   OBSERVED TIME   RECORD YEAR NORMAL DEPARTURE LAST
                VALUE   (LST)  VALUE       VALUE  FROM      YEAR
                                                  NORMAL
..................................................................
TEMPERATURE (F)
 TODAY
  MAXIMUM         91    359 PM 111    1934  95     -4       91
  MINIMUM         59    519 AM  54    1936  70    -11       64
  AVERAGE         75                        82     -7       78

PRECIPITATION (IN)
  TODAY            0.00          1.50 1996   0.08  -0.08     0.00
  MONTH TO DATE    0.00                      0.08  -0.08     0.00
  SINCE JUN 1     12.61                      7.57   5.04     5.00
  SINCE JAN 1     15.50                     17.31  -1.81    15.35

DEGREE DAYS
 HEATING
  TODAY            0                         0      0        0
  MONTH TO DATE    0                         0      0        0
  SINCE JUN 1      5                         3      2        4
  SINCE JUL 1      5                         0      5        0

 COOLING
  TODAY           10                        17     -7       13
  MONTH TO DATE   10                        17     -7       13
  SINCE JUN 1    721                       898   -177      892
  SINCE JAN 1    990                      1054    -64     1035
..................................................................


WIND (MPH)
  HIGHEST WIND SPEED    15   HIGHEST WIND DIRECTION    NE (40)
  HIGHEST GUST SPEED    20   HIGHEST GUST DIRECTION    NE (30)
  AVERAGE WIND SPEED     3.9




RELATIVE HUMIDITY (PERCENT)
 HIGHEST   100          1200 AM
 LOWEST     32           400 PM
 AVERAGE    66

..........................................................


THE MEDICINE LODGE KS CLIMATE NORMALS FOR TOMORROW
                         NORMAL    RECORD    YEAR
 MAXIMUM TEMPERATURE (F)   95       113      2011
 MINIMUM TEMPERATURE (F)   70        54      1913


SUNRISE AND SUNSET
AUGUST  1 2014........SUNRISE   639 AM CDT   SUNSET   842 PM CDT
AUGUST  2 2014........SUNRISE   640 AM CDT   SUNSET   841 PM CDT


-  INDICATES NEGATIVE NUMBERS.
R  INDICATES RECORD WAS SET OR TIED.
MM INDICATES DATA IS MISSING.
T  INDICATES TRACE AMOUNT.




$$
