000
CDUS43 KDDC 011008
CLIP28


CLIMATE REPORT
NATIONAL WEATHER SERVICE DODGE CITY KS
508 AM CDT SAT AUG 1 2015


...................................

...THE MEDICINE LODGE KS CLIMATE SUMMARY FOR JULY 31 2015...

CLIMATE NORMAL PERIOD 1981 TO 2010
CLIMATE RECORD PERIOD 1893 TO 2015


WEATHER ITEM   OBSERVED TIME   RECORD YEAR NORMAL DEPARTURE LAST
                VALUE   (LST)  VALUE       VALUE  FROM      YEAR
                                                  NORMAL
..................................................................
TEMPERATURE (F)
 YESTERDAY
  MAXIMUM         90    414 PM 113    1934  95     -5       83
  MINIMUM         69    606 AM  52    1925  70     -1       57
  AVERAGE         80                        82     -2       70

PRECIPITATION (IN)
  YESTERDAY        0.00          1.32 1930   0.11  -0.11     0.00
  MONTH TO DATE   10.65                      3.38   7.27     4.72
  SINCE JUN 1     12.91                      7.49   5.42    12.61
  SINCE JAN 1     24.87                     17.23   7.64    15.50

SNOWFALL (IN)
  YESTERDAY        0.0          MM      MM   0.0             0.0
  MONTH TO DATE    0.0                       0.0             0.0
  SINCE JUN 1      0.0                       0.0             0.0
  SINCE JUL 1      0.0                       0.0             0.0
  SNOW DEPTH       0

DEGREE DAYS
 HEATING
  YESTERDAY        0                         0      0        0
  MONTH TO DATE    0                         0      0        5
  SINCE JUN 1      0                         3     -3        5
  SINCE JUL 1      0                         0      0        5

 COOLING
  YESTERDAY       15                        17     -2        5
  MONTH TO DATE  529                       528      1      369
  SINCE JUN 1    961                       881     80      711
  SINCE JAN 1   1068                      1037     31      980
..................................................................


WIND (MPH)
  HIGHEST WIND SPEED     8   HIGHEST WIND DIRECTION     S (180)
  HIGHEST GUST SPEED    12   HIGHEST GUST DIRECTION    SE (120)
  AVERAGE WIND SPEED     2.3




RELATIVE HUMIDITY (PERCENT)
 HIGHEST   100           300 AM
 LOWEST     52           400 PM
 AVERAGE    76

..........................................................


THE MEDICINE LODGE KS CLIMATE NORMALS FOR TODAY
                         NORMAL    RECORD    YEAR
 MAXIMUM TEMPERATURE (F)   95       111      1934
 MINIMUM TEMPERATURE (F)   70        54      1936


SUNRISE AND SUNSET
AUGUST  1 2015........SUNRISE   639 AM CDT   SUNSET   842 PM CDT
AUGUST  2 2015........SUNRISE   640 AM CDT   SUNSET   841 PM CDT


-  INDICATES NEGATIVE NUMBERS.
R  INDICATES RECORD WAS SET OR TIED.
MM INDICATES DATA IS MISSING.
T  INDICATES TRACE AMOUNT.




$$
