127
CDUS43 KDDC 290706
CLIP28


CLIMATE REPORT
NATIONAL WEATHER SERVICE DODGE CITY KS
206 AM CDT FRI JUL 29 2016


...................................

...THE MEDICINE LODGE KS CLIMATE SUMMARY FOR JULY 28 2016...

CLIMATE NORMAL PERIOD 1981 TO 2010
CLIMATE RECORD PERIOD 1893 TO 2016


WEATHER ITEM   OBSERVED TIME   RECORD YEAR NORMAL DEPARTURE LAST
                VALUE   (LST)  VALUE       VALUE  FROM      YEAR
                                                  NORMAL
..................................................................
TEMPERATURE (F)
 YESTERDAY
  MAXIMUM         98    409 PM 110    1910  95      3      100
  MINIMUM         69    436 AM  55    1994  70     -1       75
  AVERAGE         84                        83      1       88

PRECIPITATION (IN)
  YESTERDAY        0.00          2.25 1982   0.08  -0.08     0.00
  MONTH TO DATE    1.57                      3.07  -1.50     8.54
  SINCE JUN 1      3.47                      7.18  -3.71    10.80
  SINCE JAN 1     12.25                     16.92  -4.67    22.76

SNOWFALL (IN)
  YESTERDAY        0.0          MM      MM   0.0             0.0
  MONTH TO DATE    0.0                       0.0             0.0
  SINCE JUN 1      0.0                       0.0             0.0
  SINCE JUL 1      0.0                       0.0             0.0
  SNOW DEPTH       0

DEGREE DAYS
 HEATING
  YESTERDAY        0                         0      0        0
  MONTH TO DATE    0                         0      0        0
  SINCE JUN 1      0                         3     -3        0
  SINCE JUL 1      0                         0      0        0

 COOLING
  YESTERDAY       19                        18      1       23
  MONTH TO DATE  526                       478     48      489
  SINCE JUN 1    985                       831    154      921
  SINCE JAN 1   1122                       987    135     1028
..................................................................


WIND (MPH)
  HIGHEST WIND SPEED    23   HIGHEST WIND DIRECTION     N (340)
  HIGHEST GUST SPEED    31   HIGHEST GUST DIRECTION     N (340)
  AVERAGE WIND SPEED     7.5




RELATIVE HUMIDITY (PERCENT)
 HIGHEST    90           400 AM
 LOWEST     24           400 PM
 AVERAGE    57

..........................................................


THE MEDICINE LODGE KS CLIMATE NORMALS FOR TODAY
                         NORMAL    RECORD    YEAR
 MAXIMUM TEMPERATURE (F)   95       110      1978
 MINIMUM TEMPERATURE (F)   70        58      1994


SUNRISE AND SUNSET
JULY 29 2016..........SUNRISE   637 AM CDT   SUNSET   844 PM CDT
JULY 30 2016..........SUNRISE   638 AM CDT   SUNSET   843 PM CDT


-  INDICATES NEGATIVE NUMBERS.
R  INDICATES RECORD WAS SET OR TIED.
MM INDICATES DATA IS MISSING.
T  INDICATES TRACE AMOUNT.




$$
