000
CDUS43 KDDC 200705
CLIP28


CLIMATE REPORT
NATIONAL WEATHER SERVICE DODGE CITY KS
105 AM CST MON NOV 20 2017


...................................

...THE MEDICINE LODGE KS CLIMATE SUMMARY FOR NOVEMBER 19 2017...

CLIMATE NORMAL PERIOD 1981 TO 2010
CLIMATE RECORD PERIOD 1893 TO 2017


WEATHER ITEM   OBSERVED TIME   RECORD YEAR NORMAL DEPARTURE LAST
                VALUE   (LST)  VALUE       VALUE  FROM      YEAR
                                                  NORMAL
..................................................................
TEMPERATURE (F)
 YESTERDAY
  MAXIMUM         63    408 PM  84    2007  56      7       46
  MINIMUM         23    658 AM  11    1921  31     -8       20
  AVERAGE         43                        44     -1       33

PRECIPITATION (IN)
  YESTERDAY        0.00          1.16 1992   0.03  -0.03     0.00
  MONTH TO DATE    0.12                      0.69  -0.57     0.62
  SINCE SEP 1      7.16                      5.63   1.53     9.14
  SINCE JAN 1     29.29                     25.98   3.31    29.57

SNOWFALL (IN)
  YESTERDAY        0.0          MM      MM   0.0             0.0
  MONTH TO DATE    0.0                       0.0             0.0
  SINCE SEP 1      0.0                       0.0             0.0
  SINCE JUL 1      0.0                       0.0             0.0
  SNOW DEPTH       0

DEGREE DAYS
 HEATING
  YESTERDAY       22                        21      1       32
  MONTH TO DATE  335                       323     12      216
  SINCE SEP 1    578                       592    -14      342
  SINCE JUL 1    578                       592    -14      342

 COOLING
  YESTERDAY        0                         0      0        0
  MONTH TO DATE    1                         0      1        5
  SINCE SEP 1    297                       258     39      337
  SINCE JAN 1   1656                      1769   -113     1937
..................................................................


WIND (MPH)
  HIGHEST WIND SPEED    20   HIGHEST WIND DIRECTION     S (200)
  HIGHEST GUST SPEED    32   HIGHEST GUST DIRECTION     S (190)
  AVERAGE WIND SPEED     8.2




RELATIVE HUMIDITY (PERCENT)
 HIGHEST    88           600 AM
 LOWEST     17           300 PM
 AVERAGE    53

..........................................................


THE MEDICINE LODGE KS CLIMATE NORMALS FOR TODAY
                         NORMAL    RECORD    YEAR
 MAXIMUM TEMPERATURE (F)   56        88      1897
 MINIMUM TEMPERATURE (F)   31        11      1898
                                             1937


SUNRISE AND SUNSET
NOVEMBER 20 2017......SUNRISE   719 AM CST   SUNSET   521 PM CST
NOVEMBER 21 2017......SUNRISE   720 AM CST   SUNSET   520 PM CST


-  INDICATES NEGATIVE NUMBERS.
R  INDICATES RECORD WAS SET OR TIED.
MM INDICATES DATA IS MISSING.
T  INDICATES TRACE AMOUNT.




$$
