000
CDUS45 KRIW 250735
CLIP60


CLIMATE REPORT
NATIONAL WEATHER SERVICE RIVERTON WY
135 AM MDT FRI JUL 25 2014


...................................

...THE LAKE YELLOWSTONE WY CLIMATE SUMMARY FOR JULY 24 2014...

CLIMATE NORMAL PERIOD 1981 TO 2010
CLIMATE RECORD PERIOD 1998 TO 2014


WEATHER ITEM   OBSERVED TIME   RECORD YEAR NORMAL DEPARTURE LAST
                VALUE   (LST)  VALUE       VALUE  FROM      YEAR
                                                  NORMAL
..................................................................
TEMPERATURE (F)
 YESTERDAY
  MAXIMUM         72    123 PM  80    2007  73     -1       76
  MINIMUM         39   1159 PM  33    2010  41     -2       43
  AVERAGE         56                        57     -1       60

PRECIPITATION (IN)
  YESTERDAY        0.00          0.05 2007   0.05  -0.05     0.00
  MONTH TO DATE    1.24                      1.13   0.11     0.94
  SINCE JUN 1      3.58                      3.13   0.45     1.70
  SINCE JAN 1     18.72                     12.21   6.51    10.69

DEGREE DAYS
 HEATING
  YESTERDAY        9                         8      1        5
  MONTH TO DATE  192                       227    -35      132
  SINCE JUN 1    778                       720     58      565
  SINCE JUL 1    192                       227    -35      132

 COOLING
  YESTERDAY        0                         0      0        0
  MONTH TO DATE    0                         0      0        0
  SINCE JUN 1      0                         0      0        0
  SINCE JAN 1      0                         0      0        0
..................................................................


WIND (MPH)
  HIGHEST WIND SPEED    16   HIGHEST WIND DIRECTION     W (270)
  HIGHEST GUST SPEED    32   HIGHEST GUST DIRECTION     W (290)
  AVERAGE WIND SPEED     4.9


SKY COVER
  POSSIBLE SUNSHINE  MM
  AVERAGE SKY COVER 0.0


WEATHER CONDITIONS
 THE FOLLOWING WEATHER WAS RECORDED YESTERDAY.
  NO SIGNIFICANT WEATHER WAS OBSERVED.


RELATIVE HUMIDITY (PERCENT)
 HIGHEST    83           200 AM
 LOWEST     20           600 PM
 AVERAGE    52

..........................................................


THE LAKE YELLOWSTONE WY CLIMATE NORMALS FOR TODAY
                         NORMAL    RECORD    YEAR
 MAXIMUM TEMPERATURE (F)   73        81      2011
 MINIMUM TEMPERATURE (F)   41        35      2010
                                             2000


SUNRISE AND SUNSET
JULY 25 2014..........SUNRISE   601 AM MDT   SUNSET   855 PM MDT
JULY 26 2014..........SUNRISE   602 AM MDT   SUNSET   854 PM MDT


-  INDICATES NEGATIVE NUMBERS.
R  INDICATES RECORD WAS SET OR TIED.
MM INDICATES DATA IS MISSING.
T  INDICATES TRACE AMOUNT.




$$
