000
CDUS45 KLKN 280036
CLIP68


CLIMATE REPORT
NATIONAL WEATHER SERVICE ELKO NV
434 PM PST TUE JAN 27 2015


...................................

...THE EUREKA AIRPORT NV CLIMATE SUMMARY FOR JANUARY 27 2015...
VALID TODAY AS OF 0400 PM LOCAL TIME.

CLIMATE NORMAL PERIOD 1981 TO 2010
CLIMATE RECORD PERIOD 1963 TO 2015


WEATHER ITEM   OBSERVED TIME   RECORD YEAR NORMAL DEPARTURE LAST
                VALUE   (LST)  VALUE       VALUE  FROM      YEAR
                                                  NORMAL
..................................................................
TEMPERATURE (F)
 TODAY
  MAXIMUM         52    232 PM  54    1987  39     13       51
  MINIMUM         36   1238 AM -17    1993  11     25       18
                                      1989
  AVERAGE         44                        25     19       35

PRECIPITATION (IN)
  TODAY            0.01          0.65 2013   0.02  -0.01     0.00
  MONTH TO DATE    0.24                      0.63  -0.39     0.05
  SINCE OCT 1      1.36                      2.76  -1.40     2.45
  SINCE JAN 1      0.24                      0.63  -0.39     0.05

DEGREE DAYS
 HEATING
  TODAY           21                        40    -19       30
  MONTH TO DATE  844                      1119   -275      882
  SINCE DEC 1   1856                      2366   -510     2222
  SINCE JUL 1   3196                      4125   -929     3833

 COOLING
  TODAY            0                         0      0        0
  MONTH TO DATE    0                         0      0        0
  SINCE DEC 1      0                         0      0        0
  SINCE JAN 1      0                         0      0        0
..................................................................


WIND (MPH)
  HIGHEST WIND SPEED    26   HIGHEST WIND DIRECTION     S (160)
  HIGHEST GUST SPEED    32   HIGHEST GUST DIRECTION     S (180)




RELATIVE HUMIDITY (PERCENT)
 HIGHEST    79           700 AM
 LOWEST     45           200 AM
 AVERAGE    62

..........................................................


THE EUREKA AIRPORT NV CLIMATE NORMALS FOR TOMORROW
                         NORMAL    RECORD    YEAR
 MAXIMUM TEMPERATURE (F)   39        57      2011
 MINIMUM TEMPERATURE (F)   12       -12      1993
                                             1989


SUNRISE AND SUNSET
JANUARY 27 2015.......SUNRISE   656 AM PST   SUNSET   458 PM PST
JANUARY 28 2015.......SUNRISE   655 AM PST   SUNSET   459 PM PST


-  INDICATES NEGATIVE NUMBERS.
R  INDICATES RECORD WAS SET OR TIED.
MM INDICATES DATA IS MISSING.
T  INDICATES TRACE AMOUNT.




$$
