000
CDUS45 KLKN 020955
CLIP68


CLIMATE REPORT
NATIONAL WEATHER SERVICE ELKO NV
153 AM PST MON MAR 2 2015


...................................

...THE EUREKA AIRPORT NV CLIMATE SUMMARY FOR MARCH 1 2015...

CLIMATE NORMAL PERIOD 1981 TO 2010
CLIMATE RECORD PERIOD 1963 TO 2015


WEATHER ITEM   OBSERVED TIME   RECORD YEAR NORMAL DEPARTURE LAST
                VALUE   (LST)  VALUE       VALUE  FROM      YEAR
                                                  NORMAL
..................................................................
TEMPERATURE (F)
 YESTERDAY
  MAXIMUM         46    219 PM  59    1967  47     -1       48
  MINIMUM         26    649 AM  -3    1993  20      6       31
  AVERAGE         36                        33      3       40

PRECIPITATION (IN)
  YESTERDAY        0.00          0.22 1985   0.03  -0.03     0.04
  MONTH TO DATE    0.00                      0.03  -0.03     0.04
  SINCE OCT 1      1.71                      3.76  -2.05     4.18
  SINCE JAN 1      0.59                      1.63  -1.04     1.78

DEGREE DAYS
 HEATING
  YESTERDAY       29                        32     -3       25
  MONTH TO DATE   29                        32     -3       25
  SINCE MAR 1     29                        32     -3       25
  SINCE JUL 1   4072                      5317  -1245     4829

 COOLING
  YESTERDAY        0                         0      0        0
  MONTH TO DATE    0                         0      0        0
  SINCE MAR 1      0                         0      0        0
  SINCE JAN 1      0                         0      0        0
..................................................................


WIND (MPH)
  HIGHEST WIND SPEED    18   HIGHEST WIND DIRECTION    SE (150)
  HIGHEST GUST SPEED    22   HIGHEST GUST DIRECTION    SE (150)
  AVERAGE WIND SPEED     4.2




RELATIVE HUMIDITY (PERCENT)
 HIGHEST    92           300 AM
 LOWEST     43           200 PM
 AVERAGE    68

..........................................................


THE EUREKA AIRPORT NV CLIMATE NORMALS FOR TODAY
                         NORMAL    RECORD    YEAR
 MAXIMUM TEMPERATURE (F)   47        64      1967
 MINIMUM TEMPERATURE (F)   20         2      2012
                                             1996


SUNRISE AND SUNSET
MARCH  2 2015.........SUNRISE   616 AM PST   SUNSET   537 PM PST
MARCH  3 2015.........SUNRISE   614 AM PST   SUNSET   538 PM PST


-  INDICATES NEGATIVE NUMBERS.
R  INDICATES RECORD WAS SET OR TIED.
MM INDICATES DATA IS MISSING.
T  INDICATES TRACE AMOUNT.




$$
