000
CDUS45 KLKN 270931
CLIP68


CLIMATE REPORT
NATIONAL WEATHER SERVICE ELKO NV
226 AM PDT MON MAR 27 2017


...................................

...THE EUREKA AIRPORT NV CLIMATE SUMMARY FOR MARCH 26 2017...

CLIMATE NORMAL PERIOD 1981 TO 2010
CLIMATE RECORD PERIOD 1963 TO 2017


WEATHER ITEM   OBSERVED TIME   RECORD YEAR NORMAL DEPARTURE LAST
                VALUE   (LST)  VALUE       VALUE  FROM      YEAR
                                                  NORMAL
..................................................................
TEMPERATURE (F)
 YESTERDAY
  MAXIMUM         53   1252 PM  72    1988  53      0       53
  MINIMUM         27    549 AM   4    1985  25      2       17
  AVERAGE         40                        39      1       35

PRECIPITATION (IN)
  YESTERDAY        0.00          0.41 1989   0.03  -0.03     0.00
  MONTH TO DATE    1.26                      0.76   0.50     0.35
  SINCE OCT 1      6.26                      4.49   1.77     6.59
  SINCE JAN 1      4.17                      2.36   1.81     2.32

DEGREE DAYS
 HEATING
  YESTERDAY       25                        26     -1       30
  MONTH TO DATE  553                       745   -192      595
  SINCE MAR 1    553                       745   -192      595
  SINCE JUL 1   5413                      6030   -617     5698

 COOLING
  YESTERDAY        0                         0      0        0
  MONTH TO DATE    0                         0      0        0
  SINCE MAR 1      0                         0      0        0
  SINCE JAN 1      0                         0      0        0
..................................................................


WIND (MPH)
  HIGHEST WIND SPEED    17   HIGHEST WIND DIRECTION     S (170)
  HIGHEST GUST SPEED    23   HIGHEST GUST DIRECTION     S (200)
  AVERAGE WIND SPEED     5.7




RELATIVE HUMIDITY (PERCENT)
 HIGHEST    89          1000 PM
 LOWEST     41           200 PM
 AVERAGE    65

..........................................................


THE EUREKA AIRPORT NV CLIMATE NORMALS FOR TODAY
                         NORMAL    RECORD    YEAR
 MAXIMUM TEMPERATURE (F)   54        77      2015
 MINIMUM TEMPERATURE (F)   25        12      2010
                                             1995


SUNRISE AND SUNSET
MARCH 27 2017.........SUNRISE   636 AM PDT   SUNSET   703 PM PDT
MARCH 28 2017.........SUNRISE   634 AM PDT   SUNSET   704 PM PDT


-  INDICATES NEGATIVE NUMBERS.
R  INDICATES RECORD WAS SET OR TIED.
MM INDICATES DATA IS MISSING.
T  INDICATES TRACE AMOUNT.




$$
