000
CDUS45 KLKN 010029
CLIP68


CLIMATE REPORT
NATIONAL WEATHER SERVICE ELKO NV
529 PM PDT WED AUG 31 2016


...................................

...THE EUREKA AIRPORT NV CLIMATE SUMMARY FOR AUGUST 31 2016...
VALID TODAY AS OF 0500 PM LOCAL TIME.

CLIMATE NORMAL PERIOD 1981 TO 2010
CLIMATE RECORD PERIOD 1963 TO 2016


WEATHER ITEM   OBSERVED TIME   RECORD YEAR NORMAL DEPARTURE LAST
                VALUE   (LST)  VALUE       VALUE  FROM      YEAR
                                                  NORMAL
..................................................................
TEMPERATURE (F)
 TODAY
  MAXIMUM         89   1156 AM  92    1995  83      6       88
  MINIMUM         51    519 AM  29    2005  44      7       41
                                      1968
  AVERAGE         70                        64      6       65

PRECIPITATION (IN)
  TODAY            0.00          0.99 1982   0.02  -0.02     0.00
  MONTH TO DATE    0.00                      0.58  -0.58     0.72
  SINCE OCT 1     12.11                      8.42   3.69     6.74
  SINCE JAN 1      7.84                      6.29   1.55     5.62

DEGREE DAYS
 HEATING
  TODAY            0                         3     -3        0
  MONTH TO DATE   11                        34    -23        7
  SINCE JUN 1     78                       207   -129       67
  SINCE JUL 1     24                        47    -23       28

 COOLING
  TODAY            5                         1      4        0
  MONTH TO DATE  125                       102     23      187
  SINCE JUN 1    415                       274    141      465
  SINCE JAN 1    415                       277    138      473
..................................................................


WIND (MPH)
  HIGHEST WIND SPEED    26   HIGHEST WIND DIRECTION     S (180)
  HIGHEST GUST SPEED    33   HIGHEST GUST DIRECTION     S (170)




RELATIVE HUMIDITY (PERCENT)
 HIGHEST    35           500 AM
 LOWEST     12          1200 PM
 AVERAGE    24

..........................................................


THE EUREKA AIRPORT NV CLIMATE NORMALS FOR TOMORROW
                         NORMAL    RECORD    YEAR
 MAXIMUM TEMPERATURE (F)   83        94      1995
 MINIMUM TEMPERATURE (F)   44        29      2008
                                             1999


SUNRISE AND SUNSET
AUGUST 31 2016........SUNRISE   612 AM PDT   SUNSET   715 PM PDT
SEPTEMBER  1 2016.....SUNRISE   613 AM PDT   SUNSET   714 PM PDT


-  INDICATES NEGATIVE NUMBERS.
R  INDICATES RECORD WAS SET OR TIED.
MM INDICATES DATA IS MISSING.
T  INDICATES TRACE AMOUNT.




$$
