128
CDUS45 KLKN 100927
CLIP68


CLIMATE REPORT
NATIONAL WEATHER SERVICE ELKO NV
127 AM PST WED FEB 10 2016


...................................

...THE EUREKA AIRPORT NV CLIMATE SUMMARY FOR FEBRUARY 9 2016...

CLIMATE NORMAL PERIOD 1981 TO 2010
CLIMATE RECORD PERIOD 1963 TO 2016


WEATHER ITEM   OBSERVED TIME   RECORD YEAR NORMAL DEPARTURE LAST
                VALUE   (LST)  VALUE       VALUE  FROM      YEAR
                                                  NORMAL
..................................................................
TEMPERATURE (F)
 YESTERDAY
  MAXIMUM         30    328 PM  58    2015  41    -11       58
                                      1991
  MINIMUM          0    715 AM  -4    1982  14    -14       25
  AVERAGE         15                        28    -13       42

PRECIPITATION (IN)
  YESTERDAY        0.00          0.36 2014   0.03  -0.03     0.09
  MONTH TO DATE    0.05                      0.27  -0.22     0.09
  SINCE OCT 1      5.96                      3.14   2.82     1.47
  SINCE JAN 1      1.69                      1.01   0.68     0.35

DEGREE DAYS
 HEATING
  YESTERDAY       50                        37     13       23
  MONTH TO DATE  482                       345    137      177
  SINCE DEC 1   3017                      2869    148     2148
  SINCE JUL 1   4503                      4628   -125     3488

 COOLING
  YESTERDAY        0                         0      0        0
  MONTH TO DATE    0                         0      0        0
  SINCE DEC 1      0                         0      0        0
  SINCE JAN 1      0                         0      0        0
..................................................................


WIND (MPH)
  HIGHEST WIND SPEED    12   HIGHEST WIND DIRECTION    SW (230)
  HIGHEST GUST SPEED    13   HIGHEST GUST DIRECTION    SW (220)
  AVERAGE WIND SPEED     4.6




RELATIVE HUMIDITY (PERCENT)
 HIGHEST    92           900 AM
 LOWEST     68          1100 AM
 AVERAGE    80

..........................................................


THE EUREKA AIRPORT NV CLIMATE NORMALS FOR TODAY
                         NORMAL    RECORD    YEAR
 MAXIMUM TEMPERATURE (F)   41        61      2012
 MINIMUM TEMPERATURE (F)   15       -14      1985


SUNRISE AND SUNSET
FEBRUARY 10 2016......SUNRISE   642 AM PST   SUNSET   514 PM PST
FEBRUARY 11 2016......SUNRISE   641 AM PST   SUNSET   515 PM PST


-  INDICATES NEGATIVE NUMBERS.
R  INDICATES RECORD WAS SET OR TIED.
MM INDICATES DATA IS MISSING.
T  INDICATES TRACE AMOUNT.




$$
