000
CDUS45 KLKN 230928
CLIP68


CLIMATE REPORT
NATIONAL WEATHER SERVICE ELKO NV
226 AM PDT SUN JUL 23 2017


...................................

...THE EUREKA AIRPORT NV CLIMATE SUMMARY FOR JULY 22 2017...

CLIMATE NORMAL PERIOD 1981 TO 2010
CLIMATE RECORD PERIOD 1963 TO 2017


WEATHER ITEM   OBSERVED TIME   RECORD YEAR NORMAL DEPARTURE LAST
                VALUE   (LST)  VALUE       VALUE  FROM      YEAR
                                                  NORMAL
..................................................................
TEMPERATURE (F)
 YESTERDAY
  MAXIMUM         95    238 PM 101    2003  91      4       95
  MINIMUM         49    446 AM  32    1987  50     -1       47
  AVERAGE         72                        70      2       71

PRECIPITATION (IN)
  YESTERDAY        0.00          0.24 1970   0.02  -0.02     0.00
  MONTH TO DATE    0.07                      0.41  -0.34     0.00
  SINCE OCT 1      9.33                      7.62   1.71    12.05
  SINCE JAN 1      7.24                      5.49   1.75     7.78

DEGREE DAYS
 HEATING
  YESTERDAY        0                         0      0        0
  MONTH TO DATE    0                         8     -8       13
  SINCE JUN 1     74                       168    -94       67
  SINCE JUL 1      0                         8     -8       13

 COOLING
  YESTERDAY        7                         6      1        6
  MONTH TO DATE  200                        93    107      108
  SINCE JUN 1    276                       122    154      199
  SINCE JAN 1    276                       125    151      199
..................................................................


WIND (MPH)
  HIGHEST WIND SPEED    24   HIGHEST WIND DIRECTION     S (160)
  HIGHEST GUST SPEED    29   HIGHEST GUST DIRECTION     S (160)
  AVERAGE WIND SPEED     7.1




RELATIVE HUMIDITY (PERCENT)
 HIGHEST    44           500 AM
 LOWEST     12           200 PM
 AVERAGE    28

..........................................................


THE EUREKA AIRPORT NV CLIMATE NORMALS FOR TODAY
                         NORMAL    RECORD    YEAR
 MAXIMUM TEMPERATURE (F)   91        99      2003
 MINIMUM TEMPERATURE (F)   50        32      1987


SUNRISE AND SUNSET
JULY 23 2017..........SUNRISE   536 AM PDT   SUNSET   804 PM PDT
JULY 24 2017..........SUNRISE   537 AM PDT   SUNSET   804 PM PDT


-  INDICATES NEGATIVE NUMBERS.
R  INDICATES RECORD WAS SET OR TIED.
MM INDICATES DATA IS MISSING.
T  INDICATES TRACE AMOUNT.




$$
