000
CDUS45 KLKN 230931
CLIP68


CLIMATE REPORT
NATIONAL WEATHER SERVICE ELKO NV
126 AM PST THU NOV 23 2017


...................................

...THE EUREKA AIRPORT NV CLIMATE SUMMARY FOR NOVEMBER 22 2017...

CLIMATE NORMAL PERIOD 1981 TO 2010
CLIMATE RECORD PERIOD 1963 TO 2017


WEATHER ITEM   OBSERVED TIME   RECORD YEAR NORMAL DEPARTURE LAST
                VALUE   (LST)  VALUE       VALUE  FROM      YEAR
                                                  NORMAL
..................................................................
TEMPERATURE (F)
 YESTERDAY
  MAXIMUM         69R   322 PM  61    2002  46     23       45
  MINIMUM         33    613 AM  -7    1967  18     15       23
  AVERAGE         51                        32     19       34

PRECIPITATION (IN)
  YESTERDAY        0.00          0.52 1996   0.02  -0.02     0.00
  MONTH TO DATE    0.24                      0.60  -0.36     0.26
  SINCE OCT 1      0.52                      1.34  -0.82     0.78
  SINCE JAN 1      9.56                      8.21   1.35     9.69

DEGREE DAYS
 HEATING
  YESTERDAY       14                        33    -19       31
  MONTH TO DATE  525                       634   -109      473
  SINCE SEP 1   1388                      1434    -46     1108
  SINCE JUL 1   1392                      1481    -89     1132

 COOLING
  YESTERDAY        0                         0      0        0
  MONTH TO DATE    0                         0      0        0
  SINCE SEP 1     61                        11     50        9
  SINCE JAN 1    570                       288    282      424
..................................................................


WIND (MPH)
  HIGHEST WIND SPEED    13   HIGHEST WIND DIRECTION     S (200)
  HIGHEST GUST SPEED    15   HIGHEST GUST DIRECTION    SW (210)
  AVERAGE WIND SPEED     5.9




RELATIVE HUMIDITY (PERCENT)
 HIGHEST    89           700 AM
 LOWEST     26           300 PM
 AVERAGE    58

..........................................................


THE EUREKA AIRPORT NV CLIMATE NORMALS FOR TODAY
                         NORMAL    RECORD    YEAR
 MAXIMUM TEMPERATURE (F)   46        61      1995
 MINIMUM TEMPERATURE (F)   17       -10      1994


SUNRISE AND SUNSET
NOVEMBER 23 2017......SUNRISE   637 AM PST   SUNSET   423 PM PST
NOVEMBER 24 2017......SUNRISE   638 AM PST   SUNSET   423 PM PST


-  INDICATES NEGATIVE NUMBERS.
R  INDICATES RECORD WAS SET OR TIED.
MM INDICATES DATA IS MISSING.
T  INDICATES TRACE AMOUNT.




$$
