000
CDUS45 KLKN 060929
CLIP68


CLIMATE REPORT
NATIONAL WEATHER SERVICE ELKO NV
228 AM PDT FRI MAY 6 2016


...................................

...THE EUREKA AIRPORT NV CLIMATE SUMMARY FOR MAY 5 2016...

CLIMATE NORMAL PERIOD 1981 TO 2010
CLIMATE RECORD PERIOD 1963 TO 2016


WEATHER ITEM   OBSERVED TIME   RECORD YEAR NORMAL DEPARTURE LAST
                VALUE   (LST)  VALUE       VALUE  FROM      YEAR
                                                  NORMAL
..................................................................
TEMPERATURE (F)
 YESTERDAY
  MAXIMUM         72    116 PM  82    2004  66      6       72
  MINIMUM         36    519 AM  20    1999  32      4       36
                                      1985
  AVERAGE         54                        49      5       54

PRECIPITATION (IN)
  YESTERDAY        0.00          0.61 1964   0.03  -0.03     0.00
  MONTH TO DATE    0.00                      0.14  -0.14     0.01
  SINCE OCT 1      9.70                      5.77   3.93     2.38
  SINCE JAN 1      5.43                      3.64   1.79     1.26

DEGREE DAYS
 HEATING
  YESTERDAY       11                        16     -5       11
  MONTH TO DATE   73                        83    -10       43
  SINCE MAR 1   1377                      1602   -225     1323
  SINCE JUL 1   6480                      6887   -407     5366

 COOLING
  YESTERDAY        0                         0      0        0
  MONTH TO DATE    0                         0      0        0
  SINCE MAR 1      0                         0      0        0
  SINCE JAN 1      0                         0      0        0
..................................................................


WIND (MPH)
  HIGHEST WIND SPEED    33   HIGHEST WIND DIRECTION     S (170)
  HIGHEST GUST SPEED    43   HIGHEST GUST DIRECTION     S (170)
  AVERAGE WIND SPEED    14.7




RELATIVE HUMIDITY (PERCENT)
 HIGHEST    76           300 AM
 LOWEST     13           300 PM
 AVERAGE    45

..........................................................


THE EUREKA AIRPORT NV CLIMATE NORMALS FOR TODAY
                         NORMAL    RECORD    YEAR
 MAXIMUM TEMPERATURE (F)   66        85      1989
 MINIMUM TEMPERATURE (F)   32         9      1965


SUNRISE AND SUNSET
MAY  6 2016...........SUNRISE   538 AM PDT   SUNSET   743 PM PDT
MAY  7 2016...........SUNRISE   537 AM PDT   SUNSET   744 PM PDT


-  INDICATES NEGATIVE NUMBERS.
R  INDICATES RECORD WAS SET OR TIED.
MM INDICATES DATA IS MISSING.
T  INDICATES TRACE AMOUNT.




$$
