000
CDUS45 KLKN 230930
CLIP68


CLIMATE REPORT
NATIONAL WEATHER SERVICE ELKO NV
228 AM PDT SAT AUG 23 2014


...................................

...THE EUREKA AIRPORT NV CLIMATE SUMMARY FOR AUGUST 22 2014...

CLIMATE NORMAL PERIOD 1981 TO 2010
CLIMATE RECORD PERIOD 1963 TO 2014


WEATHER ITEM   OBSERVED TIME   RECORD YEAR NORMAL DEPARTURE LAST
                VALUE   (LST)  VALUE       VALUE  FROM      YEAR
                                                  NORMAL
..................................................................
TEMPERATURE (F)
 YESTERDAY
  MAXIMUM         81    336 PM  93    2011  86     -5       88
                                      2009
                                      2007
  MINIMUM         51   1158 PM  34    1968  46      5       48
                                      1963
  AVERAGE         66                        66      0       68

PRECIPITATION (IN)
  YESTERDAY        0.04          0.25 1983   0.02   0.02     0.00
  MONTH TO DATE    1.84                      0.40   1.44     0.09
  SINCE OCT 1      9.21                      8.24   0.97     6.34
  SINCE JAN 1      6.81                      6.11   0.70     4.90

DEGREE DAYS
 HEATING
  YESTERDAY        0                         1     -1        0
  MONTH TO DATE    4                        15    -11        0
  SINCE JUN 1    107                       188    -81       81
  SINCE JUL 1      4                        28    -24        1

 COOLING
  YESTERDAY        1                         2     -1        3
  MONTH TO DATE   81                        85     -4      119
  SINCE JUN 1    382                       257    125      485
  SINCE JAN 1    384                       260    124      486
..................................................................


WIND (MPH)
  HIGHEST WIND SPEED    18   HIGHEST WIND DIRECTION    NW (310)
  HIGHEST GUST SPEED    24   HIGHEST GUST DIRECTION     W (290)
  AVERAGE WIND SPEED     6.7




RELATIVE HUMIDITY (PERCENT)
 HIGHEST    59          1100 PM
 LOWEST     17           500 PM
 AVERAGE    38

..........................................................


THE EUREKA AIRPORT NV CLIMATE NORMALS FOR TODAY
                         NORMAL    RECORD    YEAR
 MAXIMUM TEMPERATURE (F)   86        94      2011
 MINIMUM TEMPERATURE (F)   46        23      1968


SUNRISE AND SUNSET
AUGUST 23 2014........SUNRISE   604 AM PDT   SUNSET   728 PM PDT
AUGUST 24 2014........SUNRISE   605 AM PDT   SUNSET   727 PM PDT


-  INDICATES NEGATIVE NUMBERS.
R  INDICATES RECORD WAS SET OR TIED.
MM INDICATES DATA IS MISSING.
T  INDICATES TRACE AMOUNT.




$$
