000
CDUS45 KLKN 040930
CLIP68


CLIMATE REPORT
NATIONAL WEATHER SERVICE ELKO NV
227 AM PDT FRI SEP 4 2015


...................................

...THE EUREKA AIRPORT NV CLIMATE SUMMARY FOR SEPTEMBER 3 2015...

CLIMATE NORMAL PERIOD 1981 TO 2010
CLIMATE RECORD PERIOD 1963 TO 2015


WEATHER ITEM   OBSERVED TIME   RECORD YEAR NORMAL DEPARTURE LAST
                VALUE   (LST)  VALUE       VALUE  FROM      YEAR
                                                  NORMAL
..................................................................
TEMPERATURE (F)
 YESTERDAY
  MAXIMUM         84    207 PM  94    2007  82      2       87
  MINIMUM         50   1147 PM  24    1971  43      7       48
  AVERAGE         67                        63      4       68

PRECIPITATION (IN)
  YESTERDAY        0.00          0.36 2013   0.02  -0.02     0.00
  MONTH TO DATE    0.00                      0.06  -0.06     0.00
  SINCE OCT 1      6.74                      8.48  -1.74     9.21
  SINCE JAN 1      5.62                      6.35  -0.73     6.81

DEGREE DAYS
 HEATING
  YESTERDAY        0                         3     -3        0
  MONTH TO DATE    0                         9     -9        0
  SINCE SEP 1      0                         9     -9        0
  SINCE JUL 1     28                        56    -28       25

 COOLING
  YESTERDAY        2                         1      1        3
  MONTH TO DATE   11                         3      8        8
  SINCE SEP 1     11                         3      8        8
  SINCE JAN 1    484                       280    204      407
..................................................................


WIND (MPH)
  HIGHEST WIND SPEED    26   HIGHEST WIND DIRECTION     S (200)
  HIGHEST GUST SPEED    38   HIGHEST GUST DIRECTION     S (200)
  AVERAGE WIND SPEED    10.8




RELATIVE HUMIDITY (PERCENT)
 HIGHEST    30           600 AM
 LOWEST      7          1200 PM
 AVERAGE    19

..........................................................


THE EUREKA AIRPORT NV CLIMATE NORMALS FOR TODAY
                         NORMAL    RECORD    YEAR
 MAXIMUM TEMPERATURE (F)   82        91      2010
 MINIMUM TEMPERATURE (F)   43        26      1999


SUNRISE AND SUNSET
SEPTEMBER  4 2015.....SUNRISE   615 AM PDT   SUNSET   710 PM PDT
SEPTEMBER  5 2015.....SUNRISE   616 AM PDT   SUNSET   709 PM PDT


-  INDICATES NEGATIVE NUMBERS.
R  INDICATES RECORD WAS SET OR TIED.
MM INDICATES DATA IS MISSING.
T  INDICATES TRACE AMOUNT.




$$
