000
CDUS45 KLKN 210027
CLIP68


CLIMATE REPORT
NATIONAL WEATHER SERVICE ELKO NV
427 PM PST TUE FEB 20 2018


...................................

...THE EUREKA AIRPORT NV CLIMATE SUMMARY FOR FEBRUARY 20 2018...
VALID TODAY AS OF 0400 PM LOCAL TIME.

CLIMATE NORMAL PERIOD 1981 TO 2010
CLIMATE RECORD PERIOD 1963 TO 2018


WEATHER ITEM   OBSERVED TIME   RECORD YEAR NORMAL DEPARTURE LAST
                VALUE   (LST)  VALUE       VALUE  FROM      YEAR
                                                  NORMAL
..................................................................
TEMPERATURE (F)
 TODAY
  MAXIMUM         26    226 PM  65    1995  44    -18       51
  MINIMUM         -1    228 AM -18    1990  17    -18       36
  AVERAGE         13                        31    -18       44

PRECIPITATION (IN)
  TODAY            0.00          0.68 2002   0.03  -0.03     0.00
  MONTH TO DATE    0.20                      0.60  -0.40     0.20
  SINCE OCT 1      2.12                      3.47  -1.35     4.74
  SINCE JAN 1      0.93                      1.34  -0.41     2.65

DEGREE DAYS
 HEATING
  TODAY           52                        34     18       21
  MONTH TO DATE  639                       739   -100      553
  SINCE DEC 1   2705                      3263   -558     3135
  SINCE JUL 1   4289                      5022   -733     4548

 COOLING
  TODAY            0                         0      0        0
  MONTH TO DATE    0                         0      0        0
  SINCE DEC 1      0                         0      0        0
  SINCE JAN 1      0                         0      0        0
..................................................................


WIND (MPH)
  HIGHEST WIND SPEED    15   HIGHEST WIND DIRECTION    NW (300)
  HIGHEST GUST SPEED    19   HIGHEST GUST DIRECTION    NW (300)




RELATIVE HUMIDITY (PERCENT)
 HIGHEST    87           200 AM
 LOWEST     38           200 PM
 AVERAGE    63

..........................................................


THE EUREKA AIRPORT NV CLIMATE NORMALS FOR TOMORROW
                         NORMAL    RECORD    YEAR
 MAXIMUM TEMPERATURE (F)   44        65      1995
 MINIMUM TEMPERATURE (F)   18        -4      1985


SUNRISE AND SUNSET
FEBRUARY 20 2018......SUNRISE   629 AM PST   SUNSET   526 PM PST
FEBRUARY 21 2018......SUNRISE   628 AM PST   SUNSET   527 PM PST


-  INDICATES NEGATIVE NUMBERS.
R  INDICATES RECORD WAS SET OR TIED.
MM INDICATES DATA IS MISSING.
T  INDICATES TRACE AMOUNT.




$$
