000
CDUS43 KPAH 160633
CLIPAH

CLIMATE REPORT
NATIONAL WEATHER SERVICE PADUCAH KY
1227 AM CST TUE JAN 16 2018

...................................

...THE PADUCAH KY CLIMATE SUMMARY FOR JANUARY 15 2018...

CLIMATE NORMAL PERIOD 1981 TO 2010
CLIMATE RECORD PERIOD 1937 TO 2018

WEATHER ITEM   OBSERVED TIME   RECORD YEAR NORMAL DEPARTURE LAST
                VALUE   (LST)  VALUE       VALUE  FROM      YEAR
                                                  NORMAL
..................................................................
TEMPERATURE (F)
 YESTERDAY
  MAXIMUM         31    340 PM  68    1953  43    -12       43
  MINIMUM         14   1159 PM  -1    1972  26    -12       37
  AVERAGE         23                        34    -11       40

PRECIPITATION (IN)
  YESTERDAY        0.33          1.07 1997   0.11   0.22     0.05
  MONTH TO DATE    2.79                      1.78   1.01     1.42
  SINCE DEC 1      6.06                      6.37  -0.31     7.43
  SINCE JAN 1      2.79                      1.78   1.01     1.42

SNOWFALL (IN)
  YESTERDAY        8.1 R         0.5  2015   0.1    8.0      0.0
  MONTH TO DATE   12.4                       1.3   11.1      0.2
  SINCE DEC 1     12.4                       3.5    8.9      0.2
  SINCE JUL 1     12.4                       3.6    8.8      0.2
  SNOW DEPTH       8

DEGREE DAYS
 HEATING
  YESTERDAY       42                        31     11       25
  MONTH TO DATE  583                       462    121      412
  SINCE DEC 1   1434                      1316    118     1238
  SINCE JUL 1   2117                      2093     24     1739

 COOLING
  YESTERDAY        0                         0      0        0
  MONTH TO DATE    0                         0      0        0
  SINCE DEC 1      0                         0      0        0
  SINCE JAN 1      0                         0      0        0
..................................................................

WIND (MPH)
  HIGHEST WIND SPEED    21   HIGHEST WIND DIRECTION     N (350)
  HIGHEST GUST SPEED    27   HIGHEST GUST DIRECTION     N (360)
  AVERAGE WIND SPEED     7.9

SKY COVER
  POSSIBLE SUNSHINE  MM
  AVERAGE SKY COVER 0.9

WEATHER CONDITIONS
 THE FOLLOWING WEATHER WAS RECORDED YESTERDAY.
  HEAVY SNOW
  SNOW
  LIGHT SNOW
  FOG

RELATIVE HUMIDITY (PERCENT)
 HIGHEST    85          1100 AM
 LOWEST     55          1200 AM
 AVERAGE    70
..........................................................

THE PADUCAH KY CLIMATE NORMALS FOR TODAY
                         NORMAL    RECORD    YEAR
 MAXIMUM TEMPERATURE (F)   43        74      1952
 MINIMUM TEMPERATURE (F)   26       -12      1982

SUNRISE AND SUNSET
JANUARY 16 2018.......SUNRISE   707 AM CST   SUNSET   503 PM CST
JANUARY 17 2018.......SUNRISE   707 AM CST   SUNSET   504 PM CST

-  INDICATES NEGATIVE NUMBERS.
R  INDICATES RECORD WAS SET OR TIED.
MM INDICATES DATA IS MISSING.
T  INDICATES TRACE AMOUNT.

&&
...........................................................
***** AGRICULTURAL DATA *****

SOIL TEMPERATURES AT A DEPTH OF FOUR INCHES

UNDER GRASS... MAX: 38    MIN: 35

$$
