000
CDUS43 KPAH 302132
CLIPAH


CLIMATE REPORT
NATIONAL WEATHER SERVICE PADUCAH KY
430 PM CDT MON MAR 30 2015


...................................

...THE PADUCAH KY CLIMATE SUMMARY FOR MARCH 30 2015...
VALID TODAY AS OF 0400 PM LOCAL TIME.

CLIMATE NORMAL PERIOD 1981 TO 2010
CLIMATE RECORD PERIOD 1937 TO 2015


WEATHER ITEM   OBSERVED TIME   RECORD YEAR NORMAL DEPARTURE LAST
                VALUE   (LST)  VALUE       VALUE  FROM      YEAR
                                                  NORMAL
..................................................................
TEMPERATURE (F)
 TODAY
  MAXIMUM         69    213 PM  84    1986  64      5       61
  MINIMUM         39    609 AM  20    1964  42     -3       30
                                      1947
  AVERAGE         54                        53      1       46

PRECIPITATION (IN)
  TODAY            0.00          1.46 1985   0.15  -0.15     0.00
  MONTH TO DATE    8.73                      3.78   4.95     3.65
  SINCE MAR 1      8.73                      3.78   4.95     3.65
  SINCE JAN 1     16.02                     11.37   4.65     8.83

SNOWFALL (IN)
  TODAY            0.0                                       0.0
  MONTH TO DATE   12.1                                       5.6
  SINCE JUL 1     28.6                                      18.5
  SNOW DEPTH       0

..................................................................


WIND (MPH)
  HIGHEST WIND SPEED    12   HIGHEST WIND DIRECTION    NE (40)
  HIGHEST GUST SPEED    18   HIGHEST GUST DIRECTION     N (20)




RELATIVE HUMIDITY (PERCENT)
 HIGHEST    92
 LOWEST     22

..........................................................


THE PADUCAH KY CLIMATE NORMALS FOR TOMORROW
                         NORMAL    RECORD    YEAR
 MAXIMUM TEMPERATURE (F)   64        84      1986
 MINIMUM TEMPERATURE (F)   42        22      1944


SUNRISE AND SUNSET
MARCH 30 2015.........SUNRISE   644 AM CDT   SUNSET   716 PM CDT
MARCH 31 2015.........SUNRISE   643 AM CDT   SUNSET   716 PM CDT


-  INDICATES NEGATIVE NUMBERS.
R  INDICATES RECORD WAS SET OR TIED.
MM INDICATES DATA IS MISSING.
T  INDICATES TRACE AMOUNT.




$$
