000
CDUS43 KPAH 050633
CLIPAH


CLIMATE REPORT
NATIONAL WEATHER SERVICE PADUCAH KY
132 AM CDT SAT SEP 5 2015


...................................

...THE PADUCAH KY CLIMATE SUMMARY FOR SEPTEMBER 4 2015...

CLIMATE NORMAL PERIOD 1981 TO 2010
CLIMATE RECORD PERIOD 1937 TO 2015


WEATHER ITEM   OBSERVED TIME   RECORD YEAR NORMAL DEPARTURE LAST
                VALUE   (LST)  VALUE       VALUE  FROM      YEAR
                                                  NORMAL
..................................................................
TEMPERATURE (F)
 YESTERDAY
  MAXIMUM         95    252 PM 102    1954  86      9       93
  MINIMUM         65    519 AM  48    1997  62      3       67
                                      1974
                                      1952
  AVERAGE         80                        74      6       80

PRECIPITATION (IN)
  YESTERDAY        0.00          1.15 1991   0.10  -0.10     0.00
  MONTH TO DATE    0.00                      0.41  -0.41     0.00
  SINCE SEP 1      0.00                      0.41  -0.41     0.00
  SINCE JAN 1     40.43                     32.89   7.54    36.77

SNOWFALL (IN)
  YESTERDAY        0.0           0.0  2002   0.0    0.0      0.0
                                      2001
  MONTH TO DATE    0.0                       0.0    0.0      0.0
  SINCE SEP 1      0.0                       0.0    0.0      0.0
  SINCE JUL 1      0.0                       0.0    0.0      0.0
  SNOW DEPTH       0

DEGREE DAYS
 HEATING
  YESTERDAY        0                         0      0        0
  MONTH TO DATE    0                         0      0        0
  SINCE SEP 1      0                         0      0        0
  SINCE JUL 1      0                         1     -1        0

 COOLING
  YESTERDAY       15                         9      6       15
  MONTH TO DATE   59                        39     20       62
  SINCE SEP 1     59                        39     20       62
  SINCE JAN 1   1483                      1352    131     1533
..................................................................


WIND (MPH)
  HIGHEST WIND SPEED     8   HIGHEST WIND DIRECTION    SE (130)
  HIGHEST GUST SPEED    11   HIGHEST GUST DIRECTION     S (200)
  AVERAGE WIND SPEED     1.4


SKY COVER
  POSSIBLE SUNSHINE  MM
  AVERAGE SKY COVER 0.1


WEATHER CONDITIONS
 THE FOLLOWING WEATHER WAS RECORDED YESTERDAY.
  FOG
  FOG W/VISIBILITY <= 1/4 MILE
  HAZE


RELATIVE HUMIDITY (PERCENT)
 HIGHEST    93           200 AM
 LOWEST     36           400 PM
 AVERAGE    65

..........................................................


THE PADUCAH KY CLIMATE NORMALS FOR TODAY
                         NORMAL    RECORD    YEAR
 MAXIMUM TEMPERATURE (F)   86       104      1954
 MINIMUM TEMPERATURE (F)   62        45      1997


SUNRISE AND SUNSET
SEPTEMBER  5 2015.....SUNRISE   629 AM CDT   SUNSET   718 PM CDT
SEPTEMBER  6 2015.....SUNRISE   630 AM CDT   SUNSET   717 PM CDT


-  INDICATES NEGATIVE NUMBERS.
R  INDICATES RECORD WAS SET OR TIED.
MM INDICATES DATA IS MISSING.
T  INDICATES TRACE AMOUNT.

&&
..........................................................

***** AGRICULTURAL DATA *****

SOIL TEMPERATURES AT A DEPTH OF FOUR INCHES

UNDER GRASS...   MAX: 77  MIN: 76


$$
