000
CDUS43 KPAH 280633
CLIPAH


CLIMATE REPORT
NATIONAL WEATHER SERVICE PADUCAH KY
130 AM CDT TUE JUL 28 2015


...................................

...THE PADUCAH KY CLIMATE SUMMARY FOR JULY 27 2015...

CLIMATE NORMAL PERIOD 1981 TO 2010
CLIMATE RECORD PERIOD 1937 TO 2015


WEATHER ITEM   OBSERVED TIME   RECORD YEAR NORMAL DEPARTURE LAST
                VALUE   (LST)  VALUE       VALUE  FROM      YEAR
                                                  NORMAL
..................................................................
TEMPERATURE (F)
 YESTERDAY
  MAXIMUM         93    222 PM 103    1952  89      4       95
  MINIMUM         74    158 AM  48    1962  68      6       74
  AVERAGE         84                        79      5       85

PRECIPITATION (IN)
  YESTERDAY        0.00          1.21 1943   0.13  -0.13     0.00
  MONTH TO DATE   10.29                      3.93   6.36     2.04
  SINCE JUN 1     12.73                      7.99   4.74     8.73
  SINCE JAN 1     38.35                     29.21   9.14    28.92

SNOWFALL (IN)
  YESTERDAY        0.0                       0.0    0.0      0.0
  MONTH TO DATE    0.0                       0.0    0.0      0.0
  SINCE JUN 1      0.0                       0.0    0.0      0.0
  SINCE JUL 1      0.0                       0.0    0.0      0.0
  SNOW DEPTH       0

DEGREE DAYS
 HEATING
  YESTERDAY        0                         0      0        0
  MONTH TO DATE    0                         0      0        0
  SINCE JUN 1      2                         4     -2        0
  SINCE JUL 1      0                         0      0        0

 COOLING
  YESTERDAY       19                        14      5       20
  MONTH TO DATE  422                       378     44      291
  SINCE JUN 1    823                       698    125      696
  SINCE JAN 1   1034                       870    164      974
..................................................................


WIND (MPH)
  HIGHEST WIND SPEED    18   HIGHEST WIND DIRECTION    NW (330)
  HIGHEST GUST SPEED    26   HIGHEST GUST DIRECTION    NW (320)
  AVERAGE WIND SPEED     3.5


SKY COVER
  POSSIBLE SUNSHINE  MM
  AVERAGE SKY COVER 0.2


WEATHER CONDITIONS
 THE FOLLOWING WEATHER WAS RECORDED YESTERDAY.
  FOG
  HAZE


RELATIVE HUMIDITY (PERCENT)
 HIGHEST   100          1200 AM
 LOWEST     64           100 PM
 AVERAGE    82

..........................................................


THE PADUCAH KY CLIMATE NORMALS FOR TODAY
                         NORMAL    RECORD    YEAR
 MAXIMUM TEMPERATURE (F)   89       106      1952
 MINIMUM TEMPERATURE (F)   68        51      2013


SUNRISE AND SUNSET
JULY 28 2015..........SUNRISE   557 AM CDT   SUNSET   806 PM CDT
JULY 29 2015..........SUNRISE   557 AM CDT   SUNSET   805 PM CDT


-  INDICATES NEGATIVE NUMBERS.
R  INDICATES RECORD WAS SET OR TIED.
MM INDICATES DATA IS MISSING.
T  INDICATES TRACE AMOUNT.

&&
.........................................................
***** AGRUCULTURAL DATA *****

SOIL TEMPERATURES AT A DEPTH OF FOUR INCHES

UNDER GRASS....   MAX: 81  MIN: 81

$$
