000
CDUS43 KPAH 250630
CLIPAH


CLIMATE REPORT
NATIONAL WEATHER SERVICE PADUCAH KY
1228 AM CST SUN JAN 25 2015


...................................

...THE PADUCAH KY CLIMATE SUMMARY FOR JANUARY 24 2015...

CLIMATE NORMAL PERIOD 1981 TO 2010
CLIMATE RECORD PERIOD 1937 TO 2015


WEATHER ITEM   OBSERVED TIME   RECORD YEAR NORMAL DEPARTURE LAST
                VALUE   (LST)  VALUE       VALUE  FROM      YEAR
                                                  NORMAL
..................................................................
TEMPERATURE (F)
 YESTERDAY
  MAXIMUM         51    258 PM  73    1972  44      7       29
                                      1950
  MINIMUM         22    231 AM -11    1963  26     -4        2
  AVERAGE         37                        35      2       16

PRECIPITATION (IN)
  YESTERDAY        0.00          1.14 1941   0.12  -0.12     0.00
  MONTH TO DATE    1.50                      2.83  -1.33     1.94
  SINCE DEC 1      4.39                      7.42  -3.03    10.08
  SINCE JAN 1      1.50                      2.83  -1.33     1.94

SNOWFALL (IN)
  YESTERDAY        0.0           1.3  1956   0.1   -0.1      0.0
  MONTH TO DATE    0.5                       2.2   -1.7      1.1
  SINCE DEC 1      0.7                       4.4   -3.7      6.3
  SINCE JUL 1      3.5                       4.5   -1.0      6.3
  SNOW DEPTH       0

DEGREE DAYS
 HEATING
  YESTERDAY       28                        30     -2       49
  MONTH TO DATE  761                       737     24      824
  SINCE DEC 1   1507                      1591    -84     1682
  SINCE JUL 1   2444                      2368     76     2484

 COOLING
  YESTERDAY        0                         0      0        0
  MONTH TO DATE    0                         0      0        0
  SINCE DEC 1      0                         0      0        0
  SINCE JAN 1      0                         0      0        0
..................................................................


WIND (MPH)
  HIGHEST WIND SPEED    16   HIGHEST WIND DIRECTION     W (250)
  HIGHEST GUST SPEED    20   HIGHEST GUST DIRECTION     W (250)
  AVERAGE WIND SPEED     9.3


SKY COVER
  POSSIBLE SUNSHINE  MM
  AVERAGE SKY COVER 0.1


WEATHER CONDITIONS
 THE FOLLOWING WEATHER WAS RECORDED YESTERDAY.
  FOG
  HAZE


RELATIVE HUMIDITY (PERCENT)
 HIGHEST    96           400 AM
 LOWEST     46           100 PM
 AVERAGE    71

..........................................................


THE PADUCAH KY CLIMATE NORMALS FOR TODAY
                         NORMAL    RECORD    YEAR
 MAXIMUM TEMPERATURE (F)   44        77      1943
 MINIMUM TEMPERATURE (F)   26        -2      1940


SUNRISE AND SUNSET
JANUARY 25 2015.......SUNRISE   703 AM CST   SUNSET   512 PM CST
JANUARY 26 2015.......SUNRISE   702 AM CST   SUNSET   513 PM CST


-  INDICATES NEGATIVE NUMBERS.
R  INDICATES RECORD WAS SET OR TIED.
MM INDICATES DATA IS MISSING.
T  INDICATES TRACE AMOUNT.

&&
.........................................................
***** AGRICULTURAL DATA *****

SOIL TEMPERATURES AT A DEPTH OF FOUR INCHES

UNDER BARE GROUND...  MAX: MM  MIN: MM
UNDER GRASS.........  MAX: 39  MIN: 39


$$
