000
CDUS44 KLZK 172058
CLIPBF


CLIMATE REPORT
NATIONAL WEATHER SERVICE LITTLE ROCK AR
358 PM CDT WED SEP 17 2014


...................................

...THE PINE BLUFF CLIMATE SUMMARY FOR SEPTEMBER 17 2014...
VALID TODAY AS OF 0300 PM LOCAL TIME.

CLIMATE NORMAL PERIOD 1981 TO 2010
CLIMATE RECORD PERIOD 1883 TO 2014


WEATHER ITEM   OBSERVED TIME   RECORD YEAR NORMAL DEPARTURE LAST
                VALUE   (LST)  VALUE       VALUE  FROM      YEAR
                                                  NORMAL
..................................................................
TEMPERATURE (F)
 TODAY
  MAXIMUM         88    141 PM 105    1927  85      3       93
  MINIMUM         63    635 AM  41    1902  62      1       66
  AVERAGE         76                        74      2       80

PRECIPITATION (IN)
  TODAY            0.00          2.31 1964   0.08  -0.08     0.00
  MONTH TO DATE    0.78                      1.35  -0.57     0.18
  SINCE SEP 1      0.78                      1.35  -0.57     0.18
  SINCE JAN 1     30.69                     34.54  -3.85    33.81

SNOWFALL (IN)
  TODAY            0.0          MM      MM   0.0    0.0      0.0
  MONTH TO DATE    0.0                       0.0    0.0      0.0
  SINCE SEP 1      0.0                       0.0    0.0      0.0
  SINCE JUL 1      0.0                       0.0    0.0      0.0
  SNOW DEPTH       0

DEGREE DAYS
 HEATING
  TODAY            0                         0      0        0
  MONTH TO DATE    3                         0      3        0
  SINCE SEP 1      3                         0      3        0
  SINCE JUL 1      4                         0      4        0

 COOLING
  TODAY           11                         9      2       15
  MONTH TO DATE  199                       197      2      260
  SINCE SEP 1    199                       197      2      260
  SINCE JAN 1   1700                      1955   -255     1924
..................................................................


WIND (MPH)
  HIGHEST WIND SPEED     8   HIGHEST WIND DIRECTION    NE (30)
  HIGHEST GUST SPEED    10   HIGHEST GUST DIRECTION    SE (140)
  AVERAGE WIND SPEED     4.1


SKY COVER
  POSSIBLE SUNSHINE  MM
  AVERAGE SKY COVER 0.3


WEATHER CONDITIONS
 THE FOLLOWING WEATHER WAS RECORDED TODAY.
  NO SIGNIFICANT WEATHER WAS OBSERVED.


RELATIVE HUMIDITY (PERCENT)
 HIGHEST    93           100 AM
 LOWEST     59           200 PM
 AVERAGE    76

..........................................................


THE PINE BLUFF CLIMATE NORMALS FOR TOMORROW
                         NORMAL    RECORD    YEAR
 MAXIMUM TEMPERATURE (F)   85       104      1925
 MINIMUM TEMPERATURE (F)   62        45      1981
                                             1903


SUNRISE AND SUNSET
SEPTEMBER 17 2014.....SUNRISE   652 AM CDT   SUNSET   711 PM CDT
SEPTEMBER 18 2014.....SUNRISE   653 AM CDT   SUNSET   710 PM CDT


-  INDICATES NEGATIVE NUMBERS.
R  INDICATES RECORD WAS SET OR TIED.
MM INDICATES DATA IS MISSING.
T  INDICATES TRACE AMOUNT.




$$
