000
CDUS44 KLZK 282059
CLIPBF


CLIMATE REPORT
NATIONAL WEATHER SERVICE LITTLE ROCK AR
359 PM CDT FRI APR 28 2017


...................................

...THE PINE BLUFF CLIMATE SUMMARY FOR APRIL 28 2017...
VALID TODAY AS OF 0300 PM LOCAL TIME.

CLIMATE NORMAL PERIOD 1981 TO 2010
CLIMATE RECORD PERIOD 1883 TO 2017


WEATHER ITEM   OBSERVED TIME   RECORD YEAR NORMAL DEPARTURE LAST
                VALUE   (LST)  VALUE       VALUE  FROM      YEAR
                                                  NORMAL
..................................................................
TEMPERATURE (F)
 TODAY
  MAXIMUM         86    253 PM  92    1948  77      9       84
  MINIMUM         58    409 AM  40    1928  56      2       57
                                      1920
  AVERAGE         72                        66      6       71

PRECIPITATION (IN)
  TODAY            T             3.06 1991   0.16  -0.16     0.00
  MONTH TO DATE    5.84                      4.62   1.22     2.28
  SINCE MAR 1      8.94                     10.02  -1.08    17.96
  SINCE JAN 1     15.24                     17.84  -2.60    24.01

SNOWFALL (IN)
  TODAY            0.0          MM      MM   0.0    0.0      0.0
  MONTH TO DATE    0.0                       0.0    0.0      0.0
  SINCE MAR 1      0.0                       0.0    0.0      0.0
  SINCE JUL 1      1.5                       3.1   -1.6      3.6
  SNOW DEPTH       0

DEGREE DAYS
 HEATING
  TODAY            0                         2     -2        0
  MONTH TO DATE   52                       125    -73       73
  SINCE MAR 1    299                       472   -173      299
  SINCE JUL 1   2010                      2860   -850     2206

 COOLING
  TODAY            7                         3      4        6
  MONTH TO DATE   89                        58     31       53
  SINCE MAR 1    125                        75     50       74
  SINCE JAN 1    146                        78     68       78
..................................................................


WIND (MPH)
  HIGHEST WIND SPEED    21   HIGHEST WIND DIRECTION     S (190)
  HIGHEST GUST SPEED    26   HIGHEST GUST DIRECTION     S (190)
  AVERAGE WIND SPEED     8.4


SKY COVER
  POSSIBLE SUNSHINE  MM
  AVERAGE SKY COVER 0.7


WEATHER CONDITIONS
 THE FOLLOWING WEATHER WAS RECORDED TODAY.
  LIGHT RAIN


RELATIVE HUMIDITY (PERCENT)
 HIGHEST    93          1200 AM
 LOWEST     65           200 PM
 AVERAGE    79

..........................................................


THE PINE BLUFF CLIMATE NORMALS FOR TOMORROW
                         NORMAL    RECORD    YEAR
 MAXIMUM TEMPERATURE (F)   78        92      1990
                                             1915
 MINIMUM TEMPERATURE (F)   56        41      1904


SUNRISE AND SUNSET
APRIL 28 2017.........SUNRISE   621 AM CDT   SUNSET   750 PM CDT
APRIL 29 2017.........SUNRISE   620 AM CDT   SUNSET   750 PM CDT


-  INDICATES NEGATIVE NUMBERS.
R  INDICATES RECORD WAS SET OR TIED.
MM INDICATES DATA IS MISSING.
T  INDICATES TRACE AMOUNT.




$$
