406
CDUS44 KLZK 262102
CLIPBF


CLIMATE REPORT
NATIONAL WEATHER SERVICE LITTLE ROCK AR
401 PM CDT SUN MAR 26 2017


...................................

...THE PINE BLUFF CLIMATE SUMMARY FOR MARCH 26 2017...
VALID TODAY AS OF 0400 PM LOCAL TIME.

CLIMATE NORMAL PERIOD 1981 TO 2010
CLIMATE RECORD PERIOD 1883 TO 2017


WEATHER ITEM   OBSERVED TIME   RECORD YEAR NORMAL DEPARTURE LAST
                VALUE   (LST)  VALUE       VALUE  FROM      YEAR
                                                  NORMAL
..................................................................
TEMPERATURE (F)
 TODAY
  MAXIMUM         79    259 PM  89    1928  68     11       73
  MINIMUM         48    632 AM  20    1955  46      2       40
  AVERAGE         64                        57      7       57

PRECIPITATION (IN)
  TODAY            0.00          5.00 1934   0.16  -0.16     0.00
  MONTH TO DATE    3.09                      4.56  -1.47    10.41
  SINCE MAR 1      3.09                      4.56  -1.47    10.41
  SINCE JAN 1      9.39                     12.38  -2.99    16.46

SNOWFALL (IN)
  TODAY            0.0          MM      MM   0.0    0.0      0.0
  MONTH TO DATE    0.0                       0.0    0.0      0.0
  SINCE MAR 1      0.0                       0.0    0.0      0.0
  SINCE JUL 1      1.5                       3.1   -1.6      3.6
  SNOW DEPTH       0

DEGREE DAYS
 HEATING
  TODAY            1                         9     -8        8
  MONTH TO DATE  239                       309    -70      206
  SINCE MAR 1    239                       309    -70      206
  SINCE JUL 1   1950                      2697   -747     2113

 COOLING
  TODAY            0                         1     -1        0
  MONTH TO DATE   22                        11     11       15
  SINCE MAR 1     22                        11     11       15
  SINCE JAN 1     43                        14     29       19
..................................................................


WIND (MPH)
  HIGHEST WIND SPEED    13   HIGHEST WIND DIRECTION    SW (210)
  HIGHEST GUST SPEED    17   HIGHEST GUST DIRECTION    SW (210)
  AVERAGE WIND SPEED     4.1


SKY COVER
  POSSIBLE SUNSHINE  MM
  AVERAGE SKY COVER 0.0


WEATHER CONDITIONS
 THE FOLLOWING WEATHER WAS RECORDED TODAY.
  NO SIGNIFICANT WEATHER WAS OBSERVED.


RELATIVE HUMIDITY (PERCENT)
 HIGHEST    93           400 AM
 LOWEST     41           200 PM
 AVERAGE    67

..........................................................


THE PINE BLUFF CLIMATE NORMALS FOR TOMORROW
                         NORMAL    RECORD    YEAR
 MAXIMUM TEMPERATURE (F)   69        88      1935
                                             1918
 MINIMUM TEMPERATURE (F)   46        20      1955


SUNRISE AND SUNSET
MARCH 26 2017.........SUNRISE   703 AM CDT   SUNSET   724 PM CDT
MARCH 27 2017.........SUNRISE   701 AM CDT   SUNSET   725 PM CDT


-  INDICATES NEGATIVE NUMBERS.
R  INDICATES RECORD WAS SET OR TIED.
MM INDICATES DATA IS MISSING.
T  INDICATES TRACE AMOUNT.




$$
