000
CDUS44 KLZK 292106
CLIPBF


CLIMATE REPORT
NATIONAL WEATHER SERVICE LITTLE ROCK AR
406 PM CDT MON AUG 29 2016


...................................

...THE PINE BLUFF CLIMATE SUMMARY FOR AUGUST 29 2016...
VALID TODAY AS OF 0400 PM LOCAL TIME.

CLIMATE NORMAL PERIOD 1981 TO 2010
CLIMATE RECORD PERIOD 1883 TO 2016


WEATHER ITEM   OBSERVED TIME   RECORD YEAR NORMAL DEPARTURE LAST
                VALUE   (LST)  VALUE       VALUE  FROM      YEAR
                                                  NORMAL
..................................................................
TEMPERATURE (F)
 TODAY
  MAXIMUM         94    139 PM 105    1924  91      3       91
  MINIMUM         75    504 AM  52    1906  69      6       64
  AVERAGE         85                        80      5       78

PRECIPITATION (IN)
  TODAY            T             1.77 1959   0.07  -0.07     0.00
  MONTH TO DATE    6.63                      2.35   4.28     1.96
  SINCE JUN 1     12.52                      9.86   2.66     6.66
  SINCE JAN 1     43.52                     33.06  10.46    34.31

SNOWFALL (IN)
  TODAY            0.0          MM      MM   0.0    0.0      0.0
  MONTH TO DATE    0.0                       0.0    0.0      0.0
  SINCE JUN 1      0.0                       0.0    0.0      0.0
  SINCE JUL 1      0.0                       0.0    0.0      0.0
  SNOW DEPTH       0

DEGREE DAYS
 HEATING
  TODAY            0                         0      0        0
  MONTH TO DATE    0                         0      0        0
  SINCE JUN 1      0                         0      0        0
  SINCE JUL 1      0                         0      0        0

 COOLING
  TODAY           20                        15      5       13
  MONTH TO DATE  491                       473     18      447
  SINCE JUN 1   1522                      1423     99     1487
  SINCE JAN 1   1770                      1730     40     1816
..................................................................


WIND (MPH)
  HIGHEST WIND SPEED    10   HIGHEST WIND DIRECTION     E (70)
  HIGHEST GUST SPEED    14   HIGHEST GUST DIRECTION     E (90)
  AVERAGE WIND SPEED     3.5


SKY COVER
  POSSIBLE SUNSHINE  MM
  AVERAGE SKY COVER 0.2


WEATHER CONDITIONS
 THE FOLLOWING WEATHER WAS RECORDED TODAY.
  THUNDERSTORM
  LIGHT RAIN


RELATIVE HUMIDITY (PERCENT)
 HIGHEST    94           300 AM
 LOWEST     49           100 PM
 AVERAGE    72

..........................................................


THE PINE BLUFF CLIMATE NORMALS FOR TOMORROW
                         NORMAL    RECORD    YEAR
 MAXIMUM TEMPERATURE (F)   90       106      2000
                                             1943
 MINIMUM TEMPERATURE (F)   68        54      1906


SUNRISE AND SUNSET
AUGUST 29 2016........SUNRISE   639 AM CDT   SUNSET   737 PM CDT
AUGUST 30 2016........SUNRISE   640 AM CDT   SUNSET   736 PM CDT


-  INDICATES NEGATIVE NUMBERS.
R  INDICATES RECORD WAS SET OR TIED.
MM INDICATES DATA IS MISSING.
T  INDICATES TRACE AMOUNT.




$$
