949
CDUS44 KLZK 250639
CLIPBF


CLIMATE REPORT
NATIONAL WEATHER SERVICE LITTLE ROCK AR
1238 AM CST SAT FEB 25 2017


...................................

...THE PINE BLUFF CLIMATE SUMMARY FOR FEBRUARY 24 2017...

CLIMATE NORMAL PERIOD 1981 TO 2010
CLIMATE RECORD PERIOD 1883 TO 2017


WEATHER ITEM   OBSERVED TIME   RECORD YEAR NORMAL DEPARTURE LAST
                VALUE   (LST)  VALUE       VALUE  FROM      YEAR
                                                  NORMAL
..................................................................
TEMPERATURE (F)
 YESTERDAY
  MAXIMUM         72    349 PM  85    1918  58     14       49
  MINIMUM         50   1159 PM  18    1910  39     11       35
                                      1999
  AVERAGE         61                        48     13       42

PRECIPITATION (IN)
  YESTERDAY        0.00          2.59 1957   0.16  -0.16     0.06
  MONTH TO DATE    2.38                      3.39  -1.01     4.12
  SINCE DEC 1      9.83                     12.59  -2.76    11.39
  SINCE JAN 1      5.25                      7.15  -1.90     6.05

SNOWFALL (IN)
  YESTERDAY        0.0           7.2  1960   0.0    0.0      0.0
  MONTH TO DATE    0.0                       0.6   -0.6      0.0
  SINCE DEC 1      1.5                       3.1   -1.6      3.6
  SINCE JUL 1      1.5                       3.1   -1.6      3.6
  SNOW DEPTH       0

DEGREE DAYS
 HEATING
  YESTERDAY        4                        17    -13       23
  MONTH TO DATE  254                       464   -210      395
  SINCE DEC 1   1366                      1818   -452     1499
  SINCE JUL 1   1663                      2322   -659     1838

 COOLING
  YESTERDAY        0                         0      0        0
  MONTH TO DATE   12                         0     12        2
  SINCE DEC 1     22                         2     20       14
  SINCE JAN 1     17                         1     16        4
..................................................................


WIND (MPH)
  HIGHEST WIND SPEED    22   HIGHEST WIND DIRECTION    NW (300)
  HIGHEST GUST SPEED    30   HIGHEST GUST DIRECTION    NW (300)
  AVERAGE WIND SPEED    12.8


SKY COVER
  POSSIBLE SUNSHINE  MM
  AVERAGE SKY COVER 0.4


WEATHER CONDITIONS
 THE FOLLOWING WEATHER WAS RECORDED YESTERDAY.
  NO SIGNIFICANT WEATHER WAS OBSERVED.


RELATIVE HUMIDITY (PERCENT)
 HIGHEST    87           800 AM
 LOWEST     43           700 PM
 AVERAGE    65

..........................................................


THE PINE BLUFF CLIMATE NORMALS FOR TODAY
                         NORMAL    RECORD    YEAR
 MAXIMUM TEMPERATURE (F)   59        92      1918
 MINIMUM TEMPERATURE (F)   39        14      1965


SUNRISE AND SUNSET
FEBRUARY 25 2017......SUNRISE   641 AM CST   SUNSET   601 PM CST
FEBRUARY 26 2017......SUNRISE   640 AM CST   SUNSET   602 PM CST


-  INDICATES NEGATIVE NUMBERS.
R  INDICATES RECORD WAS SET OR TIED.
MM INDICATES DATA IS MISSING.
T  INDICATES TRACE AMOUNT.




$$
