000
CDUS44 KLZK 250647
CLIPBF


CLIMATE REPORT
NATIONAL WEATHER SERVICE LITTLE ROCK AR
147 AM CDT SUN JUN 25 2017


...................................

...THE PINE BLUFF CLIMATE SUMMARY FOR JUNE 24 2017...

CLIMATE NORMAL PERIOD 1981 TO 2010
CLIMATE RECORD PERIOD 1883 TO 2017


WEATHER ITEM   OBSERVED TIME   RECORD YEAR NORMAL DEPARTURE LAST
                VALUE   (LST)  VALUE       VALUE  FROM      YEAR
                                                  NORMAL
..................................................................
TEMPERATURE (F)
 YESTERDAY
  MAXIMUM         82    202 PM 102    1918  91     -9       93
  MINIMUM         69   1153 PM  54    1902  71     -2       75
  AVERAGE         76                        81     -5       84

PRECIPITATION (IN)
  YESTERDAY        0.00          2.87 1994   0.11  -0.11     0.00
  MONTH TO DATE    5.51                      2.98   2.53     2.36
  SINCE JUN 1      5.51                      2.98   2.53     2.36
  SINCE JAN 1     30.63                     26.18   4.45    33.36

SNOWFALL (IN)
  YESTERDAY        0.0          MM      MM   0.0    0.0      0.0
  MONTH TO DATE    0.0                       0.0    0.0      0.0
  SINCE JUN 1      0.0                       0.0    0.0      0.0
  SINCE JUL 1      1.5                       3.1   -1.6      3.6
  SNOW DEPTH       0

DEGREE DAYS
 HEATING
  YESTERDAY        0                         0      0        0
  MONTH TO DATE    0                         0      0        0
  SINCE JUN 1      0                         0      0        0
  SINCE JUL 1   2034                      2881   -847     2234

 COOLING
  YESTERDAY       11                        16     -5       19
  MONTH TO DATE  285                       325    -40      365
  SINCE JUN 1    285                       325    -40      365
  SINCE JAN 1    628                       632     -4      613
..................................................................


WIND (MPH)
  HIGHEST WIND SPEED    15   HIGHEST WIND DIRECTION     N (360)
  HIGHEST GUST SPEED    20   HIGHEST GUST DIRECTION     N (360)
  AVERAGE WIND SPEED     6.9


SKY COVER
  POSSIBLE SUNSHINE  MM
  AVERAGE SKY COVER 0.3


WEATHER CONDITIONS
 THE FOLLOWING WEATHER WAS RECORDED YESTERDAY.
  NO SIGNIFICANT WEATHER WAS OBSERVED.


RELATIVE HUMIDITY (PERCENT)
 HIGHEST   100           100 AM
 LOWEST     55           200 PM
 AVERAGE    78

..........................................................


THE PINE BLUFF CLIMATE NORMALS FOR TODAY
                         NORMAL    RECORD    YEAR
 MAXIMUM TEMPERATURE (F)   91       102      1918
                                             1901
 MINIMUM TEMPERATURE (F)   71        57      1974


SUNRISE AND SUNSET
JUNE 25 2017..........SUNRISE   558 AM CDT   SUNSET   823 PM CDT
JUNE 26 2017..........SUNRISE   558 AM CDT   SUNSET   823 PM CDT


-  INDICATES NEGATIVE NUMBERS.
R  INDICATES RECORD WAS SET OR TIED.
MM INDICATES DATA IS MISSING.
T  INDICATES TRACE AMOUNT.




$$
