223
CDUS42 KMFL 200939
CLIPBI


CLIMATE REPORT
NATIONAL WEATHER SERVICE MIAMI, FL
439 AM EST MON FEB 20 2017


...................................

...THE WEST PALM BEACH CLIMATE SUMMARY FOR FEBRUARY 19 2017...

CLIMATE NORMAL PERIOD 1981 TO 2010
CLIMATE RECORD PERIOD 1888 TO 2017


WEATHER ITEM   OBSERVED TIME   RECORD YEAR NORMAL DEPARTURE LAST
                VALUE   (LST)  VALUE       VALUE  FROM      YEAR
                                                  NORMAL
..................................................................
TEMPERATURE (F)
 YESTERDAY
  MAXIMUM         88R   242 PM  87    2012  77     11       75
  MINIMUM         65   1159 PM  33    1900  60      5       67
  AVERAGE         77                        68      9       71

PRECIPITATION (IN)
  YESTERDAY        0.00          2.00 1904   0.10  -0.10      T
  MONTH TO DATE    0.03                      1.83  -1.80     1.49
  SINCE NOV 1      5.50                     13.09  -7.59    21.79
  SINCE JAN 1      1.03                      4.96  -3.93    11.39

SNOWFALL (IN)
  YESTERDAY        0.0
  MONTH TO DATE    0.0
  SINCE DEC 1      0.0
  SINCE JUL 1      0.0
  SNOW DEPTH       0

DEGREE DAYS
 HEATING
  YESTERDAY        0                         2     -2        0
  MONTH TO DATE    2                        38    -36       50
  SINCE DEC 1     51                       183   -132      116
  SINCE JUL 1     52                       195   -143      116

 COOLING
  YESTERDAY       12                         5      7        6
  MONTH TO DATE  102                        83     19       68
  SINCE DEC 1    566                       346    220      515
  SINCE JAN 1    273                       191     82      159
..................................................................


WIND (MPH)
  HIGHEST WIND SPEED    21   HIGHEST WIND DIRECTION    NW (300)
  HIGHEST GUST SPEED    24   HIGHEST GUST DIRECTION     W (290)
  AVERAGE WIND SPEED    10.5


SKY COVER
  AVERAGE SKY COVER 0.5


WEATHER CONDITIONS
 THE FOLLOWING WEATHER WAS RECORDED YESTERDAY.
  FOG


RELATIVE HUMIDITY (PERCENT)
 HIGHEST    93
 LOWEST     43
 AVERAGE    68

..........................................................


THE WEST PALM BEACH CLIMATE NORMALS FOR TODAY
                         NORMAL    RECORD    YEAR
 MAXIMUM TEMPERATURE (F)   77        88      1988
                                             1975
                                             1911
 MINIMUM TEMPERATURE (F)   60        38      2015


SUNRISE AND SUNSET
FEBRUARY 20 2017......SUNRISE   652 AM EST   SUNSET   616 PM EST
FEBRUARY 21 2017......SUNRISE   651 AM EST   SUNSET   617 PM EST


-  INDICATES NEGATIVE NUMBERS.
R  INDICATES RECORD WAS SET OR TIED.
MM INDICATES DATA IS MISSING.
T  INDICATES TRACE AMOUNT.




$$
