000
CDUS42 KMFL 272017
CLIPBI


CLIMATE REPORT
NATIONAL WEATHER SERVICE MIAMI, FL
416 PM EDT WED JUL 27 2016


...................................

...THE WEST PALM BEACH CLIMATE SUMMARY FOR JULY 27 2016...
VALID TODAY AS OF 0400 PM LOCAL TIME.

CLIMATE NORMAL PERIOD 1981 TO 2010
CLIMATE RECORD PERIOD 1888 TO 2016


WEATHER ITEM   OBSERVED TIME   RECORD YEAR NORMAL DEPARTURE LAST
                VALUE   (LST)  VALUE       VALUE  FROM      YEAR
                                                  NORMAL
..................................................................
TEMPERATURE (F)
 TODAY
  MAXIMUM         92    248 PM  96    1962  90      2       93
                                      1950
  MINIMUM         80    456 AM  69    1911  76      4       75
  AVERAGE         86                        83      3       84

PRECIPITATION (IN)
  TODAY            0.00          2.56 1974   0.18  -0.18     0.59
  MONTH TO DATE    1.51                      5.05  -3.54     4.74
  SINCE JUN 1      6.03                     13.35  -7.32     8.76
  SINCE JAN 1     27.42                     32.06  -4.64    22.51

SNOWFALL (IN)
  TODAY            0.0
  MONTH TO DATE    0.0
  SINCE JUN 1      0.0
  SINCE JUL 1      0.0
  SNOW DEPTH       0

DEGREE DAYS
 HEATING
  TODAY            0                         0      0        0
  MONTH TO DATE    0                         0      0        0
  SINCE JUN 1      0                         0      0        0
  SINCE JUL 1      0                         0      0        0

 COOLING
  TODAY           21                        18      3       19
  MONTH TO DATE  578                       475    103      506
  SINCE JUN 1   1127                       965    162     1041
  SINCE JAN 1   2408                      2074    334     2575
..................................................................


WIND (MPH)
  HIGHEST WIND SPEED    16   HIGHEST WIND DIRECTION    SE (120)
  HIGHEST GUST SPEED    21   HIGHEST GUST DIRECTION    SE (120)
  AVERAGE WIND SPEED     8.3


SKY COVER
  AVERAGE SKY COVER 0.4


WEATHER CONDITIONS
 THE FOLLOWING WEATHER WAS RECORDED TODAY.
  NO SIGNIFICANT WEATHER WAS OBSERVED.


RELATIVE HUMIDITY (PERCENT)
 HIGHEST    85
 LOWEST     56
 AVERAGE    71

..........................................................


THE WEST PALM BEACH CLIMATE NORMALS FOR TOMORROW
                         NORMAL    RECORD    YEAR
 MAXIMUM TEMPERATURE (F)   90        97      1950
                                             1912
 MINIMUM TEMPERATURE (F)   76        69      1921
                                             1917
                                             1911


SUNRISE AND SUNSET
JULY 27 2016..........SUNRISE   643 AM EDT   SUNSET   811 PM EDT
JULY 28 2016..........SUNRISE   644 AM EDT   SUNSET   810 PM EDT


-  INDICATES NEGATIVE NUMBERS.
R  INDICATES RECORD WAS SET OR TIED.
MM INDICATES DATA IS MISSING.
T  INDICATES TRACE AMOUNT.




$$
