000
CDUS42 KMFL 280921
CLIPBI


CLIMATE REPORT
NATIONAL WEATHER SERVICE MIAMI, FL
421 AM EST SUN DEC 28 2014


...................................

...THE WEST PALM BEACH CLIMATE SUMMARY FOR DECEMBER 27 2014...

CLIMATE NORMAL PERIOD 1981 TO 2010
CLIMATE RECORD PERIOD 1888 TO 2014


WEATHER ITEM   OBSERVED TIME   RECORD YEAR NORMAL DEPARTURE LAST
                VALUE   (LST)  VALUE       VALUE  FROM      YEAR
                                                  NORMAL
..................................................................
TEMPERATURE (F)
 YESTERDAY
  MAXIMUM         82    113 PM  87    1911  75      7       82
  MINIMUM         69   1152 PM  31    1909  58     11       74
  AVERAGE         76                        66     10       78

PRECIPITATION (IN)
  YESTERDAY        0.00          1.83 1949   0.12  -0.12      T
  MONTH TO DATE    1.38                      2.95  -1.57     4.21
  SINCE NOV 1      3.32                      7.70  -4.38     6.99
  SINCE JAN 1     60.91                     61.90  -0.99    64.85

SNOWFALL (IN)
  YESTERDAY        0.0
  MONTH TO DATE    0.0
  SINCE DEC 1      0.0
  SINCE JUL 1      0.0
  SNOW DEPTH       0

DEGREE DAYS
 HEATING
  YESTERDAY        0                         3     -3
  MONTH TO DATE   25                        46    -21
  SINCE DEC 1     25                        46    -21
  SINCE JUL 1     42                        58    -16

 COOLING
  YESTERDAY       11                         4      7
  MONTH TO DATE  157                       139     18
  SINCE DEC 1    157                       139     18
  SINCE JAN 1   4297                      4005    292
..................................................................


WIND (MPH)
  HIGHEST WIND SPEED    12   HIGHEST WIND DIRECTION    SE (140)
  HIGHEST GUST SPEED    13   HIGHEST GUST DIRECTION    SE (120)
  AVERAGE WIND SPEED     4.4


SKY COVER
  AVERAGE SKY COVER 0.8


WEATHER CONDITIONS
 THE FOLLOWING WEATHER WAS RECORDED YESTERDAY.
  FOG


RELATIVE HUMIDITY (PERCENT)
 HIGHEST   100
 LOWEST     69
 AVERAGE    85

..........................................................


THE WEST PALM BEACH CLIMATE NORMALS FOR TODAY
                         NORMAL    RECORD    YEAR
 MAXIMUM TEMPERATURE (F)   75        85      1968
 MINIMUM TEMPERATURE (F)   58        34      2010


SUNRISE AND SUNSET
DECEMBER 28 2014......SUNRISE   708 AM EST   SUNSET   536 PM EST
DECEMBER 29 2014......SUNRISE   708 AM EST   SUNSET   537 PM EST


-  INDICATES NEGATIVE NUMBERS.
R  INDICATES RECORD WAS SET OR TIED.
MM INDICATES DATA IS MISSING.
T  INDICATES TRACE AMOUNT.




$$
