000
CDUS42 KMFL 212118
CLIPBI


CLIMATE REPORT
NATIONAL WEATHER SERVICE MIAMI, FL
418 PM EST WED FEB 21 2018


...................................

...THE WEST PALM BEACH CLIMATE SUMMARY FOR FEBRUARY 21 2018...
VALID TODAY AS OF 0400 PM LOCAL TIME.

CLIMATE NORMAL PERIOD 1981 TO 2010
CLIMATE RECORD PERIOD 1888 TO 2018


WEATHER ITEM   OBSERVED TIME   RECORD YEAR NORMAL DEPARTURE LAST
                VALUE   (LST)  VALUE       VALUE  FROM      YEAR
                                                  NORMAL
..................................................................
TEMPERATURE (F)
 TODAY
  MAXIMUM         84    153 PM  87    1989  77      7       79
  MINIMUM         74    638 AM  39    1968  60     14       65
  AVERAGE         79                        68     11       72

PRECIPITATION (IN)
  TODAY            0.00          2.92 1902   0.11  -0.11     0.00
  MONTH TO DATE    0.07                      2.03  -1.96     0.03
  SINCE NOV 1      7.93                     13.29  -5.36     5.50
  SINCE JAN 1      4.49                      5.16  -0.67     1.03

SNOWFALL (IN)
  TODAY            0.0
  MONTH TO DATE    0.0
  SINCE DEC 1      0.0
  SINCE JUL 1      0.0
  SNOW DEPTH       0

DEGREE DAYS
 HEATING
  TODAY            0                         1     -1        0
  MONTH TO DATE    0                        41    -41        2
  SINCE DEC 1    136                       186    -50       51
  SINCE JUL 1    140                       198    -58       52

 COOLING
  TODAY           14                         5      9        7
  MONTH TO DATE  211                        93    118      115
  SINCE DEC 1    499                       356    143      579
  SINCE JAN 1    322                       201    121      286
..................................................................


WIND (MPH)
  HIGHEST WIND SPEED    22   HIGHEST WIND DIRECTION     E (100)
  HIGHEST GUST SPEED    26   HIGHEST GUST DIRECTION     E (110)
  AVERAGE WIND SPEED    17.9


SKY COVER
  AVERAGE SKY COVER 0.6


WEATHER CONDITIONS
 THE FOLLOWING WEATHER WAS RECORDED TODAY.
  NO SIGNIFICANT WEATHER WAS OBSERVED.


RELATIVE HUMIDITY (PERCENT)
 HIGHEST    82
 LOWEST     59
 AVERAGE    71

..........................................................


THE WEST PALM BEACH CLIMATE NORMALS FOR TOMORROW
                         NORMAL    RECORD    YEAR
 MAXIMUM TEMPERATURE (F)   77        89      1974
 MINIMUM TEMPERATURE (F)   60        39      1978


SUNRISE AND SUNSET
FEBRUARY 21 2018......SUNRISE   652 AM EST   SUNSET   617 PM EST
FEBRUARY 22 2018......SUNRISE   651 AM EST   SUNSET   617 PM EST


-  INDICATES NEGATIVE NUMBERS.
R  INDICATES RECORD WAS SET OR TIED.
MM INDICATES DATA IS MISSING.
T  INDICATES TRACE AMOUNT.




$$
