676
CDUS42 KFFC 260821
CLIPDK


CLIMATE REPORT
NATIONAL WEATHER SERVICE PEACHTREE CITY GA
421 AM EDT MON JUN 26 2017


...................................

...THE DEKALB PEACHTREE AIRPORT CLIMATE SUMMARY FOR JUNE 25 2017...

CLIMATE NORMAL PERIOD 1981 TO 2010
CLIMATE RECORD PERIOD 9999 TO 9999


WEATHER ITEM   OBSERVED TIME   RECORD YEAR NORMAL DEPARTURE LAST
                VALUE   (LST)  VALUE       VALUE  FROM      YEAR
                                                  NORMAL
..................................................................
TEMPERATURE (F)
 YESTERDAY
  MAXIMUM         82    330 PM  MM      MM  89     -7      100
  MINIMUM         65   1145 PM  MM      MM  69     -4       74
  AVERAGE         74                        79     -5       87

PRECIPITATION (IN)
  YESTERDAY        0.00         MM      MM   0.18  -0.18     0.00
  MONTH TO DATE    8.44                      3.83   4.61     1.44
  SINCE JUN 1      8.44                      3.83   4.61     1.44
  SINCE JAN 1     29.72                     26.32   3.40    17.97

DEGREE DAYS
 COOLING
  YESTERDAY        9                        14     -5       22
  MONTH TO DATE  292                       283      9      380
  SINCE JUN 1    292                       283      9      380
  SINCE JAN 1    612                       494    118      661
..................................................................


WIND (MPH)
  RESULTANT WIND SPEED   7   RESULTANT WIND DIRECTION  NW (320)
  HIGHEST WIND SPEED    15   HIGHEST WIND DIRECTION    NW (330)
  HIGHEST GUST SPEED    20   HIGHEST GUST DIRECTION    NW (320)
  AVERAGE WIND SPEED     7.8


SKY COVER
  AVERAGE SKY COVER 0.0


WEATHER CONDITIONS
 THE FOLLOWING WEATHER WAS RECORDED YESTERDAY.
  NO SIGNIFICANT WEATHER WAS OBSERVED.


RELATIVE HUMIDITY (PERCENT)
 HIGHEST    93          1200 AM
 LOWEST     45           400 PM
 AVERAGE    69

..........................................................


THE DEKALB PEACHTREE AIRPORT CLIMATE NORMALS FOR TODAY
                         NORMAL    RECORD    YEAR
 MAXIMUM TEMPERATURE (F)   89        MM        MM
 MINIMUM TEMPERATURE (F)   69        MM        MM


SUNRISE AND SUNSET
JUNE 26 2017..........SUNRISE   628 AM EDT   SUNSET   852 PM EDT
JUNE 27 2017..........SUNRISE   628 AM EDT   SUNSET   852 PM EDT


-  INDICATES NEGATIVE NUMBERS.
R  INDICATES RECORD WAS SET OR TIED.
MM INDICATES DATA IS MISSING.
T  INDICATES TRACE AMOUNT.




$$
