150
CDUS42 KFFC 170818
CLIPDK


CLIMATE REPORT
NATIONAL WEATHER SERVICE PEACHTREE CITY GA
417 AM EDT TUE OCT 17 2017


...................................

...THE DEKALB PEACHTREE AIRPORT CLIMATE SUMMARY FOR OCTOBER 16 2017...

CLIMATE NORMAL PERIOD 1981 TO 2010
CLIMATE RECORD PERIOD 9999 TO 9999


WEATHER ITEM   OBSERVED TIME   RECORD YEAR NORMAL DEPARTURE LAST
                VALUE   (LST)  VALUE       VALUE  FROM      YEAR
                                                  NORMAL
..................................................................
TEMPERATURE (F)
 YESTERDAY
  MAXIMUM         72   1242 AM  MM      MM  73     -1       82
  MINIMUM         51   1059 PM  MM      MM  51      0       63
  AVERAGE         62                        62      0       73

PRECIPITATION (IN)
  YESTERDAY        0.08         MM      MM   0.09  -0.01     0.00
  MONTH TO DATE    1.30                      1.92  -0.62     0.11
  SINCE SEP 1      5.33                      6.48  -1.15     3.12
  SINCE JAN 1     46.82                     43.06   3.76    28.75

SNOWFALL (IN)
  YESTERDAY        0.0          MM      MM  MM     MM       MM
  MONTH TO DATE    0.0                      MM     MM        0.0
  SINCE SEP 1      0.0                      MM     MM        0.0
  SINCE JUL 1      0.0                      MM     MM        0.0
  SNOW DEPTH       0

DEGREE DAYS
 HEATING
  YESTERDAY        3                         4     -1        0
  MONTH TO DATE    4                        45    -41       12
  SINCE SEP 1     14                        55    -41       13
  SINCE JUL 1     14                        55    -41       13

 COOLING
  YESTERDAY        0                         1     -1        8
  MONTH TO DATE   93                        36     57       70
  SINCE SEP 1    320                       283     37      453
  SINCE JAN 1   1883                      1740    143     2317
..................................................................


WIND (MPH)
  RESULTANT WIND SPEED  10   RESULTANT WIND DIRECTION  NW (330)
  HIGHEST WIND SPEED    18   HIGHEST WIND DIRECTION    NW (320)
  HIGHEST GUST SPEED    24   HIGHEST GUST DIRECTION    NW (330)
  AVERAGE WIND SPEED    10.4


SKY COVER
  AVERAGE SKY COVER 0.3


WEATHER CONDITIONS
 THE FOLLOWING WEATHER WAS RECORDED YESTERDAY.
  RAIN
  LIGHT RAIN
  FOG


RELATIVE HUMIDITY (PERCENT)
 HIGHEST    93          1200 AM
 LOWEST     45           300 PM
 AVERAGE    69

..........................................................


THE DEKALB PEACHTREE AIRPORT CLIMATE NORMALS FOR TODAY
                         NORMAL    RECORD    YEAR
 MAXIMUM TEMPERATURE (F)   72        MM        MM
 MINIMUM TEMPERATURE (F)   51        MM        MM


SUNRISE AND SUNSET
OCTOBER 17 2017.......SUNRISE   744 AM EDT   SUNSET   700 PM EDT
OCTOBER 18 2017.......SUNRISE   745 AM EDT   SUNSET   659 PM EDT


-  INDICATES NEGATIVE NUMBERS.
R  INDICATES RECORD WAS SET OR TIED.
MM INDICATES DATA IS MISSING.
T  INDICATES TRACE AMOUNT.




$$
