000
CDUS46 KPDT 261051
CLIPDT

CLIMATE REPORT
NATIONAL WEATHER SERVICE PENDLETON OR
146 AM PDT SUN MAR 26 2017


...................................

...THE PENDLETON OR CLIMATE SUMMARY FOR MARCH 25 2017...

CLIMATE NORMAL PERIOD 1981 TO 2010
CLIMATE RECORD PERIOD 1890 TO 2017


WEATHER ITEM   OBSERVED TIME   RECORD YEAR NORMAL DEPARTURE LAST
                VALUE   (LST)  VALUE       VALUE  FROM      YEAR
                                                  NORMAL
..................................................................
TEMPERATURE (F)
 YESTERDAY
  MAXIMUM         53    448 PM  78    1960  58     -5       53
  MINIMUM         37    532 AM  12    1913  37      0       35
  AVERAGE         45                        47     -2       44

PRECIPITATION (IN)
  YESTERDAY        T             0.68 2006   0.04  -0.04     0.02
  MONTH TO DATE    2.05                      1.09   0.96     1.59
  SINCE OCT 1     11.49                      7.63   3.86     8.23
  SINCE JAN 1      5.97                      3.63   2.34     3.96

SNOWFALL (IN)
  YESTERDAY       MM             0.3  1991   0.0   MM         T
  MONTH TO DATE    0.3                       0.6   -0.3       T
  SINCE JAN 1     25.9                       7.6   18.3       T
  SINCE JUL 1     44.4                      15.1   29.3      4.1
  SNOW DEPTH       0

DEGREE DAYS
 HEATING
  YESTERDAY       20                        18      2       21
  MONTH TO DATE  480                       514    -34      454
  SINCE MAR 1    480                       514    -34      454
  SINCE JUL 1   4782                      4413    369     4046

 COOLING
  YESTERDAY        0                         0      0        0
  MONTH TO DATE    0                         0      0        0
  SINCE MAR 1      0                         0      0        0
  SINCE JAN 1      0                         0      0        0
..................................................................


WIND (MPH)
  HIGHEST WIND SPEED    15   HIGHEST WIND DIRECTION     W (290)
  HIGHEST GUST SPEED    18   HIGHEST GUST DIRECTION     W (290)
  AVERAGE WIND SPEED     6.1


SKY COVER
  POSSIBLE SUNSHINE  MM
  AVERAGE SKY COVER 0.8


WEATHER CONDITIONS
 THE FOLLOWING WEATHER WAS RECORDED YESTERDAY.
  LIGHT RAIN
  FOG


RELATIVE HUMIDITY (PERCENT)
 HIGHEST    86           500 AM
 LOWEST     63           300 PM
 AVERAGE    75

..........................................................


THE PENDLETON OR CLIMATE NORMALS FOR TODAY
                         NORMAL    RECORD    YEAR
 MAXIMUM TEMPERATURE (F)   58        73      2015
                                             1946
 MINIMUM TEMPERATURE (F)   37        21      1913


SUNRISE AND SUNSET
MARCH 26 2017.........SUNRISE   646 AM PDT   SUNSET   716 PM PDT
MARCH 27 2017.........SUNRISE   644 AM PDT   SUNSET   718 PM PDT


-  INDICATES NEGATIVE NUMBERS.
R  INDICATES RECORD WAS SET OR TIED.
MM INDICATES DATA IS MISSING.
T  INDICATES TRACE AMOUNT.




$$
