000
CDUS46 KPDT 270037
CLIPDT

CLIMATE REPORT
NATIONAL WEATHER SERVICE PENDLETON OR
425 PM PST WED NOV 26 2014


...................................

...THE PENDLETON OR CLIMATE SUMMARY FOR NOVEMBER 26 2014...
VALID TODAY AS OF 0400 PM LOCAL TIME.

CLIMATE NORMAL PERIOD 1981 TO 2010
CLIMATE RECORD PERIOD 1890 TO 2014


WEATHER ITEM   OBSERVED TIME   RECORD YEAR NORMAL DEPARTURE LAST
                VALUE   (LST)  VALUE       VALUE  FROM      YEAR
                                                  NORMAL
..................................................................
TEMPERATURE (F)
 TODAY
  MAXIMUM         62   1253 PM  71    1892  44     18       38
  MINIMUM         50    645 AM   1    1993  31     19       18
  AVERAGE         56                        38     18       28

PRECIPITATION (IN)
  TODAY            0.00          1.35 1971   0.05  -0.05     0.00
  MONTH TO DATE    1.22                      1.31  -0.09     0.65
  SINCE OCT 1      1.82                      2.32  -0.50     0.97
  SINCE JAN 1     10.36                     10.98  -0.62     8.46

SNOWFALL (IN)
  TODAY            0.0           3.2  1979   0.1   -0.1      0.0
  MONTH TO DATE    3.7                       1.0    2.7      0.0
  SINCE JAN 1     18.9                       8.8   10.1      0.2
  SINCE JUL 1      3.7                       1.1    2.6       T
  SNOW DEPTH       0

DEGREE DAYS
 HEATING
  TODAY            9                        27    -18       37
  MONTH TO DATE  731                       597    134      652
  SINCE SEP 1   1022                      1117    -95     1249
  SINCE JUL 1   1025                      1139   -114     1249

 COOLING
  TODAY            0                         0      0        0
  MONTH TO DATE    0                         0      0        0
  SINCE SEP 1     78                        66     12      121
  SINCE JAN 1    839                       636    203      831
..................................................................


WIND (MPH)
  HIGHEST WIND SPEED    18   HIGHEST WIND DIRECTION    SW (230)
  HIGHEST GUST SPEED    23   HIGHEST GUST DIRECTION    SW (230)
  AVERAGE WIND SPEED     9.4


SKY COVER
  POSSIBLE SUNSHINE  MM
  AVERAGE SKY COVER 0.1


WEATHER CONDITIONS
 THE FOLLOWING WEATHER WAS RECORDED TODAY.
  NO SIGNIFICANT WEATHER WAS OBSERVED.


RELATIVE HUMIDITY (PERCENT)
 HIGHEST    68           900 AM
 LOWEST     46          1200 PM
 AVERAGE    57

..........................................................


THE PENDLETON OR CLIMATE NORMALS FOR TOMORROW
                         NORMAL    RECORD    YEAR
 MAXIMUM TEMPERATURE (F)   44        69      1892
 MINIMUM TEMPERATURE (F)   31       -11      1896


SUNRISE AND SUNSET
NOVEMBER 26 2014......SUNRISE   710 AM PST   SUNSET   415 PM PST
NOVEMBER 27 2014......SUNRISE   711 AM PST   SUNSET   415 PM PST


-  INDICATES NEGATIVE NUMBERS.
R  INDICATES RECORD WAS SET OR TIED.
MM INDICATES DATA IS MISSING.
T  INDICATES TRACE AMOUNT.




$$
