000
CDUS46 KPDT 190835
CLIPDT

CLIMATE REPORT
NATIONAL WEATHER SERVICE PENDLETON OR
1235 AM PST SUN FEB 19 2017


...................................

...THE PENDLETON OR CLIMATE SUMMARY FOR FEBRUARY 18 2017...

CLIMATE NORMAL PERIOD 1981 TO 2010
CLIMATE RECORD PERIOD 1890 TO 2017


WEATHER ITEM   OBSERVED TIME   RECORD YEAR NORMAL DEPARTURE LAST
                VALUE   (LST)  VALUE       VALUE  FROM      YEAR
                                                  NORMAL
..................................................................
TEMPERATURE (F)
 YESTERDAY
  MAXIMUM         40    510 PM  76    1902  47     -7       57
  MINIMUM         33   1011 PM   6    2006  30      3       38
                                      1936
  AVERAGE         37                        39     -2       48

PRECIPITATION (IN)
  YESTERDAY        0.22          0.87 1949   0.05   0.17     0.14
  MONTH TO DATE    1.19                      0.70   0.49     0.80
  SINCE OCT 1      8.36                      6.13   2.23     6.58
  SINCE JAN 1      2.84                      2.13   0.71     2.31

SNOWFALL (IN)
  YESTERDAY        0.0           8.3  1949   0.1   -0.1      0.0
  MONTH TO DATE    3.0                       2.3    0.7      0.0
  SINCE JAN 1     21.5                       6.0   15.5       T
  SINCE JUL 1     40.0                      13.5   26.5      4.1
  SNOW DEPTH       0

DEGREE DAYS
 HEATING
  YESTERDAY       28                        26      2       17
  MONTH TO DATE  559                       491     68      384
  SINCE DEC 1   3008                      2396    612     2150
  SINCE JUL 1   4032                      3649    383     3350

 COOLING
  YESTERDAY        0                         0      0        0
  MONTH TO DATE    0                         0      0        0
  SINCE DEC 1      0                         0      0        0
  SINCE JAN 1      0                         0      0        0
..................................................................


WIND (MPH)
  HIGHEST WIND SPEED     8   HIGHEST WIND DIRECTION     S (180)
  HIGHEST GUST SPEED     8   HIGHEST GUST DIRECTION    SE (150)
  AVERAGE WIND SPEED     3.0


SKY COVER
  POSSIBLE SUNSHINE  MM
  AVERAGE SKY COVER 0.8


WEATHER CONDITIONS
 THE FOLLOWING WEATHER WAS RECORDED YESTERDAY.
  LIGHT RAIN
  FOG
  FOG W/VISIBILITY <= 1/4 MILE


RELATIVE HUMIDITY (PERCENT)
 HIGHEST   100           100 AM
 LOWEST     92          1100 AM
 AVERAGE    96

..........................................................


THE PENDLETON OR CLIMATE NORMALS FOR TODAY
                         NORMAL    RECORD    YEAR
 MAXIMUM TEMPERATURE (F)   48        68      1930
                                             1895
 MINIMUM TEMPERATURE (F)   30         8      2006


SUNRISE AND SUNSET
FEBRUARY 19 2017......SUNRISE   650 AM PST   SUNSET   529 PM PST
FEBRUARY 20 2017......SUNRISE   649 AM PST   SUNSET   530 PM PST


-  INDICATES NEGATIVE NUMBERS.
R  INDICATES RECORD WAS SET OR TIED.
MM INDICATES DATA IS MISSING.
T  INDICATES TRACE AMOUNT.


$$
