000
CDUS46 KPDT 010829
CLIPDT

CLIMATE REPORT
NATIONAL WEATHER SERVICE PENDLETON OR
1228 AM PST SUN MAR 1 2015


...................................

...THE PENDLETON OR CLIMATE SUMMARY FOR FEBRUARY 28 2015...

CLIMATE NORMAL PERIOD 1981 TO 2010
CLIMATE RECORD PERIOD 1890 TO 2015


WEATHER ITEM   OBSERVED TIME   RECORD YEAR NORMAL DEPARTURE LAST
                VALUE   (LST)  VALUE       VALUE  FROM      YEAR
                                                  NORMAL
..................................................................
TEMPERATURE (F)
 YESTERDAY
  MAXIMUM         47    259 PM  74    1902  50     -3       43
  MINIMUM         24   1159 PM   3    1911  32     -8       36
  AVERAGE         36                        41     -5       40

PRECIPITATION (IN)
  YESTERDAY        0.00          0.49 1896   0.04  -0.04     0.00
  MONTH TO DATE    0.83                      1.11  -0.28     1.63
  SINCE OCT 1      6.25                      6.54  -0.29     4.15
  SINCE JAN 1      1.55                      2.54  -0.99     2.36

SNOWFALL (IN)
  YESTERDAY        0.0           3.8  1970   0.1   -0.1      0.0
  MONTH TO DATE    0.0                       3.3   -3.3     14.2
  SINCE JAN 1      0.4                       7.0   -6.6     14.2
  SINCE JUL 1      7.2                      14.5   -7.3     20.7
  SNOW DEPTH       0

DEGREE DAYS
 HEATING
  YESTERDAY       29                        24      5       25
  MONTH TO DATE  582                       742   -160      882
  SINCE DEC 1   2363                      2646   -283     2882
  SINCE JUL 1   3493                      3899   -406     4265

 COOLING
  YESTERDAY        0                         0      0        0
  MONTH TO DATE    0                         0      0        0
  SINCE DEC 1      0                         0      0        0
  SINCE JAN 1      0                         0      0        0
..................................................................


WIND (MPH)
  HIGHEST WIND SPEED    18   HIGHEST WIND DIRECTION     N (360)
  HIGHEST GUST SPEED    22   HIGHEST GUST DIRECTION     N (20)
  AVERAGE WIND SPEED     8.2


SKY COVER
  POSSIBLE SUNSHINE  MM
  AVERAGE SKY COVER 0.2


WEATHER CONDITIONS
 THE FOLLOWING WEATHER WAS RECORDED YESTERDAY.
  NO SIGNIFICANT WEATHER WAS OBSERVED.


RELATIVE HUMIDITY (PERCENT)
 HIGHEST    92          1200 AM
 LOWEST     28           300 PM
 AVERAGE    60

..........................................................


THE PENDLETON OR CLIMATE NORMALS FOR TODAY
                         NORMAL    RECORD    YEAR
 MAXIMUM TEMPERATURE (F)   51        74      1925
 MINIMUM TEMPERATURE (F)   32         1      1993


SUNRISE AND SUNSET
MARCH  1 2015.........SUNRISE   634 AM PST   SUNSET   542 PM PST
MARCH  2 2015.........SUNRISE   632 AM PST   SUNSET   543 PM PST


-  INDICATES NEGATIVE NUMBERS.
R  INDICATES RECORD WAS SET OR TIED.
MM INDICATES DATA IS MISSING.
T  INDICATES TRACE AMOUNT.




$$
