000
CDUS46 KPDT 240943
CLIPDT

CLIMATE REPORT
NATIONAL WEATHER SERVICE PENDLETON OR
132 AM PST FRI NOV 24 2017


...................................

...THE PENDLETON OR CLIMATE SUMMARY FOR NOVEMBER 23 2017...

CLIMATE NORMAL PERIOD 1981 TO 2010
CLIMATE RECORD PERIOD 1890 TO 2017


WEATHER ITEM   OBSERVED TIME   RECORD YEAR NORMAL DEPARTURE LAST
                VALUE   (LST)  VALUE       VALUE  FROM      YEAR
                                                  NORMAL
..................................................................
TEMPERATURE (F)
 YESTERDAY
  MAXIMUM         70   1248 PM  75    1933  46     24       50
  MINIMUM         44   1159 PM -12    1985  32     12       37
  AVERAGE         57                        39     18       44

PRECIPITATION (IN)
  YESTERDAY        0.14          0.73 1949   0.05   0.09     0.24
  MONTH TO DATE    1.14                      1.16  -0.02     0.78
  SINCE OCT 1      2.55                      2.17   0.38     3.10
  SINCE JAN 1     14.84                     10.83   4.01    11.17

SNOWFALL (IN)
  YESTERDAY        0.0           1.0  1978   0.1   -0.1      0.0
  MONTH TO DATE    0.0                       0.8   -0.8      0.0
  SINCE JAN 1     25.9                       8.6   17.3       T
  SINCE JUL 1      0.0                       0.9   -0.9      0.0
  SNOW DEPTH       0

DEGREE DAYS
 HEATING
  YESTERDAY        8                        26    -18       21
  MONTH TO DATE  490                       516    -26      397
  SINCE SEP 1   1040                      1036      4      885
  SINCE JUL 1   1042                      1058    -16      887

 COOLING
  YESTERDAY        0                         0      0        0
  MONTH TO DATE    0                         0      0        0
  SINCE SEP 1    113                        66     47       17
  SINCE JAN 1    894                       636    258      605
..................................................................


WIND (MPH)
  HIGHEST WIND SPEED    35   HIGHEST WIND DIRECTION    SW (240)
  HIGHEST GUST SPEED    42   HIGHEST GUST DIRECTION    SW (240)
  AVERAGE WIND SPEED    13.0


SKY COVER
  POSSIBLE SUNSHINE  MM
  AVERAGE SKY COVER 0.9


WEATHER CONDITIONS
 THE FOLLOWING WEATHER WAS RECORDED YESTERDAY.
  RAIN
  LIGHT RAIN
  FOG


RELATIVE HUMIDITY (PERCENT)
 HIGHEST    93           900 AM
 LOWEST     49           100 PM
 AVERAGE    71

..........................................................


THE PENDLETON OR CLIMATE NORMALS FOR TODAY
                         NORMAL    RECORD    YEAR
 MAXIMUM TEMPERATURE (F)   45        71      1960
 MINIMUM TEMPERATURE (F)   31       -11      1985


SUNRISE AND SUNSET
NOVEMBER 24 2017......SUNRISE   707 AM PST   SUNSET   417 PM PST
NOVEMBER 25 2017......SUNRISE   709 AM PST   SUNSET   416 PM PST


-  INDICATES NEGATIVE NUMBERS.
R  INDICATES RECORD WAS SET OR TIED.
MM INDICATES DATA IS MISSING.
T  INDICATES TRACE AMOUNT.




$$
