000
CDUS46 KPDT 300841
CLIPDT

CLIMATE REPORT
NATIONAL WEATHER SERVICE PENDLETON OR
141 AM PDT FRI SEP 30 2016


...................................

...THE PENDLETON OR CLIMATE SUMMARY FOR SEPTEMBER 29 2016...

CLIMATE NORMAL PERIOD 1981 TO 2010
CLIMATE RECORD PERIOD 1890 TO 2016


WEATHER ITEM   OBSERVED TIME   RECORD YEAR NORMAL DEPARTURE LAST
                VALUE   (LST)  VALUE       VALUE  FROM      YEAR
                                                  NORMAL
..................................................................
TEMPERATURE (F)
 YESTERDAY
  MAXIMUM         81    219 PM  93    1932  72      9       75
  MINIMUM         49    632 AM  28    1919  45      4       42
                                      1911
  AVERAGE         65                        58      7       59

PRECIPITATION (IN)
  YESTERDAY        0.00          0.40 1930   0.03  -0.03     0.00
  MONTH TO DATE    0.68                      0.55   0.13     0.81
  SINCE OCT 1     12.34                     12.64  -0.30    10.52
  SINCE JAN 1      8.07                      8.64  -0.57     5.82

SNOWFALL (IN)
  YESTERDAY        0.0           0.0  2002   0.0    0.0      0.0
                                      2001
                                      1999
  MONTH TO DATE    0.0                       0.0    0.0      0.0
  SINCE JAN 1      T                         7.7   -7.7      0.4
  SINCE JUL 1      0.0                       0.0    0.0      0.0
  SNOW DEPTH       0

DEGREE DAYS
 HEATING
  YESTERDAY        0                         7     -7        6
  MONTH TO DATE  112                       105      7      130
  SINCE SEP 1    112                       105      7      130
  SINCE JUL 1    114                       127    -13      138

 COOLING
  YESTERDAY        0                         1     -1        0
  MONTH TO DATE   17                        64    -47       32
  SINCE SEP 1     17                        64    -47       32
  SINCE JAN 1    605                       634    -29      908
..................................................................


WIND (MPH)
  HIGHEST WIND SPEED    14   HIGHEST WIND DIRECTION    NW (310)
  HIGHEST GUST SPEED    17   HIGHEST GUST DIRECTION    NW (300)
  AVERAGE WIND SPEED     6.1


SKY COVER
  POSSIBLE SUNSHINE  MM
  AVERAGE SKY COVER 0.0


WEATHER CONDITIONS
 THE FOLLOWING WEATHER WAS RECORDED YESTERDAY.
  NO SIGNIFICANT WEATHER WAS OBSERVED.


RELATIVE HUMIDITY (PERCENT)
 HIGHEST    71           700 AM
 LOWEST     25           200 PM
 AVERAGE    48

..........................................................


THE PENDLETON OR CLIMATE NORMALS FOR TODAY
                         NORMAL    RECORD    YEAR
 MAXIMUM TEMPERATURE (F)   72        89      1992
                                             1932
 MINIMUM TEMPERATURE (F)   45        27      1911


SUNRISE AND SUNSET
SEPTEMBER 30 2016.....SUNRISE   653 AM PDT   SUNSET   636 PM PDT
OCTOBER  1 2016.......SUNRISE   654 AM PDT   SUNSET   634 PM PDT


-  INDICATES NEGATIVE NUMBERS.
R  INDICATES RECORD WAS SET OR TIED.
MM INDICATES DATA IS MISSING.
T  INDICATES TRACE AMOUNT.


$$
