000
CDUS46 KPDT 210832
CLIPDT

CLIMATE REPORT
NATIONAL WEATHER SERVICE PENDLETON OR
1231 AM PST WED FEB 21 2018


...................................

...THE PENDLETON OR CLIMATE SUMMARY FOR FEBRUARY 20 2018...

CLIMATE NORMAL PERIOD 1981 TO 2010
CLIMATE RECORD PERIOD 1890 TO 2018


WEATHER ITEM   OBSERVED TIME   RECORD YEAR NORMAL DEPARTURE LAST
                VALUE   (LST)  VALUE       VALUE  FROM      YEAR
                                                  NORMAL
..................................................................
TEMPERATURE (F)
 YESTERDAY
  MAXIMUM         35    216 PM  69    1982  48    -13       63
  MINIMUM         12    157 AM   7    1957  31    -19       40
  AVERAGE         24                        39    -15       52

PRECIPITATION (IN)
  YESTERDAY        0.03          0.78 1898   0.04  -0.01     0.19
  MONTH TO DATE    0.61                      0.78  -0.17     1.41
  SINCE OCT 1      6.39                      6.21   0.18     8.58
  SINCE JAN 1      2.20                      2.21  -0.01     3.06

SNOWFALL (IN)
  YESTERDAY        0.3           1.8  1993   0.1    0.2      0.0
  MONTH TO DATE    2.4                       2.5   -0.1      3.0
  SINCE JAN 1      2.4                       6.2   -3.8     21.5
  SINCE JUL 1     12.4                      13.7   -1.3     40.0
  SNOW DEPTH       0

DEGREE DAYS
 HEATING
  YESTERDAY       41                        26     15       13
  MONTH TO DATE  485                       543    -58      595
  SINCE DEC 1   2304                      2448   -144     3044
  SINCE JUL 1   3512                      3701   -189     4068

 COOLING
  YESTERDAY        0                         0      0        0
  MONTH TO DATE    0                         0      0        0
  SINCE DEC 1      0                         0      0        0
  SINCE JAN 1      0                         0      0        0
..................................................................


WIND (MPH)
  HIGHEST WIND SPEED    16   HIGHEST WIND DIRECTION    NE (30)
  HIGHEST GUST SPEED    19   HIGHEST GUST DIRECTION    NE (40)
  AVERAGE WIND SPEED     8.6


SKY COVER
  POSSIBLE SUNSHINE  MM
  AVERAGE SKY COVER 0.8


WEATHER CONDITIONS
 THE FOLLOWING WEATHER WAS RECORDED YESTERDAY.
  LIGHT SNOW
  FOG
  HAZE


RELATIVE HUMIDITY (PERCENT)
 HIGHEST    84          1000 PM
 LOWEST     41           200 PM
 AVERAGE    63

..........................................................


THE PENDLETON OR CLIMATE NORMALS FOR TODAY
                         NORMAL    RECORD    YEAR
 MAXIMUM TEMPERATURE (F)   48        69      1988
 MINIMUM TEMPERATURE (F)   31         2      1894


SUNRISE AND SUNSET
FEBRUARY 21 2018......SUNRISE   648 AM PST   SUNSET   531 PM PST
FEBRUARY 22 2018......SUNRISE   646 AM PST   SUNSET   532 PM PST


-  INDICATES NEGATIVE NUMBERS.
R  INDICATES RECORD WAS SET OR TIED.
MM INDICATES DATA IS MISSING.
T  INDICATES TRACE AMOUNT.




$$
