000
CDUS46 KPDT 210829
CLIPDT

CLIMATE REPORT
NATIONAL WEATHER SERVICE PENDLETON OR
129 AM PDT MON APR 21 2014


...................................

...THE PENDLETON OR CLIMATE SUMMARY FOR APRIL 20 2014...

CLIMATE NORMAL PERIOD 1981 TO 2010
CLIMATE RECORD PERIOD 1890 TO 2014


WEATHER ITEM   OBSERVED TIME   RECORD YEAR NORMAL DEPARTURE LAST
                VALUE   (LST)  VALUE       VALUE  FROM      YEAR
                                                  NORMAL
..................................................................
TEMPERATURE (F)
 YESTERDAY
  MAXIMUM         66    332 PM  92    1934  63      3       60
  MINIMUM         37    514 AM  18    1927  40     -3       45
  AVERAGE         52                        51      1       53

PRECIPITATION (IN)
  YESTERDAY        0.00          0.88 2010   0.04  -0.04     0.00
  MONTH TO DATE    0.54                      0.78  -0.24     0.92
  SINCE OCT 1      6.95                      8.64  -1.69     7.26
  SINCE JAN 1      5.16                      4.64   0.52     2.82

SNOWFALL (IN)
  YESTERDAY        0.0           1.0  1963   0.0    0.0      0.0
  MONTH TO DATE    0.0                       0.0    0.0       T
  SINCE JAN 1     15.2                       7.7    7.5      0.2
  SINCE JUL 1     21.7                      15.2    6.5      2.0
  SNOW DEPTH       0

DEGREE DAYS
 HEATING
  YESTERDAY       13                        14     -1       12
  MONTH TO DATE  270                       305    -35      329
  SINCE MAR 1    871                       922    -51      922
  SINCE JUL 1   5136                      4821    315     4655

 COOLING
  YESTERDAY        0                         0      0        0
  MONTH TO DATE    0                         0      0        0
  SINCE MAR 1      0                         0      0        0
  SINCE JAN 1      0                         0      0        0
..................................................................


WIND (MPH)
  HIGHEST WIND SPEED    18   HIGHEST WIND DIRECTION     W (260)
  HIGHEST GUST SPEED    23   HIGHEST GUST DIRECTION     W (270)
  AVERAGE WIND SPEED     7.3


SKY COVER
  POSSIBLE SUNSHINE  MM
  AVERAGE SKY COVER 0.0


WEATHER CONDITIONS
 THE FOLLOWING WEATHER WAS RECORDED YESTERDAY.
  NO SIGNIFICANT WEATHER WAS OBSERVED.


RELATIVE HUMIDITY (PERCENT)
 HIGHEST    85           400 AM
 LOWEST     28           300 PM
 AVERAGE    57

..........................................................


THE PENDLETON OR CLIMATE NORMALS FOR TODAY
                         NORMAL    RECORD    YEAR
 MAXIMUM TEMPERATURE (F)   63        92      1934
 MINIMUM TEMPERATURE (F)   40        26      1951
                                             1914


SUNRISE AND SUNSET
APRIL 21 2014.........SUNRISE   559 AM PDT   SUNSET   750 PM PDT
APRIL 22 2014.........SUNRISE   557 AM PDT   SUNSET   751 PM PDT


-  INDICATES NEGATIVE NUMBERS.
R  INDICATES RECORD WAS SET OR TIED.
MM INDICATES DATA IS MISSING.
T  INDICATES TRACE AMOUNT.


$$
