000
CDUS46 KPDT 010038
CLIPDT

CLIMATE REPORT
NATIONAL WEATHER SERVICE PENDLETON OR
538 PM PDT TUE MAY 31 2016


...................................

...THE PENDLETON OR CLIMATE SUMMARY FOR MAY 31 2016...
VALID TODAY AS OF 0500 PM LOCAL TIME.

CLIMATE NORMAL PERIOD 1981 TO 2010
CLIMATE RECORD PERIOD 1890 TO 2016


WEATHER ITEM   OBSERVED TIME   RECORD YEAR NORMAL DEPARTURE LAST
                VALUE   (LST)  VALUE       VALUE  FROM      YEAR
                                                  NORMAL
..................................................................
TEMPERATURE (F)
 TODAY
  MAXIMUM         83    337 PM 100    1986  74      9       88
  MINIMUM         44    435 AM  34    1916  49     -5       55
  AVERAGE         64                        61      3       72

PRECIPITATION (IN)
  TODAY            0.00          0.41 2015   0.05  -0.05     0.41
  MONTH TO DATE    1.19                      1.35  -0.16     1.81
  SINCE OCT 1      9.86                     10.41  -0.55     9.64
  SINCE JAN 1      5.59                      6.41  -0.82     4.94

SNOWFALL (IN)
  TODAY            0.0           0.0  2002   0.0    0.0      0.0
                                      2001
                                      2000
  MONTH TO DATE    0.0                       0.0    0.0      0.0
  SINCE JAN 1      T                         7.7   -7.7      0.4
  SINCE JUL 1      4.1                      15.2  -11.1      7.2
  SNOW DEPTH       0

DEGREE DAYS
 HEATING
  TODAY            1                         5     -4        0
  MONTH TO DATE  156                       246    -90      157
  SINCE MAR 1    976                      1294   -318     1103
  SINCE JUL 1   4568                      5193   -625     4596

 COOLING
  TODAY            0                         1     -1        7
  MONTH TO DATE   18                        22     -4       27
  SINCE MAR 1     18                        23     -5       27
  SINCE JAN 1     18                        23     -5       27
..................................................................


WIND (MPH)
  HIGHEST WIND SPEED    12   HIGHEST WIND DIRECTION    NE (30)
  HIGHEST GUST SPEED    17   HIGHEST GUST DIRECTION    NE (40)
  AVERAGE WIND SPEED     6.4


SKY COVER
  POSSIBLE SUNSHINE  MM
  AVERAGE SKY COVER 0.0


WEATHER CONDITIONS
 THE FOLLOWING WEATHER WAS RECORDED TODAY.
  NO SIGNIFICANT WEATHER WAS OBSERVED.


RELATIVE HUMIDITY (PERCENT)
 HIGHEST    76           300 AM
 LOWEST     17           200 PM
 AVERAGE    47

..........................................................


THE PENDLETON OR CLIMATE NORMALS FOR TOMORROW
                         NORMAL    RECORD    YEAR
 MAXIMUM TEMPERATURE (F)   74        98      1909
 MINIMUM TEMPERATURE (F)   49        35      1919


SUNRISE AND SUNSET
MAY 31 2016...........SUNRISE   510 AM PDT   SUNSET   837 PM PDT
JUNE  1 2016..........SUNRISE   509 AM PDT   SUNSET   838 PM PDT


-  INDICATES NEGATIVE NUMBERS.
R  INDICATES RECORD WAS SET OR TIED.
MM INDICATES DATA IS MISSING.
T  INDICATES TRACE AMOUNT.

$$
