000
CDUS46 KPQR 201141
CLIPDX


CLIMATE REPORT
NATIONAL WEATHER SERVICE PORTLAND OREGON
441 AM PDT FRI OCT 20 2017


...................................

...THE PORTLAND OR CLIMATE SUMMARY FOR OCTOBER 19 2017...

CLIMATE NORMAL PERIOD 1981 TO 2010
CLIMATE RECORD PERIOD 1940 TO 2017


WEATHER ITEM   OBSERVED TIME   RECORD YEAR NORMAL DEPARTURE LAST
                VALUE   (LST)  VALUE       VALUE  FROM      YEAR
                                                  NORMAL
..................................................................
TEMPERATURE (F)
 YESTERDAY
  MAXIMUM         59    112 AM  78    1940  62     -3       61
  MINIMUM         50   1159 PM  27    1949  45      5       45
  AVERAGE         55                        54      1       53

PRECIPITATION (IN)
  YESTERDAY        0.99          1.32 1947   0.11   0.88     0.23
  MONTH TO DATE    1.85                      1.49   0.36     6.09
  SINCE OCT 1      1.85                      1.49   0.36     6.09
  SINCE JAN 1     33.55                     23.40  10.15    29.69

SNOWFALL (IN)
  YESTERDAY        0.0           0.0  2016
  MONTH TO DATE    0.0
  SINCE SEP 1      0.0
  SINCE JUL 1      0.0

DEGREE DAYS
 HEATING
  YESTERDAY       10                        11     -1       12
  MONTH TO DATE  204                       159     45      157
  SINCE SEP 1    280                       235     45      229
  SINCE JUL 1    282                       262     20      235

 COOLING
  YESTERDAY        0                         0      0        0
  MONTH TO DATE    0                         0      0        0
  SINCE SEP 1    132                        59     73       30
  SINCE JAN 1    700                       422    278      548
..................................................................


WIND (MPH)
  HIGHEST WIND SPEED    21   HIGHEST WIND DIRECTION     S (160)
  HIGHEST GUST SPEED    27   HIGHEST GUST DIRECTION     S (200)
  AVERAGE WIND SPEED    10.8


SKY COVER
  POSSIBLE SUNSHINE  MM
  AVERAGE SKY COVER 1.0


WEATHER CONDITIONS
 THE FOLLOWING WEATHER WAS RECORDED YESTERDAY.
  RAIN
  LIGHT RAIN
  FOG


RELATIVE HUMIDITY (PERCENT)
 HIGHEST   100           600 AM
 LOWEST     67          1200 AM
 AVERAGE    84

..........................................................


THE PORTLAND OR CLIMATE NORMALS FOR TODAY
                         NORMAL    RECORD    YEAR
 MAXIMUM TEMPERATURE (F)   62        77      2003
 MINIMUM TEMPERATURE (F)   45        28      1949


SUNRISE AND SUNSET
OCTOBER 20 2017.......SUNRISE   734 AM PDT   SUNSET   615 PM PDT
OCTOBER 21 2017.......SUNRISE   735 AM PDT   SUNSET   614 PM PDT


-  INDICATES NEGATIVE NUMBERS.
R  INDICATES RECORD WAS SET OR TIED.
MM INDICATES DATA IS MISSING.
T  INDICATES TRACE AMOUNT.




$$
