000
CDUS46 KPQR 281141
CLIPDX


CLIMATE REPORT
NATIONAL WEATHER SERVICE PORTLAND OREGON
341 AM PST SUN DEC 28 2014


...................................

...THE PORTLAND OR CLIMATE SUMMARY FOR DECEMBER 27 2014...

CLIMATE NORMAL PERIOD 1981 TO 2010
CLIMATE RECORD PERIOD 1940 TO 2014


WEATHER ITEM   OBSERVED TIME   RECORD YEAR NORMAL DEPARTURE LAST
                VALUE   (LST)  VALUE       VALUE  FROM      YEAR
                                                  NORMAL
..................................................................
TEMPERATURE (F)
 YESTERDAY
  MAXIMUM         46   1230 PM  61    1980  45      1       39
  MINIMUM         41    816 PM  23    1971  35      6       32
                                      1948
  AVERAGE         44                        40      4       36

PRECIPITATION (IN)
  YESTERDAY        0.13          2.17 1942   0.16  -0.03      T
  MONTH TO DATE    5.71                      4.85   0.86     1.61
  SINCE OCT 1     14.64                     13.48   1.16     5.81
  SINCE JAN 1     39.77                     35.39   4.38    26.71

DEGREE DAYS
 HEATING
  YESTERDAY       21                        25     -4       29
  MONTH TO DATE  522                       658   -136      779
  SINCE DEC 1    522                       658   -136      779
  SINCE JUL 1   1255                      1627   -372     1790

 COOLING
  YESTERDAY        0                         0      0        0
  MONTH TO DATE    0                         0      0        0
  SINCE DEC 1      0                         0      0        0
  SINCE JAN 1    653                       424    229      539
..................................................................


WIND (MPH)
  HIGHEST WIND SPEED    17   HIGHEST WIND DIRECTION    SW (210)
  HIGHEST GUST SPEED    23   HIGHEST GUST DIRECTION    SW (210)
  AVERAGE WIND SPEED     6.5


SKY COVER
  POSSIBLE SUNSHINE  MM
  AVERAGE SKY COVER 0.9


WEATHER CONDITIONS
 THE FOLLOWING WEATHER WAS RECORDED YESTERDAY.
  LIGHT RAIN
  FOG


RELATIVE HUMIDITY (PERCENT)
 HIGHEST   100          1200 AM
 LOWEST     76          1100 AM
 AVERAGE    88

..........................................................


THE PORTLAND OR CLIMATE NORMALS FOR TODAY
                         NORMAL    RECORD    YEAR
 MAXIMUM TEMPERATURE (F)   45        58      1945
 MINIMUM TEMPERATURE (F)   35        19      1990
                                             1978


SUNRISE AND SUNSET
DECEMBER 28 2014......SUNRISE   750 AM PST   SUNSET   434 PM PST
DECEMBER 29 2014......SUNRISE   751 AM PST   SUNSET   435 PM PST


-  INDICATES NEGATIVE NUMBERS.
R  INDICATES RECORD WAS SET OR TIED.
MM INDICATES DATA IS MISSING.
T  INDICATES TRACE AMOUNT.




$$
