000
CDUS46 KPQR 261152
CLIPDX


CLIMATE REPORT
NATIONAL WEATHER SERVICE PORTLAND OREGON
351 AM PST MON JAN 26 2015


...................................

...THE PORTLAND OR CLIMATE SUMMARY FOR JANUARY 25 2015...

CLIMATE NORMAL PERIOD 1981 TO 2010
CLIMATE RECORD PERIOD 1940 TO 2015


WEATHER ITEM   OBSERVED TIME   RECORD YEAR NORMAL DEPARTURE LAST
                VALUE   (LST)  VALUE       VALUE  FROM      YEAR
                                                  NORMAL
..................................................................
TEMPERATURE (F)
 YESTERDAY
  MAXIMUM         51    212 PM  59    1993  48      3       47
  MINIMUM         39   1156 PM  11    1949  36      3       30
  AVERAGE         45                        42      3       39

PRECIPITATION (IN)
  YESTERDAY        0.00          1.54 1964   0.15  -0.15     0.00
  MONTH TO DATE    3.24                      4.03  -0.79     2.00
  SINCE OCT 1     18.22                     18.15   0.07     7.82
  SINCE JAN 1      3.24                      4.03  -0.79     2.00

DEGREE DAYS
 HEATING
  YESTERDAY       20                        23     -3       26
  MONTH TO DATE  545                       597    -52      587
  SINCE DEC 1   1185                      1360   -175     1467
  SINCE JUL 1   1918                      2329   -411     2478

 COOLING
  YESTERDAY        0                         0      0        0
  MONTH TO DATE    0                         0      0        0
  SINCE DEC 1      0                         0      0        0
  SINCE JAN 1      0                         0      0        0
..................................................................


WIND (MPH)
  HIGHEST WIND SPEED    10   HIGHEST WIND DIRECTION     W (270)
  HIGHEST GUST SPEED    12   HIGHEST GUST DIRECTION     W (290)
  AVERAGE WIND SPEED     1.5


SKY COVER
  POSSIBLE SUNSHINE  MM
  AVERAGE SKY COVER 0.8


WEATHER CONDITIONS
 THE FOLLOWING WEATHER WAS RECORDED YESTERDAY.
  FOG
  FOG W/VISIBILITY <= 1/4 MILE


RELATIVE HUMIDITY (PERCENT)
 HIGHEST   100          1200 AM
 LOWEST    100          1200 AM
 AVERAGE   100

..........................................................


THE PORTLAND OR CLIMATE NORMALS FOR TODAY
                         NORMAL    RECORD    YEAR
 MAXIMUM TEMPERATURE (F)   48        62      2003
 MINIMUM TEMPERATURE (F)   36         6      1957


SUNRISE AND SUNSET
JANUARY 26 2015.......SUNRISE   738 AM PST   SUNSET   508 PM PST
JANUARY 27 2015.......SUNRISE   737 AM PST   SUNSET   509 PM PST


-  INDICATES NEGATIVE NUMBERS.
R  INDICATES RECORD WAS SET OR TIED.
MM INDICATES DATA IS MISSING.
T  INDICATES TRACE AMOUNT.




$$
