000
CDUS46 KPQR 041141
CLIPDX


CLIMATE REPORT
NATIONAL WEATHER SERVICE PORTLAND OREGON
441 AM PDT SAT JUL 4 2015


...................................

...THE PORTLAND OR CLIMATE SUMMARY FOR JULY 3 2015...

CLIMATE NORMAL PERIOD 1981 TO 2010
CLIMATE RECORD PERIOD 1940 TO 2015


WEATHER ITEM   OBSERVED TIME   RECORD YEAR NORMAL DEPARTURE LAST
                VALUE   (LST)  VALUE       VALUE  FROM      YEAR
                                                  NORMAL
..................................................................
TEMPERATURE (F)
 YESTERDAY
  MAXIMUM         95    456 PM  99    1970  78     17       74
  MINIMUM         66    556 AM  45    1954  56     10       60
  AVERAGE         81                        67     14       67

PRECIPITATION (IN)
  YESTERDAY        0.00          0.26 2008   0.03  -0.03     0.00
  MONTH TO DATE    0.00                      0.09  -0.09     0.00
  SINCE OCT 1     29.47                     33.33  -3.86    28.91
  SINCE JAN 1     14.49                     19.21  -4.72    23.09

DEGREE DAYS
 HEATING
  YESTERDAY        0                         1     -1        0
  MONTH TO DATE    0                         3     -3        0
  SINCE JUN 1     19                        94    -75       62
  SINCE JUL 1      0                         3     -3        0

 COOLING
  YESTERDAY       16                         3     13        2
  MONTH TO DATE   47                         9     38       23
  SINCE JUN 1    232                        56    176       52
  SINCE JAN 1    254                        73    181       80
..................................................................


WIND (MPH)
  HIGHEST WIND SPEED    13   HIGHEST WIND DIRECTION    NW (320)
  HIGHEST GUST SPEED    17   HIGHEST GUST DIRECTION    NW (310)
  AVERAGE WIND SPEED     6.3


SKY COVER
  POSSIBLE SUNSHINE  MM
  AVERAGE SKY COVER 0.1


WEATHER CONDITIONS
 THE FOLLOWING WEATHER WAS RECORDED YESTERDAY.
  NO SIGNIFICANT WEATHER WAS OBSERVED.


RELATIVE HUMIDITY (PERCENT)
 HIGHEST    68           600 AM
 LOWEST     26           400 PM
 AVERAGE    47

..........................................................


THE PORTLAND OR CLIMATE NORMALS FOR TODAY
                         NORMAL    RECORD    YEAR
 MAXIMUM TEMPERATURE (F)   78        97      1972
 MINIMUM TEMPERATURE (F)   56        48      1977


SUNRISE AND SUNSET
JULY  4 2015..........SUNRISE   527 AM PDT   SUNSET   902 PM PDT
JULY  5 2015..........SUNRISE   528 AM PDT   SUNSET   902 PM PDT


-  INDICATES NEGATIVE NUMBERS.
R  INDICATES RECORD WAS SET OR TIED.
MM INDICATES DATA IS MISSING.
T  INDICATES TRACE AMOUNT.




$$
