000
CDUS46 KPQR 310221
CLIPDX


CLIMATE REPORT
NATIONAL WEATHER SERVICE PORTLAND OREGON
721 PM PDT MON MAY 30 2016


...................................

...THE PORTLAND OR CLIMATE SUMMARY FOR MAY 30 2016...
VALID TODAY AS OF 0700 PM LOCAL TIME.

CLIMATE NORMAL PERIOD 1981 TO 2010
CLIMATE RECORD PERIOD 1940 TO 2016


WEATHER ITEM   OBSERVED TIME   RECORD YEAR NORMAL DEPARTURE LAST
                VALUE   (LST)  VALUE       VALUE  FROM      YEAR
                                                  NORMAL
..................................................................
TEMPERATURE (F)
 TODAY
  MAXIMUM         77    504 PM  91    1986  71      6       78
  MINIMUM         49    421 AM  40    1955  51     -2       52
  AVERAGE         63                        61      2       65

PRECIPITATION (IN)
  TODAY            0.00          0.58 1943   0.09  -0.09     0.00
  MONTH TO DATE    1.72                      2.39  -0.67     0.59
  SINCE OCT 1     43.16                     31.46  11.70    29.07
  SINCE JAN 1     19.74                     17.34   2.40    14.09

DEGREE DAYS
 HEATING
  TODAY            2                         5     -3        0
  MONTH TO DATE  109                       218   -109      133
  SINCE MAR 1    785                      1123   -338      876
  SINCE JUL 1   3388                      4181   -793     3348

 COOLING
  TODAY            0                         1     -1        0
  MONTH TO DATE   25                        11     14       15
  SINCE MAR 1     43                        12     31       17
  SINCE JAN 1     43                        12     31       17
..................................................................


WIND (MPH)
  HIGHEST WIND SPEED    15   HIGHEST WIND DIRECTION     W (290)
  HIGHEST GUST SPEED    19   HIGHEST GUST DIRECTION    NW (320)
  AVERAGE WIND SPEED     7.7



WEATHER CONDITIONS
 THE FOLLOWING WEATHER WAS RECORDED TODAY.
  NO SIGNIFICANT WEATHER WAS OBSERVED.


RELATIVE HUMIDITY (PERCENT)
 HIGHEST    80           400 AM
 LOWEST     26           500 PM
 AVERAGE    53

..........................................................


THE PORTLAND OR CLIMATE NORMALS FOR TOMORROW
                         NORMAL    RECORD    YEAR
 MAXIMUM TEMPERATURE (F)   71        93      2001
 MINIMUM TEMPERATURE (F)   52        39      1966


SUNRISE AND SUNSET
MAY 30 2016...........SUNRISE   526 AM PDT   SUNSET   851 PM PDT
MAY 31 2016...........SUNRISE   525 AM PDT   SUNSET   852 PM PDT


-  INDICATES NEGATIVE NUMBERS.
R  INDICATES RECORD WAS SET OR TIED.
MM INDICATES DATA IS MISSING.
T  INDICATES TRACE AMOUNT.




$$
