000
CDUS46 KPQR 271143
CLIPDX


CLIMATE REPORT
NATIONAL WEATHER SERVICE PORTLAND OREGON
442 AM PDT WED MAY 27 2015


...................................

...THE PORTLAND OR CLIMATE SUMMARY FOR MAY 26 2015...

CLIMATE NORMAL PERIOD 1981 TO 2010
CLIMATE RECORD PERIOD 1940 TO 2015


WEATHER ITEM   OBSERVED TIME   RECORD YEAR NORMAL DEPARTURE LAST
                VALUE   (LST)  VALUE       VALUE  FROM      YEAR
                                                  NORMAL
..................................................................
TEMPERATURE (F)
 YESTERDAY
  MAXIMUM         72    436 PM  92    1947  70      2       71
  MINIMUM         54    559 AM  41    1973  51      3       54
                                      1964
  AVERAGE         63                        60      3       63

PRECIPITATION (IN)
  YESTERDAY        0.00          1.03 2012   0.09  -0.09     0.01
  MONTH TO DATE    0.59                      2.05  -1.46     2.25
  SINCE OCT 1     29.07                     31.12  -2.05    26.44
  SINCE JAN 1     14.09                     17.00  -2.91    20.62

DEGREE DAYS
 HEATING
  YESTERDAY        2                         5     -3        2
  MONTH TO DATE  133                       198    -65      115
  SINCE MAR 1    876                      1103   -227      931
  SINCE JUL 1   3348                      4161   -813     4229

 COOLING
  YESTERDAY        0                         1     -1        0
  MONTH TO DATE    3                         7     -4       25
  SINCE MAR 1      5                         8     -3       28
  SINCE JAN 1      5                         8     -3       28
..................................................................


WIND (MPH)
  HIGHEST WIND SPEED     9   HIGHEST WIND DIRECTION     N (20)
  HIGHEST GUST SPEED    13   HIGHEST GUST DIRECTION     N (360)
  AVERAGE WIND SPEED     5.1


SKY COVER
  POSSIBLE SUNSHINE  MM
  AVERAGE SKY COVER 0.7


WEATHER CONDITIONS
 THE FOLLOWING WEATHER WAS RECORDED YESTERDAY.
  NO SIGNIFICANT WEATHER WAS OBSERVED.


RELATIVE HUMIDITY (PERCENT)
 HIGHEST    83          1200 AM
 LOWEST     44           400 PM
 AVERAGE    64

..........................................................


THE PORTLAND OR CLIMATE NORMALS FOR TODAY
                         NORMAL    RECORD    YEAR
 MAXIMUM TEMPERATURE (F)   70        95      2005
 MINIMUM TEMPERATURE (F)   51        39      1966


SUNRISE AND SUNSET
MAY 27 2015...........SUNRISE   528 AM PDT   SUNSET   848 PM PDT
MAY 28 2015...........SUNRISE   527 AM PDT   SUNSET   848 PM PDT


-  INDICATES NEGATIVE NUMBERS.
R  INDICATES RECORD WAS SET OR TIED.
MM INDICATES DATA IS MISSING.
T  INDICATES TRACE AMOUNT.




$$
