000
CDUS46 KPQR 290222
CLIPDX


CLIMATE REPORT
NATIONAL WEATHER SERVICE PORTLAND OREGON
722 PM PDT TUE JUL 28 2015


...................................

...THE PORTLAND OR CLIMATE SUMMARY FOR JULY 28 2015...
VALID TODAY AS OF 0700 PM LOCAL TIME.

CLIMATE NORMAL PERIOD 1981 TO 2010
CLIMATE RECORD PERIOD 1940 TO 2015


WEATHER ITEM   OBSERVED TIME   RECORD YEAR NORMAL DEPARTURE LAST
                VALUE   (LST)  VALUE       VALUE  FROM      YEAR
                                                  NORMAL
..................................................................
TEMPERATURE (F)
 TODAY
  MAXIMUM         87    513 PM 106    2009  82      5       92
  MINIMUM         58    559 AM  50    1963  59     -1       63
  AVERAGE         73                        71      2       78

PRECIPITATION (IN)
  TODAY            0.00          0.36 1993   0.01  -0.01     0.00
  MONTH TO DATE    0.57                      0.60  -0.03     1.05
  SINCE OCT 1     30.04                     33.84  -3.80    29.96
  SINCE JAN 1     15.06                     19.72  -4.66    24.14

DEGREE DAYS
 HEATING
  TODAY            0                         0      0        0
  MONTH TO DATE    0                        15    -15        1
  SINCE JUN 1     19                       106    -87       63
  SINCE JUL 1      0                        15    -15        1

 COOLING
  TODAY            8                         6      2       13
  MONTH TO DATE  237                       131    106      187
  SINCE JUN 1    422                       178    244      216
  SINCE JAN 1    444                       195    249      244
..................................................................


WIND (MPH)
  HIGHEST WIND SPEED    18   HIGHEST WIND DIRECTION    NW (300)
  HIGHEST GUST SPEED    23   HIGHEST GUST DIRECTION    NW (310)
  AVERAGE WIND SPEED     6.8



WEATHER CONDITIONS
 THE FOLLOWING WEATHER WAS RECORDED TODAY.
  NO SIGNIFICANT WEATHER WAS OBSERVED.


RELATIVE HUMIDITY (PERCENT)
 HIGHEST    86           500 AM
 LOWEST     30           500 PM
 AVERAGE    58

..........................................................


THE PORTLAND OR CLIMATE NORMALS FOR TOMORROW
                         NORMAL    RECORD    YEAR
 MAXIMUM TEMPERATURE (F)   82       106      2009
 MINIMUM TEMPERATURE (F)   59        50      1956
                                             1941


SUNRISE AND SUNSET
JULY 28 2015..........SUNRISE   549 AM PDT   SUNSET   844 PM PDT
JULY 29 2015..........SUNRISE   550 AM PDT   SUNSET   843 PM PDT


-  INDICATES NEGATIVE NUMBERS.
R  INDICATES RECORD WAS SET OR TIED.
MM INDICATES DATA IS MISSING.
T  INDICATES TRACE AMOUNT.




$$
