000
CDUS46 KPQR 040225
CLIPDX


CLIMATE REPORT
NATIONAL WEATHER SERVICE PORTLAND OREGON
625 PM PST SAT DEC 3 2016


...................................

...THE PORTLAND OR CLIMATE SUMMARY FOR DECEMBER 3 2016...
VALID TODAY AS OF 0600 PM LOCAL TIME.

CLIMATE NORMAL PERIOD 1981 TO 2010
CLIMATE RECORD PERIOD 1940 TO 2016


WEATHER ITEM   OBSERVED TIME   RECORD YEAR NORMAL DEPARTURE LAST
                VALUE   (LST)  VALUE       VALUE  FROM      YEAR
                                                  NORMAL
..................................................................
TEMPERATURE (F)
 TODAY
  MAXIMUM         52    312 PM  62    1979  48      4       52
  MINIMUM         42    431 AM  27    2013  37      5       38
  AVERAGE         47                        42      5       45

PRECIPITATION (IN)
  TODAY            0.03          1.69 1980   0.20  -0.17     0.53
  MONTH TO DATE    0.13                      0.61  -0.48     1.35
  SINCE OCT 1     15.27                      9.24   6.03     9.53
  SINCE JAN 1     38.87                     31.15   7.72    26.51

DEGREE DAYS
 HEATING
  TODAY           18                        23     -5       20
  MONTH TO DATE   59                        68     -9       73
  SINCE DEC 1     59                        68     -9       73
  SINCE JUL 1    769                      1037   -268      881

 COOLING
  TODAY            0                         0      0        0
  MONTH TO DATE    0                         0      0        0
  SINCE DEC 1      0                         0      0        0
  SINCE JAN 1    548                       424    124      785
..................................................................


WIND (MPH)
  HIGHEST WIND SPEED    10   HIGHEST WIND DIRECTION    SW (220)
  HIGHEST GUST SPEED    14   HIGHEST GUST DIRECTION    SW (210)
  AVERAGE WIND SPEED     4.3



WEATHER CONDITIONS
 THE FOLLOWING WEATHER WAS RECORDED TODAY.
  LIGHT RAIN
  FOG


RELATIVE HUMIDITY (PERCENT)
 HIGHEST   100           500 AM
 LOWEST     71           100 PM
 AVERAGE    86

..........................................................


THE PORTLAND OR CLIMATE NORMALS FOR TOMORROW
                         NORMAL    RECORD    YEAR
 MAXIMUM TEMPERATURE (F)   47        64      1945
 MINIMUM TEMPERATURE (F)   37        22      2013


SUNRISE AND SUNSET
DECEMBER  3 2016......SUNRISE   733 AM PST   SUNSET   427 PM PST
DECEMBER  4 2016......SUNRISE   734 AM PST   SUNSET   427 PM PST


-  INDICATES NEGATIVE NUMBERS.
R  INDICATES RECORD WAS SET OR TIED.
MM INDICATES DATA IS MISSING.
T  INDICATES TRACE AMOUNT.




$$
