000
CDUS41 KPBZ 312142
CLIPHD


CLIMATE REPORT
NATIONAL WEATHER SERVICE PITTSBURGH PA
542 PM EDT THU JUL 31 2014


...................................

...THE NEW PHILADELPHIA OH CLIMATE SUMMARY FOR JULY 31 2014...
VALID TODAY AS OF 0500 PM LOCAL TIME.

CLIMATE NORMAL PERIOD 1981 TO 2010
CLIMATE RECORD PERIOD 1946 TO 2014


WEATHER ITEM   OBSERVED TIME   RECORD YEAR NORMAL DEPARTURE LAST
                VALUE   (LST)  VALUE       VALUE  FROM      YEAR
                                                  NORMAL
..................................................................
TEMPERATURE (F)
 TODAY
  MAXIMUM         78    359 PM  92    1983  84     -6       76
  MINIMUM         57   1209 AM  49    1968  62     -5       59
  AVERAGE         68                        72     -4       68

PRECIPITATION (IN)
  TODAY            0.00         MM      MM   0.15  -0.15     0.05
  MONTH TO DATE    4.88                      4.03   0.85     4.56
  SINCE JUN 1      9.75                      7.76   1.99    12.12
  SINCE JAN 1     24.93                     23.36   1.57    22.16

DEGREE DAYS
 HEATING
  TODAY            0                         0      0        0
  MONTH TO DATE   19                         0     19        4
  SINCE JUN 1     29                        38     -9       26
  SINCE JUL 1     19                         3     16        4

 COOLING
  TODAY            3                         8     -5        3
  MONTH TO DATE  152                       234    -82      237
  SINCE JUN 1    329                       377    -48      382
  SINCE JAN 1    395                       420    -25      480
..................................................................


WIND (MPH)
  HIGHEST WIND SPEED    12   HIGHEST WIND DIRECTION     W (260)
  HIGHEST GUST SPEED    17   HIGHEST GUST DIRECTION    SW (220)
  AVERAGE WIND SPEED     4.5


SKY COVER
  POSSIBLE SUNSHINE  MM
  AVERAGE SKY COVER 0.5


WEATHER CONDITIONS
 THE FOLLOWING WEATHER WAS RECORDED TODAY.
  FOG


RELATIVE HUMIDITY (PERCENT)
 HIGHEST   100          1200 AM
 LOWEST     54           300 PM
 AVERAGE    77

..........................................................


THE NEW PHILADELPHIA OH CLIMATE NORMALS FOR TOMORROW
                         NORMAL    RECORD    YEAR
 MAXIMUM TEMPERATURE (F)   84        94      1975
 MINIMUM TEMPERATURE (F)   61        49      1992


SUNRISE AND SUNSET
JULY 31 2014..........SUNRISE   622 AM EDT   SUNSET   842 PM EDT
AUGUST  1 2014........SUNRISE   623 AM EDT   SUNSET   840 PM EDT


-  INDICATES NEGATIVE NUMBERS.
R  INDICATES RECORD WAS SET OR TIED.
MM INDICATES DATA IS MISSING.
T  INDICATES TRACE AMOUNT.




$$
