000
CDUS41 KPBZ 070706
CLIPHD


CLIMATE REPORT
NATIONAL WEATHER SERVICE PITTSBURGH PA
305 AM EDT TUE JUL 7 2015


...................................

...THE NEW PHILADELPHIA OH CLIMATE SUMMARY FOR JULY 6 2015...

CLIMATE NORMAL PERIOD 1981 TO 2010
CLIMATE RECORD PERIOD 1946 TO 2015


WEATHER ITEM   OBSERVED TIME   RECORD YEAR NORMAL DEPARTURE LAST
                VALUE   (LST)  VALUE       VALUE  FROM      YEAR
                                                  NORMAL
..................................................................
TEMPERATURE (F)
 YESTERDAY
  MAXIMUM         84    251 PM  99    2012  83      1       77
  MINIMUM         64            40    1964  61      3       52
  AVERAGE         74                        72      2       65

PRECIPITATION (IN)
  YESTERDAY        0.32         MM      MM   0.11   0.21     0.00
  MONTH TO DATE    0.32                      0.62  -0.30     0.46
  SINCE JUN 1      5.40                      4.35   1.05     5.33
  SINCE JAN 1     18.62                     19.95  -1.33    20.51

DEGREE DAYS
 HEATING
  YESTERDAY        0                         0      0        0
  MONTH TO DATE    0                         0      0        3
  SINCE JUN 1     23                        35    -12       13
  SINCE JUL 1      0                         0      0        3

 COOLING
  YESTERDAY        9                         7      2        0
  MONTH TO DATE   20                        42    -22       30
  SINCE JUN 1    246                       185     61      207
  SINCE JAN 1    407                       228    179      273
..................................................................


WIND (MPH)
  HIGHEST WIND SPEED    14   HIGHEST WIND DIRECTION     E (90)
  HIGHEST GUST SPEED    18   HIGHEST GUST DIRECTION     E (100)
  AVERAGE WIND SPEED     1.4


SKY COVER
  POSSIBLE SUNSHINE  MM
  AVERAGE SKY COVER 0.5


WEATHER CONDITIONS
 THE FOLLOWING WEATHER WAS RECORDED YESTERDAY.
  THUNDERSTORM
  HEAVY RAIN
  RAIN
  LIGHT RAIN
  FOG
  HAZE


RELATIVE HUMIDITY (PERCENT)
 HIGHEST   100           800 PM
 LOWEST     63           200 PM
 AVERAGE    82

..........................................................


THE NEW PHILADELPHIA OH CLIMATE NORMALS FOR TODAY
                         NORMAL    RECORD    YEAR
 MAXIMUM TEMPERATURE (F)   83       101      2012
 MINIMUM TEMPERATURE (F)   61        41      1968


SUNRISE AND SUNSET
JULY  7 2015..........SUNRISE   602 AM EDT   SUNSET   859 PM EDT
JULY  8 2015..........SUNRISE   603 AM EDT   SUNSET   858 PM EDT


-  INDICATES NEGATIVE NUMBERS.
R  INDICATES RECORD WAS SET OR TIED.
MM INDICATES DATA IS MISSING.
T  INDICATES TRACE AMOUNT.




$$
