000
CDUS41 KPBZ 230704
CLIPHD


CLIMATE REPORT
NATIONAL WEATHER SERVICE PITTSBURGH PA
304 AM EDT SUN JUL 23 2017


...................................

...THE NEW PHILADELPHIA OH CLIMATE SUMMARY FOR JULY 22 2017...

CLIMATE NORMAL PERIOD 1981 TO 2010
CLIMATE RECORD PERIOD 1948 TO 2017


WEATHER ITEM   OBSERVED TIME   RECORD YEAR NORMAL DEPARTURE LAST
                VALUE   (LST)  VALUE       VALUE  FROM      YEAR
                                                  NORMAL
..................................................................
TEMPERATURE (F)
 YESTERDAY
  MAXIMUM         80    641 PM  96    1962  84     -4       92
  MINIMUM         71            47    1966  62      9       72
  AVERAGE         76                        73      3       82

PRECIPITATION (IN)
  YESTERDAY        0.46          2.68 1977   0.14   0.32     0.00
  MONTH TO DATE    4.57                      2.72   1.85     1.17
  SINCE JUN 1      6.72                      6.45   0.27     2.34
  SINCE JAN 1     27.47                     22.05   5.42    16.99

DEGREE DAYS
 HEATING
  YESTERDAY        0                         0      0        0
  MONTH TO DATE    0                         0      0        0
  SINCE JUN 1     27                        35     -8        7
  SINCE JUL 1      0                         0      0        0

 COOLING
  YESTERDAY       11                         8      3       17
  MONTH TO DATE  206                       167     39      251
  SINCE JUN 1    394                       310     84      521
  SINCE JAN 1    461                       353    108      600
..................................................................


WIND (MPH)
  HIGHEST WIND SPEED    10   HIGHEST WIND DIRECTION    SW (210)
  HIGHEST GUST SPEED    16   HIGHEST GUST DIRECTION    SW (210)
  AVERAGE WIND SPEED     3.4


SKY COVER
  POSSIBLE SUNSHINE  MM
  AVERAGE SKY COVER 0.7


WEATHER CONDITIONS
 THE FOLLOWING WEATHER WAS RECORDED YESTERDAY.
  THUNDERSTORM
  HEAVY RAIN
  RAIN
  LIGHT RAIN
  FOG


RELATIVE HUMIDITY (PERCENT)
 HIGHEST   100          1200 AM
 LOWEST     82           100 PM
 AVERAGE    91

..........................................................


THE NEW PHILADELPHIA OH CLIMATE NORMALS FOR TODAY
                         NORMAL    RECORD    YEAR
 MAXIMUM TEMPERATURE (F)   84        98      2016
 MINIMUM TEMPERATURE (F)   62        47      1981


SUNRISE AND SUNSET
JULY 23 2017..........SUNRISE   615 AM EDT   SUNSET   849 PM EDT
JULY 24 2017..........SUNRISE   616 AM EDT   SUNSET   848 PM EDT


-  INDICATES NEGATIVE NUMBERS.
R  INDICATES RECORD WAS SET OR TIED.
MM INDICATES DATA IS MISSING.
T  INDICATES TRACE AMOUNT.




$$
