000
CDUS41 KPBZ 200705
CLIPHD


CLIMATE REPORT
NATIONAL WEATHER SERVICE PITTSBURGH PA
305 AM EDT WED AUG 20 2014


...................................

...THE NEW PHILADELPHIA OH CLIMATE SUMMARY FOR AUGUST 19 2014...

CLIMATE NORMAL PERIOD 1981 TO 2010
CLIMATE RECORD PERIOD 1946 TO 2014


WEATHER ITEM   OBSERVED TIME   RECORD YEAR NORMAL DEPARTURE LAST
                VALUE   (LST)  VALUE       VALUE  FROM      YEAR
                                                  NORMAL
..................................................................
TEMPERATURE (F)
 YESTERDAY
  MAXIMUM         84    419 PM  90    1985  83      1       81
  MINIMUM         59            44    1981  60     -1       60
  AVERAGE         72                        71      1       71

PRECIPITATION (IN)
  YESTERDAY        1.67         MM      MM   0.13   1.54     0.00
  MONTH TO DATE    4.42                      2.03   2.39     0.99
  SINCE JUN 1     14.17                      9.79   4.38    13.11
  SINCE JAN 1     29.35                     25.39   3.96    23.15

DEGREE DAYS
 HEATING
  YESTERDAY        0                         0      0        0
  MONTH TO DATE   13                         0     13       10
  SINCE JUN 1     42                        38      4       36
  SINCE JUL 1     32                         3     29       14

 COOLING
  YESTERDAY        7                         6      1        6
  MONTH TO DATE   73                       134    -61       71
  SINCE JUN 1    402                       511   -109      453
  SINCE JAN 1    468                       554    -86      551
..................................................................


WIND (MPH)
  HIGHEST WIND SPEED    17   HIGHEST WIND DIRECTION     N (350)
  HIGHEST GUST SPEED    28   HIGHEST GUST DIRECTION    NW (330)
  AVERAGE WIND SPEED     2.7


SKY COVER
  POSSIBLE SUNSHINE  MM
  AVERAGE SKY COVER 0.2


WEATHER CONDITIONS
 THE FOLLOWING WEATHER WAS RECORDED YESTERDAY.
  THUNDERSTORM
  HEAVY RAIN
  RAIN
  LIGHT RAIN
  FOG


RELATIVE HUMIDITY (PERCENT)
 HIGHEST   100           300 AM
 LOWEST     62          1100 AM
 AVERAGE    81

..........................................................


THE NEW PHILADELPHIA OH CLIMATE NORMALS FOR TODAY
                         NORMAL    RECORD    YEAR
 MAXIMUM TEMPERATURE (F)   83        94      1968
 MINIMUM TEMPERATURE (F)   60        46      1964


SUNRISE AND SUNSET
AUGUST 20 2014........SUNRISE   641 AM EDT   SUNSET   816 PM EDT
AUGUST 21 2014........SUNRISE   642 AM EDT   SUNSET   815 PM EDT


-  INDICATES NEGATIVE NUMBERS.
R  INDICATES RECORD WAS SET OR TIED.
MM INDICATES DATA IS MISSING.
T  INDICATES TRACE AMOUNT.




$$
