000
CDUS41 KPHI 030628
CLIPHL


CLIMATE REPORT
NATIONAL WEATHER SERVICE MOUNT HOLLY NJ
127 AM EST SAT DEC 3 2016


...................................

...THE PHILADELPHIA PA CLIMATE SUMMARY FOR DECEMBER 2 2016...

CLIMATE NORMAL PERIOD 1981 TO 2010
CLIMATE RECORD PERIOD 1872 TO 2016


WEATHER ITEM   OBSERVED TIME   RECORD YEAR NORMAL DEPARTURE LAST
                VALUE   (LST)  VALUE       VALUE  FROM      YEAR
                                                  NORMAL
..................................................................
TEMPERATURE (F)
 YESTERDAY
  MAXIMUM         51    258 PM  66    1970  49      2       60
  MINIMUM         40    736 AM  11    1875  34      6       52
  AVERAGE         46                        42      4       56

PRECIPITATION (IN)
  YESTERDAY        0.00          1.48 1986   0.13  -0.13     0.16
  MONTH TO DATE    0.03                      0.25  -0.22     0.86
  SINCE DEC 1      0.03                      0.25  -0.22     0.86
  SINCE JAN 1     32.63                     38.22  -5.59    42.72

SNOWFALL (IN)
  YESTERDAY        0.0           2.0  1903   0.0    0.0      0.0
  MONTH TO DATE    0.0                       0.1   -0.1      0.0
  SINCE DEC 1      0.0                       0.1   -0.1      0.0
  SINCE JUL 1      T                         0.4   -0.4      0.0
  SNOW DEPTH       0

DEGREE DAYS
 HEATING
  YESTERDAY       19                        23     -4        9
  MONTH TO DATE   31                        46    -15       23
  SINCE DEC 1     31                        46    -15       23
  SINCE JUL 1    662                       862   -200      583

 COOLING
  YESTERDAY        0                         0      0        0
  MONTH TO DATE    0                         0      0        0
  SINCE DEC 1      0                         0      0        0
  SINCE JAN 1   1726                      1301    425     1718
..................................................................


WIND (MPH)
  HIGHEST WIND SPEED    28   HIGHEST WIND DIRECTION     W (280)
  HIGHEST GUST SPEED    35   HIGHEST GUST DIRECTION     W (290)
  AVERAGE WIND SPEED    15.9


SKY COVER
  POSSIBLE SUNSHINE  MM
  AVERAGE SKY COVER 0.5


WEATHER CONDITIONS
 THE FOLLOWING WEATHER WAS RECORDED YESTERDAY.
  NO SIGNIFICANT WEATHER WAS OBSERVED.


RELATIVE HUMIDITY (PERCENT)
 HIGHEST    64           500 AM
 LOWEST     38           300 PM
 AVERAGE    51

..........................................................


THE PHILADELPHIA PA CLIMATE NORMALS FOR TODAY
                         NORMAL    RECORD    YEAR
 MAXIMUM TEMPERATURE (F)   49        68      1950
 MINIMUM TEMPERATURE (F)   34         9      1976


SUNRISE AND SUNSET
DECEMBER  3 2016......SUNRISE   706 AM EST   SUNSET   436 PM EST
DECEMBER  4 2016......SUNRISE   707 AM EST   SUNSET   436 PM EST


-  INDICATES NEGATIVE NUMBERS.
R  INDICATES RECORD WAS SET OR TIED.
MM INDICATES DATA IS MISSING.
T  INDICATES TRACE AMOUNT.




$$
