000
CDUS41 KPHI 042130
CLIPHL


CLIMATE REPORT
NATIONAL WEATHER SERVICE MOUNT HOLLY NJ
527 PM EDT TUE AUG 4 2015


...................................

...THE PHILADELPHIA PA CLIMATE SUMMARY FOR AUGUST 4 2015...
VALID TODAY AS OF 0500 PM LOCAL TIME.

CLIMATE NORMAL PERIOD 1981 TO 2010
CLIMATE RECORD PERIOD 1872 TO 2015


WEATHER ITEM   OBSERVED TIME   RECORD YEAR NORMAL DEPARTURE LAST
                VALUE   (LST)  VALUE       VALUE  FROM      YEAR
                                                  NORMAL
..................................................................
TEMPERATURE (F)
 TODAY
  MAXIMUM         93    116 PM  98    1995  87      6       84
  MINIMUM         71   1222 PM  52    1965  69      2       71
  AVERAGE         82                        78      4       78

PRECIPITATION (IN)
  TODAY            0.01          2.74 1915   0.12  -0.11     0.00
  MONTH TO DATE    0.01                      0.49  -0.48     0.78
  SINCE JUN 1     12.05                      8.27   3.78    10.54
  SINCE JAN 1     29.22                     25.01   4.21    33.04

SNOWFALL (IN)
  TODAY            0.0           0.0  1870   0.0    0.0      0.0
  MONTH TO DATE    0.0                       0.0    0.0      0.0
  SINCE JUN 1      0.0                       0.0    0.0      0.0
  SINCE JUL 1      0.0                       0.0    0.0      0.0
  SNOW DEPTH       0

DEGREE DAYS
 HEATING
  TODAY            0                         0      0        0
  MONTH TO DATE    0                         0      0        0
  SINCE JUN 1     12                        11      1        0
  SINCE JUL 1      0                         0      0        0

 COOLING
  TODAY           17                        13      4       13
  MONTH TO DATE   68                        52     16       40
  SINCE JUN 1    831                       718    113      744
  SINCE JAN 1   1030                       809    221      827
..................................................................


WIND (MPH)
  HIGHEST WIND SPEED    23   HIGHEST WIND DIRECTION     W (260)
  HIGHEST GUST SPEED    29   HIGHEST GUST DIRECTION     W (270)
  AVERAGE WIND SPEED    11.1


SKY COVER
  POSSIBLE SUNSHINE  MM
  AVERAGE SKY COVER 0.6


WEATHER CONDITIONS
 THE FOLLOWING WEATHER WAS RECORDED TODAY.
  THUNDERSTORM
  LIGHT RAIN


RELATIVE HUMIDITY (PERCENT)
 HIGHEST    74          1200 AM
 LOWEST     32           300 PM
 AVERAGE    53

..........................................................


THE PHILADELPHIA PA CLIMATE NORMALS FOR TOMORROW
                         NORMAL    RECORD    YEAR
 MAXIMUM TEMPERATURE (F)   87        98      1930
 MINIMUM TEMPERATURE (F)   69        52      1951


SUNRISE AND SUNSET
AUGUST  4 2015........SUNRISE   602 AM EDT   SUNSET   811 PM EDT
AUGUST  5 2015........SUNRISE   603 AM EDT   SUNSET   810 PM EDT


-  INDICATES NEGATIVE NUMBERS.
R  INDICATES RECORD WAS SET OR TIED.
MM INDICATES DATA IS MISSING.
T  INDICATES TRACE AMOUNT.




$$
