000
CDUS41 KPHI 240544
CLIPHL


CLIMATE REPORT
NATIONAL WEATHER SERVICE MOUNT HOLLY NJ
1243 AM EST FRI NOV 24 2017


...................................

...THE PHILADELPHIA PA CLIMATE SUMMARY FOR NOVEMBER 23 2017...

CLIMATE NORMAL PERIOD 1981 TO 2010
CLIMATE RECORD PERIOD 1872 TO 2017


WEATHER ITEM   OBSERVED TIME   RECORD YEAR NORMAL DEPARTURE LAST
                VALUE   (LST)  VALUE       VALUE  FROM      YEAR
                                                  NORMAL
..................................................................
TEMPERATURE (F)
 YESTERDAY
  MAXIMUM         42    433 PM  72    1931  53    -11       51
                                      1913
  MINIMUM         31    643 AM  10    1880  37     -6       32
  AVERAGE         37                        45     -8       42

PRECIPITATION (IN)
  YESTERDAY        0.00          1.80 1875   0.10  -0.10     0.00
  MONTH TO DATE    1.28                      2.21  -0.93     0.42
  SINCE SEP 1      8.80                      9.17  -0.37     6.00
  SINCE JAN 1     40.01                     37.19   2.82    30.85

SNOWFALL (IN)
  YESTERDAY        0.0           2.8  1989   0.0    0.0      0.0
  MONTH TO DATE    0.0                       0.1   -0.1       T
  SINCE SEP 1      0.0                       0.1   -0.1       T
  SINCE JUL 1      0.0                       0.1   -0.1       T
  SNOW DEPTH       0

DEGREE DAYS
 HEATING
  YESTERDAY       28                        20      8       23
  MONTH TO DATE  389                       373     16      326
  SINCE SEP 1    508                       665   -157      515
  SINCE JUL 1    508                       666   -158      515

 COOLING
  YESTERDAY        0                         0      0        0
  MONTH TO DATE    0                         0      0        0
  SINCE SEP 1    300                       183    117      314
  SINCE JAN 1   1490                      1300    190     1726
..................................................................


WIND (MPH)
  HIGHEST WIND SPEED    15   HIGHEST WIND DIRECTION     N (340)
  HIGHEST GUST SPEED    19   HIGHEST GUST DIRECTION     N (350)
  AVERAGE WIND SPEED     6.8


SKY COVER
  POSSIBLE SUNSHINE  MM
  AVERAGE SKY COVER 0.1


WEATHER CONDITIONS
 THE FOLLOWING WEATHER WAS RECORDED YESTERDAY.
  NO SIGNIFICANT WEATHER WAS OBSERVED.


RELATIVE HUMIDITY (PERCENT)
 HIGHEST    59          1100 PM
 LOWEST     36           300 PM
 AVERAGE    48

..........................................................


THE PHILADELPHIA PA CLIMATE NORMALS FOR TODAY
                         NORMAL    RECORD    YEAR
 MAXIMUM TEMPERATURE (F)   53        72      2014
 MINIMUM TEMPERATURE (F)   37        16      1880


SUNRISE AND SUNSET
NOVEMBER 24 2017......SUNRISE   656 AM EST   SUNSET   439 PM EST
NOVEMBER 25 2017......SUNRISE   657 AM EST   SUNSET   439 PM EST


-  INDICATES NEGATIVE NUMBERS.
R  INDICATES RECORD WAS SET OR TIED.
MM INDICATES DATA IS MISSING.
T  INDICATES TRACE AMOUNT.




$$
