000
CDUS41 KPHI 280629
CLIPHL


CLIMATE REPORT
NATIONAL WEATHER SERVICE MOUNT HOLLY NJ
228 AM EDT TUE MAR 28 2017


...................................

...THE PHILADELPHIA PA CLIMATE SUMMARY FOR MARCH 27 2017...

CLIMATE NORMAL PERIOD 1981 TO 2010
CLIMATE RECORD PERIOD 1872 TO 2017


WEATHER ITEM   OBSERVED TIME   RECORD YEAR NORMAL DEPARTURE LAST
                VALUE   (LST)  VALUE       VALUE  FROM      YEAR
                                                  NORMAL
..................................................................
TEMPERATURE (F)
 YESTERDAY
  MAXIMUM         62    450 PM  83    1921  57      5       60
  MINIMUM         42    514 AM  21    1894  38      4       44
  AVERAGE         52                        47      5       52

PRECIPITATION (IN)
  YESTERDAY        0.09          1.78 1919   0.14  -0.05     0.02
  MONTH TO DATE    2.17                      3.27  -1.10     1.57
  SINCE MAR 1      2.17                      3.27  -1.10     1.57
  SINCE JAN 1      6.38                      8.95  -2.57     8.56

SNOWFALL (IN)
  YESTERDAY        0.0           1.0  1891   0.1   -0.1      0.0
  MONTH TO DATE    7.0                       2.8    4.2      1.0
  SINCE MAR 1      7.0                       2.8    4.2      1.0
  SINCE JUL 1     15.0                      21.8   -6.8     27.2
  SNOW DEPTH       0

DEGREE DAYS
 HEATING
  YESTERDAY       13                        18     -5       13
  MONTH TO DATE  638                       598     40      393
  SINCE MAR 1    638                       598     40      393
  SINCE JUL 1   3464                      4080   -616     3079

 COOLING
  YESTERDAY        0                         0      0        0
  MONTH TO DATE    0                         0      0        5
  SINCE MAR 1      0                         0      0        5
  SINCE JAN 1      0                         0      0        5
..................................................................


WIND (MPH)
  HIGHEST WIND SPEED    12   HIGHEST WIND DIRECTION    SW (240)
  HIGHEST GUST SPEED    14   HIGHEST GUST DIRECTION     E (80)
  AVERAGE WIND SPEED     5.1


SKY COVER
  POSSIBLE SUNSHINE  MM
  AVERAGE SKY COVER 0.9


WEATHER CONDITIONS
 THE FOLLOWING WEATHER WAS RECORDED YESTERDAY.
  LIGHT RAIN
  FOG
  HAZE


RELATIVE HUMIDITY (PERCENT)
 HIGHEST   100           600 AM
 LOWEST     72           400 PM
 AVERAGE    86

..........................................................


THE PHILADELPHIA PA CLIMATE NORMALS FOR TODAY
                         NORMAL    RECORD    YEAR
 MAXIMUM TEMPERATURE (F)   57        83      1945
 MINIMUM TEMPERATURE (F)   38        18      1923


SUNRISE AND SUNSET
MARCH 28 2017.........SUNRISE   651 AM EDT   SUNSET   721 PM EDT
MARCH 29 2017.........SUNRISE   649 AM EDT   SUNSET   722 PM EDT


-  INDICATES NEGATIVE NUMBERS.
R  INDICATES RECORD WAS SET OR TIED.
MM INDICATES DATA IS MISSING.
T  INDICATES TRACE AMOUNT.




$$
