000
CDUS41 KPHI 010627
CLIPHL


CLIMATE REPORT
NATIONAL WEATHER SERVICE MOUNT HOLLY NJ
226 AM EDT WED JUL 1 2015


...................................

...THE PHILADELPHIA PA CLIMATE SUMMARY FOR JUNE 30 2015...

CLIMATE NORMAL PERIOD 1981 TO 2010
CLIMATE RECORD PERIOD 1872 TO 2015


WEATHER ITEM   OBSERVED TIME   RECORD YEAR NORMAL DEPARTURE LAST
                VALUE   (LST)  VALUE       VALUE  FROM      YEAR
                                                  NORMAL
..................................................................
TEMPERATURE (F)
 YESTERDAY
  MAXIMUM         86    157 PM 100    1964  86      0       88
  MINIMUM         67    415 AM  52    1988  68     -1       68
  AVERAGE         77                        77      0       78

PRECIPITATION (IN)
  YESTERDAY        1.50          1.56 1996   0.12   1.38     0.00
  MONTH TO DATE    8.88                      3.43   5.45     5.46
  SINCE JUN 1      8.88                      3.43   5.45     5.46
  SINCE JAN 1     26.05                     20.17   5.88    27.96

SNOWFALL (IN)
  YESTERDAY        0.0           0.0  1870   0.0    0.0      0.0
  MONTH TO DATE    0.0                       0.0    0.0      0.0
  SINCE JUN 1      0.0                       0.0    0.0      0.0
  SINCE JUL 1     27.0                      22.4    4.6     68.0
  SNOW DEPTH       0

DEGREE DAYS
 HEATING
  YESTERDAY        0                         0      0        0
  MONTH TO DATE   12                         9      3        0
  SINCE JUN 1     12                        11      1        0
  SINCE JUL 1   4776                      4613    163     4850

 COOLING
  YESTERDAY       12                        12      0       13
  MONTH TO DATE  314                       258     56      292
  SINCE JUN 1    314                       258     56      292
  SINCE JAN 1    513                       349    164      375
..................................................................


WIND (MPH)
  HIGHEST WIND SPEED    33   HIGHEST WIND DIRECTION    NW (320)
  HIGHEST GUST SPEED    37   HIGHEST GUST DIRECTION    NW (320)
  AVERAGE WIND SPEED     8.2


SKY COVER
  POSSIBLE SUNSHINE  MM
  AVERAGE SKY COVER 0.6


WEATHER CONDITIONS
 THE FOLLOWING WEATHER WAS RECORDED YESTERDAY.
  THUNDERSTORM
  RAIN
  LIGHT RAIN


RELATIVE HUMIDITY (PERCENT)
 HIGHEST    87           900 PM
 LOWEST     51          1000 AM
 AVERAGE    69

..........................................................


THE PHILADELPHIA PA CLIMATE NORMALS FOR TODAY
                         NORMAL    RECORD    YEAR
 MAXIMUM TEMPERATURE (F)   86       102      1901
 MINIMUM TEMPERATURE (F)   68        52      1988
                                             1943


SUNRISE AND SUNSET
JULY  1 2015..........SUNRISE   536 AM EDT   SUNSET   833 PM EDT
JULY  2 2015..........SUNRISE   537 AM EDT   SUNSET   833 PM EDT


-  INDICATES NEGATIVE NUMBERS.
R  INDICATES RECORD WAS SET OR TIED.
MM INDICATES DATA IS MISSING.
T  INDICATES TRACE AMOUNT.




$$
