141
CDUS41 KPHI 290635
CLIPHL


CLIMATE REPORT
NATIONAL WEATHER SERVICE MOUNT HOLLY NJ
234 AM EDT MON AUG 29 2016


...................................

...THE PHILADELPHIA PA CLIMATE SUMMARY FOR AUGUST 28 2016...

CLIMATE NORMAL PERIOD 1981 TO 2010
CLIMATE RECORD PERIOD 1872 TO 2016


WEATHER ITEM   OBSERVED TIME   RECORD YEAR NORMAL DEPARTURE LAST
                VALUE   (LST)  VALUE       VALUE  FROM      YEAR
                                                  NORMAL
..................................................................
TEMPERATURE (F)
 YESTERDAY
  MAXIMUM         90    321 PM  99    1973  84      6       85
                                      1948
  MINIMUM         70    510 AM  49    1986  66      4       63
  AVERAGE         80                        75      5       74

PRECIPITATION (IN)
  YESTERDAY        0.00          2.33 1978   0.09  -0.09     0.00
  MONTH TO DATE    1.70                      3.20  -1.50     0.98
  SINCE JUN 1      7.45                     10.98  -3.53    13.02
  SINCE JAN 1     24.85                     27.72  -2.87    30.19

SNOWFALL (IN)
  YESTERDAY        0.0           0.0    MM   0.0    0.0      0.0
  MONTH TO DATE    0.0                       0.0    0.0      0.0
  SINCE JUN 1      0.0                       0.0    0.0      0.0
  SINCE JUL 1      0.0                       0.0    0.0      0.0
  SNOW DEPTH       0

DEGREE DAYS
 HEATING
  YESTERDAY        0                         0      0        0
  MONTH TO DATE    0                         0      0        0
  SINCE JUN 1      0                        11    -11       12
  SINCE JUL 1      0                         0      0        0

 COOLING
  YESTERDAY       15                        10      5        9
  MONTH TO DATE  454                       332    122      399
  SINCE JUN 1   1247                       998    249     1162
  SINCE JAN 1   1361                      1089    272     1361
..................................................................


WIND (MPH)
  HIGHEST WIND SPEED    14   HIGHEST WIND DIRECTION    SW (240)
  HIGHEST GUST SPEED    18   HIGHEST GUST DIRECTION    SW (220)
  AVERAGE WIND SPEED     5.0


SKY COVER
  POSSIBLE SUNSHINE  MM
  AVERAGE SKY COVER 0.2


WEATHER CONDITIONS
 THE FOLLOWING WEATHER WAS RECORDED YESTERDAY.
  NO SIGNIFICANT WEATHER WAS OBSERVED.


RELATIVE HUMIDITY (PERCENT)
 HIGHEST    97           500 AM
 LOWEST     41           400 PM
 AVERAGE    69

..........................................................


THE PHILADELPHIA PA CLIMATE NORMALS FOR TODAY
                         NORMAL    RECORD    YEAR
 MAXIMUM TEMPERATURE (F)   84        98      1991
                                             1953
 MINIMUM TEMPERATURE (F)   66        44      1986


SUNRISE AND SUNSET
AUGUST 29 2016........SUNRISE   627 AM EDT   SUNSET   736 PM EDT
AUGUST 30 2016........SUNRISE   627 AM EDT   SUNSET   735 PM EDT


-  INDICATES NEGATIVE NUMBERS.
R  INDICATES RECORD WAS SET OR TIED.
MM INDICATES DATA IS MISSING.
T  INDICATES TRACE AMOUNT.




$$
