000
CDUS41 KPHI 240630
CLIPHL


CLIMATE REPORT
NATIONAL WEATHER SERVICE MOUNT HOLLY NJ
129 AM EST FRI FEB 24 2017


...................................

...THE PHILADELPHIA PA CLIMATE SUMMARY FOR FEBRUARY 23 2017...

CLIMATE NORMAL PERIOD 1981 TO 2010
CLIMATE RECORD PERIOD 1872 TO 2017


WEATHER ITEM   OBSERVED TIME   RECORD YEAR NORMAL DEPARTURE LAST
                VALUE   (LST)  VALUE       VALUE  FROM      YEAR
                                                  NORMAL
..................................................................
TEMPERATURE (F)
 YESTERDAY
  MAXIMUM         73    437 PM  75    1874  46     27       43
  MINIMUM         44   1207 AM   6    1963  29     15       37
  AVERAGE         59                        37     22       40

PRECIPITATION (IN)
  YESTERDAY        0.00          1.65 1909   0.10  -0.10     0.28
  MONTH TO DATE    0.79                      2.17  -1.38     2.35
  SINCE DEC 1      6.42                      8.76  -2.34    10.12
  SINCE JAN 1      3.70                      5.20  -1.50     4.98

SNOWFALL (IN)
  YESTERDAY        0.0           6.5  1987   0.3   -0.3      0.0
  MONTH TO DATE    2.0                       7.7   -5.7      3.3
  SINCE DEC 1      8.0                      17.6   -9.6     26.2
  SINCE JUL 1      8.0                      17.9   -9.9     26.2
  SNOW DEPTH       0

DEGREE DAYS
 HEATING
  YESTERDAY        6                        28    -22       25
  MONTH TO DATE  511                       685   -174      649
  SINCE DEC 1   2130                      2532   -402     2017
  SINCE JUL 1   2761                      3348   -587     2577

 COOLING
  YESTERDAY        0                         0      0        0
  MONTH TO DATE    0                         0      0        0
  SINCE DEC 1      0                         0      0        2
  SINCE JAN 1      0                         0      0        0
..................................................................


WIND (MPH)
  HIGHEST WIND SPEED    16   HIGHEST WIND DIRECTION    SW (210)
  HIGHEST GUST SPEED    22   HIGHEST GUST DIRECTION    SW (230)
  AVERAGE WIND SPEED     5.8


SKY COVER
  POSSIBLE SUNSHINE  MM
  AVERAGE SKY COVER 0.7


WEATHER CONDITIONS
 THE FOLLOWING WEATHER WAS RECORDED YESTERDAY.
  FOG
  FOG W/VISIBILITY <= 1/4 MILE


RELATIVE HUMIDITY (PERCENT)
 HIGHEST   100           300 AM
 LOWEST     49           500 PM
 AVERAGE    75

..........................................................


THE PHILADELPHIA PA CLIMATE NORMALS FOR TODAY
                         NORMAL    RECORD    YEAR
 MAXIMUM TEMPERATURE (F)   46        74      1985
 MINIMUM TEMPERATURE (F)   29         2      1889


SUNRISE AND SUNSET
FEBRUARY 24 2017......SUNRISE   641 AM EST   SUNSET   548 PM EST
FEBRUARY 25 2017......SUNRISE   640 AM EST   SUNSET   549 PM EST


-  INDICATES NEGATIVE NUMBERS.
R  INDICATES RECORD WAS SET OR TIED.
MM INDICATES DATA IS MISSING.
T  INDICATES TRACE AMOUNT.




$$
