000
CDUS41 KPHI 250631
CLIPHL


CLIMATE REPORT
NATIONAL WEATHER SERVICE MOUNT HOLLY NJ
231 AM EDT MON MAY 25 2015


...................................

...THE PHILADELPHIA PA CLIMATE SUMMARY FOR MAY 24 2015...

CLIMATE NORMAL PERIOD 1981 TO 2010
CLIMATE RECORD PERIOD 1872 TO 2015


WEATHER ITEM   OBSERVED TIME   RECORD YEAR NORMAL DEPARTURE LAST
                VALUE   (LST)  VALUE       VALUE  FROM      YEAR
                                                  NORMAL
..................................................................
TEMPERATURE (F)
 YESTERDAY
  MAXIMUM         82    341 PM  90    2004  76      6       76
                                      1964
  MINIMUM         52    436 AM  40    1963  57     -5       57
  AVERAGE         67                        66      1       67

PRECIPITATION (IN)
  YESTERDAY        0.00          2.49 1999   0.12  -0.12      T
  MONTH TO DATE    0.59                      2.84  -2.25     1.95
  SINCE MAR 1      9.69                     10.19  -0.50    12.87
  SINCE JAN 1     16.57                     15.87   0.70    21.54

SNOWFALL (IN)
  YESTERDAY        0.0           0.0  1870   0.0    0.0      0.0
  MONTH TO DATE    0.0                       0.0    0.0      0.0
  SINCE MAR 1     12.0                       3.4    8.6      8.5
  SINCE JUL 1     27.0                      22.4    4.6     68.0
  SNOW DEPTH       0

DEGREE DAYS
 HEATING
  YESTERDAY        0                         2     -2        0
  MONTH TO DATE   32                        99    -67       46
  SINCE MAR 1   1111                      1107      4     1186
  SINCE JUL 1   4764                      4589    175     4842

 COOLING
  YESTERDAY        2                         4     -2        2
  MONTH TO DATE  103                        47     56       46
  SINCE MAR 1    106                        60     46       55
  SINCE JAN 1    106                        60     46       55
..................................................................


WIND (MPH)
  HIGHEST WIND SPEED    17   HIGHEST WIND DIRECTION    SW (240)
  HIGHEST GUST SPEED    22   HIGHEST GUST DIRECTION    SW (230)
  AVERAGE WIND SPEED     9.0


SKY COVER
  POSSIBLE SUNSHINE  MM
  AVERAGE SKY COVER 0.4


WEATHER CONDITIONS
 THE FOLLOWING WEATHER WAS RECORDED YESTERDAY.
  NO SIGNIFICANT WEATHER WAS OBSERVED.


RELATIVE HUMIDITY (PERCENT)
 HIGHEST    83           500 AM
 LOWEST     25           600 PM
 AVERAGE    54

..........................................................


THE PHILADELPHIA PA CLIMATE NORMALS FOR TODAY
                         NORMAL    RECORD    YEAR
 MAXIMUM TEMPERATURE (F)   77        96      1991
 MINIMUM TEMPERATURE (F)   57        40      1963


SUNRISE AND SUNSET
MAY 25 2015...........SUNRISE   538 AM EDT   SUNSET   818 PM EDT
MAY 26 2015...........SUNRISE   538 AM EDT   SUNSET   819 PM EDT


-  INDICATES NEGATIVE NUMBERS.
R  INDICATES RECORD WAS SET OR TIED.
MM INDICATES DATA IS MISSING.
T  INDICATES TRACE AMOUNT.




$$
