000
CDUS41 KPHI 210631
CLIPHL


CLIMATE REPORT
NATIONAL WEATHER SERVICE MOUNT HOLLY NJ
130 AM EST SAT JAN 21 2017


...................................

...THE PHILADELPHIA PA CLIMATE SUMMARY FOR JANUARY 20 2017...

CLIMATE NORMAL PERIOD 1981 TO 2010
CLIMATE RECORD PERIOD 1872 TO 2017


WEATHER ITEM   OBSERVED TIME   RECORD YEAR NORMAL DEPARTURE LAST
                VALUE   (LST)  VALUE       VALUE  FROM      YEAR
                                                  NORMAL
..................................................................
TEMPERATURE (F)
 YESTERDAY
  MAXIMUM         43   1159 PM  65    1951  40      3       36
  MINIMUM         32    621 AM  -3    1984  25      7       21
  AVERAGE         38                        33      5       29

PRECIPITATION (IN)
  YESTERDAY        0.16          1.89 1978   0.10   0.06     0.00
  MONTH TO DATE    1.91                      1.95  -0.04     1.03
  SINCE DEC 1      4.63                      5.51  -0.88     6.17
  SINCE JAN 1      1.91                      1.95  -0.04     1.03

SNOWFALL (IN)
  YESTERDAY        0.0           9.3  1978   0.2   -0.2      0.0
  MONTH TO DATE    4.9                       3.7    1.2      0.5
  SINCE DEC 1      5.2                       7.1   -1.9      0.5
  SINCE JUL 1      5.2                       7.4   -2.2      0.5
  SNOW DEPTH       0

DEGREE DAYS
 HEATING
  YESTERDAY       27                        32     -5       36
  MONTH TO DATE  556                       638    -82      595
  SINCE DEC 1   1360                      1492   -132     1016
  SINCE JUL 1   1991                      2308   -317     1576

 COOLING
  YESTERDAY        0                         0      0        0
  MONTH TO DATE    0                         0      0        0
  SINCE DEC 1      0                         0      0        2
  SINCE JAN 1      0                         0      0        0
..................................................................


WIND (MPH)
  HIGHEST WIND SPEED     8   HIGHEST WIND DIRECTION     E (90)
  HIGHEST GUST SPEED     9   HIGHEST GUST DIRECTION     E (90)
  AVERAGE WIND SPEED     1.3


SKY COVER
  POSSIBLE SUNSHINE  MM
  AVERAGE SKY COVER 0.9


WEATHER CONDITIONS
 THE FOLLOWING WEATHER WAS RECORDED YESTERDAY.
  RAIN
  LIGHT RAIN
  FOG


RELATIVE HUMIDITY (PERCENT)
 HIGHEST    96           400 AM
 LOWEST     79          1200 AM
 AVERAGE    88

..........................................................


THE PHILADELPHIA PA CLIMATE NORMALS FOR TODAY
                         NORMAL    RECORD    YEAR
 MAXIMUM TEMPERATURE (F)   40        62      1959
 MINIMUM TEMPERATURE (F)   25        -6      1985


SUNRISE AND SUNSET
JANUARY 21 2017.......SUNRISE   717 AM EST   SUNSET   508 PM EST
JANUARY 22 2017.......SUNRISE   717 AM EST   SUNSET   509 PM EST


-  INDICATES NEGATIVE NUMBERS.
R  INDICATES RECORD WAS SET OR TIED.
MM INDICATES DATA IS MISSING.
T  INDICATES TRACE AMOUNT.




$$
