000
CDUS43 KUNR 290831
CLIPHP


CLIMATE REPORT
NATIONAL WEATHER SERVICE RAPID CITY SD
231 AM MDT MON AUG 29 2016


...................................

...THE PHILIP SD CLIMATE SUMMARY FOR AUGUST 28 2016...

CLIMATE NORMAL PERIOD 1981 TO 2010
CLIMATE RECORD PERIOD 9999 TO 9999


WEATHER ITEM   OBSERVED TIME   NORMAL DEPARTURE LAST
                VALUE   (LST)  VALUE  FROM      YEAR
                                      NORMAL
......................................................
TEMPERATURE (F)
 YESTERDAY
  MAXIMUM         96    516 PM  86     10       84
  MINIMUM         61    552 AM  55      6       57
  AVERAGE         79            70      9       71

PRECIPITATION (IN)
  YESTERDAY        0.00          0.05  -0.05     0.00
  MONTH TO DATE    2.85          1.35   1.50     2.89
  SINCE JUN 1      5.29          6.31  -1.02     9.34
  SINCE JAN 1     12.01         13.23  -1.22    16.32

DEGREE DAYS
 HEATING
  YESTERDAY        0             1     -1        0
  MONTH TO DATE   15             8      7       32
  SINCE JUN 1     26            79    -53       44
  SINCE JUL 1     19            16      3       32

 COOLING
  YESTERDAY       14             7      7        6
  MONTH TO DATE  237           261    -24      190
  SINCE JUN 1    790           689    101      581
  SINCE JAN 1    804           716     88      587
......................................................


WIND (MPH)
  HIGHEST WIND SPEED    15   HIGHEST WIND DIRECTION    SW (230)
  HIGHEST GUST SPEED    19   HIGHEST GUST DIRECTION    SW (220)
  AVERAGE WIND SPEED     4.1


SKY COVER
  AVERAGE SKY COVER 0.0


WEATHER CONDITIONS
 THE FOLLOWING WEATHER WAS RECORDED YESTERDAY.
  NO SIGNIFICANT WEATHER WAS OBSERVED.


RELATIVE HUMIDITY (PERCENT)
 HIGHEST   100           500 AM
 LOWEST     17           300 PM
 AVERAGE    59

..........................................................




SUNRISE AND SUNSET
AUGUST 29 2016........SUNRISE   607 AM MDT   SUNSET   727 PM MDT
AUGUST 30 2016........SUNRISE   608 AM MDT   SUNSET   725 PM MDT


-  INDICATES NEGATIVE NUMBERS.
R  INDICATES RECORD WAS SET OR TIED.
MM INDICATES DATA IS MISSING.
T  INDICATES TRACE AMOUNT.




$$
