000
CDUS43 KUNR 240833
CLIPHP


CLIMATE REPORT
NATIONAL WEATHER SERVICE RAPID CITY SD
232 AM MDT MON JUL 24 2017


...................................

...THE PHILIP SD CLIMATE SUMMARY FOR JULY 23 2017...

CLIMATE NORMAL PERIOD 1981 TO 2010
CLIMATE RECORD PERIOD 9999 TO 9999


WEATHER ITEM   OBSERVED TIME   NORMAL DEPARTURE LAST
                VALUE   (LST)  VALUE  FROM      YEAR
                                      NORMAL
......................................................
TEMPERATURE (F)
 YESTERDAY
  MAXIMUM         94    330 PM  91      3       95
  MINIMUM         53    457 AM  61     -8       58
  AVERAGE         74            76     -2       77

PRECIPITATION (IN)
  YESTERDAY        0.00          0.05  -0.05     0.00
  MONTH TO DATE    0.13          1.62  -1.49     1.03
  SINCE JUN 1      2.20          4.55  -2.35     1.75
  SINCE JAN 1      7.04         11.47  -4.43     8.47

DEGREE DAYS
 HEATING
  YESTERDAY        0             0      0        0
  MONTH TO DATE    0             3     -3        4
  SINCE JUN 1     23            66    -43       11
  SINCE JUL 1      0             3     -3        4

 COOLING
  YESTERDAY        9            11     -2       12
  MONTH TO DATE  344           216    128      247
  SINCE JUN 1    494           339    155      474
  SINCE JAN 1    507           366    141      488
......................................................


WIND (MPH)
  HIGHEST WIND SPEED    18   HIGHEST WIND DIRECTION     E (110)
  HIGHEST GUST SPEED    21   HIGHEST GUST DIRECTION     E (110)
  AVERAGE WIND SPEED     6.9


SKY COVER
  AVERAGE SKY COVER 0.0


WEATHER CONDITIONS
 THE FOLLOWING WEATHER WAS RECORDED YESTERDAY.
  NO SIGNIFICANT WEATHER WAS OBSERVED.


RELATIVE HUMIDITY (PERCENT)
 HIGHEST    77           400 AM
 LOWEST     20           200 PM
 AVERAGE    49

..........................................................




SUNRISE AND SUNSET
JULY 24 2017..........SUNRISE   526 AM MDT   SUNSET   819 PM MDT
JULY 25 2017..........SUNRISE   527 AM MDT   SUNSET   818 PM MDT


-  INDICATES NEGATIVE NUMBERS.
R  INDICATES RECORD WAS SET OR TIED.
MM INDICATES DATA IS MISSING.
T  INDICATES TRACE AMOUNT.




$$
