000
CDUS43 KUNR 210832
CLIPHP


CLIMATE REPORT
NATIONAL WEATHER SERVICE RAPID CITY SD
131 AM MST TUE NOV 21 2017


...................................

...THE PHILIP SD CLIMATE SUMMARY FOR NOVEMBER 20 2017...

CLIMATE NORMAL PERIOD 1981 TO 2010
CLIMATE RECORD PERIOD 9999 TO 9999


WEATHER ITEM   OBSERVED TIME   NORMAL DEPARTURE LAST
                VALUE   (LST)  VALUE  FROM      YEAR
                                      NORMAL
......................................................
TEMPERATURE (F)
 YESTERDAY
  MAXIMUM         68   1202 PM  45     23       51
  MINIMUM         28   1201 AM  19      9       16
  AVERAGE         48            32     16       34

PRECIPITATION (IN)
  YESTERDAY        T             0.02  -0.02     0.00
  MONTH TO DATE    0.24          0.48  -0.24     0.01
  SINCE SEP 1      2.69          3.40  -0.71     0.69
  SINCE JAN 1     10.55         16.78  -6.23    12.70

DEGREE DAYS
 HEATING
  YESTERDAY       17            33    -16       31
  MONTH TO DATE  572           570      2      368
  SINCE SEP 1   1228          1248    -20      810
  SINCE JUL 1   1234          1273    -39      829

 COOLING
  YESTERDAY        0             0      0        0
  MONTH TO DATE    0             0      0        0
  SINCE SEP 1    115            83     32       78
  SINCE JAN 1    911           818     93      908
......................................................


WIND (MPH)
  HIGHEST WIND SPEED    32   HIGHEST WIND DIRECTION    NW (320)
  HIGHEST GUST SPEED    42   HIGHEST GUST DIRECTION    NW (330)
  AVERAGE WIND SPEED    12.7


SKY COVER
  AVERAGE SKY COVER 0.1


WEATHER CONDITIONS
 THE FOLLOWING WEATHER WAS RECORDED YESTERDAY.
  LIGHT SNOW
  FOG


RELATIVE HUMIDITY (PERCENT)
 HIGHEST    75          1200 AM
 LOWEST     13          1200 PM
 AVERAGE    44

..........................................................




SUNRISE AND SUNSET
NOVEMBER 21 2017......SUNRISE   650 AM MST   SUNSET   415 PM MST
NOVEMBER 22 2017......SUNRISE   651 AM MST   SUNSET   414 PM MST


-  INDICATES NEGATIVE NUMBERS.
R  INDICATES RECORD WAS SET OR TIED.
MM INDICATES DATA IS MISSING.
T  INDICATES TRACE AMOUNT.




$$
