000
CDUS43 KUNR 280850
CLIPHP


CLIMATE REPORT
NATIONAL WEATHER SERVICE RAPID CITY SD
247 AM MDT TUE MAR 28 2017


...................................

...THE PHILIP SD CLIMATE SUMMARY FOR MARCH 27 2017...

CLIMATE NORMAL PERIOD 1981 TO 2010
CLIMATE RECORD PERIOD 9999 TO 9999


WEATHER ITEM   OBSERVED TIME   NORMAL DEPARTURE LAST
                VALUE   (LST)  VALUE  FROM      YEAR
                                      NORMAL
......................................................
TEMPERATURE (F)
 YESTERDAY
  MAXIMUM         64    302 PM  52     12       57
  MINIMUM         32    118 AM  26      6       13
  AVERAGE         48            39      9       35

PRECIPITATION (IN)
  YESTERDAY        0.00          0.04  -0.04     0.00
  MONTH TO DATE    0.34          1.11  -0.77     0.54
  SINCE MAR 1      0.34          1.11  -0.77     0.54
  SINCE JAN 1      1.41          1.89  -0.48     1.22

DEGREE DAYS
 HEATING
  YESTERDAY       17            26     -9       30
  MONTH TO DATE  722           837   -115      654
  SINCE MAR 1    722           837   -115      654
  SINCE JUL 1   5782          6202   -420     5466

 COOLING
  YESTERDAY        0             0      0        0
  MONTH TO DATE    0             0      0        0
  SINCE MAR 1      0             0      0        0
  SINCE JAN 1      0             0      0        0
......................................................


WIND (MPH)
  HIGHEST WIND SPEED    17   HIGHEST WIND DIRECTION    NE (60)
  HIGHEST GUST SPEED    22   HIGHEST GUST DIRECTION     E (70)
  AVERAGE WIND SPEED     6.6


SKY COVER
  AVERAGE SKY COVER 0.5


WEATHER CONDITIONS
 THE FOLLOWING WEATHER WAS RECORDED YESTERDAY.
  NO SIGNIFICANT WEATHER WAS OBSERVED.


RELATIVE HUMIDITY (PERCENT)
 HIGHEST   100           100 AM
 LOWEST     34           300 PM
 AVERAGE    67

..........................................................




SUNRISE AND SUNSET
MARCH 28 2017.........SUNRISE   634 AM MDT   SUNSET   709 PM MDT
MARCH 29 2017.........SUNRISE   633 AM MDT   SUNSET   710 PM MDT


-  INDICATES NEGATIVE NUMBERS.
R  INDICATES RECORD WAS SET OR TIED.
MM INDICATES DATA IS MISSING.
T  INDICATES TRACE AMOUNT.




$$
