000
CDUS43 KUNR 270831
CLIPHP


CLIMATE REPORT
NATIONAL WEATHER SERVICE RAPID CITY SD
231 AM MDT TUE SEP 27 2016


...................................

...THE PHILIP SD CLIMATE SUMMARY FOR SEPTEMBER 26 2016...

CLIMATE NORMAL PERIOD 1981 TO 2010
CLIMATE RECORD PERIOD 9999 TO 9999


WEATHER ITEM   OBSERVED TIME   NORMAL DEPARTURE LAST
                VALUE   (LST)  VALUE  FROM      YEAR
                                      NORMAL
......................................................
TEMPERATURE (F)
 YESTERDAY
  MAXIMUM         78    236 PM  73      5       88
  MINIMUM         41    526 AM  42     -1       56
  AVERAGE         60            57      3       72

PRECIPITATION (IN)
  YESTERDAY        0.00          0.05  -0.05     0.00
  MONTH TO DATE    0.23          1.30  -1.07     0.16
  SINCE SEP 1      0.23          1.30  -1.07     0.16
  SINCE JAN 1     12.24         14.68  -2.44    16.49

DEGREE DAYS
 HEATING
  YESTERDAY        5             8     -3        0
  MONTH TO DATE   76           123    -47       42
  SINCE SEP 1     76           123    -47       42
  SINCE JUL 1     95           148    -53       74

 COOLING
  YESTERDAY        0             1     -1        7
  MONTH TO DATE   62            76    -14      108
  SINCE SEP 1     62            76    -14      108
  SINCE JAN 1    892           811     81      729
......................................................


WIND (MPH)
  HIGHEST WIND SPEED    25   HIGHEST WIND DIRECTION     W (290)
  HIGHEST GUST SPEED    33   HIGHEST GUST DIRECTION    NW (310)
  AVERAGE WIND SPEED    12.2


SKY COVER
  AVERAGE SKY COVER 0.0


WEATHER CONDITIONS
 THE FOLLOWING WEATHER WAS RECORDED YESTERDAY.
  NO SIGNIFICANT WEATHER WAS OBSERVED.


RELATIVE HUMIDITY (PERCENT)
 HIGHEST    76          1200 AM
 LOWEST     26           200 PM
 AVERAGE    51

..........................................................




SUNRISE AND SUNSET
SEPTEMBER 27 2016.....SUNRISE   640 AM MDT   SUNSET   634 PM MDT
SEPTEMBER 28 2016.....SUNRISE   641 AM MDT   SUNSET   632 PM MDT


-  INDICATES NEGATIVE NUMBERS.
R  INDICATES RECORD WAS SET OR TIED.
MM INDICATES DATA IS MISSING.
T  INDICATES TRACE AMOUNT.




$$
