000
CDUS43 KUNR 240857
CLIPHP


CLIMATE REPORT
NATIONAL WEATHER SERVICE RAPID CITY SD
241 AM MDT TUE MAY 24 2016


...................................

...THE PHILIP SD CLIMATE SUMMARY FOR MAY 23 2016...

CLIMATE NORMAL PERIOD 1981 TO 2010
CLIMATE RECORD PERIOD 9999 TO 9999


WEATHER ITEM   OBSERVED TIME   NORMAL DEPARTURE LAST
                VALUE   (LST)  VALUE  FROM      YEAR
                                      NORMAL
......................................................
TEMPERATURE (F)
 YESTERDAY
  MAXIMUM         78    303 PM  73      5       64
  MINIMUM         45    455 AM  47     -2       48
  AVERAGE         62            60      2       56

PRECIPITATION (IN)
  YESTERDAY        0.00          0.10  -0.10     0.05
  MONTH TO DATE    0.77          2.25  -1.48     5.48
  SINCE MAR 1      5.44          5.36   0.08     5.91
  SINCE JAN 1      6.12          6.14  -0.02     6.02

DEGREE DAYS
 HEATING
  YESTERDAY        3             6     -3        9
  MONTH TO DATE  230           226      4      248
  SINCE MAR 1   1469          1728   -259     1479
  SINCE JUL 1   6281          7093   -812     6619

 COOLING
  YESTERDAY        0             1     -1        0
  MONTH TO DATE   10            18     -8        2
  SINCE MAR 1     11            21    -10        5
  SINCE JAN 1     11            21    -10        5
......................................................


WIND (MPH)
  HIGHEST WIND SPEED    21   HIGHEST WIND DIRECTION    SW (210)
  HIGHEST GUST SPEED    27   HIGHEST GUST DIRECTION    SW (220)
  AVERAGE WIND SPEED     8.9


SKY COVER
  AVERAGE SKY COVER 0.0


WEATHER CONDITIONS
 THE FOLLOWING WEATHER WAS RECORDED YESTERDAY.
  NO SIGNIFICANT WEATHER WAS OBSERVED.


RELATIVE HUMIDITY (PERCENT)
 HIGHEST    93           200 AM
 LOWEST     21           500 PM
 AVERAGE    57

..........................................................




SUNRISE AND SUNSET
MAY 24 2016...........SUNRISE   511 AM MDT   SUNSET   816 PM MDT
MAY 25 2016...........SUNRISE   511 AM MDT   SUNSET   817 PM MDT


-  INDICATES NEGATIVE NUMBERS.
R  INDICATES RECORD WAS SET OR TIED.
MM INDICATES DATA IS MISSING.
T  INDICATES TRACE AMOUNT.




$$
