000
CDUS43 KUNR 040842
CLIPHP


CLIMATE REPORT
NATIONAL WEATHER SERVICE RAPID CITY SD
140 AM MST WED MAR 4 2015


...................................

...THE PHILIP SD CLIMATE SUMMARY FOR MARCH 3 2015...

CLIMATE NORMAL PERIOD 1981 TO 2010
CLIMATE RECORD PERIOD 9999 TO 9999


WEATHER ITEM   OBSERVED TIME   NORMAL DEPARTURE LAST
                VALUE   (LST)  VALUE  FROM      YEAR
                                      NORMAL
......................................................
TEMPERATURE (F)
 YESTERDAY
  MAXIMUM         34   1258 AM  43     -9       16
  MINIMUM          2   1159 PM  17    -15       -5
  AVERAGE         18            30    -12        6

PRECIPITATION (IN)
  YESTERDAY        0.01          0.04  -0.03     0.00
  MONTH TO DATE    0.09          0.11  -0.02     0.23
  SINCE MAR 1      0.09          0.11  -0.02     0.23
  SINCE JAN 1      0.20          0.89  -0.69     0.71

DEGREE DAYS
 HEATING
  YESTERDAY       47            35     12       59
  MONTH TO DATE  132           106     26      206
  SINCE MAR 1    132           106     26      206
  SINCE JUL 1   5272          5471   -199     5809

 COOLING
  YESTERDAY        0             0      0        0
  MONTH TO DATE    0             0      0        0
  SINCE MAR 1      0             0      0        0
  SINCE JAN 1      0             0      0        0
......................................................


WIND (MPH)
  HIGHEST WIND SPEED    37   HIGHEST WIND DIRECTION     N (350)
  HIGHEST GUST SPEED    49   HIGHEST GUST DIRECTION     N (350)
  AVERAGE WIND SPEED    19.3


SKY COVER
  AVERAGE SKY COVER 0.6


WEATHER CONDITIONS
 THE FOLLOWING WEATHER WAS RECORDED YESTERDAY.
  LIGHT SNOW
  FOG


RELATIVE HUMIDITY (PERCENT)
 HIGHEST    89          1200 AM
 LOWEST     45           400 PM
 AVERAGE    67

..........................................................




SUNRISE AND SUNSET
MARCH  4 2015.........SUNRISE   619 AM MST   SUNSET   538 PM MST
MARCH  5 2015.........SUNRISE   617 AM MST   SUNSET   540 PM MST


-  INDICATES NEGATIVE NUMBERS.
R  INDICATES RECORD WAS SET OR TIED.
MM INDICATES DATA IS MISSING.
T  INDICATES TRACE AMOUNT.




$$
