000
CDUS45 KPSR 190040
CLIPHX

CDUS45 KPSR DDHHMM
CLIPHX

CLIMATE REPORT
NATIONAL WEATHER SERVICE PHOENIX AZ
529 PM MST SAT NOV 18 2017


...................................

...THE PHOENIX AZ CLIMATE SUMMARY FOR NOVEMBER 18 2017...
VALID TODAY AS OF 0500 PM LOCAL TIME.

CLIMATE NORMAL PERIOD 1981 TO 2010
CLIMATE RECORD PERIOD 1895 TO 2017


WEATHER ITEM   OBSERVED TIME   RECORD YEAR NORMAL DEPARTURE LAST
                VALUE   (LST)  VALUE       VALUE  FROM      YEAR
                                                  NORMAL
..................................................................
TEMPERATURE (F)
 TODAY
  MAXIMUM         79    313 PM  88    2008  74      5       77
  MINIMUM         56    640 AM  31    1958  52      4       47
  AVERAGE         68                        63      5       62

PRECIPITATION (IN)
  TODAY            0.00          0.65 1900   0.02  -0.02     0.00
  MONTH TO DATE    T                         0.34  -0.34     0.35
  SINCE OCT 1      T                         0.92  -0.92     0.55
  SINCE JAN 1      4.73                      6.84  -2.11     4.91

SNOWFALL (IN)
  TODAY            0.0
  MONTH TO DATE    0.0
  SINCE JAN 1      0.0
  SINCE JUL 1      0.0
  SNOW DEPTH       0

DEGREE DAYS
 HEATING
  TODAY            0                         4     -4        3
  MONTH TO DATE    0                        34    -34        4
  SINCE SEP 1      0                        40    -40        4
  SINCE JUL 1      0                        40    -40        4

 COOLING
  TODAY            3                         1      2        0
  MONTH TO DATE  138                        62     76      127
  SINCE SEP 1   1322                      1129    193     1284
  SINCE JAN 1   5139                      4598    541     5036
..................................................................


WIND (MPH)
  HIGHEST WIND SPEED    12   HIGHEST WIND DIRECTION    NE (60)
  HIGHEST GUST SPEED    18   HIGHEST GUST DIRECTION    NW (330)
  AVERAGE WIND SPEED     3.5


SKY COVER
  AVERAGE SKY COVER 0.3


WEATHER CONDITIONS
 THE FOLLOWING WEATHER WAS RECORDED TODAY.
  HAZE


RELATIVE HUMIDITY (PERCENT)
 HIGHEST    62           600 AM
 LOWEST     18           300 PM
 AVERAGE    40

..........................................................


THE PHOENIX AZ CLIMATE NORMALS FOR TOMORROW
                         NORMAL    RECORD    YEAR
 MAXIMUM TEMPERATURE (F)   74        88      2007
                                             2006
                                             1897
 MINIMUM TEMPERATURE (F)   51        30      1921


SUNRISE AND SUNSET
NOVEMBER 18 2017......SUNRISE   703 AM MST   SUNSET   524 PM MST
NOVEMBER 19 2017......SUNRISE   703 AM MST   SUNSET   523 PM MST


-  INDICATES NEGATIVE NUMBERS.
R  INDICATES RECORD WAS SET OR TIED.
MM INDICATES DATA IS MISSING.
T  INDICATES TRACE AMOUNT.

$$
