000
CDUS45 KPSR 220846
CLIPHX

CDUS45 KPSR DDHHMM
CLIPHX

CLIMATE REPORT
NATIONAL WEATHER SERVICE PHOENIX AZ
144 AM MST SAT JUL 22 2017


...................................

...THE PHOENIX AZ CLIMATE SUMMARY FOR JULY 21 2017...

CLIMATE NORMAL PERIOD 1981 TO 2010
CLIMATE RECORD PERIOD 1895 TO 2017


WEATHER ITEM   OBSERVED TIME   RECORD YEAR NORMAL DEPARTURE LAST
                VALUE   (LST)  VALUE       VALUE  FROM      YEAR
                                                  NORMAL
..................................................................
TEMPERATURE (F)
 YESTERDAY
  MAXIMUM        103    609 PM 118    2006 106     -3      112
  MINIMUM         83    409 AM  65    1924  84     -1       88
  AVERAGE         93                        95     -2      100

PRECIPITATION (IN)
  YESTERDAY        0.01          1.54 1984   0.05  -0.04     0.00
  MONTH TO DATE    0.48                      0.63  -0.15     0.36
  SINCE OCT 1      4.72                      5.97  -1.25     3.41
  SINCE JAN 1      2.89                      3.86  -0.97     2.24

SNOWFALL (IN)
  YESTERDAY        0.0
  MONTH TO DATE    0.0
  SINCE JAN 1      0.0
  SINCE JUL 1      0.0
  SNOW DEPTH       0

DEGREE DAYS
 HEATING
  YESTERDAY        0                         0      0        0
  MONTH TO DATE    0                         0      0        0
  SINCE JUN 1      0                         0      0        0
  SINCE JUL 1      0                         0      0        0

 COOLING
  YESTERDAY       28                        30     -2       35
  MONTH TO DATE  661                       627     34      673
  SINCE JUN 1   1560                      1401    159     1573
  SINCE JAN 1   2634                      2287    347     2580
..................................................................


WIND (MPH)
  HIGHEST WIND SPEED    28   HIGHEST WIND DIRECTION    NE (60)
  HIGHEST GUST SPEED    34   HIGHEST GUST DIRECTION     E (70)
  AVERAGE WIND SPEED     8.1


SKY COVER
  AVERAGE SKY COVER 0.5


WEATHER CONDITIONS
 THE FOLLOWING WEATHER WAS RECORDED YESTERDAY.
  THUNDERSTORM
  LIGHT RAIN


RELATIVE HUMIDITY (PERCENT)
 HIGHEST    61           300 AM
 LOWEST     25           400 PM
 AVERAGE    43

..........................................................


THE PHOENIX AZ CLIMATE NORMALS FOR TODAY
                         NORMAL    RECORD    YEAR
 MAXIMUM TEMPERATURE (F)  106       116      2006
 MINIMUM TEMPERATURE (F)   84        66      1924


SUNRISE AND SUNSET
JULY 22 2017..........SUNRISE   534 AM MST   SUNSET   735 PM MST
JULY 23 2017..........SUNRISE   535 AM MST   SUNSET   734 PM MST


-  INDICATES NEGATIVE NUMBERS.
R  INDICATES RECORD WAS SET OR TIED.
MM INDICATES DATA IS MISSING.
T  INDICATES TRACE AMOUNT.

&&
.....................................................................

DEW POINT
  HIGHEST DEW POINT    70
   LOWEST DEW POINT    59
  AVERAGE DEW POINT    66
.....................................................................

$$
