000
CDUS45 KPSR 220815
CLIPHX

CLIMATE REPORT
NATIONAL WEATHER SERVICE PHOENIX AZ
114 AM MST MON SEP 22 2014


...................................

...THE PHOENIX AZ CLIMATE SUMMARY FOR SEPTEMBER 21 2014...

CLIMATE NORMAL PERIOD 1981 TO 2010
CLIMATE RECORD PERIOD 1895 TO 2014


WEATHER ITEM   OBSERVED TIME   RECORD YEAR NORMAL DEPARTURE LAST
                VALUE   (LST)  VALUE       VALUE  FROM      YEAR
                                                  NORMAL
..................................................................
TEMPERATURE (F)
 YESTERDAY
  MAXIMUM         99    416 PM 107    2011  98      1      103
                                      2003
                                      2001
  MINIMUM         80    700 AM  47    1965  75      5       81
  AVERAGE         90                        87      3       92

PRECIPITATION (IN)
  YESTERDAY        0.00          0.63 1937   0.02  -0.02     0.00
  MONTH TO DATE    3.45                      0.47   2.98     0.86
  SINCE OCT 1      8.49                      7.86   0.63     6.52
  SINCE JAN 1      5.67                      5.75  -0.08     5.60

SNOWFALL (IN)
  YESTERDAY        0.0
  MONTH TO DATE    0.0
  SINCE JAN 1      0.0
  SINCE JUL 1      0.0
  SNOW DEPTH       0

DEGREE DAYS
 HEATING
  YESTERDAY        0                         0      0        0
  MONTH TO DATE    0                         0      0        0
  SINCE SEP 1      0                         0      0        0
  SINCE JUL 1      0                         0      0        0

 COOLING
  YESTERDAY       25                        22      3       27
  MONTH TO DATE  540                       524     16      567
  SINCE SEP 1    540                       524     16      567
  SINCE JAN 1   4285                      3993    292     4455
..................................................................


WIND (MPH)
  HIGHEST WIND SPEED    12   HIGHEST WIND DIRECTION     W (290)
  HIGHEST GUST SPEED    18   HIGHEST GUST DIRECTION    NW (330)
  AVERAGE WIND SPEED     5.0


SKY COVER
  AVERAGE SKY COVER 0.3


WEATHER CONDITIONS
 THE FOLLOWING WEATHER WAS RECORDED YESTERDAY.
  NO SIGNIFICANT WEATHER WAS OBSERVED.


RELATIVE HUMIDITY (PERCENT)
 HIGHEST    69           500 AM
 LOWEST     20           200 PM
 AVERAGE    45

..........................................................


THE PHOENIX AZ CLIMATE NORMALS FOR TODAY
                         NORMAL    RECORD    YEAR
 MAXIMUM TEMPERATURE (F)   98       109      1989
 MINIMUM TEMPERATURE (F)   75        47      1895


SUNRISE AND SUNSET
SEPTEMBER 22 2014.....SUNRISE   616 AM MST   SUNSET   625 PM MST
SEPTEMBER 23 2014.....SUNRISE   617 AM MST   SUNSET   623 PM MST


-  INDICATES NEGATIVE NUMBERS.
R  INDICATES RECORD WAS SET OR TIED.
MM INDICATES DATA IS MISSING.
T  INDICATES TRACE AMOUNT.

&&
.....................................................................

DEW POINT
  HIGHEST DEW POINT    69
   LOWEST DEW POINT    49
  AVERAGE DEW POINT    58
.....................................................................

$$
