000
CDUS45 KPSR 230013
CLIPHX

CLIMATE REPORT
NATIONAL WEATHER SERVICE PHOENIX AZ
512 PM MST TUE APR 22 2014


...................................

...THE PHOENIX AZ CLIMATE SUMMARY FOR APRIL 22 2014...
VALID TODAY AS OF 0500 PM LOCAL TIME.

CLIMATE NORMAL PERIOD 1981 TO 2010
CLIMATE RECORD PERIOD 1895 TO 2014


WEATHER ITEM   OBSERVED TIME   RECORD YEAR NORMAL DEPARTURE LAST
                VALUE   (LST)  VALUE       VALUE  FROM      YEAR
                                                  NORMAL
..................................................................
TEMPERATURE (F)
 TODAY
  MAXIMUM         97    251 PM 105    2012  87     10       94
  MINIMUM         70    602 AM  39    1904  62      8       64
  AVERAGE         84                        75      9       79

PRECIPITATION (IN)
  TODAY            0.00          0.90 1908   0.01  -0.01     0.00
  MONTH TO DATE    T                         0.25  -0.25     0.06
  SINCE OCT 1      3.81                      5.18  -1.37     3.53
  SINCE JAN 1      0.99                      3.07  -2.08     2.61

SNOWFALL (IN)
  TODAY            0.0
  MONTH TO DATE    0.0
  SINCE JAN 1      0.0
  SINCE JUL 1      0.0
  SNOW DEPTH       0

DEGREE DAYS
 HEATING
  TODAY            0                         0      0        0
  MONTH TO DATE    5                        17    -12        0
  SINCE MAR 1     12                        98    -86       34
  SINCE JUL 1    546                       931   -385      881

 COOLING
  TODAY           19                        10      9       14
  MONTH TO DATE  227                       161     66      184
  SINCE MAR 1    364                       248    116      364
  SINCE JAN 1    426                       265    161      372
..................................................................


WIND (MPH)
  HIGHEST WIND SPEED    23   HIGHEST WIND DIRECTION     W (250)
  HIGHEST GUST SPEED    34   HIGHEST GUST DIRECTION     W (270)
  AVERAGE WIND SPEED     6.4


SKY COVER
  AVERAGE SKY COVER 0.5


WEATHER CONDITIONS
 THE FOLLOWING WEATHER WAS RECORDED TODAY.
  HAZE


RELATIVE HUMIDITY (PERCENT)
 HIGHEST    33           600 AM
 LOWEST     11           300 PM
 AVERAGE    22

..........................................................


THE PHOENIX AZ CLIMATE NORMALS FOR TOMORROW
                         NORMAL    RECORD    YEAR
 MAXIMUM TEMPERATURE (F)   87       103      2012
 MINIMUM TEMPERATURE (F)   62        40      1923


SUNRISE AND SUNSET
APRIL 22 2014.........SUNRISE   549 AM MST   SUNSET   704 PM MST
APRIL 23 2014.........SUNRISE   548 AM MST   SUNSET   705 PM MST


-  INDICATES NEGATIVE NUMBERS.
R  INDICATES RECORD WAS SET OR TIED.
MM INDICATES DATA IS MISSING.
T  INDICATES TRACE AMOUNT.

$$
