652
CDUS45 KPSR 100801
CLIPHX

CDUS45 KPSR DDHHMM
CLIPHX

CLIMATE REPORT
NATIONAL WEATHER SERVICE PHOENIX AZ
100 AM MST WED FEB 10 2016

...................................

...THE PHOENIX AZ CLIMATE SUMMARY FOR FEBRUARY 9 2016...

CLIMATE NORMAL PERIOD 1981 TO 2010
CLIMATE RECORD PERIOD 1895 TO 2016


WEATHER ITEM   OBSERVED TIME   RECORD YEAR NORMAL DEPARTURE LAST
                VALUE   (LST)  VALUE       VALUE  FROM      YEAR
                                                  NORMAL
..................................................................
TEMPERATURE (F)
 YESTERDAY
  MAXIMUM         86R   454 PM  84    1987  70     16       83
                                      1951
                                      1926
  MINIMUM         59    724 AM  28    1933  48     11       55
  AVERAGE         73                        59     14       69

PRECIPITATION (IN)
  YESTERDAY        0.00          0.88 1981   0.03  -0.03     0.00
  MONTH TO DATE    0.00                      0.26  -0.26     0.00
  SINCE OCT 1      2.48                      3.28  -0.80     1.85
  SINCE JAN 1      1.31                      1.17   0.14     0.81

SNOWFALL (IN)
  YESTERDAY        0.0
  MONTH TO DATE    0.0
  SINCE JAN 1      0.0
  SINCE JUL 1      0.0
  SNOW DEPTH       0

DEGREE DAYS
 HEATING
  YESTERDAY        0                         6     -6        0
  MONTH TO DATE   86                        62     24       11
  SINCE DEC 1    692                       629     63      427
  SINCE JUL 1    813                       732     81      481

 COOLING
  YESTERDAY        8                         0      8        4
  MONTH TO DATE   11                         0     11       16
  SINCE DEC 1     11                         3      8       26
  SINCE JAN 1     11                         2      9       16
..................................................................


WIND (MPH)
  HIGHEST WIND SPEED    20   HIGHEST WIND DIRECTION    NE (60)
  HIGHEST GUST SPEED    25   HIGHEST GUST DIRECTION     E (70)
  AVERAGE WIND SPEED     8.4


SKY COVER
  AVERAGE SKY COVER 0.0


WEATHER CONDITIONS
 THE FOLLOWING WEATHER WAS RECORDED YESTERDAY.
  NO SIGNIFICANT WEATHER WAS OBSERVED.


RELATIVE HUMIDITY (PERCENT)
 HIGHEST    25           400 AM
 LOWEST      8           200 PM
 AVERAGE    17

..........................................................


THE PHOENIX AZ CLIMATE NORMALS FOR TODAY
                         NORMAL    RECORD    YEAR
 MAXIMUM TEMPERATURE (F)   70        87      1951
 MINIMUM TEMPERATURE (F)   48        28      1939
                                             1933
                                             1929


SUNRISE AND SUNSET
FEBRUARY 10 2016......SUNRISE   717 AM MST   SUNSET   608 PM MST
FEBRUARY 11 2016......SUNRISE   716 AM MST   SUNSET   609 PM MST


-  INDICATES NEGATIVE NUMBERS.
R  INDICATES RECORD WAS SET OR TIED.
MM INDICATES DATA IS MISSING.
T  INDICATES TRACE AMOUNT.

&&
.....................................................................

DEW POINT
  HIGHEST DEW POINT    28
   LOWEST DEW POINT    17
  AVERAGE DEW POINT    22
.....................................................................

$$
