000
CDUS45 KPSR 220822
CLIPHX

CDUS45 KPSR DDHHMM
CLIPHX

CLIMATE REPORT
NATIONAL WEATHER SERVICE PHOENIX AZ
119 AM MST MON JAN 22 2018


...................................

...THE PHOENIX AZ CLIMATE SUMMARY FOR JANUARY 21 2018...

CLIMATE NORMAL PERIOD 1981 TO 2010
CLIMATE RECORD PERIOD 1895 TO 2018


WEATHER ITEM   OBSERVED TIME   RECORD YEAR NORMAL DEPARTURE LAST
                VALUE   (LST)  VALUE       VALUE  FROM      YEAR
                                                  NORMAL
..................................................................
TEMPERATURE (F)
 YESTERDAY
  MAXIMUM         58    355 PM  81    2014  68    -10       60
  MINIMUM         41    542 AM  24    1922  46     -5       46
                                      1898
  AVERAGE         50                        57     -7       53

PRECIPITATION (IN)
  YESTERDAY        0.00          1.33 2010   0.02  -0.02      T
  MONTH TO DATE    0.21                      0.63  -0.42     1.10
  SINCE OCT 1      0.44                      2.74  -2.30     2.93
  SINCE JAN 1      0.21                      0.63  -0.42     1.10

SNOWFALL (IN)
  YESTERDAY        0.0
  MONTH TO DATE    0.0
  SINCE JAN 1      0.0
  SINCE JUL 1      0.0
  SNOW DEPTH       0

DEGREE DAYS
 HEATING
  YESTERDAY       15                         8      7       12
  MONTH TO DATE   75                       191   -116      179
  SINCE DEC 1    268                       489   -221      390
  SINCE JUL 1    269                       592   -323      448

 COOLING
  YESTERDAY        0                         0      0        0
  MONTH TO DATE    5                         0      5        0
  SINCE DEC 1     24                         1     23        1
  SINCE JAN 1      5                         0      5        0
..................................................................


WIND (MPH)
  HIGHEST WIND SPEED    17   HIGHEST WIND DIRECTION     W (280)
  HIGHEST GUST SPEED    26   HIGHEST GUST DIRECTION     N (340)
  AVERAGE WIND SPEED     7.2


SKY COVER
  AVERAGE SKY COVER 0.1


WEATHER CONDITIONS
 THE FOLLOWING WEATHER WAS RECORDED YESTERDAY.
  NO SIGNIFICANT WEATHER WAS OBSERVED.


RELATIVE HUMIDITY (PERCENT)
 HIGHEST    62           200 AM
 LOWEST     20           600 PM
 AVERAGE    41

..........................................................


THE PHOENIX AZ CLIMATE NORMALS FOR TODAY
                         NORMAL    RECORD    YEAR
 MAXIMUM TEMPERATURE (F)   68        81      2013
 MINIMUM TEMPERATURE (F)   46        21      1937


SUNRISE AND SUNSET
JANUARY 22 2018.......SUNRISE   730 AM MST   SUNSET   550 PM MST
JANUARY 23 2018.......SUNRISE   729 AM MST   SUNSET   551 PM MST


-  INDICATES NEGATIVE NUMBERS.
R  INDICATES RECORD WAS SET OR TIED.
MM INDICATES DATA IS MISSING.
T  INDICATES TRACE AMOUNT.

&&
.....................................................................

DEW POINT
  HIGHEST DEW POINT    33
   LOWEST DEW POINT    16
  AVERAGE DEW POINT    23
.....................................................................

$$
