000
CDUS45 KPSR 300810
CLIPHX

CLIMATE REPORT
NATIONAL WEATHER SERVICE PHOENIX AZ
109 AM MST MON MAY 30 2016


...................................

...THE PHOENIX AZ CLIMATE SUMMARY FOR MAY 29 2016...

CLIMATE NORMAL PERIOD 1981 TO 2010
CLIMATE RECORD PERIOD 1895 TO 2016


WEATHER ITEM   OBSERVED TIME   RECORD YEAR NORMAL DEPARTURE LAST
                VALUE   (LST)  VALUE       VALUE  FROM      YEAR
                                                  NORMAL
..................................................................
TEMPERATURE (F)
 YESTERDAY
  MAXIMUM         98    450 PM 112    1910  99     -1      103
  MINIMUM         72    616 AM  50    1918  73     -1       73
  AVERAGE         85                        86     -1       88

PRECIPITATION (IN)
  YESTERDAY        0.00          0.08 1937   0.00   0.00     0.00
                                      1901
  MONTH TO DATE    0.05                      0.10  -0.05     1.17
  SINCE OCT 1      3.04                      5.31  -2.27     3.54
  SINCE JAN 1      1.87                      3.20  -1.33     2.50

SNOWFALL (IN)
  YESTERDAY        0.0
  MONTH TO DATE    0.0
  SINCE JAN 1      0.0
  SINCE JUL 1      0.0
  SNOW DEPTH       0

DEGREE DAYS
 HEATING
  YESTERDAY        0                         0      0        0
  MONTH TO DATE    0                         0      0        0
  SINCE MAR 1     16                       101    -85       25
  SINCE JUL 1    829                       934   -105      520

 COOLING
  YESTERDAY       20                        21     -1       23
  MONTH TO DATE  432                       489    -57      382
  SINCE MAR 1    857                       827     30      924
  SINCE JAN 1    970                       844    126      972
..................................................................


WIND (MPH)
  HIGHEST WIND SPEED    22   HIGHEST WIND DIRECTION     W (280)
  HIGHEST GUST SPEED    28   HIGHEST GUST DIRECTION     W (250)
  AVERAGE WIND SPEED     8.9


SKY COVER
  AVERAGE SKY COVER 0.0


WEATHER CONDITIONS
 THE FOLLOWING WEATHER WAS RECORDED YESTERDAY.
  NO SIGNIFICANT WEATHER WAS OBSERVED.


RELATIVE HUMIDITY (PERCENT)
 HIGHEST    29           500 AM
 LOWEST      5           500 PM
 AVERAGE    17

..........................................................


THE PHOENIX AZ CLIMATE NORMALS FOR TODAY
                         NORMAL    RECORD    YEAR
 MAXIMUM TEMPERATURE (F)   99       114      1910
 MINIMUM TEMPERATURE (F)   73        51      1918


SUNRISE AND SUNSET
MAY 30 2016...........SUNRISE   520 AM MST   SUNSET   732 PM MST
MAY 31 2016...........SUNRISE   519 AM MST   SUNSET   733 PM MST


-  INDICATES NEGATIVE NUMBERS.
R  INDICATES RECORD WAS SET OR TIED.
MM INDICATES DATA IS MISSING.
T  INDICATES TRACE AMOUNT.

&&
.....................................................................

DEW POINT
  HIGHEST DEW POINT    38
   LOWEST DEW POINT    16
  AVERAGE DEW POINT    28
.....................................................................

$$
