000
CDUS45 KPSR 290837
CLIPHX

CLIMATE REPORT
NATIONAL WEATHER SERVICE PHOENIX AZ
132 AM MST TUE JUL 29 2014


...................................

...THE PHOENIX AZ CLIMATE SUMMARY FOR JULY 28 2014...

CLIMATE NORMAL PERIOD 1981 TO 2010
CLIMATE RECORD PERIOD 1895 TO 2014


WEATHER ITEM   OBSERVED TIME   RECORD YEAR NORMAL DEPARTURE LAST
                VALUE   (LST)  VALUE       VALUE  FROM      YEAR
                                                  NORMAL
..................................................................
TEMPERATURE (F)
 YESTERDAY
  MAXIMUM        107    350 PM 121    1995 105      2      108
  MINIMUM         85    529 AM  66    1913  84      1       87
  AVERAGE         96                        95      1       98

PRECIPITATION (IN)
  YESTERDAY        0.00          1.90 1984   0.05  -0.05     0.00
  MONTH TO DATE    0.06                      0.93  -0.87     1.77
  SINCE OCT 1      3.87                      6.27  -2.40     5.30
  SINCE JAN 1      1.05                      4.16  -3.11     4.38

SNOWFALL (IN)
  YESTERDAY        0.0
  MONTH TO DATE    0.0
  SINCE JAN 1      0.0
  SINCE JUL 1      0.0
  SNOW DEPTH       0

DEGREE DAYS
 HEATING
  YESTERDAY        0                         0      0        0
  MONTH TO DATE    0                         0      0        0
  SINCE JUN 1      0                         0      0        0
  SINCE JUL 1      0                         0      0        0

 COOLING
  YESTERDAY       31                        30      1       33
  MONTH TO DATE  878                       837     41      861
  SINCE JUN 1   1733                      1611    122     1763
  SINCE JAN 1   2808                      2497    311     2861
..................................................................


WIND (MPH)
  HIGHEST WIND SPEED    16   HIGHEST WIND DIRECTION    SE (120)
  HIGHEST GUST SPEED    21   HIGHEST GUST DIRECTION    NW (320)
  AVERAGE WIND SPEED     6.8


SKY COVER
  AVERAGE SKY COVER 0.6


WEATHER CONDITIONS
 THE FOLLOWING WEATHER WAS RECORDED YESTERDAY.
  NO SIGNIFICANT WEATHER WAS OBSERVED.


RELATIVE HUMIDITY (PERCENT)
 HIGHEST    43           100 AM
 LOWEST     18           400 PM
 AVERAGE    31

..........................................................


THE PHOENIX AZ CLIMATE NORMALS FOR TODAY
                         NORMAL    RECORD    YEAR
 MAXIMUM TEMPERATURE (F)  105       115      1995
 MINIMUM TEMPERATURE (F)   84        68      1913


SUNRISE AND SUNSET
JULY 29 2014..........SUNRISE   539 AM MST   SUNSET   730 PM MST
JULY 30 2014..........SUNRISE   539 AM MST   SUNSET   729 PM MST


-  INDICATES NEGATIVE NUMBERS.
R  INDICATES RECORD WAS SET OR TIED.
MM INDICATES DATA IS MISSING.
T  INDICATES TRACE AMOUNT.

&&
.....................................................................

DEW POINT
  HIGHEST DEW POINT    63
   LOWEST DEW POINT    54
  AVERAGE DEW POINT    58
.....................................................................

$$
