000
CDUS45 KPSR 240829
CLIPHX

CLIMATE REPORT
NATIONAL WEATHER SERVICE PHOENIX AZ
127 AM MST FRI OCT 24 2014


...................................

...THE PHOENIX AZ CLIMATE SUMMARY FOR OCTOBER 23 2014...

CLIMATE NORMAL PERIOD 1981 TO 2010
CLIMATE RECORD PERIOD 1895 TO 2014


WEATHER ITEM   OBSERVED TIME   RECORD YEAR NORMAL DEPARTURE LAST
                VALUE   (LST)  VALUE       VALUE  FROM      YEAR
                                                  NORMAL
..................................................................
TEMPERATURE (F)
 YESTERDAY
  MAXIMUM         94    252 PM 100    2003  86      8       95
  MINIMUM         67    526 AM  37    1906  62      5       64
  AVERAGE         81                        74      7       80

PRECIPITATION (IN)
  YESTERDAY        0.00          0.52 1976   0.01  -0.01     0.00
                                      1907
  MONTH TO DATE    0.13                      0.43  -0.30      T
  SINCE OCT 1      0.13                      0.43  -0.30      T
  SINCE JAN 1      7.46                      6.35   1.11     5.60

SNOWFALL (IN)
  YESTERDAY        0.0
  MONTH TO DATE    0.0
  SINCE JAN 1      0.0
  SINCE JUL 1      0.0
  SNOW DEPTH       0

DEGREE DAYS
 HEATING
  YESTERDAY        0                         0      0        0
  MONTH TO DATE    0                         0      0        1
  SINCE SEP 1      0                         0      0        1
  SINCE JUL 1      0                         0      0        1

 COOLING
  YESTERDAY       16                         9      7       15
  MONTH TO DATE  351                       307     44      241
  SINCE SEP 1   1079                      1007     72      960
  SINCE JAN 1   4824                      4476    348     4848
..................................................................


WIND (MPH)
  HIGHEST WIND SPEED     9   HIGHEST WIND DIRECTION    SE (130)
  HIGHEST GUST SPEED    12   HIGHEST GUST DIRECTION     E (80)
  AVERAGE WIND SPEED     3.4


SKY COVER
  AVERAGE SKY COVER 0.1


WEATHER CONDITIONS
 THE FOLLOWING WEATHER WAS RECORDED YESTERDAY.
  NO SIGNIFICANT WEATHER WAS OBSERVED.


RELATIVE HUMIDITY (PERCENT)
 HIGHEST    57           300 AM
 LOWEST     20           300 PM
 AVERAGE    39

..........................................................


THE PHOENIX AZ CLIMATE NORMALS FOR TODAY
                         NORMAL    RECORD    YEAR
 MAXIMUM TEMPERATURE (F)   85        96      2007
                                             1990
                                             1959
 MINIMUM TEMPERATURE (F)   62        41      1920


SUNRISE AND SUNSET
OCTOBER 24 2014.......SUNRISE   640 AM MST   SUNSET   544 PM MST
OCTOBER 25 2014.......SUNRISE   641 AM MST   SUNSET   543 PM MST


-  INDICATES NEGATIVE NUMBERS.
R  INDICATES RECORD WAS SET OR TIED.
MM INDICATES DATA IS MISSING.
T  INDICATES TRACE AMOUNT.

&&
.....................................................................

DEW POINT
  HIGHEST DEW POINT    53
   LOWEST DEW POINT    45
  AVERAGE DEW POINT    49
.....................................................................

$$
