000
CDUS45 KPSR 260021
CLIPHX

CLIMATE REPORT
NATIONAL WEATHER SERVICE PHOENIX AZ
518 PM MST MON SEP 25 2017


...................................

...THE PHOENIX AZ CLIMATE SUMMARY FOR SEPTEMBER 25 2017...
VALID TODAY AS OF 0500 PM LOCAL TIME.

CLIMATE NORMAL PERIOD 1981 TO 2010
CLIMATE RECORD PERIOD 1895 TO 2017


WEATHER ITEM   OBSERVED TIME   RECORD YEAR NORMAL DEPARTURE LAST
                VALUE   (LST)  VALUE       VALUE  FROM      YEAR
                                                  NORMAL
..................................................................
TEMPERATURE (F)
 TODAY
  MAXIMUM         89    451 PM 108    1989  97     -8       95
                                      1979
  MINIMUM         62    555 AM  49    1913  74    -12       67
  AVERAGE         76                        85     -9       81

PRECIPITATION (IN)
  TODAY            0.00          0.42 1984   0.01  -0.01     0.00
  MONTH TO DATE    T                         0.54  -0.54     0.30
  SINCE OCT 1      6.56                      7.93  -1.37     5.51
  SINCE JAN 1      4.73                      5.82  -1.09     4.34

SNOWFALL (IN)
  TODAY            0.0
  MONTH TO DATE    0.0
  SINCE JAN 1      0.0
  SINCE JUL 1      0.0
  SNOW DEPTH       0

DEGREE DAYS
 HEATING
  TODAY            0                         0      0        0
  MONTH TO DATE    0                         0      0        0
  SINCE SEP 1      0                         0      0        0
  SINCE JUL 1      0                         0      0        0

 COOLING
  TODAY           11                        20     -9       16
  MONTH TO DATE  613                       607      6      565
  SINCE SEP 1    613                       607      6      565
  SINCE JAN 1   4430                      4076    354     4317
..................................................................


WIND (MPH)
  HIGHEST WIND SPEED    12   HIGHEST WIND DIRECTION     W (270)
  HIGHEST GUST SPEED    16   HIGHEST GUST DIRECTION     W (270)
  AVERAGE WIND SPEED     3.7


SKY COVER
  AVERAGE SKY COVER 0.1


WEATHER CONDITIONS
 THE FOLLOWING WEATHER WAS RECORDED TODAY.
  NO SIGNIFICANT WEATHER WAS OBSERVED.


RELATIVE HUMIDITY (PERCENT)
 HIGHEST    25           600 AM
 LOWEST      7           200 PM
 AVERAGE    16

..........................................................


THE PHOENIX AZ CLIMATE NORMALS FOR TOMORROW
                         NORMAL    RECORD    YEAR
 MAXIMUM TEMPERATURE (F)   96       108      1989
 MINIMUM TEMPERATURE (F)   73        50      1900


SUNRISE AND SUNSET
SEPTEMBER 25 2017.....SUNRISE   618 AM MST   SUNSET   620 PM MST
SEPTEMBER 26 2017.....SUNRISE   619 AM MST   SUNSET   619 PM MST


-  INDICATES NEGATIVE NUMBERS.
R  INDICATES RECORD WAS SET OR TIED.
MM INDICATES DATA IS MISSING.
T  INDICATES TRACE AMOUNT.

$$
