000
CDUS45 KPSR 060815
CLIPHX

CLIMATE REPORT
NATIONAL WEATHER SERVICE PHOENIX AZ
114 AM MST FRI MAY 6 2016


...................................

...THE PHOENIX AZ CLIMATE SUMMARY FOR MAY 5 2016...

CLIMATE NORMAL PERIOD 1981 TO 2010
CLIMATE RECORD PERIOD 1895 TO 2016


WEATHER ITEM   OBSERVED TIME   RECORD YEAR NORMAL DEPARTURE LAST
                VALUE   (LST)  VALUE       VALUE  FROM      YEAR
                                                  NORMAL
..................................................................
TEMPERATURE (F)
 YESTERDAY
  MAXIMUM         97    345 PM 105    1989  91      6       86
                                      1947
  MINIMUM         72    559 AM  45    1964  66      6       67
                                      1905
  AVERAGE         85                        79      6       77

PRECIPITATION (IN)
  YESTERDAY        0.00          0.46 1930   0.00   0.00     0.00
  MONTH TO DATE    T                         0.02  -0.02     0.24
  SINCE OCT 1      2.99                      5.23  -2.24     2.61
  SINCE JAN 1      1.82                      3.12  -1.30     1.57

SNOWFALL (IN)
  YESTERDAY        0.0
  MONTH TO DATE    0.0
  SINCE JAN 1      0.0
  SINCE JUL 1      0.0
  SNOW DEPTH       0

DEGREE DAYS
 HEATING
  YESTERDAY        0                         0      0        0
  MONTH TO DATE    0                         0      0        0
  SINCE MAR 1     16                       101    -85       25
  SINCE JUL 1    829                       934   -105      520

 COOLING
  YESTERDAY       20                        14      6       12
  MONTH TO DATE   69                        67      2       84
  SINCE MAR 1    494                       405     89      626
  SINCE JAN 1    607                       422    185      674
..................................................................


WIND (MPH)
  HIGHEST WIND SPEED    30   HIGHEST WIND DIRECTION     W (270)
  HIGHEST GUST SPEED    37   HIGHEST GUST DIRECTION     W (270)
  AVERAGE WIND SPEED    12.1


SKY COVER
  AVERAGE SKY COVER 0.4


WEATHER CONDITIONS
 THE FOLLOWING WEATHER WAS RECORDED YESTERDAY.
  NO SIGNIFICANT WEATHER WAS OBSERVED.


RELATIVE HUMIDITY (PERCENT)
 HIGHEST    21           300 AM
 LOWEST      6           200 PM
 AVERAGE    14

..........................................................


THE PHOENIX AZ CLIMATE NORMALS FOR TODAY
                         NORMAL    RECORD    YEAR
 MAXIMUM TEMPERATURE (F)   92       105      1947
 MINIMUM TEMPERATURE (F)   67        44      1964


SUNRISE AND SUNSET
MAY  6 2016...........SUNRISE   535 AM MST   SUNSET   715 PM MST
MAY  7 2016...........SUNRISE   534 AM MST   SUNSET   716 PM MST


-  INDICATES NEGATIVE NUMBERS.
R  INDICATES RECORD WAS SET OR TIED.
MM INDICATES DATA IS MISSING.
T  INDICATES TRACE AMOUNT.

&&
.....................................................................

DEW POINT
  HIGHEST DEW POINT    34
   LOWEST DEW POINT    18
  AVERAGE DEW POINT    27
.....................................................................

$$
