000
CDUS45 KPSR 060812
CLIPHX

CLIMATE REPORT
NATIONAL WEATHER SERVICE PHOENIX AZ
111 AM MST MON JUL 6 2015


...................................

...THE PHOENIX AZ CLIMATE SUMMARY FOR JULY 5 2015...

CLIMATE NORMAL PERIOD 1981 TO 2010
CLIMATE RECORD PERIOD 1895 TO 2015


WEATHER ITEM   OBSERVED TIME   RECORD YEAR NORMAL DEPARTURE LAST
                VALUE   (LST)  VALUE       VALUE  FROM      YEAR
                                                  NORMAL
..................................................................
TEMPERATURE (F)
 YESTERDAY
  MAXIMUM        102    135 PM 116    1983 107     -5      103
  MINIMUM         84   1154 PM  63    1912  83      1       84
  AVERAGE         93                        95     -2       94

PRECIPITATION (IN)
  YESTERDAY        0.00          0.18 1906   0.02  -0.02     0.01
  MONTH TO DATE    0.08                      0.09  -0.01     0.01
  SINCE OCT 1      3.87                      5.43  -1.56     3.82
  SINCE JAN 1      2.83                      3.32  -0.49     1.00

SNOWFALL (IN)
  YESTERDAY        0.0
  MONTH TO DATE    0.0
  SINCE JAN 1      0.0
  SINCE JUL 1      0.0
  SNOW DEPTH       0

DEGREE DAYS
 HEATING
  YESTERDAY        0                         0      0        0
  MONTH TO DATE    0                         0      0        0
  SINCE JUN 1      0                         0      0        0
  SINCE JUL 1      0                         0      0        0

 COOLING
  YESTERDAY       28                        30     -2       29
  MONTH TO DATE  147                       147      0      149
  SINCE JUN 1   1023                       921    102     1004
  SINCE JAN 1   2048                      1807    241     2079
..................................................................


WIND (MPH)
  HIGHEST WIND SPEED    28   HIGHEST WIND DIRECTION     S (170)
  HIGHEST GUST SPEED    40   HIGHEST GUST DIRECTION     S (160)
  AVERAGE WIND SPEED    10.6


SKY COVER
  AVERAGE SKY COVER 0.8


WEATHER CONDITIONS
 THE FOLLOWING WEATHER WAS RECORDED YESTERDAY.
  SANDSTORM


RELATIVE HUMIDITY (PERCENT)
 HIGHEST    55           800 PM
 LOWEST     21           200 PM
 AVERAGE    38

..........................................................


THE PHOENIX AZ CLIMATE NORMALS FOR TODAY
                         NORMAL    RECORD    YEAR
 MAXIMUM TEMPERATURE (F)  107       116      1942
                                             1905
 MINIMUM TEMPERATURE (F)   83        65      1902


SUNRISE AND SUNSET
JULY  6 2015..........SUNRISE   524 AM MST   SUNSET   741 PM MST
JULY  7 2015..........SUNRISE   525 AM MST   SUNSET   741 PM MST


-  INDICATES NEGATIVE NUMBERS.
R  INDICATES RECORD WAS SET OR TIED.
MM INDICATES DATA IS MISSING.
T  INDICATES TRACE AMOUNT.

&&
.....................................................................

DEW POINT
  HIGHEST DEW POINT    67
   LOWEST DEW POINT    54
  AVERAGE DEW POINT    61
.....................................................................

$$
