000
CDUS45 KPSR 210835
CLIPHX

CLIMATE REPORT
NATIONAL WEATHER SERVICE PHOENIX AZ
135 AM MST SAT JAN 21 2017


...................................

...THE PHOENIX AZ CLIMATE SUMMARY FOR JANUARY 20 2017...

CLIMATE NORMAL PERIOD 1981 TO 2010
CLIMATE RECORD PERIOD 1895 TO 2017


WEATHER ITEM   OBSERVED TIME   RECORD YEAR NORMAL DEPARTURE LAST
                VALUE   (LST)  VALUE       VALUE  FROM      YEAR
                                                  NORMAL
..................................................................
TEMPERATURE (F)
 YESTERDAY
  MAXIMUM         53   1159 PM  84    1950  68    -15       72
  MINIMUM         48    559 AM  22    1963  46      2       47
  AVERAGE         51                        57     -6       60

PRECIPITATION (IN)
  YESTERDAY        0.86R         0.77 1933   0.03   0.83     0.00
  MONTH TO DATE    1.10                      0.61   0.49     1.13
  SINCE OCT 1      2.93                      2.72   0.21     2.30
  SINCE JAN 1      1.10                      0.61   0.49     1.13

SNOWFALL (IN)
  YESTERDAY       MM
  MONTH TO DATE    0.0
  SINCE JAN 1      0.0
  SINCE JUL 1      0.0
  SNOW DEPTH       0

DEGREE DAYS
 HEATING
  YESTERDAY       14                         8      6        5
  MONTH TO DATE  167                       183    -16      215
  SINCE DEC 1    378                       481   -103      541
  SINCE JUL 1    436                       584   -148      662

 COOLING
  YESTERDAY        0                         0      0        0
  MONTH TO DATE    0                         0      0        0
  SINCE DEC 1      1                         1      0        0
  SINCE JAN 1      0                         0      0        0
..................................................................


WIND (MPH)
  HIGHEST WIND SPEED    18   HIGHEST WIND DIRECTION     S (180)
  HIGHEST GUST SPEED    24   HIGHEST GUST DIRECTION     S (180)
  AVERAGE WIND SPEED     8.1


SKY COVER
  AVERAGE SKY COVER 0.9


WEATHER CONDITIONS
 THE FOLLOWING WEATHER WAS RECORDED YESTERDAY.
  HEAVY RAIN
  RAIN
  LIGHT RAIN
  FOG


RELATIVE HUMIDITY (PERCENT)
 HIGHEST    96           400 PM
 LOWEST     77          1000 AM
 AVERAGE    87

..........................................................


THE PHOENIX AZ CLIMATE NORMALS FOR TODAY
                         NORMAL    RECORD    YEAR
 MAXIMUM TEMPERATURE (F)   68        81      2014
 MINIMUM TEMPERATURE (F)   46        24      1922
                                             1898


SUNRISE AND SUNSET
JANUARY 21 2017.......SUNRISE   730 AM MST   SUNSET   549 PM MST
JANUARY 22 2017.......SUNRISE   730 AM MST   SUNSET   550 PM MST


-  INDICATES NEGATIVE NUMBERS.
R  INDICATES RECORD WAS SET OR TIED.
MM INDICATES DATA IS MISSING.
T  INDICATES TRACE AMOUNT.

&&
.....................................................................

DEW POINT
  HIGHEST DEW POINT    50
   LOWEST DEW POINT    45
  AVERAGE DEW POINT    48
.....................................................................

$$
