000
CDUS45 KPSR 290851
CLIPHX

CLIMATE REPORT
NATIONAL WEATHER SERVICE PHOENIX AZ
147 AM MST MON DEC 29 2014


...................................

...THE PHOENIX AZ CLIMATE SUMMARY FOR DECEMBER 28 2014...

CLIMATE NORMAL PERIOD 1981 TO 2010
CLIMATE RECORD PERIOD 1895 TO 2014


WEATHER ITEM   OBSERVED TIME   RECORD YEAR NORMAL DEPARTURE LAST
                VALUE   (LST)  VALUE       VALUE  FROM      YEAR
                                                  NORMAL
..................................................................
TEMPERATURE (F)
 YESTERDAY
  MAXIMUM         60    325 PM  78    1917  65     -5       67
  MINIMUM         36    800 AM  24    1954  44     -8       46
  AVERAGE         48                        55     -7       57

PRECIPITATION (IN)
  YESTERDAY        0.00          0.79 1972   0.03  -0.03     0.00
  MONTH TO DATE    0.80                      0.79   0.01     0.39
  SINCE OCT 1      0.93                      2.02  -1.09     2.82
  SINCE JAN 1      8.26                      7.94   0.32     8.42

SNOWFALL (IN)
  YESTERDAY        0.0
  MONTH TO DATE    0.0
  SINCE JAN 1      0.0
  SINCE JUL 1      0.0
  SNOW DEPTH       0

DEGREE DAYS
 HEATING
  YESTERDAY       17                        10      7        8
  MONTH TO DATE  175                       264    -89      237
  SINCE DEC 1    175                       264    -89      237
  SINCE JUL 1    229                       367   -138      292

 COOLING
  YESTERDAY        0                         0      0        0
  MONTH TO DATE   10                         0     10        0
  SINCE DEC 1     10                         0     10        0
  SINCE JAN 1   5046                      4606    440     5023
..................................................................


WIND (MPH)
  HIGHEST WIND SPEED     7   HIGHEST WIND DIRECTION     E (100)
  HIGHEST GUST SPEED    10   HIGHEST GUST DIRECTION    NW (300)
  AVERAGE WIND SPEED     3.5


SKY COVER
  AVERAGE SKY COVER 0.4


WEATHER CONDITIONS
 THE FOLLOWING WEATHER WAS RECORDED YESTERDAY.
  NO SIGNIFICANT WEATHER WAS OBSERVED.


RELATIVE HUMIDITY (PERCENT)
 HIGHEST    64           800 AM
 LOWEST     19           100 PM
 AVERAGE    42

..........................................................


THE PHOENIX AZ CLIMATE NORMALS FOR TODAY
                         NORMAL    RECORD    YEAR
 MAXIMUM TEMPERATURE (F)   65        85      1980
 MINIMUM TEMPERATURE (F)   44        26      1966


SUNRISE AND SUNSET
DECEMBER 29 2014......SUNRISE   731 AM MST   SUNSET   529 PM MST
DECEMBER 30 2014......SUNRISE   732 AM MST   SUNSET   530 PM MST


-  INDICATES NEGATIVE NUMBERS.
R  INDICATES RECORD WAS SET OR TIED.
MM INDICATES DATA IS MISSING.
T  INDICATES TRACE AMOUNT.

&&
.....................................................................

DEW POINT
  HIGHEST DEW POINT    26
   LOWEST DEW POINT    16
  AVERAGE DEW POINT    21
.....................................................................

$$
