000
CDUS43 KILX 202147
CLIPIA


CLIMATE REPORT
NATIONAL WEATHER SERVICE LINCOLN IL
446 PM CDT WED AUG 20 2014


...................................

...THE PEORIA IL CLIMATE SUMMARY FOR AUGUST 20 2014...
VALID TODAY AS OF 0400 PM LOCAL TIME.

CLIMATE NORMAL PERIOD 1981 TO 2010
CLIMATE RECORD PERIOD 1883 TO 2014


WEATHER ITEM   OBSERVED TIME   RECORD YEAR NORMAL DEPARTURE LAST
                VALUE   (LST)  VALUE       VALUE  FROM      YEAR
                                                  NORMAL
..................................................................
TEMPERATURE (F)
 TODAY
  MAXIMUM         81    256 PM 102    1983  84     -3       88
  MINIMUM         65    541 AM  43    1950  64      1       65
  AVERAGE         73                        74     -1       77

PRECIPITATION (IN)
  TODAY            0.03          2.27 1990   0.10  -0.07     0.00
  MONTH TO DATE    4.26                      2.07   2.19     0.33
  SINCE JUN 1     15.42                      9.45   5.97     4.31
  SINCE JAN 1     27.40                     23.78   3.62    31.83

SNOWFALL (IN)
  TODAY            0.0           0.0    MM   0.0    0.0      0.0
  MONTH TO DATE    0.0                       0.0    0.0      0.0
  SINCE JUN 1      0.0                       0.0    0.0      0.0
  SINCE JUL 1      0.0                       0.0    0.0      0.0
  SNOW DEPTH       0

DEGREE DAYS
 HEATING
  TODAY            0                         0      0        0
  MONTH TO DATE    0                         0      0        1
  SINCE JUN 1      2                        19    -17       23
  SINCE JUL 1      2                         1      1        5

 COOLING
  TODAY            8                         9     -1       12
  MONTH TO DATE  172                       189    -17      142
  SINCE JUN 1    696                       739    -43      665
  SINCE JAN 1    854                       820     34      772
..................................................................


WIND (MPH)
  HIGHEST WIND SPEED    15   HIGHEST WIND DIRECTION    SW (210)
  HIGHEST GUST SPEED    18   HIGHEST GUST DIRECTION     S (200)
  AVERAGE WIND SPEED     4.4


SKY COVER
  POSSIBLE SUNSHINE  MM
  AVERAGE SKY COVER 0.2


WEATHER CONDITIONS
 THE FOLLOWING WEATHER WAS RECORDED TODAY.
  THUNDERSTORM
  LIGHT RAIN
  FOG
  HAZE


RELATIVE HUMIDITY (PERCENT)
 HIGHEST    90           100 AM
 LOWEST     67           300 PM
 AVERAGE    79

..........................................................


THE PEORIA IL CLIMATE NORMALS FOR TOMORROW
                         NORMAL    RECORD    YEAR
 MAXIMUM TEMPERATURE (F)   84        99      1983
                                             1936
 MINIMUM TEMPERATURE (F)   64        45      1950


SUNRISE AND SUNSET
AUGUST 20 2014........SUNRISE   614 AM CDT   SUNSET   749 PM CDT
AUGUST 21 2014........SUNRISE   615 AM CDT   SUNSET   748 PM CDT


-  INDICATES NEGATIVE NUMBERS.
R  INDICATES RECORD WAS SET OR TIED.
MM INDICATES DATA IS MISSING.
T  INDICATES TRACE AMOUNT.




$$
