000
CDUS43 KILX 042141
CLIPIA


CLIMATE REPORT
NATIONAL WEATHER SERVICE LINCOLN IL
440 PM CDT TUE AUG 4 2015


...................................

...THE PEORIA IL CLIMATE SUMMARY FOR AUGUST 4 2015...
VALID TODAY AS OF 0400 PM LOCAL TIME.

CLIMATE NORMAL PERIOD 1981 TO 2010
CLIMATE RECORD PERIOD 1883 TO 2015


WEATHER ITEM   OBSERVED TIME   RECORD YEAR NORMAL DEPARTURE LAST
                VALUE   (LST)  VALUE       VALUE  FROM      YEAR
                                                  NORMAL
..................................................................
TEMPERATURE (F)
 TODAY
  MAXIMUM         84   1247 PM 102    1930  85     -1       87
  MINIMUM         62    534 AM  44    1912  65     -3       66
  AVERAGE         73                        75     -2       77

PRECIPITATION (IN)
  TODAY            0.00          1.54 2014   0.11  -0.11     1.54
  MONTH TO DATE    0.00                      0.44  -0.44     2.18
  SINCE JUN 1     17.44                      7.82   9.62    13.34
  SINCE JAN 1     30.21                     22.15   8.06    25.32

SNOWFALL (IN)
  TODAY            0.0           0.0    MM   0.0    0.0      0.0
  MONTH TO DATE    0.0                       0.0    0.0      0.0
  SINCE JUN 1      0.0                       0.0    0.0      0.0
  SINCE JUL 1      0.0                       0.0    0.0      0.0
  SNOW DEPTH       0

DEGREE DAYS
 HEATING
  TODAY            0                         0      0        0
  MONTH TO DATE    0                         0      0        0
  SINCE JUN 1     12                        19     -7        2
  SINCE JUL 1      5                         1      4        2

 COOLING
  TODAY            8                        10     -2       12
  MONTH TO DATE   48                        40      8       40
  SINCE JUN 1    704                       590    114      564
  SINCE JAN 1    858                       671    187      722
..................................................................


WIND (MPH)
  HIGHEST WIND SPEED    12   HIGHEST WIND DIRECTION     W (280)
  HIGHEST GUST SPEED    14   HIGHEST GUST DIRECTION     W (290)
  AVERAGE WIND SPEED     2.7


SKY COVER
  POSSIBLE SUNSHINE  MM
  AVERAGE SKY COVER 0.0


WEATHER CONDITIONS
 THE FOLLOWING WEATHER WAS RECORDED TODAY.
  NO SIGNIFICANT WEATHER WAS OBSERVED.


RELATIVE HUMIDITY (PERCENT)
 HIGHEST    84           300 AM
 LOWEST     43          1200 PM
 AVERAGE    64

..........................................................


THE PEORIA IL CLIMATE NORMALS FOR TOMORROW
                         NORMAL    RECORD    YEAR
 MAXIMUM TEMPERATURE (F)   85       104      1918
 MINIMUM TEMPERATURE (F)   65        51      1994
                                             1978
                                             1974


SUNRISE AND SUNSET
AUGUST  4 2015........SUNRISE   558 AM CDT   SUNSET   811 PM CDT
AUGUST  5 2015........SUNRISE   559 AM CDT   SUNSET   810 PM CDT


-  INDICATES NEGATIVE NUMBERS.
R  INDICATES RECORD WAS SET OR TIED.
MM INDICATES DATA IS MISSING.
T  INDICATES TRACE AMOUNT.




$$
