000
CDUS43 KILX 270648
CLIPIA


CLIMATE REPORT
NATIONAL WEATHER SERVICE LINCOLN IL
1241 AM CST FRI FEB 27 2015


...................................

...THE PEORIA IL CLIMATE SUMMARY FOR FEBRUARY 26 2015...

CLIMATE NORMAL PERIOD 1981 TO 2010
CLIMATE RECORD PERIOD 1883 TO 2015


WEATHER ITEM   OBSERVED TIME   RECORD YEAR NORMAL DEPARTURE LAST
                VALUE   (LST)  VALUE       VALUE  FROM      YEAR
                                                  NORMAL
..................................................................
TEMPERATURE (F)
 YESTERDAY
  MAXIMUM         22   1232 AM  71    1996  42    -20       23
  MINIMUM          2   1159 PM -13    1963  25    -23        0
  AVERAGE         12                        33    -21       12

PRECIPITATION (IN)
  YESTERDAY        0.05          1.28 1997   0.07  -0.02     0.00
  MONTH TO DATE    1.46                      1.63  -0.17     2.77
  SINCE DEC 1      4.91                      5.83  -0.92     6.36
  SINCE JAN 1      3.68                      3.41   0.27     4.87

SNOWFALL (IN)
  YESTERDAY        0.4           5.5  1913   0.1    0.3      0.0
  MONTH TO DATE   12.3                       5.8    6.5     22.9
  SINCE DEC 1     22.5                      19.8    2.7     49.6
  SINCE JUL 1     23.8                      20.9    2.9     50.2
  SNOW DEPTH       3

DEGREE DAYS
 HEATING
  YESTERDAY       53                        32     21       53
  MONTH TO DATE 1180                       933    247     1219
  SINCE DEC 1   3354                      3306     48     3905
  SINCE JUL 1   4595                      4454    141     5087

 COOLING
  YESTERDAY        0                         0      0        0
  MONTH TO DATE    0                         0      0        0
  SINCE DEC 1      0                         0      0        0
  SINCE JAN 1      0                         0      0        0
..................................................................


WIND (MPH)
  HIGHEST WIND SPEED    15   HIGHEST WIND DIRECTION     N (360)
  HIGHEST GUST SPEED    21   HIGHEST GUST DIRECTION     N (10)
  AVERAGE WIND SPEED     8.6


SKY COVER
  POSSIBLE SUNSHINE  MM
  AVERAGE SKY COVER 0.8


WEATHER CONDITIONS
 THE FOLLOWING WEATHER WAS RECORDED YESTERDAY.
  LIGHT SNOW
  FOG
  HAZE


RELATIVE HUMIDITY (PERCENT)
 HIGHEST    84           100 AM
 LOWEST     56           200 PM
 AVERAGE    70

..........................................................


THE PEORIA IL CLIMATE NORMALS FOR TODAY
                         NORMAL    RECORD    YEAR
 MAXIMUM TEMPERATURE (F)   42        72      1976
 MINIMUM TEMPERATURE (F)   25        -9      1934


SUNRISE AND SUNSET
FEBRUARY 27 2015......SUNRISE   636 AM CST   SUNSET   547 PM CST
FEBRUARY 28 2015......SUNRISE   635 AM CST   SUNSET   549 PM CST


-  INDICATES NEGATIVE NUMBERS.
R  INDICATES RECORD WAS SET OR TIED.
MM INDICATES DATA IS MISSING.
T  INDICATES TRACE AMOUNT.




$$
