000
CDUS43 KILX 270631
CLIPIA


CLIMATE REPORT
NATIONAL WEATHER SERVICE LINCOLN IL
130 AM CDT TUE JUN 27 2017


...................................

...THE PEORIA IL CLIMATE SUMMARY FOR JUNE 26 2017...

CLIMATE NORMAL PERIOD 1981 TO 2010
CLIMATE RECORD PERIOD 1883 TO 2017


WEATHER ITEM   OBSERVED TIME   RECORD YEAR NORMAL DEPARTURE LAST
                VALUE   (LST)  VALUE       VALUE  FROM      YEAR
                                                  NORMAL
..................................................................
TEMPERATURE (F)
 YESTERDAY
  MAXIMUM         72    148 PM 102    1934  85    -13       90
  MINIMUM         51    442 AM  48    1926  64    -13       69
  AVERAGE         62                        75    -13       80

PRECIPITATION (IN)
  YESTERDAY        0.01          1.07 1973   0.12  -0.11      T
  MONTH TO DATE    1.61                      3.06  -1.45     3.13
  SINCE JUN 1      1.61                      3.06  -1.45     3.13
  SINCE JAN 1     20.10                     17.39   2.71    12.24

SNOWFALL (IN)
  YESTERDAY        0.0           0.0    MM   0.0    0.0      0.0
  MONTH TO DATE    0.0                       0.0    0.0      0.0
  SINCE JUN 1      0.0                       0.0    0.0      0.0
  SINCE JUL 1     13.9                      24.6  -10.7     15.3
  SNOW DEPTH       0

DEGREE DAYS
 HEATING
  YESTERDAY        3                         0      3        0
  MONTH TO DATE    4                        17    -13        0
  SINCE JUN 1      4                        17    -13        0
  SINCE JUL 1   4705                      5830  -1125     4641

 COOLING
  YESTERDAY        0                        10    -10       15
  MONTH TO DATE  230                       182     48      304
  SINCE JUN 1    230                       182     48      304
  SINCE JAN 1    311                       263     48      410
..................................................................


WIND (MPH)
  HIGHEST WIND SPEED    23   HIGHEST WIND DIRECTION     W (270)
  HIGHEST GUST SPEED    29   HIGHEST GUST DIRECTION     W (260)
  AVERAGE WIND SPEED     4.7


SKY COVER
  POSSIBLE SUNSHINE  MM
  AVERAGE SKY COVER 0.2


WEATHER CONDITIONS
 THE FOLLOWING WEATHER WAS RECORDED YESTERDAY.
  LIGHT RAIN


RELATIVE HUMIDITY (PERCENT)
 HIGHEST    93           100 AM
 LOWEST     47           200 PM
 AVERAGE    70

..........................................................


THE PEORIA IL CLIMATE NORMALS FOR TODAY
                         NORMAL    RECORD    YEAR
 MAXIMUM TEMPERATURE (F)   85       104      1934
 MINIMUM TEMPERATURE (F)   65        47      1905


SUNRISE AND SUNSET
JUNE 27 2017..........SUNRISE   530 AM CDT   SUNSET   834 PM CDT
JUNE 28 2017..........SUNRISE   530 AM CDT   SUNSET   834 PM CDT


-  INDICATES NEGATIVE NUMBERS.
R  INDICATES RECORD WAS SET OR TIED.
MM INDICATES DATA IS MISSING.
T  INDICATES TRACE AMOUNT.




$$
