000
CDUS43 KILX 220647
CLIPIA


CLIMATE REPORT
NATIONAL WEATHER SERVICE LINCOLN IL
147 AM CDT MON SEP 22 2014


...................................

...THE PEORIA IL CLIMATE SUMMARY FOR SEPTEMBER 21 2014...

CLIMATE NORMAL PERIOD 1981 TO 2010
CLIMATE RECORD PERIOD 1883 TO 2014


WEATHER ITEM   OBSERVED TIME   RECORD YEAR NORMAL DEPARTURE LAST
                VALUE   (LST)  VALUE       VALUE  FROM      YEAR
                                                  NORMAL
..................................................................
TEMPERATURE (F)
 YESTERDAY
  MAXIMUM         73   1226 AM  93    1940  75     -2       71
                                      1931
                                      1887
  MINIMUM         53   1159 PM  35    1995  53      0       50
  AVERAGE         63                        64     -1       61

PRECIPITATION (IN)
  YESTERDAY        0.00          3.63 1888   0.10  -0.10     0.00
  MONTH TO DATE    4.98                      2.27   2.71     1.31
  SINCE SEP 1      4.98                      2.27   2.71     1.31
  SINCE JAN 1     35.06                     27.22   7.84    33.14

SNOWFALL (IN)
  YESTERDAY        0.0           0.0    MM   0.0    0.0      0.0
  MONTH TO DATE    0.0                       0.0    0.0      0.0
  SINCE SEP 1      0.0                       0.0    0.0      0.0
  SINCE JUL 1      0.0                       0.0    0.0      0.0
  SNOW DEPTH       0

DEGREE DAYS
 HEATING
  YESTERDAY        2                         4     -2        4
  MONTH TO DATE   66                        37     29       15
  SINCE SEP 1     66                        37     29       15
  SINCE JUL 1     68                        43     25       20

 COOLING
  YESTERDAY        0                         3     -3        0
  MONTH TO DATE   82                       100    -18      173
  SINCE SEP 1     82                       100    -18      173
  SINCE JAN 1   1106                      1007     99     1115
..................................................................


WIND (MPH)
  HIGHEST WIND SPEED    17   HIGHEST WIND DIRECTION    NW (300)
  HIGHEST GUST SPEED    30   HIGHEST GUST DIRECTION     W (290)
  AVERAGE WIND SPEED     8.3


SKY COVER
  POSSIBLE SUNSHINE  MM
  AVERAGE SKY COVER 0.2


WEATHER CONDITIONS
 THE FOLLOWING WEATHER WAS RECORDED YESTERDAY.
  NO SIGNIFICANT WEATHER WAS OBSERVED.


RELATIVE HUMIDITY (PERCENT)
 HIGHEST    84          1200 AM
 LOWEST     47          1100 AM
 AVERAGE    66

..........................................................


THE PEORIA IL CLIMATE NORMALS FOR TODAY
                         NORMAL    RECORD    YEAR
 MAXIMUM TEMPERATURE (F)   75        93      1930
 MINIMUM TEMPERATURE (F)   52        34      1995


SUNRISE AND SUNSET
SEPTEMBER 22 2014.....SUNRISE   646 AM CDT   SUNSET   656 PM CDT
SEPTEMBER 23 2014.....SUNRISE   647 AM CDT   SUNSET   654 PM CDT


-  INDICATES NEGATIVE NUMBERS.
R  INDICATES RECORD WAS SET OR TIED.
MM INDICATES DATA IS MISSING.
T  INDICATES TRACE AMOUNT.




$$
