000
CDUS43 KILX 042128
CLIPIA


CLIMATE REPORT
NATIONAL WEATHER SERVICE LINCOLN IL
428 PM CDT SAT JUL 4 2015


...................................

...THE PEORIA IL CLIMATE SUMMARY FOR JULY 4 2015...
VALID TODAY AS OF 0400 PM LOCAL TIME.

CLIMATE NORMAL PERIOD 1981 TO 2010
CLIMATE RECORD PERIOD 1883 TO 2015


WEATHER ITEM   OBSERVED TIME   RECORD YEAR NORMAL DEPARTURE LAST
                VALUE   (LST)  VALUE       VALUE  FROM      YEAR
                                                  NORMAL
..................................................................
TEMPERATURE (F)
 TODAY
  MAXIMUM         83    239 PM 106    1936  86     -3       79
  MINIMUM         60    450 AM  49    1940  66     -6       56
  AVERAGE         72                        76     -4       68

PRECIPITATION (IN)
  TODAY            0.00          1.46 1995   0.12  -0.12     0.00
  MONTH TO DATE    T                         0.48  -0.48     0.13
  SINCE JUN 1     11.60                      4.01   7.59     9.80
  SINCE JAN 1     24.37                     18.34   6.03    21.78

SNOWFALL (IN)
  TODAY            0.0           0.0    MM   0.0    0.0      0.0
  MONTH TO DATE    0.0                       0.0    0.0      0.0
  SINCE JUN 1      0.0                       0.0    0.0      0.0
  SINCE JUL 1      0.0                       0.0    0.0      0.0
  SNOW DEPTH       0

DEGREE DAYS
 HEATING
  TODAY            0                         0      0        0
  MONTH TO DATE    0                         0      0        0
  SINCE JUN 1      7                        18    -11        0
  SINCE JUL 1      0                         0      0        0

 COOLING
  TODAY            7                        11     -4        3
  MONTH TO DATE   26                        42    -16       18
  SINCE JUN 1    314                       264     50      310
  SINCE JAN 1    468                       345    123      468
..................................................................


WIND (MPH)
  HIGHEST WIND SPEED     9   HIGHEST WIND DIRECTION    SW (210)
  HIGHEST GUST SPEED    12   HIGHEST GUST DIRECTION    SW (210)
  AVERAGE WIND SPEED     1.5


SKY COVER
  POSSIBLE SUNSHINE  MM
  AVERAGE SKY COVER 0.0


WEATHER CONDITIONS
 THE FOLLOWING WEATHER WAS RECORDED TODAY.
  FOG
  HAZE


RELATIVE HUMIDITY (PERCENT)
 HIGHEST    90           500 AM
 LOWEST     42           300 PM
 AVERAGE    66

..........................................................


THE PEORIA IL CLIMATE NORMALS FOR TOMORROW
                         NORMAL    RECORD    YEAR
 MAXIMUM TEMPERATURE (F)   86       105      1936
 MINIMUM TEMPERATURE (F)   66        47      1972


SUNRISE AND SUNSET
JULY  4 2015..........SUNRISE   533 AM CDT   SUNSET   833 PM CDT
JULY  5 2015..........SUNRISE   533 AM CDT   SUNSET   833 PM CDT


-  INDICATES NEGATIVE NUMBERS.
R  INDICATES RECORD WAS SET OR TIED.
MM INDICATES DATA IS MISSING.
T  INDICATES TRACE AMOUNT.




$$
