000
CDUS43 KILX 120650
CLIPIA


CLIMATE REPORT
NATIONAL WEATHER SERVICE LINCOLN IL
1244 AM CST TUE DEC 12 2017


...................................

...THE PEORIA IL CLIMATE SUMMARY FOR DECEMBER 11 2017...

CLIMATE NORMAL PERIOD 1981 TO 2010
CLIMATE RECORD PERIOD 1883 TO 2017


WEATHER ITEM   OBSERVED TIME   RECORD YEAR NORMAL DEPARTURE LAST
                VALUE   (LST)  VALUE       VALUE  FROM      YEAR
                                                  NORMAL
..................................................................
TEMPERATURE (F)
 YESTERDAY
  MAXIMUM         49    120 PM  64    1949  37     12       40
  MINIMUM         23   1244 AM -11    1917  22      1       28
  AVERAGE         36                        30      6       34

PRECIPITATION (IN)
  YESTERDAY        T             1.27 2007   0.09  -0.09     0.13
  MONTH TO DATE    0.06                      1.00  -0.94     0.56
  SINCE DEC 1      0.06                      1.00  -0.94     0.56
  SINCE JAN 1     33.20                     35.07  -1.87    36.58

SNOWFALL (IN)
  YESTERDAY        0.0           8.0  2000   0.3   -0.3       T
  MONTH TO DATE    T                         2.2   -2.2      4.6
  SINCE DEC 1      T                         2.2   -2.2      4.6
  SINCE JUL 1      T                         3.3   -3.3      4.6
  SNOW DEPTH       0

DEGREE DAYS
 HEATING
  YESTERDAY       29                        35     -6       31
  MONTH TO DATE  323                       368    -45      370
  SINCE DEC 1    323                       368    -45      370
  SINCE JUL 1   1310                      1516   -206     1108

 COOLING
  YESTERDAY        0                         0      0        0
  MONTH TO DATE    0                         0      0        0
  SINCE DEC 1      0                         0      0        0
  SINCE JAN 1   1157                      1039    118     1423
..................................................................


WIND (MPH)
  HIGHEST WIND SPEED    24   HIGHEST WIND DIRECTION     W (270)
  HIGHEST GUST SPEED    37   HIGHEST GUST DIRECTION     W (280)
  AVERAGE WIND SPEED    10.4


SKY COVER
  POSSIBLE SUNSHINE  MM
  AVERAGE SKY COVER 0.4


WEATHER CONDITIONS
 THE FOLLOWING WEATHER WAS RECORDED YESTERDAY.
  LIGHT RAIN


RELATIVE HUMIDITY (PERCENT)
 HIGHEST    92           300 AM
 LOWEST     42           200 PM
 AVERAGE    67

..........................................................


THE PEORIA IL CLIMATE NORMALS FOR TODAY
                         NORMAL    RECORD    YEAR
 MAXIMUM TEMPERATURE (F)   37        68      2015
 MINIMUM TEMPERATURE (F)   22       -10      1962


SUNRISE AND SUNSET
DECEMBER 12 2017......SUNRISE   713 AM CST   SUNSET   432 PM CST
DECEMBER 13 2017......SUNRISE   714 AM CST   SUNSET   432 PM CST


-  INDICATES NEGATIVE NUMBERS.
R  INDICATES RECORD WAS SET OR TIED.
MM INDICATES DATA IS MISSING.
T  INDICATES TRACE AMOUNT.




$$
