343
CDUS43 KILX 280629
CLIPIA


CLIMATE REPORT
NATIONAL WEATHER SERVICE LINCOLN IL
129 AM CDT THU APR 28 2016


...................................

...THE PEORIA IL CLIMATE SUMMARY FOR APRIL 27 2016...

CLIMATE NORMAL PERIOD 1981 TO 2010
CLIMATE RECORD PERIOD 1883 TO 2016


WEATHER ITEM   OBSERVED TIME   RECORD YEAR NORMAL DEPARTURE LAST
                VALUE   (LST)  VALUE       VALUE  FROM      YEAR
                                                  NORMAL
..................................................................
TEMPERATURE (F)
 YESTERDAY
  MAXIMUM         58    409 PM  86    1986  67     -9       67
                                      1956
                                      1894
  MINIMUM         48    608 AM  30    1932  46      2       37
                                      1931
  AVERAGE         53                        56     -3       52

PRECIPITATION (IN)
  YESTERDAY        1.01          1.54 2002   0.13   0.88     0.00
  MONTH TO DATE    1.66                      3.24  -1.58     3.38
  SINCE MAR 1      3.98                      6.04  -2.06     4.03
  SINCE JAN 1      5.36                      9.61  -4.25     7.75

SNOWFALL (IN)
  YESTERDAY       MM             0.0    MM   0.0   MM        0.0
  MONTH TO DATE    T                         0.6   -0.6      0.0
  SINCE MAR 1      0.2                       3.3   -3.1      2.7
  SINCE JUL 1     15.3                      24.6   -9.3     27.0
  SNOW DEPTH       0

DEGREE DAYS
 HEATING
  YESTERDAY       12                         9      3       13
  MONTH TO DATE  329                       369    -40      247
  SINCE MAR 1    876                      1125   -249      990
  SINCE JUL 1   4459                      5641  -1182     5696

 COOLING
  YESTERDAY        0                         1     -1        0
  MONTH TO DATE   18                        10      8       11
  SINCE MAR 1     18                        11      7       11
  SINCE JAN 1     18                        11      7       11
..................................................................


WIND (MPH)
  HIGHEST WIND SPEED    26   HIGHEST WIND DIRECTION     E (80)
  HIGHEST GUST SPEED    37   HIGHEST GUST DIRECTION     E (80)
  AVERAGE WIND SPEED    14.7


SKY COVER
  POSSIBLE SUNSHINE  MM
  AVERAGE SKY COVER 1.0


WEATHER CONDITIONS
 THE FOLLOWING WEATHER WAS RECORDED YESTERDAY.
  THUNDERSTORM
  HEAVY RAIN
  RAIN
  LIGHT RAIN
  FOG
  HAZE


RELATIVE HUMIDITY (PERCENT)
 HIGHEST    93           700 AM
 LOWEST     77           500 PM
 AVERAGE    85

..........................................................


THE PEORIA IL CLIMATE NORMALS FOR TODAY
                         NORMAL    RECORD    YEAR
 MAXIMUM TEMPERATURE (F)   68        91      1894
 MINIMUM TEMPERATURE (F)   46        30      1928


SUNRISE AND SUNSET
APRIL 28 2016.........SUNRISE   601 AM CDT   SUNSET   752 PM CDT
APRIL 29 2016.........SUNRISE   559 AM CDT   SUNSET   753 PM CDT


-  INDICATES NEGATIVE NUMBERS.
R  INDICATES RECORD WAS SET OR TIED.
MM INDICATES DATA IS MISSING.
T  INDICATES TRACE AMOUNT.




$$
