000
CDUS43 KILX 260701
CLIPIA


CLIMATE REPORT
NATIONAL WEATHER SERVICE LINCOLN IL
159 AM CDT TUE JUL 26 2016


...................................

...THE PEORIA IL CLIMATE SUMMARY FOR JULY 25 2016...

CLIMATE NORMAL PERIOD 1981 TO 2010
CLIMATE RECORD PERIOD 1883 TO 2016


WEATHER ITEM   OBSERVED TIME   RECORD YEAR NORMAL DEPARTURE LAST
                VALUE   (LST)  VALUE       VALUE  FROM      YEAR
                                                  NORMAL
..................................................................
TEMPERATURE (F)
 YESTERDAY
  MAXIMUM         87   1257 PM 104    1940  85      2       91
  MINIMUM         71   1127 PM  51    1911  65      6       74
  AVERAGE         79                        75      4       83

PRECIPITATION (IN)
  YESTERDAY        T             2.63 1948   0.12  -0.12     0.00
  MONTH TO DATE    5.01                      3.14   1.87     5.40
  SINCE JUN 1      8.45                      6.67   1.78    17.00
  SINCE JAN 1     17.56                     21.00  -3.44    29.77

SNOWFALL (IN)
  YESTERDAY        0.0           0.0    MM   0.0    0.0      0.0
  MONTH TO DATE    0.0                       0.0    0.0      0.0
  SINCE JUN 1      0.0                       0.0    0.0      0.0
  SINCE JUL 1      0.0                       0.0    0.0      0.0
  SNOW DEPTH       0

DEGREE DAYS
 HEATING
  YESTERDAY        0                         0      0        0
  MONTH TO DATE    4                         0      4        5
  SINCE JUN 1      4                        18    -14       12
  SINCE JUL 1      4                         0      4        5

 COOLING
  YESTERDAY       14                        10      4       18
  MONTH TO DATE  292                       269     23      275
  SINCE JUN 1    619                       491    128      563
  SINCE JAN 1    725                       572    153      717
..................................................................


WIND (MPH)
  HIGHEST WIND SPEED    12   HIGHEST WIND DIRECTION     S (190)
  HIGHEST GUST SPEED    14   HIGHEST GUST DIRECTION     N (360)
  AVERAGE WIND SPEED     3.9


SKY COVER
  POSSIBLE SUNSHINE  MM
  AVERAGE SKY COVER 0.2


WEATHER CONDITIONS
 THE FOLLOWING WEATHER WAS RECORDED YESTERDAY.
  LIGHT RAIN


RELATIVE HUMIDITY (PERCENT)
 HIGHEST    94           500 AM
 LOWEST     55           100 PM
 AVERAGE    75

..........................................................


THE PEORIA IL CLIMATE NORMALS FOR TODAY
                         NORMAL    RECORD    YEAR
 MAXIMUM TEMPERATURE (F)   85       105      1936
 MINIMUM TEMPERATURE (F)   65        46      1911


SUNRISE AND SUNSET
JULY 26 2016..........SUNRISE   550 AM CDT   SUNSET   820 PM CDT
JULY 27 2016..........SUNRISE   551 AM CDT   SUNSET   819 PM CDT


-  INDICATES NEGATIVE NUMBERS.
R  INDICATES RECORD WAS SET OR TIED.
MM INDICATES DATA IS MISSING.
T  INDICATES TRACE AMOUNT.




$$
