000
CDUS43 KILX 300639
CLIPIA


CLIMATE REPORT
NATIONAL WEATHER SERVICE LINCOLN IL
138 AM CDT MON MAR 30 2015


...................................

...THE PEORIA IL CLIMATE SUMMARY FOR MARCH 29 2015...

CLIMATE NORMAL PERIOD 1981 TO 2010
CLIMATE RECORD PERIOD 1883 TO 2015


WEATHER ITEM   OBSERVED TIME   RECORD YEAR NORMAL DEPARTURE LAST
                VALUE   (LST)  VALUE       VALUE  FROM      YEAR
                                                  NORMAL
..................................................................
TEMPERATURE (F)
 YESTERDAY
  MAXIMUM         58    403 PM  86    1986  56      2       50
                                      1895
  MINIMUM         31    556 AM  13    1887  36     -5       31
  AVERAGE         45                        46     -1       41

PRECIPITATION (IN)
  YESTERDAY        0.05          0.99 1988   0.10  -0.05     0.00
  MONTH TO DATE    0.65                      2.58  -1.93     1.94
  SINCE MAR 1      0.65                      2.58  -1.93     1.94
  SINCE JAN 1      4.37                      6.15  -1.78     6.81

SNOWFALL (IN)
  YESTERDAY        0.0           5.1  1972   0.0    0.0      0.0
  MONTH TO DATE    2.7                       2.6    0.1      7.1
  SINCE MAR 1      2.7                       2.6    0.1      7.1
  SINCE JUL 1     27.0                      23.9    3.1     57.3
  SNOW DEPTH       0

DEGREE DAYS
 HEATING
  YESTERDAY       20                        19      1       24
  MONTH TO DATE  726                       719      7      905
  SINCE MAR 1    726                       719      7      905
  SINCE JUL 1   5432                      5235    197     6084

 COOLING
  YESTERDAY        0                         0      0        0
  MONTH TO DATE    0                         0      0        0
  SINCE MAR 1      0                         0      0        0
  SINCE JAN 1      0                         0      0        0
..................................................................


WIND (MPH)
  HIGHEST WIND SPEED    26   HIGHEST WIND DIRECTION    SW (220)
  HIGHEST GUST SPEED    33   HIGHEST GUST DIRECTION     S (180)
  AVERAGE WIND SPEED    14.7


SKY COVER
  POSSIBLE SUNSHINE  MM
  AVERAGE SKY COVER 0.3


WEATHER CONDITIONS
 THE FOLLOWING WEATHER WAS RECORDED YESTERDAY.
  LIGHT RAIN


RELATIVE HUMIDITY (PERCENT)
 HIGHEST    75          1000 AM
 LOWEST     47           300 PM
 AVERAGE    61

..........................................................


THE PEORIA IL CLIMATE NORMALS FOR TODAY
                         NORMAL    RECORD    YEAR
 MAXIMUM TEMPERATURE (F)   57        83      1986
 MINIMUM TEMPERATURE (F)   36        15      1969
                                             1964


SUNRISE AND SUNSET
MARCH 30 2015.........SUNRISE   646 AM CDT   SUNSET   721 PM CDT
MARCH 31 2015.........SUNRISE   644 AM CDT   SUNSET   722 PM CDT


-  INDICATES NEGATIVE NUMBERS.
R  INDICATES RECORD WAS SET OR TIED.
MM INDICATES DATA IS MISSING.
T  INDICATES TRACE AMOUNT.




$$
