000
CDUS45 KPIH 030730
CLIPIH


CLIMATE REPORT
NATIONAL WEATHER SERVICE POCATELLO ID
1229 AM MST SAT DEC 3 2016


...................................

...THE POCATELLO ID CLIMATE SUMMARY FOR DECEMBER 2 2016...

CLIMATE NORMAL PERIOD 1981 TO 2010
CLIMATE RECORD PERIOD 1939 TO 2016


WEATHER ITEM   OBSERVED TIME   RECORD YEAR NORMAL DEPARTURE LAST
                VALUE   (LST)  VALUE       VALUE  FROM      YEAR
                                                  NORMAL
..................................................................
TEMPERATURE (F)
 YESTERDAY
  MAXIMUM         28    853 PM  57    1939  36     -8       28
  MINIMUM         20    755 AM  -1    2015  18      2       -1
  AVERAGE         24                        27     -3       14

PRECIPITATION (IN)
  YESTERDAY        0.01          0.51 2005   0.05  -0.04     0.00
  MONTH TO DATE    0.09                      0.09   0.00     0.00
  SINCE OCT 1      3.79                      2.07   1.72     2.63
  SINCE JAN 1     13.47                     10.98   2.49    10.37

SNOWFALL (IN)
  YESTERDAY        0.2
  MONTH TO DATE    1.3
  SINCE DEC 1      1.3
  SINCE JUL 1      3.9
  SNOW DEPTH       2

DEGREE DAYS
 HEATING
  YESTERDAY       41                        38      3       51
  MONTH TO DATE   78                        76      2      105
  SINCE DEC 1     78                        76      2      105
  SINCE JUL 1   1513                      1804   -291     1549

 COOLING
  YESTERDAY        0                         0      0        0
  MONTH TO DATE    0                         0      0        0
  SINCE DEC 1      0                         0      0        0
  SINCE JAN 1    416                       392     24      502
..................................................................


WIND (MPH)
  HIGHEST WIND SPEED    15   HIGHEST WIND DIRECTION     W (270)
  HIGHEST GUST SPEED    17   HIGHEST GUST DIRECTION     W (270)
  AVERAGE WIND SPEED     8.3


SKY COVER
  POSSIBLE SUNSHINE  MM
  AVERAGE SKY COVER 1.0


WEATHER CONDITIONS
 THE FOLLOWING WEATHER WAS RECORDED YESTERDAY.
  LIGHT SNOW
  FOG


RELATIVE HUMIDITY (PERCENT)
 HIGHEST   100           700 AM
 LOWEST     69           900 PM
 AVERAGE    85

..........................................................


THE POCATELLO ID CLIMATE NORMALS FOR TODAY
                         NORMAL    RECORD    YEAR
 MAXIMUM TEMPERATURE (F)   35        58      1987
 MINIMUM TEMPERATURE (F)   18       -17      1992


SUNRISE AND SUNSET
DECEMBER  3 2016......SUNRISE   744 AM MST   SUNSET   456 PM MST
DECEMBER  4 2016......SUNRISE   745 AM MST   SUNSET   456 PM MST


-  INDICATES NEGATIVE NUMBERS.
R  INDICATES RECORD WAS SET OR TIED.
MM INDICATES DATA IS MISSING.
T  INDICATES TRACE AMOUNT.




$$
