000
CDUS45 KPIH 272322
CLIPIH


CLIMATE REPORT
NATIONAL WEATHER SERVICE POCATELLO ID
521 PM MDT MON MAR 27 2017


...................................

...THE POCATELLO ID CLIMATE SUMMARY FOR MARCH 27 2017...
VALID TODAY AS OF 0500 PM LOCAL TIME.

CLIMATE NORMAL PERIOD 1981 TO 2010
CLIMATE RECORD PERIOD 1939 TO 2017


WEATHER ITEM   OBSERVED TIME   RECORD YEAR NORMAL DEPARTURE LAST
                VALUE   (LST)  VALUE       VALUE  FROM      YEAR
                                                  NORMAL
..................................................................
TEMPERATURE (F)
 TODAY
  MAXIMUM         49    357 PM  74    2015  53     -4       57
  MINIMUM         36    553 AM  11    1975  30      6       34
  AVERAGE         43                        41      2       46

PRECIPITATION (IN)
  TODAY            T             0.41 2007   0.04  -0.04     0.17
  MONTH TO DATE    0.60                      1.11  -0.51     2.59
  SINCE OCT 1     13.11                      6.29   6.82     7.77
  SINCE JAN 1      6.55                      3.07   3.48     4.20

SNOWFALL (IN)
  TODAY            0.0
  MONTH TO DATE    2.9
  SINCE MAR 1      2.9
  SINCE JUL 1     86.4
  SNOW DEPTH       0

DEGREE DAYS
 HEATING
  TODAY           22                        24     -2       19
  MONTH TO DATE  585                       745   -160      617
  SINCE MAR 1    585                       745   -160      617
  SINCE JUL 1   5834                      6018   -184     5459

 COOLING
  TODAY            0                         0      0        0
  MONTH TO DATE    0                         0      0        0
  SINCE MAR 1      0                         0      0        0
  SINCE JAN 1      0                         0      0        0
..................................................................


WIND (MPH)
  HIGHEST WIND SPEED    20   HIGHEST WIND DIRECTION    SW (230)
  HIGHEST GUST SPEED    24   HIGHEST GUST DIRECTION    SW (230)
  AVERAGE WIND SPEED     8.7


SKY COVER
  POSSIBLE SUNSHINE  MM
  AVERAGE SKY COVER 0.9


WEATHER CONDITIONS
 THE FOLLOWING WEATHER WAS RECORDED TODAY.
  LIGHT RAIN


RELATIVE HUMIDITY (PERCENT)
 HIGHEST   100           600 AM
 LOWEST     66           400 PM
 AVERAGE    83

..........................................................


THE POCATELLO ID CLIMATE NORMALS FOR TOMORROW
                         NORMAL    RECORD    YEAR
 MAXIMUM TEMPERATURE (F)   53        75      1986
 MINIMUM TEMPERATURE (F)   30         6      1975


SUNRISE AND SUNSET
MARCH 27 2017.........SUNRISE   721 AM MDT   SUNSET   751 PM MDT
MARCH 28 2017.........SUNRISE   719 AM MDT   SUNSET   752 PM MDT


-  INDICATES NEGATIVE NUMBERS.
R  INDICATES RECORD WAS SET OR TIED.
MM INDICATES DATA IS MISSING.
T  INDICATES TRACE AMOUNT.




$$
