000
CDUS45 KPIH 260735
CLIPIH


CLIMATE REPORT
NATIONAL WEATHER SERVICE POCATELLO ID
133 AM MDT MON SEP 26 2016


...................................

...THE POCATELLO ID CLIMATE SUMMARY FOR SEPTEMBER 25 2016...

CLIMATE NORMAL PERIOD 1981 TO 2010
CLIMATE RECORD PERIOD 1939 TO 2016


WEATHER ITEM   OBSERVED TIME   RECORD YEAR NORMAL DEPARTURE LAST
                VALUE   (LST)  VALUE       VALUE  FROM      YEAR
                                                  NORMAL
..................................................................
TEMPERATURE (F)
 YESTERDAY
  MAXIMUM         67    457 PM  93    2015  71     -4       93
  MINIMUM         35    632 AM  23    1970  39     -4       44
  AVERAGE         51                        55     -4       69

PRECIPITATION (IN)
  YESTERDAY        0.00          0.63 1982   0.03  -0.03     0.00
  MONTH TO DATE    2.10                      0.69   1.41     0.82
  SINCE OCT 1     13.25                     11.98   1.27    10.13
  SINCE JAN 1      9.68                      8.76   0.92     7.74

SNOWFALL (IN)
  YESTERDAY        0.0
  MONTH TO DATE    0.0
  SINCE SEP 1      0.0
  SINCE JUL 1      0.0
  SNOW DEPTH       0

DEGREE DAYS
 HEATING
  YESTERDAY       14                        10      4        0
  MONTH TO DATE  187                       147     40       97
  SINCE SEP 1    187                       147     40       97
  SINCE JUL 1    225                       193     32      136

 COOLING
  YESTERDAY        0                         0      0        4
  MONTH TO DATE   16                        20     -4       31
  SINCE SEP 1     16                        20     -4       31
  SINCE JAN 1    415                       390     25      492
..................................................................


WIND (MPH)
  HIGHEST WIND SPEED    15   HIGHEST WIND DIRECTION     W (250)
  HIGHEST GUST SPEED    18   HIGHEST GUST DIRECTION     W (250)
  AVERAGE WIND SPEED     4.5


SKY COVER
  POSSIBLE SUNSHINE  MM
  AVERAGE SKY COVER 0.0


WEATHER CONDITIONS
 THE FOLLOWING WEATHER WAS RECORDED YESTERDAY.
  NO SIGNIFICANT WEATHER WAS OBSERVED.


RELATIVE HUMIDITY (PERCENT)
 HIGHEST    92           700 AM
 LOWEST     22           500 PM
 AVERAGE    57

..........................................................


THE POCATELLO ID CLIMATE NORMALS FOR TODAY
                         NORMAL    RECORD    YEAR
 MAXIMUM TEMPERATURE (F)   71        90      2010
 MINIMUM TEMPERATURE (F)   39        27      1996
                                             1970


SUNRISE AND SUNSET
SEPTEMBER 26 2016.....SUNRISE   723 AM MDT   SUNSET   719 PM MDT
SEPTEMBER 27 2016.....SUNRISE   724 AM MDT   SUNSET   718 PM MDT


-  INDICATES NEGATIVE NUMBERS.
R  INDICATES RECORD WAS SET OR TIED.
MM INDICATES DATA IS MISSING.
T  INDICATES TRACE AMOUNT.




$$
