000
CDUS45 KPIH 010731
CLIPIH


CLIMATE REPORT
NATIONAL WEATHER SERVICE POCATELLO ID
129 AM MDT WED OCT 1 2014


...................................

...THE POCATELLO ID CLIMATE SUMMARY FOR SEPTEMBER 30 2014...

CLIMATE NORMAL PERIOD 1981 TO 2010
CLIMATE RECORD PERIOD 1939 TO 2014


WEATHER ITEM   OBSERVED TIME   RECORD YEAR NORMAL DEPARTURE LAST
                VALUE   (LST)  VALUE       VALUE  FROM      YEAR
                                                  NORMAL
..................................................................
TEMPERATURE (F)
 YESTERDAY
  MAXIMUM         61    255 PM  90    2011  69     -8       74
                                      1957
  MINIMUM         43   1159 PM  19    1985  37      6       42
  AVERAGE         52                        53     -1       58

PRECIPITATION (IN)
  YESTERDAY        T             0.49 1986   0.03  -0.03     0.01
                                      1971
  MONTH TO DATE    1.48                      0.84   0.64     0.77
  SINCE OCT 1     11.63                     12.13  -0.50     8.96
  SINCE JAN 1     10.26                      8.91   1.35     4.80

SNOWFALL (IN)
  YESTERDAY        0.0
  MONTH TO DATE    0.0
  SINCE SEP 1      0.0
  SINCE JUL 1      0.0
  SNOW DEPTH       0

DEGREE DAYS
 HEATING
  YESTERDAY       13                        12      1        7
  MONTH TO DATE  143                       203    -60      137
  SINCE SEP 1    143                       203    -60      137
  SINCE JUL 1    178                       249    -71      137

 COOLING
  YESTERDAY        0                         0      0        0
  MONTH TO DATE   35                        22     13       61
  SINCE SEP 1     35                        22     13       61
  SINCE JAN 1    421                       392     29      688
..................................................................


WIND (MPH)
  HIGHEST WIND SPEED    33   HIGHEST WIND DIRECTION    SW (240)
  HIGHEST GUST SPEED    39   HIGHEST GUST DIRECTION    SW (240)
  AVERAGE WIND SPEED    14.3


SKY COVER
  POSSIBLE SUNSHINE  MM
  AVERAGE SKY COVER 0.7


WEATHER CONDITIONS
 THE FOLLOWING WEATHER WAS RECORDED YESTERDAY.
  LIGHT RAIN


RELATIVE HUMIDITY (PERCENT)
 HIGHEST   100           100 AM
 LOWEST     39           300 PM
 AVERAGE    70

..........................................................


THE POCATELLO ID CLIMATE NORMALS FOR TODAY
                         NORMAL    RECORD    YEAR
 MAXIMUM TEMPERATURE (F)   68        91      1992
 MINIMUM TEMPERATURE (F)   37        18      1950


SUNRISE AND SUNSET
OCTOBER  1 2014.......SUNRISE   728 AM MDT   SUNSET   712 PM MDT
OCTOBER  2 2014.......SUNRISE   729 AM MDT   SUNSET   710 PM MDT


-  INDICATES NEGATIVE NUMBERS.
R  INDICATES RECORD WAS SET OR TIED.
MM INDICATES DATA IS MISSING.
T  INDICATES TRACE AMOUNT.




$$
