000
CDUS45 KPIH 280736
CLIPIH


CLIMATE REPORT
NATIONAL WEATHER SERVICE POCATELLO ID
132 AM MDT SAT MAR 28 2015


...................................

...THE POCATELLO ID CLIMATE SUMMARY FOR MARCH 27 2015...

CLIMATE NORMAL PERIOD 1981 TO 2010
CLIMATE RECORD PERIOD 1939 TO 2015


WEATHER ITEM   OBSERVED TIME   RECORD YEAR NORMAL DEPARTURE LAST
                VALUE   (LST)  VALUE       VALUE  FROM      YEAR
                                                  NORMAL
..................................................................
TEMPERATURE (F)
 YESTERDAY
  MAXIMUM         74R   341 PM  73    1986  53     21       48
  MINIMUM         28    612 AM  11    1975  30     -2       34
  AVERAGE         51                        41     10       41

PRECIPITATION (IN)
  YESTERDAY        0.00          0.41 2007   0.04  -0.04     0.01
  MONTH TO DATE    0.25                      1.11  -0.86     1.39
  SINCE OCT 1      3.74                      6.29  -2.55     4.47
  SINCE JAN 1      1.35                      3.07  -1.72     3.10

SNOWFALL (IN)
  YESTERDAY        0.0
  MONTH TO DATE    2.6
  SINCE MAR 1      2.6
  SINCE JUL 1     17.4
  SNOW DEPTH       0

DEGREE DAYS
 HEATING
  YESTERDAY       14                        24    -10       24
  MONTH TO DATE  579                       745   -166      636
  SINCE MAR 1    579                       745   -166      636
  SINCE JUL 1   4920                      6018  -1098     5616

 COOLING
  YESTERDAY        0                         0      0        0
  MONTH TO DATE    0                         0      0        0
  SINCE MAR 1      0                         0      0        0
  SINCE JAN 1      0                         0      0        0
..................................................................


WIND (MPH)
  HIGHEST WIND SPEED    17   HIGHEST WIND DIRECTION     S (180)
  HIGHEST GUST SPEED    22   HIGHEST GUST DIRECTION     S (180)
  AVERAGE WIND SPEED     6.8


SKY COVER
  POSSIBLE SUNSHINE  MM
  AVERAGE SKY COVER 0.0


WEATHER CONDITIONS
 THE FOLLOWING WEATHER WAS RECORDED YESTERDAY.
  NO SIGNIFICANT WEATHER WAS OBSERVED.


RELATIVE HUMIDITY (PERCENT)
 HIGHEST   100           600 AM
 LOWEST     23           400 PM
 AVERAGE    62

..........................................................


THE POCATELLO ID CLIMATE NORMALS FOR TODAY
                         NORMAL    RECORD    YEAR
 MAXIMUM TEMPERATURE (F)   53        75      1986
 MINIMUM TEMPERATURE (F)   30         6      1975


SUNRISE AND SUNSET
MARCH 28 2015.........SUNRISE   720 AM MDT   SUNSET   752 PM MDT
MARCH 29 2015.........SUNRISE   718 AM MDT   SUNSET   753 PM MDT


-  INDICATES NEGATIVE NUMBERS.
R  INDICATES RECORD WAS SET OR TIED.
MM INDICATES DATA IS MISSING.
T  INDICATES TRACE AMOUNT.




$$
