000
CDUS45 KPIH 180732
CLIPIH


CLIMATE REPORT
NATIONAL WEATHER SERVICE POCATELLO ID
131 AM MDT FRI AUG 18 2017


...................................

...THE POCATELLO ID CLIMATE SUMMARY FOR AUGUST 17 2017...

CLIMATE NORMAL PERIOD 1981 TO 2010
CLIMATE RECORD PERIOD 1939 TO 2017


WEATHER ITEM   OBSERVED TIME   RECORD YEAR NORMAL DEPARTURE LAST
                VALUE   (LST)  VALUE       VALUE  FROM      YEAR
                                                  NORMAL
..................................................................
TEMPERATURE (F)
 YESTERDAY
  MAXIMUM         87    206 PM  97    2013  87      0       92
                                      2001
  MINIMUM         49    525 AM  38    2009  51     -2       51
  AVERAGE         68                        69     -1       72

PRECIPITATION (IN)
  YESTERDAY        0.00          0.96 1968   0.01  -0.01     0.00
  MONTH TO DATE    0.33                      0.31   0.02     0.24
  SINCE OCT 1     18.09                     10.99   7.10    11.15
  SINCE JAN 1     11.53                      7.77   3.76     7.58

SNOWFALL (IN)
  YESTERDAY        0.0
  MONTH TO DATE    0.0
  SINCE JUN 1      0.0
  SINCE JUL 1      0.0
  SNOW DEPTH       0

DEGREE DAYS
 HEATING
  YESTERDAY        0                         1     -1        0
  MONTH TO DATE    4                         4      0        3
  SINCE JUN 1     93                       155    -62       63
  SINCE JUL 1      4                        24    -20       20

 COOLING
  YESTERDAY        3                         5     -2        7
  MONTH TO DATE   93                        97     -4       80
  SINCE JUN 1    432                       315    117      366
  SINCE JAN 1    434                       320    114      366
..................................................................


WIND (MPH)
  HIGHEST WIND SPEED    23   HIGHEST WIND DIRECTION    SW (240)
  HIGHEST GUST SPEED    27   HIGHEST GUST DIRECTION    SW (240)
  AVERAGE WIND SPEED    11.6


SKY COVER
  POSSIBLE SUNSHINE  MM
  AVERAGE SKY COVER 0.0


WEATHER CONDITIONS
 THE FOLLOWING WEATHER WAS RECORDED YESTERDAY.
  NO SIGNIFICANT WEATHER WAS OBSERVED.


RELATIVE HUMIDITY (PERCENT)
 HIGHEST    59           500 AM
 LOWEST     14           500 PM
 AVERAGE    37

..........................................................


THE POCATELLO ID CLIMATE NORMALS FOR TODAY
                         NORMAL    RECORD    YEAR
 MAXIMUM TEMPERATURE (F)   87        98      1986
                                             1940
 MINIMUM TEMPERATURE (F)   51        37      1978


SUNRISE AND SUNSET
AUGUST 18 2017........SUNRISE   640 AM MDT   SUNSET   827 PM MDT
AUGUST 19 2017........SUNRISE   641 AM MDT   SUNSET   826 PM MDT


-  INDICATES NEGATIVE NUMBERS.
R  INDICATES RECORD WAS SET OR TIED.
MM INDICATES DATA IS MISSING.
T  INDICATES TRACE AMOUNT.




$$
