000
CDUS45 KPIH 240753
CLIPIH


CLIMATE REPORT
NATIONAL WEATHER SERVICE POCATELLO ID
1249 AM MST FRI FEB 24 2017


...................................

...THE POCATELLO ID CLIMATE SUMMARY FOR FEBRUARY 23 2017...

CLIMATE NORMAL PERIOD 1981 TO 2010
CLIMATE RECORD PERIOD 1939 TO 2017


WEATHER ITEM   OBSERVED TIME   RECORD YEAR NORMAL DEPARTURE LAST
                VALUE   (LST)  VALUE       VALUE  FROM      YEAR
                                                  NORMAL
..................................................................
TEMPERATURE (F)
 YESTERDAY
  MAXIMUM         29   1224 AM  58    1995  40    -11       42
  MINIMUM         23   1159 PM  -5    1955  21      2       20
  AVERAGE         26                        31     -5       31

PRECIPITATION (IN)
  YESTERDAY        0.33R         0.27 1941   0.04   0.29     0.00
  MONTH TO DATE    2.64                      0.78   1.86     0.20
  SINCE OCT 1     12.05                      4.99   7.06     5.18
  SINCE JAN 1      5.49                      1.77   3.72     1.61

SNOWFALL (IN)
  YESTERDAY        5.9
  MONTH TO DATE   14.1
  SINCE DEC 1     74.8
  SINCE JUL 1     77.4
  SNOW DEPTH       5

DEGREE DAYS
 HEATING
  YESTERDAY       39                        34      5       34
  MONTH TO DATE  690                       861   -171      792
  SINCE DEC 1   3588                      3380    208     3240
  SINCE JUL 1   5023                      5108    -85     4684

 COOLING
  YESTERDAY        0                         0      0        0
  MONTH TO DATE    0                         0      0        0
  SINCE DEC 1      0                         0      0        0
  SINCE JAN 1      0                         0      0        0
..................................................................


WIND (MPH)
  HIGHEST WIND SPEED    30   HIGHEST WIND DIRECTION    SW (230)
  HIGHEST GUST SPEED    36   HIGHEST GUST DIRECTION    SW (230)
  AVERAGE WIND SPEED    18.2


SKY COVER
  POSSIBLE SUNSHINE  MM
  AVERAGE SKY COVER 1.0


WEATHER CONDITIONS
 THE FOLLOWING WEATHER WAS RECORDED YESTERDAY.
  HEAVY SNOW
  SNOW
  LIGHT SNOW
  FOG
  FOG W/VISIBILITY <= 1/4 MILE


RELATIVE HUMIDITY (PERCENT)
 HIGHEST   100          1200 AM
 LOWEST     81          1100 PM
 AVERAGE    91

..........................................................


THE POCATELLO ID CLIMATE NORMALS FOR TODAY
                         NORMAL    RECORD    YEAR
 MAXIMUM TEMPERATURE (F)   41        63      1995
 MINIMUM TEMPERATURE (F)   21        -1      1952


SUNRISE AND SUNSET
FEBRUARY 24 2017......SUNRISE   714 AM MST   SUNSET   614 PM MST
FEBRUARY 25 2017......SUNRISE   712 AM MST   SUNSET   615 PM MST


-  INDICATES NEGATIVE NUMBERS.
R  INDICATES RECORD WAS SET OR TIED.
MM INDICATES DATA IS MISSING.
T  INDICATES TRACE AMOUNT.




$$
