361
CDUS45 KPIH 202336
CLIPIH


CLIMATE REPORT
NATIONAL WEATHER SERVICE POCATELLO ID
534 PM MDT FRI OCT 20 2017


...................................

...THE POCATELLO ID CLIMATE SUMMARY FOR OCTOBER 20 2017...
VALID TODAY AS OF 0500 PM LOCAL TIME.

CLIMATE NORMAL PERIOD 1981 TO 2010
CLIMATE RECORD PERIOD 1939 TO 2017


WEATHER ITEM   OBSERVED TIME   RECORD YEAR NORMAL DEPARTURE LAST
                VALUE   (LST)  VALUE       VALUE  FROM      YEAR
                                                  NORMAL
..................................................................
TEMPERATURE (F)
 TODAY
  MAXIMUM         65   1205 AM  80    2003  59      6       56
  MINIMUM         39   1148 AM  17    1982  32      7       25
  AVERAGE         52                        46      6       41

PRECIPITATION (IN)
  TODAY            T             0.48 1972   0.03  -0.03     0.00
  MONTH TO DATE    0.49                      0.56  -0.07     1.49
  SINCE OCT 1      0.49                      0.56  -0.07     1.49
  SINCE JAN 1     14.99                      9.47   5.52    11.17

SNOWFALL (IN)
  TODAY            0.0
  MONTH TO DATE    0.1
  SINCE SEP 1      0.1
  SINCE JUL 1      0.1
  SNOW DEPTH       0

DEGREE DAYS
 HEATING
  TODAY           13                        19     -6       24
  MONTH TO DATE  417                       319     98      307
  SINCE SEP 1    660                       522    138      512
  SINCE JUL 1    664                       568     96      550

 COOLING
  TODAY            0                         0      0        0
  MONTH TO DATE    0                         0      0        0
  SINCE SEP 1     66                        22     44       17
  SINCE JAN 1    575                       392    183      416
..................................................................


WIND (MPH)
  HIGHEST WIND SPEED    49   HIGHEST WIND DIRECTION    SW (240)
  HIGHEST GUST SPEED    56   HIGHEST GUST DIRECTION    SW (240)
  AVERAGE WIND SPEED    26.2


SKY COVER
  POSSIBLE SUNSHINE  MM
  AVERAGE SKY COVER 0.4


WEATHER CONDITIONS
 THE FOLLOWING WEATHER WAS RECORDED TODAY.
  LIGHT RAIN
  HAZE
  SANDSTORM


RELATIVE HUMIDITY (PERCENT)
 HIGHEST    79          1200 PM
 LOWEST     20          1200 AM
 AVERAGE    50

..........................................................


THE POCATELLO ID CLIMATE NORMALS FOR TOMORROW
                         NORMAL    RECORD    YEAR
 MAXIMUM TEMPERATURE (F)   59        78      2003
 MINIMUM TEMPERATURE (F)   32        17      1996


SUNRISE AND SUNSET
OCTOBER 20 2017.......SUNRISE   750 AM MDT   SUNSET   639 PM MDT
OCTOBER 21 2017.......SUNRISE   751 AM MDT   SUNSET   638 PM MDT


-  INDICATES NEGATIVE NUMBERS.
R  INDICATES RECORD WAS SET OR TIED.
MM INDICATES DATA IS MISSING.
T  INDICATES TRACE AMOUNT.




$$
