000
CDUS45 KPIH 310740
CLIPIH


CLIMATE REPORT
NATIONAL WEATHER SERVICE POCATELLO ID
138 AM MDT SUN JUL 31 2016


...................................

...THE POCATELLO ID CLIMATE SUMMARY FOR JULY 30 2016...

CLIMATE NORMAL PERIOD 1981 TO 2010
CLIMATE RECORD PERIOD 1939 TO 2016


WEATHER ITEM   OBSERVED TIME   RECORD YEAR NORMAL DEPARTURE LAST
                VALUE   (LST)  VALUE       VALUE  FROM      YEAR
                                                  NORMAL
..................................................................
TEMPERATURE (F)
 YESTERDAY
  MAXIMUM         97    422 PM 103    2000  90      7       91
  MINIMUM         60    521 AM  43    2015  53      7       43
  AVERAGE         79                        71      8       67

PRECIPITATION (IN)
  YESTERDAY        T             0.48 1939   0.02  -0.02     0.00
  MONTH TO DATE    0.14                      0.62  -0.48     1.38
  SINCE OCT 1     10.90                     10.66   0.24     8.68
  SINCE JAN 1      7.33                      7.44  -0.11     6.29

SNOWFALL (IN)
  YESTERDAY        0.0
  MONTH TO DATE    0.0
  SINCE JUN 1      0.0
  SINCE JUL 1      0.0
  SNOW DEPTH       0

DEGREE DAYS
 HEATING
  YESTERDAY        0                         0      0        0
  MONTH TO DATE   17                        17      0       23
  SINCE JUN 1     60                       148    -88       51
  SINCE JUL 1     17                        17      0       23

 COOLING
  YESTERDAY       14                         7      7        2
  MONTH TO DATE  185                       165     20      157
  SINCE JUN 1    275                       211     64      292
  SINCE JAN 1    275                       216     59      296
..................................................................


WIND (MPH)
  HIGHEST WIND SPEED    25   HIGHEST WIND DIRECTION    SW (220)
  HIGHEST GUST SPEED    30   HIGHEST GUST DIRECTION    SW (230)
  AVERAGE WIND SPEED     9.3


SKY COVER
  POSSIBLE SUNSHINE  MM
  AVERAGE SKY COVER 0.1


WEATHER CONDITIONS
 THE FOLLOWING WEATHER WAS RECORDED YESTERDAY.
  LIGHT RAIN


RELATIVE HUMIDITY (PERCENT)
 HIGHEST    46           500 AM
 LOWEST     14           200 PM
 AVERAGE    30

..........................................................


THE POCATELLO ID CLIMATE NORMALS FOR TODAY
                         NORMAL    RECORD    YEAR
 MAXIMUM TEMPERATURE (F)   90       103      2000
 MINIMUM TEMPERATURE (F)   53        38      1995


SUNRISE AND SUNSET
JULY 31 2016..........SUNRISE   621 AM MDT   SUNSET   852 PM MDT
AUGUST  1 2016........SUNRISE   622 AM MDT   SUNSET   851 PM MDT


-  INDICATES NEGATIVE NUMBERS.
R  INDICATES RECORD WAS SET OR TIED.
MM INDICATES DATA IS MISSING.
T  INDICATES TRACE AMOUNT.




$$
