000
CDUS45 KPIH 200733
CLIPIH


CLIMATE REPORT
NATIONAL WEATHER SERVICE POCATELLO ID
133 AM MDT SAT SEP 20 2014


...................................

...THE POCATELLO ID CLIMATE SUMMARY FOR SEPTEMBER 19 2014...

CLIMATE NORMAL PERIOD 1981 TO 2010
CLIMATE RECORD PERIOD 1939 TO 2014


WEATHER ITEM   OBSERVED TIME   RECORD YEAR NORMAL DEPARTURE LAST
                VALUE   (LST)  VALUE       VALUE  FROM      YEAR
                                                  NORMAL
..................................................................
TEMPERATURE (F)
 YESTERDAY
  MAXIMUM         80    319 PM  90    1984  74      6       68
                                      1956
  MINIMUM         48    425 AM  21    1965  41      7       30
  AVERAGE         64                        58      6       49

PRECIPITATION (IN)
  YESTERDAY        0.00          0.45 1982   0.02  -0.02     0.00
  MONTH TO DATE    0.21                      0.50  -0.29     0.74
  SINCE OCT 1     10.36                     11.79  -1.43     8.93
  SINCE JAN 1      8.99                      8.57   0.42     4.77

SNOWFALL (IN)
  YESTERDAY        0.0
  MONTH TO DATE    0.0
  SINCE SEP 1      0.0
  SINCE JUL 1      0.0
  SNOW DEPTH       0

DEGREE DAYS
 HEATING
  YESTERDAY        1                         8     -7       16
  MONTH TO DATE   86                        92     -6       30
  SINCE SEP 1     86                        92     -6       30
  SINCE JUL 1    121                       138    -17       30

 COOLING
  YESTERDAY        0                         0      0        0
  MONTH TO DATE   26                        20      6       61
  SINCE SEP 1     26                        20      6       61
  SINCE JAN 1    412                       390     22      688
..................................................................


WIND (MPH)
  HIGHEST WIND SPEED    22   HIGHEST WIND DIRECTION    SW (230)
  HIGHEST GUST SPEED    28   HIGHEST GUST DIRECTION     W (250)
  AVERAGE WIND SPEED    11.2


SKY COVER
  POSSIBLE SUNSHINE  MM
  AVERAGE SKY COVER 0.0


WEATHER CONDITIONS
 THE FOLLOWING WEATHER WAS RECORDED YESTERDAY.
  NO SIGNIFICANT WEATHER WAS OBSERVED.


RELATIVE HUMIDITY (PERCENT)
 HIGHEST   100           200 AM
 LOWEST     25           400 PM
 AVERAGE    63

..........................................................


THE POCATELLO ID CLIMATE NORMALS FOR TODAY
                         NORMAL    RECORD    YEAR
 MAXIMUM TEMPERATURE (F)   74        86      1962
                                             1939
 MINIMUM TEMPERATURE (F)   41        19      1983


SUNRISE AND SUNSET
SEPTEMBER 20 2014.....SUNRISE   716 AM MDT   SUNSET   731 PM MDT
SEPTEMBER 21 2014.....SUNRISE   717 AM MDT   SUNSET   729 PM MDT


-  INDICATES NEGATIVE NUMBERS.
R  INDICATES RECORD WAS SET OR TIED.
MM INDICATES DATA IS MISSING.
T  INDICATES TRACE AMOUNT.




$$
