579
CDUS43 KABR 251200
CLIPIR


CLIMATE REPORT
NATIONAL WEATHER SERVICE ABERDEEN SD
700 AM CDT SUN JUN 25 2017


...................................

...THE PIERRE SD CLIMATE SUMMARY FOR JUNE 24 2017...

CLIMATE NORMAL PERIOD 1981 TO 2010
CLIMATE RECORD PERIOD 1892 TO 2017


WEATHER ITEM   OBSERVED TIME   RECORD YEAR NORMAL DEPARTURE LAST
                VALUE   (LST)  VALUE       VALUE  FROM      YEAR
                                                  NORMAL
..................................................................
TEMPERATURE (F)
 YESTERDAY
  MAXIMUM         73        MM 112    1988  83    -10      102
  MINIMUM         43        MM  42    1958  58    -15       66
  AVERAGE         58                        71    -13       84

PRECIPITATION (IN)
  YESTERDAY        0.00          2.14 1969   0.10  -0.10     0.00
  MONTH TO DATE    2.48                      2.98  -0.50     1.70
  SINCE JUN 1      2.48                      2.98  -0.50     1.70
  SINCE JAN 1      6.93                     10.18  -3.25     9.14

DEGREE DAYS
 HEATING
  YESTERDAY        7                         1      6        0
  MONTH TO DATE   12                        50    -38       12
  SINCE JUN 1     12                        50    -38       12
  SINCE JUL 1   6796                      7287   -491     6342

 COOLING
  YESTERDAY        0                         6     -6       19
  MONTH TO DATE  150                        89     61      187
  SINCE JUN 1    150                        89     61      187
  SINCE JAN 1    171                       121     50      210
..................................................................


WIND (MPH)
  RESULTANT WIND SPEED  12   RESULTANT WIND DIRECTION  NW (320)
  HIGHEST WIND SPEED    29   HIGHEST WIND DIRECTION    NW (320)
  HIGHEST GUST SPEED    38   HIGHEST GUST DIRECTION    NW (310)
  AVERAGE WIND SPEED    15.0




RELATIVE HUMIDITY (PERCENT)
 HIGHEST    71          1200 AM
 LOWEST     22           400 PM
 AVERAGE    47

..........................................................


THE PIERRE SD CLIMATE NORMALS FOR TODAY
                         NORMAL    RECORD    YEAR
 MAXIMUM TEMPERATURE (F)   84       107      1936
 MINIMUM TEMPERATURE (F)   58        39      1958


SUNRISE AND SUNSET
JUNE 25 2017..........SUNRISE   558 AM CDT   SUNSET   930 PM CDT
JUNE 26 2017..........SUNRISE   558 AM CDT   SUNSET   930 PM CDT


-  INDICATES NEGATIVE NUMBERS.
R  INDICATES RECORD WAS SET OR TIED.
MM INDICATES DATA IS MISSING.
T  INDICATES TRACE AMOUNT.




$$
