597
CDUS43 KABR 101038
CLIPIR


CLIMATE REPORT
NATIONAL WEATHER SERVICE ABERDEEN SD
438 AM CST WED FEB 10 2016


...................................

...THE PIERRE SD CLIMATE SUMMARY FOR FEBRUARY 9 2016...

CLIMATE NORMAL PERIOD 1981 TO 2010
CLIMATE RECORD PERIOD 1892 TO 2016


WEATHER ITEM   OBSERVED TIME   RECORD YEAR NORMAL DEPARTURE LAST
                VALUE   (LST)  VALUE       VALUE  FROM      YEAR
                                                  NORMAL
..................................................................
TEMPERATURE (F)
 YESTERDAY
  MAXIMUM         35    520 PM  66    1999  33      2       33
  MINIMUM         22    730 AM -35    1994  12     10       26
  AVERAGE         29                        23      6       30

PRECIPITATION (IN)
  YESTERDAY        0.00          0.76 2009   0.02  -0.02      T
  MONTH TO DATE    T                         0.14  -0.14     0.14
  SINCE DEC 1      1.18                      1.11   0.07     1.09
  SINCE JAN 1      0.17                      0.56  -0.39     0.27

SNOWFALL (IN)
  YESTERDAY        0.0           4.5  1960   0.2   -0.2      0.0
  MONTH TO DATE    T                         1.5   -1.5      1.5
  SINCE OCT 1     22.9                      17.4    5.5     22.3
  SINCE JUL 1     22.9                      17.4    5.5     22.3
  SNOW DEPTH       T

DEGREE DAYS
 HEATING
  YESTERDAY       36                        42     -6       35
  MONTH TO DATE  315                       388    -73      369
  SINCE DEC 1   2940                      3128   -188     2914
  SINCE JUL 1   4237                      4748   -511     4636

 COOLING
  YESTERDAY        0                         0      0        0
  MONTH TO DATE    0                         0      0        0
  SINCE DEC 1      0                         0      0        0
  SINCE JAN 1      0                         0      0        0
..................................................................


WIND (MPH)
  RESULTANT WIND SPEED   2   RESULTANT WIND DIRECTION  NW (320)
  HIGHEST WIND SPEED    16   HIGHEST WIND DIRECTION     N (10)
  HIGHEST GUST SPEED    20   HIGHEST GUST DIRECTION     N (10)
  AVERAGE WIND SPEED     7.3




RELATIVE HUMIDITY (PERCENT)
 HIGHEST    78          1000 PM
 LOWEST     41           300 PM
 AVERAGE    60

..........................................................


THE PIERRE SD CLIMATE NORMALS FOR TODAY
                         NORMAL    RECORD    YEAR
 MAXIMUM TEMPERATURE (F)   34        73      1951
 MINIMUM TEMPERATURE (F)   12       -21      1936


SUNRISE AND SUNSET
FEBRUARY 10 2016......SUNRISE   749 AM CST   SUNSET   603 PM CST
FEBRUARY 11 2016......SUNRISE   747 AM CST   SUNSET   604 PM CST


-  INDICATES NEGATIVE NUMBERS.
R  INDICATES RECORD WAS SET OR TIED.
MM INDICATES DATA IS MISSING.
T  INDICATES TRACE AMOUNT.




$$
