000
CDUS43 KABR 192332
CLIPIR


CLIMATE REPORT
NATIONAL WEATHER SERVICE ABERDEEN SD
531 PM CST THU JAN 19 2017


...................................

...THE PIERRE SD CLIMATE SUMMARY FOR JANUARY 19 2017...
VALID TODAY AS OF 0500 PM LOCAL TIME.

CLIMATE NORMAL PERIOD 1981 TO 2010
CLIMATE RECORD PERIOD 1892 TO 2017


WEATHER ITEM   OBSERVED TIME   RECORD YEAR NORMAL DEPARTURE LAST
                VALUE   (LST)  VALUE       VALUE  FROM      YEAR
                                                  NORMAL
..................................................................
TEMPERATURE (F)
 TODAY
  MAXIMUM         31    435 PM  56    1999  30      1       23
  MINIMUM          8    652 AM -32    1970  10     -2        9
  AVERAGE         20                        20      0       16

PRECIPITATION (IN)
  TODAY            0.00          0.30 2003   0.02  -0.02     0.04
  MONTH TO DATE    0.37                      0.27   0.10     0.17
  SINCE DEC 1      2.07                      0.82   1.25     1.18
  SINCE JAN 1      0.37                      0.27   0.10     0.17

SNOWFALL (IN)
  TODAY            0.0
  MONTH TO DATE    3.0
  SINCE OCT 1     21.4
  SINCE JUL 1     21.4
  SNOW DEPTH       5

DEGREE DAYS
 HEATING
  TODAY           45                        45      0       49
  MONTH TO DATE 1069                       860    209      937
  SINCE DEC 1   2588                      2202    386     2182
  SINCE JUL 1   3725                      3822    -97     3479
..................................................................


WIND (MPH)
  HIGHEST GUST SPEED     9   HIGHEST GUST DIRECTION    NW (310)




..........................................................


THE PIERRE SD CLIMATE NORMALS FOR TOMORROW
                         NORMAL    RECORD    YEAR
 MAXIMUM TEMPERATURE (F)   30        65      1964
 MINIMUM TEMPERATURE (F)   10       -25      1954


SUNRISE AND SUNSET
JANUARY 19 2017.......SUNRISE   811 AM CST   SUNSET   533 PM CST
JANUARY 20 2017.......SUNRISE   810 AM CST   SUNSET   535 PM CST


-  INDICATES NEGATIVE NUMBERS.
R  INDICATES RECORD WAS SET OR TIED.
MM INDICATES DATA IS MISSING.
T  INDICATES TRACE AMOUNT.




$$
