000
CDUS43 KABR 312233
CLIPIR


CLIMATE REPORT
NATIONAL WEATHER SERVICE ABERDEEN SD
532 PM CDT MON AUG 31 2015


...................................

...THE PIERRE SD CLIMATE SUMMARY FOR AUGUST 31 2015...
VALID TODAY AS OF 0500 PM LOCAL TIME.

CLIMATE NORMAL PERIOD 1981 TO 2010
CLIMATE RECORD PERIOD 1892 TO 2015


WEATHER ITEM   OBSERVED TIME   RECORD YEAR NORMAL DEPARTURE LAST
                VALUE   (LST)  VALUE       VALUE  FROM      YEAR
                                                  NORMAL
..................................................................
TEMPERATURE (F)
 TODAY
  MAXIMUM         80   1122 AM 103    1960  84     -4       71
  MINIMUM         69    559 AM  39    1974  56     13       61
  AVERAGE         75                        70      5       66

PRECIPITATION (IN)
  TODAY            T             1.83 1942   0.05  -0.05     0.05
  MONTH TO DATE    2.49                      1.80   0.69     3.03
  SINCE JUN 1     10.80                      7.98   2.82     8.29
  SINCE JAN 1     18.15                     15.18   2.97    16.22

DEGREE DAYS
 COOLING
  TODAY           10                         6      4        1
  MONTH TO DATE  271                       284    -13      199
  SINCE JUN 1    700                       745    -45      488
  SINCE JAN 1    714                       777    -63      536
..................................................................


WIND (MPH)
  HIGHEST GUST SPEED    29   HIGHEST GUST DIRECTION    NW (330)




..........................................................


THE PIERRE SD CLIMATE NORMALS FOR TOMORROW
                         NORMAL    RECORD    YEAR
 MAXIMUM TEMPERATURE (F)   83       106      1983
 MINIMUM TEMPERATURE (F)   56        40      1965


SUNRISE AND SUNSET
AUGUST 31 2015........SUNRISE   702 AM CDT   SUNSET   820 PM CDT
SEPTEMBER  1 2015.....SUNRISE   704 AM CDT   SUNSET   818 PM CDT


-  INDICATES NEGATIVE NUMBERS.
R  INDICATES RECORD WAS SET OR TIED.
MM INDICATES DATA IS MISSING.
T  INDICATES TRACE AMOUNT.




$$
