000
CDUS43 KABR 131027
CLIPIR


CLIMATE REPORT
NATIONAL WEATHER SERVICE ABERDEEN SD
527 AM CDT SUN JUL 13 2014


...................................

...THE PIERRE SD CLIMATE SUMMARY FOR JULY 12 2014...

CLIMATE NORMAL PERIOD 1981 TO 2010
CLIMATE RECORD PERIOD 1892 TO 2014


WEATHER ITEM   OBSERVED TIME   RECORD YEAR NORMAL DEPARTURE LAST
                VALUE   (LST)  VALUE       VALUE  FROM      YEAR
                                                  NORMAL
..................................................................
TEMPERATURE (F)
 YESTERDAY
  MAXIMUM         80    608 PM 105    1939  89     -9       94
  MINIMUM         62    614 AM  44    1975  62      0       72
  AVERAGE         71                        75     -4       83

PRECIPITATION (IN)
  YESTERDAY        0.25          2.41 1899   0.09   0.16     0.00
  MONTH TO DATE    0.31                      1.00  -0.69     1.91
  SINCE JUN 1      4.70                      4.57   0.13     4.87
  SINCE JAN 1     12.63                     11.77   0.86    13.73

DEGREE DAYS
 HEATING
  YESTERDAY        0                         0      0        0
  MONTH TO DATE    9                         0      9        0
  SINCE JUN 1     76                        53     23       60
  SINCE JUL 1      9                         0      9        0

 COOLING
  YESTERDAY        6                        10     -4       18
  MONTH TO DATE   70                       113    -43      109
  SINCE JUN 1    129                       247   -118      228
  SINCE JAN 1    177                       279   -102      250
..................................................................


WIND (MPH)
  RESULTANT WIND SPEED   5   RESULTANT WIND DIRECTION   N (0)
  HIGHEST WIND SPEED    26   HIGHEST WIND DIRECTION     N (20)
  HIGHEST GUST SPEED    33   HIGHEST GUST DIRECTION    NE (30)
  AVERAGE WIND SPEED     8.7




RELATIVE HUMIDITY (PERCENT)
 HIGHEST   100           500 AM
 LOWEST     54           400 PM
 AVERAGE    77

..........................................................


THE PIERRE SD CLIMATE NORMALS FOR TODAY
                         NORMAL    RECORD    YEAR
 MAXIMUM TEMPERATURE (F)   89       110      1974
 MINIMUM TEMPERATURE (F)   62        45      1950


SUNRISE AND SUNSET
JULY 13 2014..........SUNRISE   609 AM CDT   SUNSET   924 PM CDT
JULY 14 2014..........SUNRISE   610 AM CDT   SUNSET   923 PM CDT


-  INDICATES NEGATIVE NUMBERS.
R  INDICATES RECORD WAS SET OR TIED.
MM INDICATES DATA IS MISSING.
T  INDICATES TRACE AMOUNT.




$$
