000
CDUS43 KABR 211037
CLIPIR


CLIMATE REPORT
NATIONAL WEATHER SERVICE ABERDEEN SD
537 AM CDT SUN SEP 21 2014


...................................

...THE PIERRE SD CLIMATE SUMMARY FOR SEPTEMBER 20 2014...

CLIMATE NORMAL PERIOD 1981 TO 2010
CLIMATE RECORD PERIOD 1892 TO 2014


WEATHER ITEM   OBSERVED TIME   RECORD YEAR NORMAL DEPARTURE LAST
                VALUE   (LST)  VALUE       VALUE  FROM      YEAR
                                                  NORMAL
..................................................................
TEMPERATURE (F)
 YESTERDAY
  MAXIMUM         83    116 PM 104    1937  74      9       71
  MINIMUM         50   1106 PM  33    1983  47      3       42
  AVERAGE         67                        61      6       57

PRECIPITATION (IN)
  YESTERDAY        0.01          2.65 1989   0.06  -0.05     0.00
  MONTH TO DATE    0.56                      1.21  -0.65     0.07
  SINCE SEP 1      0.56                      1.21  -0.65     0.07
  SINCE JAN 1     16.78                     16.39   0.39    16.99

DEGREE DAYS
 HEATING
  YESTERDAY        0                         6     -6        8
  MONTH TO DATE  111                        71     40       28
  SINCE SEP 1    111                        71     40       28
  SINCE JUL 1    139                        91     48       37

 COOLING
  YESTERDAY        2                         2      0        0
  MONTH TO DATE   47                        77    -30      143
  SINCE SEP 1     47                        77    -30      143
  SINCE JAN 1    583                       854   -271      829
..................................................................


WIND (MPH)
  RESULTANT WIND SPEED  13   RESULTANT WIND DIRECTION  NW (300)
  HIGHEST WIND SPEED    38   HIGHEST WIND DIRECTION    NW (310)
  HIGHEST GUST SPEED    47   HIGHEST GUST DIRECTION    NW (300)
  AVERAGE WIND SPEED    14.1




RELATIVE HUMIDITY (PERCENT)
 HIGHEST    86           600 AM
 LOWEST     22           500 PM
 AVERAGE    54

..........................................................


THE PIERRE SD CLIMATE NORMALS FOR TODAY
                         NORMAL    RECORD    YEAR
 MAXIMUM TEMPERATURE (F)   74        99      1937
 MINIMUM TEMPERATURE (F)   47        31      1995


SUNRISE AND SUNSET
SEPTEMBER 21 2014.....SUNRISE   727 AM CDT   SUNSET   740 PM CDT
SEPTEMBER 22 2014.....SUNRISE   728 AM CDT   SUNSET   739 PM CDT


-  INDICATES NEGATIVE NUMBERS.
R  INDICATES RECORD WAS SET OR TIED.
MM INDICATES DATA IS MISSING.
T  INDICATES TRACE AMOUNT.




$$
