837
CDUS43 KABR 121041
CLIPIR


CLIMATE REPORT
NATIONAL WEATHER SERVICE ABERDEEN SD
440 AM CST TUE DEC 12 2017


...................................

...THE PIERRE SD CLIMATE SUMMARY FOR DECEMBER 11 2017...

CLIMATE NORMAL PERIOD 1981 TO 2010
CLIMATE RECORD PERIOD 1892 TO 2017


WEATHER ITEM   OBSERVED TIME   RECORD YEAR NORMAL DEPARTURE LAST
                VALUE   (LST)  VALUE       VALUE  FROM      YEAR
                                                  NORMAL
..................................................................
TEMPERATURE (F)
 YESTERDAY
  MAXIMUM         46    250 AM  64    1939  32     14       14
  MINIMUM         28    828 PM -16    1972  13     15       -7
  AVERAGE         37                        22     15        4

PRECIPITATION (IN)
  YESTERDAY       MM             0.34 1965   0.02  MM         T
  MONTH TO DATE    0.10                      0.21  -0.11     0.19
  SINCE DEC 1      0.10                      0.21  -0.11     0.19
  SINCE JAN 1     13.56                     19.67  -6.11    19.50

SNOWFALL (IN)
  YESTERDAY       MM             3.2  1949   0.2   MM         T
  MONTH TO DATE    0.7                       2.0   -1.3      2.2
  SINCE OCT 1      0.7                       8.3   -7.6     12.3
  SINCE JUL 1      0.7                       8.3   -7.6     12.3
  SNOW DEPTH       0

DEGREE DAYS
 HEATING
  YESTERDAY       28                        43    -15       61
  MONTH TO DATE  351                       451   -100      541
  SINCE DEC 1    351                       451   -100      541
  SINCE JUL 1   1808                      2071   -263     1678

 COOLING
  YESTERDAY        0                         0      0        0
  MONTH TO DATE    0                         0      0        0
  SINCE DEC 1      0                         0      0        0
  SINCE JAN 1    868                       868      0      961
..................................................................


WIND (MPH)
  RESULTANT WIND SPEED  22   RESULTANT WIND DIRECTION  NW (320)
  HIGHEST WIND SPEED    43   HIGHEST WIND DIRECTION    NW (320)
  HIGHEST GUST SPEED    55   HIGHEST GUST DIRECTION    NW (320)
  AVERAGE WIND SPEED    21.9




RELATIVE HUMIDITY (PERCENT)
 HIGHEST   100           200 PM
 LOWEST     34           200 AM
 AVERAGE    67

..........................................................


THE PIERRE SD CLIMATE NORMALS FOR TODAY
                         NORMAL    RECORD    YEAR
 MAXIMUM TEMPERATURE (F)   32        60      2014
 MINIMUM TEMPERATURE (F)   13       -14      2000


SUNRISE AND SUNSET
DECEMBER 12 2017......SUNRISE   808 AM CST   SUNSET   502 PM CST
DECEMBER 13 2017......SUNRISE   809 AM CST   SUNSET   502 PM CST


-  INDICATES NEGATIVE NUMBERS.
R  INDICATES RECORD WAS SET OR TIED.
MM INDICATES DATA IS MISSING.
T  INDICATES TRACE AMOUNT.




$$
