000
CDUS43 KABR 201034
CLIPIR


CLIMATE REPORT
NATIONAL WEATHER SERVICE ABERDEEN SD
534 AM CDT FRI OCT 20 2017


...................................

...THE PIERRE SD CLIMATE SUMMARY FOR OCTOBER 19 2017...

CLIMATE NORMAL PERIOD 1981 TO 2010
CLIMATE RECORD PERIOD 1892 TO 2017


WEATHER ITEM   OBSERVED TIME   RECORD YEAR NORMAL DEPARTURE LAST
                VALUE   (LST)  VALUE       VALUE  FROM      YEAR
                                                  NORMAL
..................................................................
TEMPERATURE (F)
 YESTERDAY
  MAXIMUM         84    340 PM  87    1955  60     24       57
  MINIMUM         41    341 AM  17    1960  35      6       41
  AVERAGE         63                        47     16       49

PRECIPITATION (IN)
  YESTERDAY        0.00          1.23 1908   0.06  -0.06      T
  MONTH TO DATE    1.04                      1.16  -0.12     0.66
  SINCE SEP 1      2.90                      3.03  -0.13     1.89
  SINCE JAN 1     13.34                     18.21  -4.87    17.61

SNOWFALL (IN)
  YESTERDAY        0.0           T    1898   0.0    0.0      0.0
  MONTH TO DATE    0.0                       0.3   -0.3      0.0
  SINCE OCT 1      0.0                       0.3   -0.3      0.0
  SINCE JUL 1      0.0                       0.3   -0.3      0.0
  SNOW DEPTH       0

DEGREE DAYS
 HEATING
  YESTERDAY        2                        18    -16       16
  MONTH TO DATE  240                       264    -24      216
  SINCE SEP 1    371                       415    -44      310
  SINCE JUL 1    376                       435    -59      330

 COOLING
  YESTERDAY        0                         0      0        0
  MONTH TO DATE    0                         2     -2       15
  SINCE SEP 1    108                        88     20       95
  SINCE JAN 1    866                       865      1      959
..................................................................


WIND (MPH)
  RESULTANT WIND SPEED   9   RESULTANT WIND DIRECTION  SE (150)
  HIGHEST WIND SPEED    14   HIGHEST WIND DIRECTION     S (170)
  HIGHEST GUST SPEED    19   HIGHEST GUST DIRECTION     S (180)
  AVERAGE WIND SPEED     9.8




RELATIVE HUMIDITY (PERCENT)
 HIGHEST    70           700 AM
 LOWEST     16           400 PM
 AVERAGE    43

..........................................................


THE PIERRE SD CLIMATE NORMALS FOR TODAY
                         NORMAL    RECORD    YEAR
 MAXIMUM TEMPERATURE (F)   59        92      1947
 MINIMUM TEMPERATURE (F)   35        19      2011


SUNRISE AND SUNSET
OCTOBER 20 2017.......SUNRISE   803 AM CDT   SUNSET   648 PM CDT
OCTOBER 21 2017.......SUNRISE   804 AM CDT   SUNSET   647 PM CDT


-  INDICATES NEGATIVE NUMBERS.
R  INDICATES RECORD WAS SET OR TIED.
MM INDICATES DATA IS MISSING.
T  INDICATES TRACE AMOUNT.




$$
