000
CDUS41 KPBZ 030701
CLIPIT

CLIMATE REPORT
NATIONAL WEATHER SERVICE PITTSBURGH PA
300 AM EDT FRI JUL 3 2015

...................................

...THE PITTSBURGH PA CLIMATE SUMMARY FOR JULY 2 2015...

CLIMATE NORMAL PERIOD 1981 TO 2010
CLIMATE RECORD PERIOD 1871 TO 2015

WEATHER ITEM   OBSERVED TIME   RECORD YEAR NORMAL DEPARTURE LAST
                VALUE   (LST)  VALUE       VALUE  FROM      YEAR
                                                  NORMAL
..................................................................
TEMPERATURE (F)
 YESTERDAY
  MAXIMUM         78    430 PM  97    1966  82     -4       86
                                      1931
  MINIMUM         60    619 AM  46    1982  62     -2       70
  AVERAGE         69                        72     -3       78

PRECIPITATION (IN)
  YESTERDAY        0.00          1.29 1922   0.13  -0.13      T
  MONTH TO DATE    T                         0.26  -0.26      T
  SINCE JUN 1      7.34                      4.56   2.78     4.05
  SINCE JAN 1     21.82                     19.66   2.16    19.14

SNOWFALL (IN)
  YESTERDAY        0.0           0.0  2002   0.0    0.0      0.0
                                      2001
  MONTH TO DATE    0.0                       0.0    0.0      0.0
  SINCE OCT 1     47.5                      41.9    5.6     63.4
  SINCE JUL 1      0.0                       0.0    0.0      0.0
  SNOW DEPTH       0

DEGREE DAYS
 HEATING
  YESTERDAY        0                         0      0        0
  MONTH TO DATE    0                         0      0        0
  SINCE JUN 1     25                        38    -13        9
  SINCE JUL 1      0                         0      0        0

 COOLING
  YESTERDAY        4                         7     -3       13
  MONTH TO DATE    7                        14     -7       28
  SINCE JUN 1    200                       164     36      213
  SINCE JAN 1    334                       216    118      287
..................................................................

WIND (MPH)
  HIGHEST WIND SPEED    15   HIGHEST WIND DIRECTION     N (360)
  HIGHEST GUST SPEED    19   HIGHEST GUST DIRECTION     N (10)
  AVERAGE WIND SPEED     4.4


SKY COVER
  POSSIBLE SUNSHINE  MM
  AVERAGE SKY COVER 0.8


WEATHER CONDITIONS
 THE FOLLOWING WEATHER WAS RECORDED YESTERDAY.
  FOG
  HAZE


RELATIVE HUMIDITY (PERCENT)
 HIGHEST    97           700 AM
 LOWEST     43           400 PM
 AVERAGE    70

..........................................................


THE PITTSBURGH PA CLIMATE NORMALS FOR TODAY
                         NORMAL    RECORD    YEAR
 MAXIMUM TEMPERATURE (F)   82        99      1898
 MINIMUM TEMPERATURE (F)   62        47      2001


SUNRISE AND SUNSET
JULY  3 2015..........SUNRISE   555 AM EDT   SUNSET   855 PM EDT
JULY  4 2015..........SUNRISE   556 AM EDT   SUNSET   855 PM EDT


-  INDICATES NEGATIVE NUMBERS.
R  INDICATES RECORD WAS SET OR TIED.
MM INDICATES DATA IS MISSING.
T  INDICATES TRACE AMOUNT.

&&

SNOW DEPTH IS MEASURED AT 7 AM EST OR 8 AM EDT.

$$
