000
CDUS41 KPBZ 272112
CLIPIT

CLIMATE REPORT
NATIONAL WEATHER SERVICE PITTSBURGH PA
511 PM EDT TUE SEP 27 2016

...................................

...THE PITTSBURGH PA CLIMATE SUMMARY FOR SEPTEMBER 27 2016...
VALID TODAY AS OF 0500 PM LOCAL TIME.

CLIMATE NORMAL PERIOD 1981 TO 2010
CLIMATE RECORD PERIOD 1871 TO 2016

WEATHER ITEM   OBSERVED TIME   RECORD YEAR NORMAL DEPARTURE LAST
                VALUE   (LST)  VALUE       VALUE  FROM      YEAR
                                                  NORMAL
..................................................................
TEMPERATURE (F)
 TODAY
  MAXIMUM         72    335 PM  90    1891  70      2       76
  MINIMUM         52    654 AM  34    1957  50      2       61
  AVERAGE         62                        60      2       69

PRECIPITATION (IN)
  TODAY            0.00          1.75 1933   0.09  -0.09     0.13
  MONTH TO DATE    1.15                      2.84  -1.69     1.15
  SINCE JUN 1     10.66                     14.45  -3.79    14.39
  SINCE JAN 1     24.28                     29.55  -5.27    28.87

SNOWFALL (IN)
  TODAY            0.0           0.0  2002   0.0    0.0      0.0
                                      2001
  MONTH TO DATE    0.0                       0.0    0.0      0.0
  SINCE OCT 1     29.6                      41.9  -12.3     47.5
  SINCE JUL 1      0.0                       0.0    0.0      0.0
  SNOW DEPTH       0

DEGREE DAYS
 HEATING
  TODAY            3                         6     -3        0
  MONTH TO DATE    5                        80    -75       20
  SINCE SEP 1      5                        80    -75       20
  SINCE JUL 1      6                        93    -87       26

 COOLING
  TODAY            0                         1     -1        4
  MONTH TO DATE  156                        72     84      168
  SINCE SEP 1    156                        72     84      168
  SINCE JAN 1   1131                       724    407      971
..................................................................

WIND (MPH)
  HIGHEST WIND SPEED    21   HIGHEST WIND DIRECTION    SW (210)
  HIGHEST GUST SPEED    30   HIGHEST GUST DIRECTION    SW (220)
  AVERAGE WIND SPEED     8.7


SKY COVER
  POSSIBLE SUNSHINE  MM
  AVERAGE SKY COVER 0.1


WEATHER CONDITIONS
 THE FOLLOWING WEATHER WAS RECORDED TODAY.
  NO SIGNIFICANT WEATHER WAS OBSERVED.


RELATIVE HUMIDITY (PERCENT)
 HIGHEST   100          1200 AM
 LOWEST     25           300 PM
 AVERAGE    63

..........................................................


THE PITTSBURGH PA CLIMATE NORMALS FOR TOMORROW
                         NORMAL    RECORD    YEAR
 MAXIMUM TEMPERATURE (F)   69        90      1959
 MINIMUM TEMPERATURE (F)   49        34      1989
                                             1942


SUNRISE AND SUNSET
SEPTEMBER 27 2016.....SUNRISE   714 AM EDT   SUNSET   709 PM EDT
SEPTEMBER 28 2016.....SUNRISE   715 AM EDT   SUNSET   707 PM EDT


-  INDICATES NEGATIVE NUMBERS.
R  INDICATES RECORD WAS SET OR TIED.
MM INDICATES DATA IS MISSING.
T  INDICATES TRACE AMOUNT.

&&

SNOW DEPTH IS MEASURED AT 7 AM EST OR 8 AM EDT.

$$
