000
CDUS41 KPBZ 202117
CLIPIT


CLIMATE REPORT
NATIONAL WEATHER SERVICE PITTSBURGH PA
517 PM EDT SUN APR 20 2014


...................................

...THE PITTSBURGH PA CLIMATE SUMMARY FOR APRIL 20 2014...
VALID TODAY AS OF 0500 PM LOCAL TIME.

CLIMATE NORMAL PERIOD 1981 TO 2010
CLIMATE RECORD PERIOD 1871 TO 2014


WEATHER ITEM   OBSERVED TIME   RECORD YEAR NORMAL DEPARTURE LAST
                VALUE   (LST)  VALUE       VALUE  FROM      YEAR
                                                  NORMAL
..................................................................
TEMPERATURE (F)
 TODAY
  MAXIMUM         72    359 PM  86    1941  64      8       47
  MINIMUM         42    459 AM  25    1997  42      0       35
                                      1926
                                      1904
  AVERAGE         57                        53      4       41

PRECIPITATION (IN)
  TODAY            0.00          2.24 1901   0.10  -0.10     0.02
  MONTH TO DATE    2.40                      2.08   0.32     2.47
  SINCE JUN 1     33.01                     33.21  -0.20    35.57
  SINCE JAN 1      8.70                     10.12  -1.42     9.21

SNOWFALL (IN)
  TODAY            0.0           0.9  1953   0.1   -0.1      0.0
  MONTH TO DATE    0.1                       1.4   -1.3       T
  SINCE OCT 1     63.4                      41.3   22.1     57.4
  SINCE JUL 1     63.4                      41.3   22.1     57.4
  SNOW DEPTH       0

DEGREE DAYS
 HEATING
  TODAY            8                        13     -5       24
  MONTH TO DATE  265                       319    -54      263
  SINCE MAR 1   1205                      1107     98     1157
  SINCE JUL 1   5736                      5364    372     5269

 COOLING
  TODAY            0                         0      0        0
  MONTH TO DATE   10                         0     10       17
  SINCE MAR 1     10                         1      9       17
  SINCE JAN 1     10                         1      9       17
..................................................................


WIND (MPH)
  HIGHEST WIND SPEED    15   HIGHEST WIND DIRECTION    SE (130)
  HIGHEST GUST SPEED    22   HIGHEST GUST DIRECTION     S (180)
  AVERAGE WIND SPEED     5.5


SKY COVER
  POSSIBLE SUNSHINE  MM
  AVERAGE SKY COVER 0.6


WEATHER CONDITIONS
 THE FOLLOWING WEATHER WAS RECORDED TODAY.
  NO SIGNIFICANT WEATHER WAS OBSERVED.


RELATIVE HUMIDITY (PERCENT)
 HIGHEST    58           100 AM
 LOWEST     14           300 PM
 AVERAGE    36

..........................................................


THE PITTSBURGH PA CLIMATE NORMALS FOR TOMORROW
                         NORMAL    RECORD    YEAR
 MAXIMUM TEMPERATURE (F)   64        85      1985
 MINIMUM TEMPERATURE (F)   42        22      1875


SUNRISE AND SUNSET
APRIL 20 2014.........SUNRISE   635 AM EDT   SUNSET   805 PM EDT
APRIL 21 2014.........SUNRISE   634 AM EDT   SUNSET   806 PM EDT


-  INDICATES NEGATIVE NUMBERS.
R  INDICATES RECORD WAS SET OR TIED.
MM INDICATES DATA IS MISSING.
T  INDICATES TRACE AMOUNT.





&&
SNOW DEPTH IS MEASURED AT 7 AM EST OR 8 AM EDT.
$$
