000
CDUS41 KPBZ 310814
CLIPIT


CLIMATE REPORT
NATIONAL WEATHER SERVICE PITTSBURGH PA
314 AM EST SAT JAN 31 2015


...................................

...THE PITTSBURGH PA CLIMATE SUMMARY FOR JANUARY 30 2015...

CLIMATE NORMAL PERIOD 1981 TO 2010
CLIMATE RECORD PERIOD 1871 TO 2015


WEATHER ITEM   OBSERVED TIME   RECORD YEAR NORMAL DEPARTURE LAST
                VALUE   (LST)  VALUE       VALUE  FROM      YEAR
                                                  NORMAL
..................................................................
TEMPERATURE (F)
 YESTERDAY
  MAXIMUM         31   1240 AM  68    2013  36     -5       33
  MINIMUM          9   1155 PM  -1    1934  21    -12        2
  AVERAGE         20                        29     -9       18

PRECIPITATION (IN)
  YESTERDAY        0.08          1.24 1939   0.08   0.00     0.00
  MONTH TO DATE    2.25                      2.61  -0.36     2.18
  SINCE JUN 1     24.00                     25.70  -1.70    26.49
  SINCE JAN 1      2.25                      2.61  -0.36     2.18

SNOWFALL (IN)
  YESTERDAY        1.7           4.3  1966   0.4    1.3      0.0
  MONTH TO DATE   18.5                      11.1    7.4     17.9
  SINCE OCT 1     21.8                      21.8    0.0     42.3
  SINCE JUL 1     21.8                      21.8    0.0     42.3
  SNOW DEPTH       7

DEGREE DAYS
 HEATING
  YESTERDAY       45                        36      9       47
  MONTH TO DATE 1173                      1101     72     1290
  SINCE DEC 1   2082                      2113    -31     2239
  SINCE JUL 1   3320                      3276     44     3407

 COOLING
  YESTERDAY        0                         0      0        0
  MONTH TO DATE    0                         0      0        0
  SINCE DEC 1      0                         0      0        0
  SINCE JAN 1      0                         0      0        0
..................................................................


WIND (MPH)
  HIGHEST WIND SPEED    29   HIGHEST WIND DIRECTION    NW (320)
  HIGHEST GUST SPEED    36   HIGHEST GUST DIRECTION    NW (320)
  AVERAGE WIND SPEED    15.8


SKY COVER
  POSSIBLE SUNSHINE  MM
  AVERAGE SKY COVER 1.0


WEATHER CONDITIONS
 THE FOLLOWING WEATHER WAS RECORDED YESTERDAY.
  SNOW
  LIGHT SNOW
  FOG
  BLOWING SNOW


RELATIVE HUMIDITY (PERCENT)
 HIGHEST   100           200 AM
 LOWEST     64           700 PM
 AVERAGE    82

..........................................................


THE PITTSBURGH PA CLIMATE NORMALS FOR TODAY
                         NORMAL    RECORD    YEAR
 MAXIMUM TEMPERATURE (F)   37        72      2002
 MINIMUM TEMPERATURE (F)   21        -3      1971


SUNRISE AND SUNSET
JANUARY 31 2015.......SUNRISE   732 AM EST   SUNSET   537 PM EST
FEBRUARY  1 2015......SUNRISE   731 AM EST   SUNSET   539 PM EST


-  INDICATES NEGATIVE NUMBERS.
R  INDICATES RECORD WAS SET OR TIED.
MM INDICATES DATA IS MISSING.
T  INDICATES TRACE AMOUNT.





&&
SNOW DEPTH IS MEASURED AT 7 AM EST OR 8 AM EDT.
$$
