000
CDUS41 KPBZ 190703
CLIPIT

CLIMATE REPORT
NATIONAL WEATHER SERVICE PITTSBURGH PA
303 AM EDT SAT AUG 19 2017

...................................

...THE PITTSBURGH PA CLIMATE SUMMARY FOR AUGUST 18 2017...

CLIMATE NORMAL PERIOD 1981 TO 2010
CLIMATE RECORD PERIOD 1871 TO 2017

WEATHER ITEM   OBSERVED TIME   RECORD YEAR NORMAL DEPARTURE LAST
                VALUE   (LST)  VALUE       VALUE  FROM      YEAR
                                                  NORMAL
..................................................................
TEMPERATURE (F)
 YESTERDAY
  MAXIMUM         84    336 PM  95    1884  82      2       85
  MINIMUM         69   1156 PM  43    1981  62      7       67
  AVERAGE         77                        72      5       76

PRECIPITATION (IN)
  YESTERDAY        0.34          1.87 1931   0.11   0.23     0.00
  MONTH TO DATE    1.27                      2.09  -0.82     2.64
  SINCE JUN 1     11.47                     10.22   1.25     8.86
  SINCE JAN 1     30.18                     25.32   4.86    22.48

SNOWFALL (IN)
  YESTERDAY        0.0           0.0  2002   0.0    0.0      0.0
                                      2001
  MONTH TO DATE    0.0                       0.0    0.0      0.0
  SINCE OCT 1     32.0                      41.9   -9.9     29.6
  SINCE JUL 1      0.0                       0.0    0.0      0.0
  SNOW DEPTH       0

DEGREE DAYS
 HEATING
  YESTERDAY        0                         0      0        0
  MONTH TO DATE    0                         0      0        0
  SINCE JUN 1     26                        42    -16       15
  SINCE JUL 1      0                         4     -4        1

 COOLING
  YESTERDAY       12                         7      5       11
  MONTH TO DATE  121                       130     -9      223
  SINCE JUN 1    573                       521     52      778
  SINCE JAN 1    647                       573     74      848
..................................................................

WIND (MPH)
  HIGHEST WIND SPEED    20   HIGHEST WIND DIRECTION     W (270)
  HIGHEST GUST SPEED    24   HIGHEST GUST DIRECTION     W (280)
  AVERAGE WIND SPEED     7.1


SKY COVER
  POSSIBLE SUNSHINE  MM
  AVERAGE SKY COVER 0.6


WEATHER CONDITIONS
 THE FOLLOWING WEATHER WAS RECORDED YESTERDAY.
  HEAVY RAIN
  LIGHT RAIN
  FOG


RELATIVE HUMIDITY (PERCENT)
 HIGHEST   100           400 AM
 LOWEST     47           500 PM
 AVERAGE    74

..........................................................


THE PITTSBURGH PA CLIMATE NORMALS FOR TODAY
                         NORMAL    RECORD    YEAR
 MAXIMUM TEMPERATURE (F)   82        96      1884
 MINIMUM TEMPERATURE (F)   61        43      1977


SUNRISE AND SUNSET
AUGUST 19 2017........SUNRISE   636 AM EDT   SUNSET   812 PM EDT
AUGUST 20 2017........SUNRISE   637 AM EDT   SUNSET   811 PM EDT


-  INDICATES NEGATIVE NUMBERS.
R  INDICATES RECORD WAS SET OR TIED.
MM INDICATES DATA IS MISSING.
T  INDICATES TRACE AMOUNT.

&&

SNOW DEPTH IS MEASURED AT 7 AM EST OR 8 AM EDT.

$$
