000
CDUS41 KRLX 222224
CLIPKB


CLIMATE REPORT
NATIONAL WEATHER SERVICE CHARLESTON WV
523 PM EST MON DEC 22 2014


...................................

...THE PARKERSBURG WV CLIMATE SUMMARY FOR DECEMBER 22 2014...
VALID TODAY AS OF 0500 PM LOCAL TIME.

CLIMATE NORMAL PERIOD 1981 TO 2010
CLIMATE RECORD PERIOD 1889 TO 2014


WEATHER ITEM   OBSERVED TIME   RECORD YEAR NORMAL DEPARTURE LAST
                VALUE   (LST)  VALUE       VALUE  FROM      YEAR
                                                  NORMAL
..................................................................
TEMPERATURE (F)
 TODAY
  MAXIMUM         55    317 PM  70    2013  42     13       70
                                      1967
  MINIMUM         26    304 AM -13    1989  25      1       54
  AVERAGE         41                        34      7       62

PRECIPITATION (IN)
  TODAY            0.00          T    2001   0.09  -0.09     0.41
                                      2001
                                      2010
  MONTH TO DATE    2.76                      2.24   0.52     3.64
  SINCE DEC 1      2.76                      2.24   0.52     3.64
  SINCE JAN 1        MM                     40.33     MM    43.46

DEGREE DAYS
 HEATING
  TODAY           24                        32     -8        3
  MONTH TO DATE  596                       635    -39      570
  SINCE DEC 1    596                       635    -39      570
  SINCE JUL 1     MM                      1620     MM     1672

 COOLING
  TODAY            0                         0      0        0
  MONTH TO DATE    0                         0      0        0
  SINCE DEC 1      0                         0      0        0
  SINCE JAN 1     MM                       955     MM      955
..................................................................


WIND (MPH)
  HIGHEST WIND SPEED    12   HIGHEST WIND DIRECTION     E (100)
  HIGHEST GUST SPEED    15   HIGHEST GUST DIRECTION     E (110)
  AVERAGE WIND SPEED     4.2


SKY COVER
  POSSIBLE SUNSHINE  MM
  AVERAGE SKY COVER 0.3


WEATHER CONDITIONS
 THE FOLLOWING WEATHER WAS RECORDED TODAY.
  FOG
  HAZE


RELATIVE HUMIDITY (PERCENT)
 HIGHEST    92           700 AM
 LOWEST     50           100 PM
 AVERAGE    71

..........................................................


THE PARKERSBURG WV CLIMATE NORMALS FOR TOMORROW
                         NORMAL    RECORD    YEAR
 MAXIMUM TEMPERATURE (F)   41        67      1933
 MINIMUM TEMPERATURE (F)   25       -16      1989


SUNRISE AND SUNSET
DECEMBER 22 2014......SUNRISE   743 AM EST   SUNSET   506 PM EST
DECEMBER 23 2014......SUNRISE   743 AM EST   SUNSET   507 PM EST


-  INDICATES NEGATIVE NUMBERS.
R  INDICATES RECORD WAS SET OR TIED.
MM INDICATES DATA IS MISSING.
T  INDICATES TRACE AMOUNT.




$$
