000
CDUS41 KRLX 272122
CLIPKB


CLIMATE REPORT
NATIONAL WEATHER SERVICE CHARLESTON WV
521 PM EDT SAT MAY 27 2017


...................................

...THE PARKERSBURG WV CLIMATE SUMMARY FOR MAY 27 2017...
VALID TODAY AS OF 0500 PM LOCAL TIME.

CLIMATE NORMAL PERIOD 1981 TO 2010
CLIMATE RECORD PERIOD 1889 TO 2017


WEATHER ITEM   OBSERVED TIME   RECORD YEAR NORMAL DEPARTURE LAST
                VALUE   (LST)  VALUE       VALUE  FROM      YEAR
                                                  NORMAL
..................................................................
TEMPERATURE (F)
 TODAY
  MAXIMUM         79    351 PM  91    2012  77      2       87
  MINIMUM         58   1245 AM  38    1983  54      4       65
                                      1961
                                      1949
  AVERAGE         69                        65      4       76

PRECIPITATION (IN)
  TODAY            0.24          1.62 1968   0.15   0.09      T
  MONTH TO DATE    2.53                      3.71  -1.18     3.71
  SINCE MAR 1     11.98                     10.71   1.27    10.89
  SINCE JAN 1     20.53                     16.36   4.17    16.43

DEGREE DAYS
 HEATING
  TODAY            0                         3     -3        0
  MONTH TO DATE  125                       137    -12      159
  SINCE MAR 1    944                      1153   -209      928
  SINCE JUL 1   3975                      4943   -968     4141

 COOLING
  TODAY            4                         3      1       11
  MONTH TO DATE   56                        49      7       33
  SINCE MAR 1     95                        70     25       53
  SINCE JAN 1     99                        70     29       53
..................................................................


WIND (MPH)
  HIGHEST WIND SPEED    10   HIGHEST WIND DIRECTION     S (190)
  HIGHEST GUST SPEED    13   HIGHEST GUST DIRECTION     W (270)
  AVERAGE WIND SPEED     3.0


SKY COVER
  POSSIBLE SUNSHINE  MM
  AVERAGE SKY COVER 0.7


WEATHER CONDITIONS
 THE FOLLOWING WEATHER WAS RECORDED TODAY.
  THUNDERSTORM
  HEAVY RAIN
  RAIN
  LIGHT RAIN
  FOG


RELATIVE HUMIDITY (PERCENT)
 HIGHEST    97           300 AM
 LOWEST     67           400 PM
 AVERAGE    82

..........................................................


THE PARKERSBURG WV CLIMATE NORMALS FOR TOMORROW
                         NORMAL    RECORD    YEAR
 MAXIMUM TEMPERATURE (F)   77        92      1941
                                             1931
 MINIMUM TEMPERATURE (F)   54        36      1994


SUNRISE AND SUNSET
MAY 27 2017...........SUNRISE   603 AM EDT   SUNSET   843 PM EDT
MAY 28 2017...........SUNRISE   603 AM EDT   SUNSET   844 PM EDT


-  INDICATES NEGATIVE NUMBERS.
R  INDICATES RECORD WAS SET OR TIED.
MM INDICATES DATA IS MISSING.
T  INDICATES TRACE AMOUNT.




$$
