000
CDUS41 KRLX 212124
CLIPKB


CLIMATE REPORT
NATIONAL WEATHER SERVICE CHARLESTON WV
523 PM EDT THU AUG 21 2014


...................................

...THE PARKERSBURG WV CLIMATE SUMMARY FOR AUGUST 21 2014...
VALID TODAY AS OF 0500 PM LOCAL TIME.

CLIMATE NORMAL PERIOD 1981 TO 2010
CLIMATE RECORD PERIOD 1889 TO 2014


WEATHER ITEM   OBSERVED TIME   RECORD YEAR NORMAL DEPARTURE LAST
                VALUE   (LST)  VALUE       VALUE  FROM      YEAR
                                                  NORMAL
..................................................................
TEMPERATURE (F)
 TODAY
  MAXIMUM         77   1148 AM 102    1936  84     -7       84
  MINIMUM         67    534 AM  50    2000  62      5       62
  AVERAGE         72                        73     -1       73

PRECIPITATION (IN)
  TODAY            0.08          0.49 2011   0.11  -0.03     0.16
  MONTH TO DATE    2.06                      2.51  -0.45     4.65
  SINCE JUN 1      6.54                     10.74  -4.20    18.07
  SINCE JAN 1     15.43                     27.69 -12.26    30.89

DEGREE DAYS
 HEATING
  TODAY            0                         0      0        0
  MONTH TO DATE    1                         0      1        5
  SINCE JUN 1      2                        20    -18       11
  SINCE JUL 1      2                         1      1        5

 COOLING
  TODAY            7                         8     -1        8
  MONTH TO DATE  137                       186    -49      122
  SINCE JUN 1    384                       669   -285      602
  SINCE JAN 1    389                       753   -364      728
..................................................................


WIND (MPH)
  HIGHEST WIND SPEED    13   HIGHEST WIND DIRECTION     S (170)
  HIGHEST GUST SPEED    16   HIGHEST GUST DIRECTION     S (180)
  AVERAGE WIND SPEED     4.6


SKY COVER
  POSSIBLE SUNSHINE  MM
  AVERAGE SKY COVER 0.4


WEATHER CONDITIONS
 THE FOLLOWING WEATHER WAS RECORDED TODAY.
  THUNDERSTORM
  RAIN
  LIGHT RAIN
  FOG


RELATIVE HUMIDITY (PERCENT)
 HIGHEST    93           400 AM
 LOWEST     76          1100 AM
 AVERAGE    85

..........................................................


THE PARKERSBURG WV CLIMATE NORMALS FOR TOMORROW
                         NORMAL    RECORD    YEAR
 MAXIMUM TEMPERATURE (F)   84       102      1983
 MINIMUM TEMPERATURE (F)   62        47      1982


SUNRISE AND SUNSET
AUGUST 21 2014........SUNRISE   644 AM EDT   SUNSET   813 PM EDT
AUGUST 22 2014........SUNRISE   645 AM EDT   SUNSET   812 PM EDT


-  INDICATES NEGATIVE NUMBERS.
R  INDICATES RECORD WAS SET OR TIED.
MM INDICATES DATA IS MISSING.
T  INDICATES TRACE AMOUNT.




$$
