000
CDUS41 KRLX 230816
CLIPKB


CLIMATE REPORT
NATIONAL WEATHER SERVICE CHARLESTON WV
316 AM EST THU NOV 23 2017


...................................

...THE PARKERSBURG WV CLIMATE SUMMARY FOR NOVEMBER 22 2017...

CLIMATE NORMAL PERIOD 1981 TO 2010
CLIMATE RECORD PERIOD 1889 TO 2017


WEATHER ITEM   OBSERVED TIME   RECORD YEAR NORMAL DEPARTURE LAST
                VALUE   (LST)  VALUE       VALUE  FROM      YEAR
                                                  NORMAL
..................................................................
TEMPERATURE (F)
 YESTERDAY
  MAXIMUM         49   1245 AM  76    1934  52     -3       46
  MINIMUM         27   1159 PM  14    2000  34     -7       18
  AVERAGE         38                        43     -5       32

PRECIPITATION (IN)
  YESTERDAY        0.06          2.41 1991   0.12  -0.06     0.00
  MONTH TO DATE    4.06                      2.45   1.61     0.56
  SINCE JAN 1     48.66                     37.18  11.48    31.50

SNOWFALL (IN)
  YESTERDAY       MM
  MONTH TO DATE   MM
  SINCE SEP 1     MM
  SNOW DEPTH      MM

DEGREE DAYS
 HEATING
  YESTERDAY       27                        22      5       33
  MONTH TO DATE  434                       402     32      383
  SINCE SEP 1    731                       791    -60      598
  SINCE JUL 1    733                       796    -63      598

 COOLING
  YESTERDAY        0                         0      0        0
  MONTH TO DATE    2                         0      2        2
  SINCE SEP 1    173                       123     50      274
  SINCE JAN 1    975                       953     22     1352
..................................................................


WIND (MPH)
  HIGHEST WIND SPEED    16   HIGHEST WIND DIRECTION    NW (310)
  HIGHEST GUST SPEED    23   HIGHEST GUST DIRECTION    NW (320)
  AVERAGE WIND SPEED     5.1


SKY COVER
  POSSIBLE SUNSHINE  MM
  AVERAGE SKY COVER 0.8


WEATHER CONDITIONS
 THE FOLLOWING WEATHER WAS RECORDED YESTERDAY.
  LIGHT RAIN
  FOG


RELATIVE HUMIDITY (PERCENT)
 HIGHEST    92           700 AM
 LOWEST     50          1200 AM
 AVERAGE    71

..........................................................


THE PARKERSBURG WV CLIMATE NORMALS FOR TODAY
                         NORMAL    RECORD    YEAR
 MAXIMUM TEMPERATURE (F)   52        74      1979
 MINIMUM TEMPERATURE (F)   33        13      1956


SUNRISE AND SUNSET
NOVEMBER 23 2017......SUNRISE   718 AM EST   SUNSET   506 PM EST
NOVEMBER 24 2017......SUNRISE   720 AM EST   SUNSET   505 PM EST


-  INDICATES NEGATIVE NUMBERS.
R  INDICATES RECORD WAS SET OR TIED.
MM INDICATES DATA IS MISSING.
T  INDICATES TRACE AMOUNT.




$$
