000
CDUS41 KRLX 230716
CLIPKB


CLIMATE REPORT
NATIONAL WEATHER SERVICE CHARLESTON WV
315 AM EDT SAT SEP 23 2017


...................................

...THE PARKERSBURG WV CLIMATE SUMMARY FOR SEPTEMBER 22 2017...

CLIMATE NORMAL PERIOD 1981 TO 2010
CLIMATE RECORD PERIOD 1889 TO 2017


WEATHER ITEM   OBSERVED TIME   RECORD YEAR NORMAL DEPARTURE LAST
                VALUE   (LST)  VALUE       VALUE  FROM      YEAR
                                                  NORMAL
..................................................................
TEMPERATURE (F)
 YESTERDAY
  MAXIMUM         87    401 PM  94    1931  75     12       90
  MINIMUM         61    636 AM  39    1995  53      8       57
                                      1927
  AVERAGE         74                        64     10       74

PRECIPITATION (IN)
  YESTERDAY        0.00          1.43 1989   0.11  -0.11     0.00
                                      1950
  MONTH TO DATE    1.28                      2.29  -1.01     0.73
  SINCE JAN 1     40.75                     31.08   9.67    26.62

SNOWFALL (IN)
  YESTERDAY       MM
  MONTH TO DATE   MM
  SINCE SEP 1     MM
  SNOW DEPTH      MM

DEGREE DAYS
 HEATING
  YESTERDAY        0                         3     -3        0
  MONTH TO DATE   45                        33     12        0
  SINCE SEP 1     45                        33     12        0
  SINCE JUL 1     47                        38      9        0

 COOLING
  YESTERDAY        9                         2      7        9
  MONTH TO DATE   75                        92    -17      205
  SINCE SEP 1     75                        92    -17      205
  SINCE JAN 1    877                       922    -45     1283
..................................................................


WIND (MPH)
  HIGHEST WIND SPEED     8   HIGHEST WIND DIRECTION    NE (60)
  HIGHEST GUST SPEED    12   HIGHEST GUST DIRECTION    NE (50)
  AVERAGE WIND SPEED     0.9


SKY COVER
  POSSIBLE SUNSHINE  MM
  AVERAGE SKY COVER 0.3


WEATHER CONDITIONS
 THE FOLLOWING WEATHER WAS RECORDED YESTERDAY.
  FOG
  FOG W/VISIBILITY <= 1/4 MILE
  HAZE


RELATIVE HUMIDITY (PERCENT)
 HIGHEST   100           400 AM
 LOWEST     45           400 PM
 AVERAGE    73

..........................................................


THE PARKERSBURG WV CLIMATE NORMALS FOR TODAY
                         NORMAL    RECORD    YEAR
 MAXIMUM TEMPERATURE (F)   75        93      2016
 MINIMUM TEMPERATURE (F)   52        32      1995


SUNRISE AND SUNSET
SEPTEMBER 23 2017.....SUNRISE   715 AM EDT   SUNSET   721 PM EDT
SEPTEMBER 24 2017.....SUNRISE   715 AM EDT   SUNSET   719 PM EDT


-  INDICATES NEGATIVE NUMBERS.
R  INDICATES RECORD WAS SET OR TIED.
MM INDICATES DATA IS MISSING.
T  INDICATES TRACE AMOUNT.




$$
