000
CDUS46 KLOX 290914
CLIPMD


CLIMATE REPORT
NATIONAL WEATHER SERVICE LOS ANGELES/OXNARD CA
214 AM PDT TUE JUL 29 2014


...................................

...THE PALMDALE AIRPORT CA CLIMATE SUMMARY FOR JULY 28 2014...

CLIMATE NORMAL PERIOD 1981 TO 2010
CLIMATE RECORD PERIOD 1931 TO 2014


WEATHER ITEM   OBSERVED TIME   RECORD YEAR NORMAL DEPARTURE LAST
                VALUE   (LST)  VALUE       VALUE  FROM      YEAR
                                                  NORMAL
..................................................................
TEMPERATURE (F)
 YESTERDAY
  MAXIMUM         92    309 PM 110    1995  99     -7       95
  MINIMUM         75   1159 PM  53    1983  66      9       73
  AVERAGE         84                        83      1       84

PRECIPITATION (IN)
  YESTERDAY        0.00          0.02 1995   0.00   0.00     0.00
  MONTH TO DATE    T                         0.09  -0.09     0.09
  SINCE JUL 1      T                         0.09  -0.09     0.09
  SINCE JAN 1      3.05                      5.41  -2.36     0.95

SNOWFALL (IN)
  YESTERDAY        0.0           0.0  1973  MM               0.0
  MONTH TO DATE    0.0                      MM               0.0
  SINCE JUN 1      0.0                      MM               0.0
  SINCE JUL 1      0.0                      MM               0.0
  SNOW DEPTH       0

DEGREE DAYS
 HEATING
  YESTERDAY        0                         0      0        0
  MONTH TO DATE    0                         0      0        0
  SINCE JUN 1      0                         7     -7        0
  SINCE JUL 1      0                         0      0        0

 COOLING
  YESTERDAY       19                        18      1       19
  MONTH TO DATE  535                       450     85      563
  SINCE JUN 1    939                       756    183      986
  SINCE JAN 1   1158                       926    232     1217
..................................................................


WIND (MPH)
  HIGHEST WIND SPEED    14   HIGHEST WIND DIRECTION     W (250)
  HIGHEST GUST SPEED    17   HIGHEST GUST DIRECTION     W (250)
  AVERAGE WIND SPEED     5.9


SKY COVER
  POSSIBLE SUNSHINE  MM
  AVERAGE SKY COVER 0.3


WEATHER CONDITIONS
 THE FOLLOWING WEATHER WAS RECORDED YESTERDAY.
  NO SIGNIFICANT WEATHER WAS OBSERVED.


RELATIVE HUMIDITY (PERCENT)
 HIGHEST    31          1100 PM
 LOWEST     16           300 PM
 AVERAGE    24

..........................................................


THE PALMDALE AIRPORT CA CLIMATE NORMALS FOR TODAY
                         NORMAL    RECORD    YEAR
 MAXIMUM TEMPERATURE (F)   99       111      1995
 MINIMUM TEMPERATURE (F)   67        52      1941


SUNRISE AND SUNSET
JULY 29 2014..........SUNRISE   600 AM PDT   SUNSET   757 PM PDT
JULY 30 2014..........SUNRISE   601 AM PDT   SUNSET   756 PM PDT


-  INDICATES NEGATIVE NUMBERS.
R  INDICATES RECORD WAS SET OR TIED.
MM INDICATES DATA IS MISSING.
T  INDICATES TRACE AMOUNT.




$$
