000
CDUS46 KLOX 210112
CLIPMD


CLIMATE REPORT
NATIONAL WEATHER SERVICE LOS ANGELES/OXNARD CA
612 PM PDT WED AUG 20 2014


...................................

...THE PALMDALE AIRPORT CA CLIMATE SUMMARY FOR AUGUST 20 2014...
VALID TODAY AS OF 0600 PM LOCAL TIME.

CLIMATE NORMAL PERIOD 1981 TO 2010
CLIMATE RECORD PERIOD 1931 TO 2014


WEATHER ITEM   OBSERVED TIME   RECORD YEAR NORMAL DEPARTURE LAST
                VALUE   (LST)  VALUE       VALUE  FROM      YEAR
                                                  NORMAL
..................................................................
TEMPERATURE (F)
 TODAY
  MAXIMUM         89    108 PM 108    1950  97     -8       98
  MINIMUM         59    550 AM  51    1998  65     -6       68
  AVERAGE         74                        81     -7       83

PRECIPITATION (IN)
  TODAY            0.00          0.05 1934   0.01  -0.01     0.00
  MONTH TO DATE    0.04                      0.07  -0.03     0.04
  SINCE JUL 1      0.04                      0.17  -0.13     0.13
  SINCE JAN 1      3.09                      5.49  -2.40     0.99

SNOWFALL (IN)
  TODAY            0.0          MM      MM  MM               0.0
  MONTH TO DATE    0.0                      MM               0.0
  SINCE JUN 1      0.0                      MM               0.0
  SINCE JUL 1      0.0                      MM               0.0
  SNOW DEPTH       0

DEGREE DAYS
 HEATING
  TODAY            0                         0      0        0
  MONTH TO DATE    0                         0      0        0
  SINCE JUN 1      0                         7     -7        0
  SINCE JUL 1      0                         0      0        0

 COOLING
  TODAY            9                        16     -7       18
  MONTH TO DATE  329                       342    -13      313
  SINCE JUN 1   1335                      1150    185     1347
  SINCE JAN 1   1554                      1320    234     1578
..................................................................


WIND (MPH)
  HIGHEST WIND SPEED    24   HIGHEST WIND DIRECTION    SW (240)
  HIGHEST GUST SPEED    28   HIGHEST GUST DIRECTION    SW (240)
  AVERAGE WIND SPEED     8.8


SKY COVER
  POSSIBLE SUNSHINE  MM
  AVERAGE SKY COVER 0.1


WEATHER CONDITIONS
 THE FOLLOWING WEATHER WAS RECORDED TODAY.
  NO SIGNIFICANT WEATHER WAS OBSERVED.


RELATIVE HUMIDITY (PERCENT)
 HIGHEST    64           600 AM
 LOWEST     16          1200 PM
 AVERAGE    40

..........................................................


THE PALMDALE AIRPORT CA CLIMATE NORMALS FOR TOMORROW
                         NORMAL    RECORD    YEAR
 MAXIMUM TEMPERATURE (F)   97       105      1969
 MINIMUM TEMPERATURE (F)   65        44      1959


SUNRISE AND SUNSET
AUGUST 20 2014........SUNRISE   617 AM PDT   SUNSET   734 PM PDT
AUGUST 21 2014........SUNRISE   617 AM PDT   SUNSET   733 PM PDT


-  INDICATES NEGATIVE NUMBERS.
R  INDICATES RECORD WAS SET OR TIED.
MM INDICATES DATA IS MISSING.
T  INDICATES TRACE AMOUNT.




$$
