000
CDUS46 KLOX 070111
CLIPMD


CLIMATE REPORT
NATIONAL WEATHER SERVICE LOS ANGELES/OXNARD CA
611 PM PDT MON JUL 6 2015


...................................

...THE PALMDALE AIRPORT CA CLIMATE SUMMARY FOR JULY 6 2015...
VALID TODAY AS OF 0600 PM LOCAL TIME.

CLIMATE NORMAL PERIOD 1981 TO 2010
CLIMATE RECORD PERIOD 1931 TO 2015


WEATHER ITEM   OBSERVED TIME   RECORD YEAR NORMAL DEPARTURE LAST
                VALUE   (LST)  VALUE       VALUE  FROM      YEAR
                                                  NORMAL
..................................................................
TEMPERATURE (F)
 TODAY
  MAXIMUM         97    203 PM 111    1989  96      1      101
  MINIMUM         68    450 AM  46    1948  63      5       74
  AVERAGE         83                        80      3       88

PRECIPITATION (IN)
  TODAY            0.00          0.16 1950   0.00   0.00     0.00
  MONTH TO DATE    0.03                      0.01   0.02     0.00
  SINCE OCT 1      4.28                      7.78  -3.50     4.99
  SINCE JAN 1      1.71                      5.33  -3.62     3.05

SNOWFALL (IN)
  TODAY            0.0           0.0  1973  MM               0.0
  MONTH TO DATE    0.0                      MM               0.0
  SINCE JUN 1      0.0                      MM               0.0
  SINCE JUL 1      0.0                      MM               0.0
  SNOW DEPTH       0

DEGREE DAYS
 HEATING
  TODAY            0                         0      0        0
  MONTH TO DATE    0                         0      0        0
  SINCE JUN 1      0                         7     -7        0
  SINCE JUL 1      0                         0      0        0

 COOLING
  TODAY           18                        15      3       23
  MONTH TO DATE  115                        86     29      128
  SINCE JUN 1    563                       392    171      532
  SINCE JAN 1    688                       562    126      751
..................................................................


WIND (MPH)
  HIGHEST WIND SPEED    28   HIGHEST WIND DIRECTION     W (260)
  HIGHEST GUST SPEED    32   HIGHEST GUST DIRECTION    SW (220)
  AVERAGE WIND SPEED    11.1


SKY COVER
  POSSIBLE SUNSHINE  MM
  AVERAGE SKY COVER 0.0


WEATHER CONDITIONS
 THE FOLLOWING WEATHER WAS RECORDED TODAY.
  NO SIGNIFICANT WEATHER WAS OBSERVED.


RELATIVE HUMIDITY (PERCENT)
 HIGHEST    45           400 AM
 LOWEST     16          1200 PM
 AVERAGE    31

..........................................................


THE PALMDALE AIRPORT CA CLIMATE NORMALS FOR TOMORROW
                         NORMAL    RECORD    YEAR
 MAXIMUM TEMPERATURE (F)   96       110      1989
 MINIMUM TEMPERATURE (F)   64        45      1979


SUNRISE AND SUNSET
JULY  6 2015..........SUNRISE   545 AM PDT   SUNSET   809 PM PDT
JULY  7 2015..........SUNRISE   546 AM PDT   SUNSET   808 PM PDT


-  INDICATES NEGATIVE NUMBERS.
R  INDICATES RECORD WAS SET OR TIED.
MM INDICATES DATA IS MISSING.
T  INDICATES TRACE AMOUNT.




$$
