000
CDUS46 KLOX 090904
CLIPMD


CLIMATE REPORT
NATIONAL WEATHER SERVICE LOS ANGELES/OXNARD CA
103 AM PST FRI DEC 9 2016


...................................

...THE PALMDALE AIRPORT CA CLIMATE SUMMARY FOR DECEMBER 8 2016...

CLIMATE NORMAL PERIOD 1981 TO 2010
CLIMATE RECORD PERIOD 1931 TO 2016


WEATHER ITEM   OBSERVED TIME   RECORD YEAR NORMAL DEPARTURE LAST
                VALUE   (LST)  VALUE       VALUE  FROM      YEAR
                                                  NORMAL
..................................................................
TEMPERATURE (F)
 YESTERDAY
  MAXIMUM         65    225 PM  74    1950  59      6       66
  MINIMUM         34   1239 AM  10    1978  31      3       34
  AVERAGE         50                        45      5       50

PRECIPITATION (IN)
  YESTERDAY        0.00          0.60 1934   0.02  -0.02     0.00
  MONTH TO DATE    0.00                      0.11  -0.11     0.00
  SINCE OCT 1      0.32                      1.41  -1.09     1.32
  SINCE JAN 1      2.79                      7.26  -4.47     5.03

SNOWFALL (IN)
  YESTERDAY        0.0           1.0  1972  MM               0.0
  MONTH TO DATE    0.0                      MM               0.0
  SINCE DEC 1      0.0                      MM               0.0
  SINCE JUL 1      0.0                      MM               0.0
  SNOW DEPTH       0

DEGREE DAYS
 HEATING
  YESTERDAY       15                        20     -5       15
  MONTH TO DATE  140                       156    -16      153
  SINCE DEC 1    140                       156    -16      153
  SINCE JUL 1    523                       683   -160      676

 COOLING
  YESTERDAY        0                         0      0        0
  MONTH TO DATE    0                         0      0        0
  SINCE DEC 1      0                         0      0        0
  SINCE JAN 1   2086                      1815    271     2067
..................................................................


WIND (MPH)
  HIGHEST WIND SPEED    15   HIGHEST WIND DIRECTION    SW (230)
  HIGHEST GUST SPEED    18   HIGHEST GUST DIRECTION    SW (230)
  AVERAGE WIND SPEED     6.5


SKY COVER
  POSSIBLE SUNSHINE  MM
  AVERAGE SKY COVER 0.6


WEATHER CONDITIONS
 THE FOLLOWING WEATHER WAS RECORDED YESTERDAY.
  NO SIGNIFICANT WEATHER WAS OBSERVED.


RELATIVE HUMIDITY (PERCENT)
 HIGHEST    68          1100 PM
 LOWEST     27          1100 AM
 AVERAGE    48

..........................................................


THE PALMDALE AIRPORT CA CLIMATE NORMALS FOR TODAY
                         NORMAL    RECORD    YEAR
 MAXIMUM TEMPERATURE (F)   59        79      2015
 MINIMUM TEMPERATURE (F)   31        10      1956


SUNRISE AND SUNSET
DECEMBER  9 2016......SUNRISE   648 AM PST   SUNSET   442 PM PST
DECEMBER 10 2016......SUNRISE   649 AM PST   SUNSET   442 PM PST


-  INDICATES NEGATIVE NUMBERS.
R  INDICATES RECORD WAS SET OR TIED.
MM INDICATES DATA IS MISSING.
T  INDICATES TRACE AMOUNT.




$$
