000
CDUS46 KLOX 310112
CLIPMD


CLIMATE REPORT
NATIONAL WEATHER SERVICE LOS ANGELES/OXNARD CA
612 PM PDT SAT JUL 30 2016


...................................

...THE PALMDALE AIRPORT CA CLIMATE SUMMARY FOR JULY 30 2016...
VALID TODAY AS OF 0600 PM LOCAL TIME.

CLIMATE NORMAL PERIOD 1981 TO 2010
CLIMATE RECORD PERIOD 1931 TO 2016


WEATHER ITEM   OBSERVED TIME   RECORD YEAR NORMAL DEPARTURE LAST
                VALUE   (LST)  VALUE       VALUE  FROM      YEAR
                                                  NORMAL
..................................................................
TEMPERATURE (F)
 TODAY
  MAXIMUM        102    146 PM 110    1995  99      3       90
  MINIMUM         79    443 AM  55    1975  67     12       71
  AVERAGE         91                        83      8       81

PRECIPITATION (IN)
  TODAY            0.00          0.20 1965   0.01  -0.01      T
  MONTH TO DATE    0.00                      0.10  -0.10     1.60
  SINCE OCT 1      4.28                      7.87  -3.59     5.85
  SINCE JAN 1      2.47                      5.42  -2.95     3.28

SNOWFALL (IN)
  TODAY            0.0           0.0  1973  MM               0.0
  MONTH TO DATE    0.0                      MM               0.0
  SINCE JUN 1      0.0                      MM               0.0
  SINCE JUL 1      0.0                      MM               0.0
  SNOW DEPTH       0

DEGREE DAYS
 HEATING
  TODAY            0                         0      0        0
  MONTH TO DATE    0                         0      0        0
  SINCE JUN 1      0                         7     -7        0
  SINCE JUL 1      0                         0      0        0

 COOLING
  TODAY           26                        18      8       16
  MONTH TO DATE  569                       486     83      405
  SINCE JUN 1   1057                       792    265      853
  SINCE JAN 1   1201                       962    239      978
..................................................................


WIND (MPH)
  HIGHEST WIND SPEED    29   HIGHEST WIND DIRECTION    SW (240)
  HIGHEST GUST SPEED    35   HIGHEST GUST DIRECTION    SW (240)
  AVERAGE WIND SPEED    16.2


SKY COVER
  POSSIBLE SUNSHINE  MM
  AVERAGE SKY COVER 0.0


WEATHER CONDITIONS
 THE FOLLOWING WEATHER WAS RECORDED TODAY.
  HAZE


RELATIVE HUMIDITY (PERCENT)
 HIGHEST    33           200 AM
 LOWEST     19          1100 AM
 AVERAGE    26

..........................................................


THE PALMDALE AIRPORT CA CLIMATE NORMALS FOR TOMORROW
                         NORMAL    RECORD    YEAR
 MAXIMUM TEMPERATURE (F)   99       109      1938
 MINIMUM TEMPERATURE (F)   67        49      1979


SUNRISE AND SUNSET
JULY 30 2016..........SUNRISE   601 AM PDT   SUNSET   756 PM PDT
JULY 31 2016..........SUNRISE   602 AM PDT   SUNSET   755 PM PDT


-  INDICATES NEGATIVE NUMBERS.
R  INDICATES RECORD WAS SET OR TIED.
MM INDICATES DATA IS MISSING.
T  INDICATES TRACE AMOUNT.




$$
