000
CDUS46 KLOX 290114
CLIPMD


CLIMATE REPORT
NATIONAL WEATHER SERVICE LOS ANGELES/OXNARD CA
514 PM PST FRI NOV 28 2014


...................................

...THE PALMDALE AIRPORT CA CLIMATE SUMMARY FOR NOVEMBER 28 2014...
VALID TODAY AS OF 0500 PM LOCAL TIME.

CLIMATE NORMAL PERIOD 1981 TO 2010
CLIMATE RECORD PERIOD 1931 TO 2014


WEATHER ITEM   OBSERVED TIME   RECORD YEAR NORMAL DEPARTURE LAST
                VALUE   (LST)  VALUE       VALUE  FROM      YEAR
                                                  NORMAL
..................................................................
TEMPERATURE (F)
 TODAY
  MAXIMUM         80R   205 PM  75    1949  62     18       58
  MINIMUM         34    701 AM  19    1948  33      1       39
  AVERAGE         57                        47     10       49

PRECIPITATION (IN)
  TODAY            0.00          0.97 1981   0.01  -0.01     0.00
  MONTH TO DATE    T                         0.66  -0.66     1.84
  SINCE JUL 1      0.16                      1.79  -1.63     2.05
  SINCE JAN 1      3.21                      7.11  -3.90     2.91

SNOWFALL (IN)
  TODAY            0.0           0.0  1973  MM               0.0
  MONTH TO DATE    0.0                      MM               0.0
  SINCE SEP 1      0.0                      MM               0.0
  SINCE JUL 1      0.0                      MM               0.0
  SNOW DEPTH       0

DEGREE DAYS
 HEATING
  TODAY            8                        18    -10       16
  MONTH TO DATE  273                       364    -91      320
  SINCE SEP 1    299                       491   -192      481
  SINCE JUL 1    299                       491   -192      481

 COOLING
  TODAY            0                         0      0        0
  MONTH TO DATE    1                         0      1        0
  SINCE SEP 1    510                       332    178      361
  SINCE JAN 1   2223                      1814    409     2126
..................................................................


WIND (MPH)
  HIGHEST WIND SPEED    20   HIGHEST WIND DIRECTION    SW (230)
  HIGHEST GUST SPEED    22   HIGHEST GUST DIRECTION    SW (240)
  AVERAGE WIND SPEED     4.5


SKY COVER
  POSSIBLE SUNSHINE  MM
  AVERAGE SKY COVER 0.0


WEATHER CONDITIONS
 THE FOLLOWING WEATHER WAS RECORDED TODAY.
  NO SIGNIFICANT WEATHER WAS OBSERVED.


RELATIVE HUMIDITY (PERCENT)
 HIGHEST    44           500 AM
 LOWEST      7           200 PM
 AVERAGE    26

..........................................................


THE PALMDALE AIRPORT CA CLIMATE NORMALS FOR TOMORROW
                         NORMAL    RECORD    YEAR
 MAXIMUM TEMPERATURE (F)   62        81      1950
 MINIMUM TEMPERATURE (F)   32        19      1952


SUNRISE AND SUNSET
NOVEMBER 28 2014......SUNRISE   638 AM PST   SUNSET   442 PM PST
NOVEMBER 29 2014......SUNRISE   639 AM PST   SUNSET   442 PM PST


-  INDICATES NEGATIVE NUMBERS.
R  INDICATES RECORD WAS SET OR TIED.
MM INDICATES DATA IS MISSING.
T  INDICATES TRACE AMOUNT.




$$
