000
CDUS46 KLOX 180926
CLIPMD


CLIMATE REPORT
NATIONAL WEATHER SERVICE LOS ANGELES/OXNARD CA
126 AM PST THU JAN 18 2018


...................................

...THE PALMDALE AIRPORT CA CLIMATE SUMMARY FOR JANUARY 17 2018...

CLIMATE NORMAL PERIOD 1981 TO 2010
CLIMATE RECORD PERIOD 1931 TO 2018


WEATHER ITEM   OBSERVED TIME   RECORD YEAR NORMAL DEPARTURE LAST
                VALUE   (LST)  VALUE       VALUE  FROM      YEAR
                                                  NORMAL
..................................................................
TEMPERATURE (F)
 YESTERDAY
  MAXIMUM         68    403 PM  76    2011  59      9       56
  MINIMUM         40    716 AM  12    1949  31      9       30
  AVERAGE         54                        45      9       43

PRECIPITATION (IN)
  YESTERDAY        0.00          1.88 1933   0.04  -0.04     0.00
  MONTH TO DATE    0.59                      1.00  -0.41     0.94
  SINCE OCT 1      0.59                      3.45  -2.86     2.73
  SINCE JAN 1      0.59                      1.00  -0.41     0.94

SNOWFALL (IN)
  YESTERDAY        0.0           0.0  1974  MM               0.0
  MONTH TO DATE    0.0                      MM               0.0
  SINCE DEC 1      0.0                      MM               0.0
  SINCE JUL 1      0.0                      MM               0.0
  SNOW DEPTH       0

DEGREE DAYS
 HEATING
  YESTERDAY       11                        20     -9       22
  MONTH TO DATE  197                       349   -152      323
  SINCE DEC 1    726                       986   -260      895
  SINCE JUL 1   1011                      1513   -502     1278

 COOLING
  YESTERDAY        0                         0      0        0
  MONTH TO DATE    0                         0      0        0
  SINCE DEC 1      0                         0      0        0
  SINCE JAN 1      0                         0      0        0
..................................................................


WIND (MPH)
  HIGHEST WIND SPEED    10   HIGHEST WIND DIRECTION     S (190)
  HIGHEST GUST SPEED    MM   HIGHEST GUST DIRECTION    MM
  AVERAGE WIND SPEED     3.5


SKY COVER
  POSSIBLE SUNSHINE  MM
  AVERAGE SKY COVER 0.0


WEATHER CONDITIONS
 THE FOLLOWING WEATHER WAS RECORDED YESTERDAY.
  NO SIGNIFICANT WEATHER WAS OBSERVED.


RELATIVE HUMIDITY (PERCENT)
 HIGHEST    85           700 AM
 LOWEST     29           300 PM
 AVERAGE    57

..........................................................


THE PALMDALE AIRPORT CA CLIMATE NORMALS FOR TODAY
                         NORMAL    RECORD    YEAR
 MAXIMUM TEMPERATURE (F)   59        76      1959
 MINIMUM TEMPERATURE (F)   31        14      1943


SUNRISE AND SUNSET
JANUARY 18 2018.......SUNRISE   658 AM PST   SUNSET   508 PM PST
JANUARY 19 2018.......SUNRISE   658 AM PST   SUNSET   509 PM PST


-  INDICATES NEGATIVE NUMBERS.
R  INDICATES RECORD WAS SET OR TIED.
MM INDICATES DATA IS MISSING.
T  INDICATES TRACE AMOUNT.




$$
