000
CDUS46 KLOX 300909
CLIPMD


CLIMATE REPORT
NATIONAL WEATHER SERVICE LOS ANGELES/OXNARD CA
208 AM PDT SUN APR 30 2017


...................................

...THE PALMDALE AIRPORT CA CLIMATE SUMMARY FOR APRIL 29 2017...

CLIMATE NORMAL PERIOD 1981 TO 2010
CLIMATE RECORD PERIOD 1931 TO 2017


WEATHER ITEM   OBSERVED TIME   RECORD YEAR NORMAL DEPARTURE LAST
                VALUE   (LST)  VALUE       VALUE  FROM      YEAR
                                                  NORMAL
..................................................................
TEMPERATURE (F)
 YESTERDAY
  MAXIMUM         77    412 PM  95    1981  77      0       75
  MINIMUM         43    248 AM  34    1967  47     -4       48
  AVERAGE         60                        62     -2       62

PRECIPITATION (IN)
  YESTERDAY        0.00          0.45 1942   0.01  -0.01     0.00
  MONTH TO DATE    T                         0.46  -0.46     0.14
  SINCE OCT 1      5.91                      7.42  -1.51     4.23
  SINCE JAN 1      4.12                      4.97  -0.85     2.42

SNOWFALL (IN)
  YESTERDAY        0.0           0.0  1973  MM               0.0
  MONTH TO DATE    0.0                      MM               0.0
  SINCE MAR 1      0.0                      MM               0.0
  SINCE JUL 1      0.0                      MM                T
  SNOW DEPTH       0

DEGREE DAYS
 HEATING
  YESTERDAY        5                         4      1        3
  MONTH TO DATE  110                       224   -114      109
  SINCE MAR 1    353                       600   -247      378
  SINCE JUL 1   2262                      2845   -583     2539

 COOLING
  YESTERDAY        0                         2     -2        0
  MONTH TO DATE    7                        16     -9       20
  SINCE MAR 1     14                        18     -4       20
  SINCE JAN 1     14                        18     -4       20
..................................................................


WIND (MPH)
  HIGHEST WIND SPEED    28   HIGHEST WIND DIRECTION    NE (50)
  HIGHEST GUST SPEED    34   HIGHEST GUST DIRECTION    NE (50)
  AVERAGE WIND SPEED    10.8


SKY COVER
  POSSIBLE SUNSHINE  MM
  AVERAGE SKY COVER 0.0


WEATHER CONDITIONS
 THE FOLLOWING WEATHER WAS RECORDED YESTERDAY.
  NO SIGNIFICANT WEATHER WAS OBSERVED.


RELATIVE HUMIDITY (PERCENT)
 HIGHEST    33           300 AM
 LOWEST      6           400 PM
 AVERAGE    20

..........................................................


THE PALMDALE AIRPORT CA CLIMATE NORMALS FOR TODAY
                         NORMAL    RECORD    YEAR
 MAXIMUM TEMPERATURE (F)   77        95      1996
 MINIMUM TEMPERATURE (F)   48        33      1937


SUNRISE AND SUNSET
APRIL 30 2017.........SUNRISE   603 AM PDT   SUNSET   737 PM PDT
MAY  1 2017...........SUNRISE   602 AM PDT   SUNSET   737 PM PDT


-  INDICATES NEGATIVE NUMBERS.
R  INDICATES RECORD WAS SET OR TIED.
MM INDICATES DATA IS MISSING.
T  INDICATES TRACE AMOUNT.




$$
