000
CDUS46 KLOX 290857
CLIPMD


CLIMATE REPORT
NATIONAL WEATHER SERVICE LOS ANGELES/OXNARD CA
157 AM PDT FRI MAY 29 2015


...................................

...THE PALMDALE AIRPORT CA CLIMATE SUMMARY FOR MAY 28 2015...

CLIMATE NORMAL PERIOD 1981 TO 2010
CLIMATE RECORD PERIOD 1931 TO 2015


WEATHER ITEM   OBSERVED TIME   RECORD YEAR NORMAL DEPARTURE LAST
                VALUE   (LST)  VALUE       VALUE  FROM      YEAR
                                                  NORMAL
..................................................................
TEMPERATURE (F)
 YESTERDAY
  MAXIMUM         92    245 PM 106    2003  87      5       90
  MINIMUM         55    446 AM  39    1964  55      0       64
  AVERAGE         74                        71      3       77

PRECIPITATION (IN)
  YESTERDAY        0.00          0.09 1971   0.01  -0.01     0.00
  MONTH TO DATE    0.10                      0.24  -0.14     0.96
  SINCE OCT 1      4.22                      7.67  -3.45     4.99
  SINCE JAN 1      1.65                      5.22  -3.57     3.05

SNOWFALL (IN)
  YESTERDAY        0.0           0.0  1973  MM               0.0
  MONTH TO DATE    0.0                      MM               0.0
  SINCE MAR 1      0.0                      MM               0.0
  SINCE JUL 1      0.0                      MM               0.0
  SNOW DEPTH       0

DEGREE DAYS
 HEATING
  YESTERDAY        0                         1     -1        0
  MONTH TO DATE   98                        65     33       35
  SINCE MAR 1    444                       670   -226      433
  SINCE JUL 1   2099                      2915   -816     2331

 COOLING
  YESTERDAY        9                         7      2       12
  MONTH TO DATE   51                       125    -74      152
  SINCE MAR 1     86                       148    -62      195
  SINCE JAN 1     86                       148    -62      196
..................................................................


WIND (MPH)
  HIGHEST WIND SPEED    22   HIGHEST WIND DIRECTION     W (250)
  HIGHEST GUST SPEED    25   HIGHEST GUST DIRECTION    SW (240)
  AVERAGE WIND SPEED     9.5


SKY COVER
  POSSIBLE SUNSHINE  MM
  AVERAGE SKY COVER 0.0


WEATHER CONDITIONS
 THE FOLLOWING WEATHER WAS RECORDED YESTERDAY.
  NO SIGNIFICANT WEATHER WAS OBSERVED.


RELATIVE HUMIDITY (PERCENT)
 HIGHEST    51           400 AM
 LOWEST     10           300 PM
 AVERAGE    31

..........................................................


THE PALMDALE AIRPORT CA CLIMATE NORMALS FOR TODAY
                         NORMAL    RECORD    YEAR
 MAXIMUM TEMPERATURE (F)   87       102      1984
 MINIMUM TEMPERATURE (F)   55        39      1942


SUNRISE AND SUNSET
MAY 29 2015...........SUNRISE   542 AM PDT   SUNSET   758 PM PDT
MAY 30 2015...........SUNRISE   541 AM PDT   SUNSET   759 PM PDT


-  INDICATES NEGATIVE NUMBERS.
R  INDICATES RECORD WAS SET OR TIED.
MM INDICATES DATA IS MISSING.
T  INDICATES TRACE AMOUNT.




$$
