000
CDUS46 KLOX 290915
CLIPMD


CLIMATE REPORT
NATIONAL WEATHER SERVICE LOS ANGELES/OXNARD CA
215 AM PDT THU SEP 29 2016


...................................

...THE PALMDALE AIRPORT CA CLIMATE SUMMARY FOR SEPTEMBER 28 2016...

CLIMATE NORMAL PERIOD 1981 TO 2010
CLIMATE RECORD PERIOD 1931 TO 2016


WEATHER ITEM   OBSERVED TIME   RECORD YEAR NORMAL DEPARTURE LAST
                VALUE   (LST)  VALUE       VALUE  FROM      YEAR
                                                  NORMAL
..................................................................
TEMPERATURE (F)
 YESTERDAY
  MAXIMUM         90    152 PM 102    2010  86      4       92
  MINIMUM         63    626 AM  37    1971  53     10       63
  AVERAGE         77                        70      7       78

PRECIPITATION (IN)
  YESTERDAY        T             0.02 1967   0.01  -0.01     0.00
  MONTH TO DATE    T                         0.27  -0.27     0.43
  SINCE OCT 1      4.28                      8.28  -4.00     6.28
  SINCE JAN 1      2.47                      5.83  -3.36     3.71

SNOWFALL (IN)
  YESTERDAY        0.0           0.0  1973  MM               0.0
  MONTH TO DATE    0.0                      MM               0.0
  SINCE SEP 1      0.0                      MM               0.0
  SINCE JUL 1      0.0                      MM               0.0
  SNOW DEPTH       0

DEGREE DAYS
 HEATING
  YESTERDAY        0                         1     -1        0
  MONTH TO DATE    5                         8     -3        0
  SINCE SEP 1      5                         8     -3        0
  SINCE JUL 1      5                         8     -3        0

 COOLING
  YESTERDAY       12                         6      6       13
  MONTH TO DATE  254                       265    -11      360
  SINCE SEP 1    254                       265    -11      360
  SINCE JAN 1   2018                      1747    271     1912
..................................................................


WIND (MPH)
  HIGHEST WIND SPEED    29   HIGHEST WIND DIRECTION    NE (40)
  HIGHEST GUST SPEED    34   HIGHEST GUST DIRECTION    NE (40)
  AVERAGE WIND SPEED     6.5


SKY COVER
  POSSIBLE SUNSHINE  MM
  AVERAGE SKY COVER 0.1


WEATHER CONDITIONS
 THE FOLLOWING WEATHER WAS RECORDED YESTERDAY.
  LIGHT RAIN
  HAZE


RELATIVE HUMIDITY (PERCENT)
 HIGHEST    48           600 AM
 LOWEST     17           200 PM
 AVERAGE    33

..........................................................


THE PALMDALE AIRPORT CA CLIMATE NORMALS FOR TODAY
                         NORMAL    RECORD    YEAR
 MAXIMUM TEMPERATURE (F)   85       102      1963
 MINIMUM TEMPERATURE (F)   53        34      1971


SUNRISE AND SUNSET
SEPTEMBER 29 2016.....SUNRISE   646 AM PDT   SUNSET   638 PM PDT
SEPTEMBER 30 2016.....SUNRISE   647 AM PDT   SUNSET   637 PM PDT


-  INDICATES NEGATIVE NUMBERS.
R  INDICATES RECORD WAS SET OR TIED.
MM INDICATES DATA IS MISSING.
T  INDICATES TRACE AMOUNT.




$$
