000
CDUS44 KMOB 260645
CLIPNS


CLIMATE REPORT
NATIONAL WEATHER SERVICE MOBILE AL
145 AM CDT SUN MAR 26 2017


...................................

...THE PENSACOLA CLIMATE SUMMARY FOR MARCH 25 2017...

CLIMATE NORMAL PERIOD 1981 TO 2010
CLIMATE RECORD PERIOD 1879 TO 2017


WEATHER ITEM   OBSERVED TIME   RECORD YEAR NORMAL DEPARTURE LAST
                VALUE   (LST)  VALUE       VALUE  FROM      YEAR
                                                  NORMAL
..................................................................
TEMPERATURE (F)
 YESTERDAY
  MAXIMUM         77    221 PM  85    1907  71      6       67
  MINIMUM         63    815 PM  34    1983  53     10       58
  AVERAGE         70                        62      8       63

PRECIPITATION (IN)
  YESTERDAY        0.51          1.80 1988   0.19   0.32      T
  MONTH TO DATE    1.79                      4.73  -2.94     5.20
  SINCE MAR 1      1.79                      4.73  -2.94     5.20
  SINCE JAN 1     17.14                     14.42   2.72    13.85

SNOWFALL (IN)
  YESTERDAY        0.0          MM      MM   0.0    0.0      0.0
  MONTH TO DATE    0.0                       0.0    0.0      0.0
  SINCE MAR 1      0.0                       0.0    0.0      0.0
  SINCE JUL 1      0.0                       0.0    0.0      0.0
  SNOW DEPTH       0

DEGREE DAYS
 HEATING
  YESTERDAY        0                         4     -4        2
  MONTH TO DATE   92                       154    -62       72
  SINCE MAR 1     92                       154    -62       72
  SINCE JUL 1    625                      1462   -837      954

 COOLING
  YESTERDAY        5                         1      4        0
  MONTH TO DATE   75                        24     51       62
  SINCE MAR 1     75                        24     51       62
  SINCE JAN 1    185                        38    147       80
..................................................................


WIND (MPH)
  HIGHEST WIND SPEED    26   HIGHEST WIND DIRECTION    SE (150)
  HIGHEST GUST SPEED    33   HIGHEST GUST DIRECTION    SE (150)
  AVERAGE WIND SPEED    13.0


SKY COVER
  POSSIBLE SUNSHINE  MM
  AVERAGE SKY COVER 0.6


WEATHER CONDITIONS
 THE FOLLOWING WEATHER WAS RECORDED YESTERDAY.
  THUNDERSTORM
  HEAVY RAIN
  RAIN
  LIGHT RAIN
  FOG


RELATIVE HUMIDITY (PERCENT)
 HIGHEST    87           900 PM
 LOWEST     64          1000 AM
 AVERAGE    76

..........................................................


THE PENSACOLA CLIMATE NORMALS FOR TODAY
                         NORMAL    RECORD    YEAR
 MAXIMUM TEMPERATURE (F)   72        83      2012
 MINIMUM TEMPERATURE (F)   53        30      1894


SUNRISE AND SUNSET
MARCH 26 2017.........SUNRISE   645 AM CDT   SUNSET   704 PM CDT
MARCH 27 2017.........SUNRISE   644 AM CDT   SUNSET   705 PM CDT


-  INDICATES NEGATIVE NUMBERS.
R  INDICATES RECORD WAS SET OR TIED.
MM INDICATES DATA IS MISSING.
T  INDICATES TRACE AMOUNT.




$$
