000
CDUS44 KMOB 250645
CLIPNS


CLIMATE REPORT
NATIONAL WEATHER SERVICE MOBILE AL
1245 AM CST SUN JAN 25 2015


...................................

...THE PENSACOLA CLIMATE SUMMARY FOR JANUARY 24 2015...

CLIMATE NORMAL PERIOD 1981 TO 2010
CLIMATE RECORD PERIOD 1879 TO 2015


WEATHER ITEM   OBSERVED TIME   RECORD YEAR NORMAL DEPARTURE LAST
                VALUE   (LST)  VALUE       VALUE  FROM      YEAR
                                                  NORMAL
..................................................................
TEMPERATURE (F)
 YESTERDAY
  MAXIMUM         57    404 PM  78    1950  61     -4       42
  MINIMUM         39   1045 PM  11    1963  42     -3       33
  AVERAGE         48                        52     -4       38

PRECIPITATION (IN)
  YESTERDAY        T             4.92 1978   0.16  -0.16      T
  MONTH TO DATE    6.47                      3.49   2.98     2.76
  SINCE MAR 1     78.31                     59.07  19.24    63.10
  SINCE JAN 1      6.47                      3.49   2.98     2.76

SNOWFALL (IN)
  YESTERDAY       MM            MM      MM   0.0   MM         T
  MONTH TO DATE    0.0                       0.0    0.0       T
  SINCE MAR 1      0.0                       0.0    0.0       T
  SINCE JUL 1      0.0                       0.0    0.0       T
  SNOW DEPTH       0

DEGREE DAYS
 HEATING
  YESTERDAY       17                        14      3       27
  MONTH TO DATE  338                       336      2      421
  SINCE DEC 1    611                       706    -95      711
  SINCE JUL 1    938                       918     20      916

 COOLING
  YESTERDAY        0                         0      0        0
  MONTH TO DATE    3                         0      3        0
  SINCE DEC 1     16                        13      3       38
  SINCE JAN 1      3                         0      3        0
..................................................................


WIND (MPH)
  HIGHEST WIND SPEED    23   HIGHEST WIND DIRECTION     N (340)
  HIGHEST GUST SPEED    29   HIGHEST GUST DIRECTION    NW (330)
  AVERAGE WIND SPEED    12.0


SKY COVER
  POSSIBLE SUNSHINE  MM
  AVERAGE SKY COVER 0.3


WEATHER CONDITIONS
 THE FOLLOWING WEATHER WAS RECORDED YESTERDAY.
  FOG


RELATIVE HUMIDITY (PERCENT)
 HIGHEST    96           300 AM
 LOWEST     33           300 PM
 AVERAGE    65

..........................................................


THE PENSACOLA CLIMATE NORMALS FOR TODAY
                         NORMAL    RECORD    YEAR
 MAXIMUM TEMPERATURE (F)   61        78      1950
 MINIMUM TEMPERATURE (F)   42        20      1963


SUNRISE AND SUNSET
JANUARY 25 2015.......SUNRISE   644 AM CST   SUNSET   519 PM CST
JANUARY 26 2015.......SUNRISE   643 AM CST   SUNSET   520 PM CST


-  INDICATES NEGATIVE NUMBERS.
R  INDICATES RECORD WAS SET OR TIED.
MM INDICATES DATA IS MISSING.
T  INDICATES TRACE AMOUNT.




$$
