000
CDUS44 KMOB 250645
CLIPNS


CLIMATE REPORT
NATIONAL WEATHER SERVICE MOBILE AL
145 AM CDT THU AUG 25 2016


...................................

...THE PENSACOLA CLIMATE SUMMARY FOR AUGUST 24 2016...

CLIMATE NORMAL PERIOD 1981 TO 2010
CLIMATE RECORD PERIOD 1879 TO 2016


WEATHER ITEM   OBSERVED TIME   RECORD YEAR NORMAL DEPARTURE LAST
                VALUE   (LST)  VALUE       VALUE  FROM      YEAR
                                                  NORMAL
..................................................................
TEMPERATURE (F)
 YESTERDAY
  MAXIMUM         90   1207 PM  98    2014  89      1       94
                                      1987
  MINIMUM         78   1159 PM  63    2009  74      4       76
  AVERAGE         84                        82      2       85

PRECIPITATION (IN)
  YESTERDAY        0.02          2.16 1961   0.21  -0.19     0.00
  MONTH TO DATE   12.05                      5.41   6.64     6.68
  SINCE MAR 1     42.14                     33.73   8.41    35.27
  SINCE JAN 1     50.79                     43.42   7.37    45.68

DEGREE DAYS
 COOLING
  YESTERDAY       19                        17      2       20
  MONTH TO DATE  436                       408     28      452
  SINCE JUN 1   1567                      1406    161     1546
  SINCE JAN 1   2163                      1854    309     2199
..................................................................


WIND (MPH)
  HIGHEST WIND SPEED    14   HIGHEST WIND DIRECTION    SE (140)
  HIGHEST GUST SPEED    18   HIGHEST GUST DIRECTION    SE (130)
  AVERAGE WIND SPEED     4.6


SKY COVER
  POSSIBLE SUNSHINE  MM
  AVERAGE SKY COVER 0.2


WEATHER CONDITIONS
 THE FOLLOWING WEATHER WAS RECORDED YESTERDAY.
  THUNDERSTORM
  LIGHT RAIN
  FOG
  HAZE


RELATIVE HUMIDITY (PERCENT)
 HIGHEST    97          1000 PM
 LOWEST     64          1100 AM
 AVERAGE    81

..........................................................


THE PENSACOLA CLIMATE NORMALS FOR TODAY
                         NORMAL    RECORD    YEAR
 MAXIMUM TEMPERATURE (F)   89        98      1983
 MINIMUM TEMPERATURE (F)   74        62      1891


SUNRISE AND SUNSET
AUGUST 25 2016........SUNRISE   622 AM CDT   SUNSET   719 PM CDT
AUGUST 26 2016........SUNRISE   622 AM CDT   SUNSET   718 PM CDT


-  INDICATES NEGATIVE NUMBERS.
R  INDICATES RECORD WAS SET OR TIED.
MM INDICATES DATA IS MISSING.
T  INDICATES TRACE AMOUNT.




$$
