000
CDUS44 KMOB 250645
CLIPNS


CLIMATE REPORT
NATIONAL WEATHER SERVICE MOBILE AL
145 AM CDT WED MAY 25 2016


...................................

...THE PENSACOLA CLIMATE SUMMARY FOR MAY 24 2016...

CLIMATE NORMAL PERIOD 1981 TO 2010
CLIMATE RECORD PERIOD 1879 TO 2016


WEATHER ITEM   OBSERVED TIME   RECORD YEAR NORMAL DEPARTURE LAST
                VALUE   (LST)  VALUE       VALUE  FROM      YEAR
                                                  NORMAL
..................................................................
TEMPERATURE (F)
 YESTERDAY
  MAXIMUM         86    215 PM  97    2005  85      1       84
  MINIMUM         63    411 AM  54    1967  68     -5       74
                                      1883
  AVERAGE         75                        77     -2       79

PRECIPITATION (IN)
  YESTERDAY        0.00          1.68 1969   0.14  -0.14     0.17
  MONTH TO DATE    1.88                      3.18  -1.30     2.63
  SINCE MAR 1     15.53                     13.31   2.22    14.99
  SINCE JAN 1     24.18                     23.00   1.18    25.40

DEGREE DAYS
 COOLING
  YESTERDAY       10                        12     -2       14
  MONTH TO DATE  247                       210     37      262
  SINCE MAR 1    474                       344    130      563
  SINCE JAN 1    492                       358    134      570
..................................................................


WIND (MPH)
  HIGHEST WIND SPEED    14   HIGHEST WIND DIRECTION     S (170)
  HIGHEST GUST SPEED    19   HIGHEST GUST DIRECTION     S (160)
  AVERAGE WIND SPEED     5.4


SKY COVER
  POSSIBLE SUNSHINE  MM
  AVERAGE SKY COVER 0.0


WEATHER CONDITIONS
 THE FOLLOWING WEATHER WAS RECORDED YESTERDAY.
  NO SIGNIFICANT WEATHER WAS OBSERVED.


RELATIVE HUMIDITY (PERCENT)
 HIGHEST    84           200 AM
 LOWEST     30           200 PM
 AVERAGE    57

..........................................................


THE PENSACOLA CLIMATE NORMALS FOR TODAY
                         NORMAL    RECORD    YEAR
 MAXIMUM TEMPERATURE (F)   85        94      2012
                                             1996
                                             1953
 MINIMUM TEMPERATURE (F)   68        53      1979


SUNRISE AND SUNSET
MAY 25 2016...........SUNRISE   549 AM CDT   SUNSET   743 PM CDT
MAY 26 2016...........SUNRISE   549 AM CDT   SUNSET   743 PM CDT


-  INDICATES NEGATIVE NUMBERS.
R  INDICATES RECORD WAS SET OR TIED.
MM INDICATES DATA IS MISSING.
T  INDICATES TRACE AMOUNT.




$$
