000
CDUS44 KMOB 200645
CLIPNS


CLIMATE REPORT
NATIONAL WEATHER SERVICE MOBILE AL
1245 AM CST MON FEB 20 2017


...................................

...THE PENSACOLA CLIMATE SUMMARY FOR FEBRUARY 19 2017...

CLIMATE NORMAL PERIOD 1981 TO 2010
CLIMATE RECORD PERIOD 1879 TO 2017


WEATHER ITEM   OBSERVED TIME   RECORD YEAR NORMAL DEPARTURE LAST
                VALUE   (LST)  VALUE       VALUE  FROM      YEAR
                                                  NORMAL
..................................................................
TEMPERATURE (F)
 YESTERDAY
  MAXIMUM         81R   137 PM  77    2011  65     16       67
  MINIMUM         55    555 AM  25    1958  46      9       49
                                      1928
  AVERAGE         68                        55     13       58

PRECIPITATION (IN)
  YESTERDAY        0.00          1.79 1990   0.19  -0.19     0.00
  MONTH TO DATE    1.61                      3.41  -1.80     2.27
  SINCE MAR 1     69.31                     63.62   5.69    71.48
  SINCE JAN 1     13.34                      8.04   5.30     6.21

SNOWFALL (IN)
  YESTERDAY        0.0          MM      MM   0.0    0.0      0.0
  MONTH TO DATE    0.0                       0.0    0.0      0.0
  SINCE MAR 1      0.0                       0.0    0.0      0.0
  SINCE JUL 1      0.0                       0.0    0.0      0.0
  SNOW DEPTH       0

DEGREE DAYS
 HEATING
  YESTERDAY        0                        10    -10        7
  MONTH TO DATE   74                       218   -144      193
  SINCE DEC 1    457                      1017   -560      745
  SINCE JUL 1    526                      1229   -703      822

 COOLING
  YESTERDAY        3                         0      3        0
  MONTH TO DATE   28                         0     28       10
  SINCE DEC 1    139                        19    120       85
  SINCE JAN 1     92                         6     86       10
..................................................................


WIND (MPH)
  HIGHEST WIND SPEED    13   HIGHEST WIND DIRECTION     S (200)
  HIGHEST GUST SPEED    16   HIGHEST GUST DIRECTION     S (180)
  AVERAGE WIND SPEED     4.9


SKY COVER
  POSSIBLE SUNSHINE  MM
  AVERAGE SKY COVER 0.3


WEATHER CONDITIONS
 THE FOLLOWING WEATHER WAS RECORDED YESTERDAY.
  FOG
  FOG W/VISIBILITY <= 1/4 MILE


RELATIVE HUMIDITY (PERCENT)
 HIGHEST    97          1200 AM
 LOWEST     45           300 PM
 AVERAGE    71

..........................................................


THE PENSACOLA CLIMATE NORMALS FOR TODAY
                         NORMAL    RECORD    YEAR
 MAXIMUM TEMPERATURE (F)   65        80      1981
 MINIMUM TEMPERATURE (F)   47        27      1958


SUNRISE AND SUNSET
FEBRUARY 20 2017......SUNRISE   624 AM CST   SUNSET   541 PM CST
FEBRUARY 21 2017......SUNRISE   623 AM CST   SUNSET   542 PM CST


-  INDICATES NEGATIVE NUMBERS.
R  INDICATES RECORD WAS SET OR TIED.
MM INDICATES DATA IS MISSING.
T  INDICATES TRACE AMOUNT.




$$
