000
CDUS44 KMOB 280645
CLIPNS


CLIMATE REPORT
NATIONAL WEATHER SERVICE MOBILE AL
145 AM CDT FRI APR 28 2017


...................................

...THE PENSACOLA CLIMATE SUMMARY FOR APRIL 27 2017...

CLIMATE NORMAL PERIOD 1981 TO 2010
CLIMATE RECORD PERIOD 1879 TO 2017


WEATHER ITEM   OBSERVED TIME   RECORD YEAR NORMAL DEPARTURE LAST
                VALUE   (LST)  VALUE       VALUE  FROM      YEAR
                                                  NORMAL
..................................................................
TEMPERATURE (F)
 YESTERDAY
  MAXIMUM         85    154 PM  86    1970  78      7       82
                                      1944
  MINIMUM         76    222 AM  47    1992  61     15       70
                                      1977
  AVERAGE         81                        70     11       76

PRECIPITATION (IN)
  YESTERDAY        T             3.41 1911   0.13  -0.13      T
  MONTH TO DATE    3.28                      3.93  -0.65     5.94
  SINCE MAR 1      5.64                      9.74  -4.10    13.59
  SINCE JAN 1     20.99                     19.43   1.56    22.24

DEGREE DAYS
 HEATING
  YESTERDAY        0                         1     -1        0
  MONTH TO DATE    9                        51    -42       11
  SINCE MAR 1    101                       227   -126       83
  SINCE JUL 1    634                      1535   -901      965

 COOLING
  YESTERDAY       16                         5     11       11
  MONTH TO DATE  167                        85     82      108
  SINCE MAR 1    295                       118    177      194
  SINCE JAN 1    405                       132    273      212
..................................................................


WIND (MPH)
  HIGHEST WIND SPEED    23   HIGHEST WIND DIRECTION     S (200)
  HIGHEST GUST SPEED    29   HIGHEST GUST DIRECTION     S (200)
  AVERAGE WIND SPEED    14.9


SKY COVER
  POSSIBLE SUNSHINE  MM
  AVERAGE SKY COVER 1.0


WEATHER CONDITIONS
 THE FOLLOWING WEATHER WAS RECORDED YESTERDAY.
  HAZE


RELATIVE HUMIDITY (PERCENT)
 HIGHEST    88           700 AM
 LOWEST     69           300 PM
 AVERAGE    79

..........................................................


THE PENSACOLA CLIMATE NORMALS FOR TODAY
                         NORMAL    RECORD    YEAR
 MAXIMUM TEMPERATURE (F)   79        91      1987
 MINIMUM TEMPERATURE (F)   61        46      1992
                                             1928


SUNRISE AND SUNSET
APRIL 28 2017.........SUNRISE   608 AM CDT   SUNSET   725 PM CDT
APRIL 29 2017.........SUNRISE   607 AM CDT   SUNSET   726 PM CDT


-  INDICATES NEGATIVE NUMBERS.
R  INDICATES RECORD WAS SET OR TIED.
MM INDICATES DATA IS MISSING.
T  INDICATES TRACE AMOUNT.




$$
