000
CDUS41 KALY 240631
CLIPOU


CLIMATE REPORT
NATIONAL WEATHER SERVICE ALBANY NY
230 AM EDT WED MAY 24 2017


...................................

...THE POUGHKEEPSIE NY CLIMATE SUMMARY FOR MAY 23 2017...

CLIMATE NORMAL PERIOD 1981 TO 2010
CLIMATE RECORD PERIOD 1949 TO 2017


WEATHER ITEM   OBSERVED TIME   RECORD YEAR NORMAL DEPARTURE LAST
                VALUE   (LST)  VALUE       VALUE  FROM      YEAR
                                                  NORMAL
..................................................................
TEMPERATURE (F)
 YESTERDAY
  MAXIMUM         67    529 PM  94    1964  73     -6       82
  MINIMUM         49    529 AM  34    1963  49      0       48
  AVERAGE         58                        61     -3       65

PRECIPITATION (IN)
  YESTERDAY        0.00          2.10 1983   0.16  -0.16      T
  MONTH TO DATE    1.57                      3.13  -1.56     2.54
  SINCE MAR 1      9.26                     10.48  -1.22     5.81
  SINCE JAN 1     14.13                     16.22  -2.09    11.49

DEGREE DAYS
 HEATING
  YESTERDAY        7                         5      2        0
  MONTH TO DATE  230                       187     43      184
  SINCE MAR 1   1592                      1555     37     1237
  SINCE JUL 1   5634                      6126   -492     4769

 COOLING
  YESTERDAY        0                         1     -1        0
  MONTH TO DATE   29                        17     12        0
  SINCE MAR 1     46                        22     24        4
  SINCE JAN 1     46                        22     24        4
..................................................................


WIND (MPH)
  HIGHEST WIND SPEED     9   HIGHEST WIND DIRECTION     N (10)
  HIGHEST GUST SPEED    13   HIGHEST GUST DIRECTION    NE (40)
  AVERAGE WIND SPEED     1.6


SKY COVER
  AVERAGE SKY COVER 0.2



RELATIVE HUMIDITY (PERCENT)
 HIGHEST   100          1200 AM
 LOWEST     48           200 PM
 AVERAGE    74

..........................................................


THE POUGHKEEPSIE NY CLIMATE NORMALS FOR TODAY
                         NORMAL    RECORD    YEAR
 MAXIMUM TEMPERATURE (F)   74        92      1975
 MINIMUM TEMPERATURE (F)   49        27      1963


SUNRISE AND SUNSET
MAY 24 2017...........SUNRISE   528 AM EDT   SUNSET   817 PM EDT
MAY 25 2017...........SUNRISE   528 AM EDT   SUNSET   818 PM EDT


-  INDICATES NEGATIVE NUMBERS.
R  INDICATES RECORD WAS SET OR TIED.
MM INDICATES DATA IS MISSING.
T  INDICATES TRACE AMOUNT.




RECORDS FOR KPOU DATE BACK TO 1949...
HOWEVER...DATA IS MISSING FROM JANUARY 1993 - JULY 2000.
$$
