000
CDUS41 KALY 242053
CLIPOU


CLIMATE REPORT
NATIONAL WEATHER SERVICE ALBANY NY
452 PM EDT FRI MAR 24 2017


...................................

...THE POUGHKEEPSIE NY CLIMATE SUMMARY FOR MARCH 24 2017...
VALID TODAY AS OF 0400 PM LOCAL TIME.

CLIMATE NORMAL PERIOD 1981 TO 2010
CLIMATE RECORD PERIOD 1949 TO 2017


WEATHER ITEM   OBSERVED TIME   RECORD YEAR NORMAL DEPARTURE LAST
                VALUE   (LST)  VALUE       VALUE  FROM      YEAR
                                                  NORMAL
..................................................................
TEMPERATURE (F)
 TODAY
  MAXIMUM         43    342 PM  73    1988  51     -8       61
  MINIMUM         24    141 AM  10    1992  28     -4       35
  AVERAGE         34                        40     -6       48

PRECIPITATION (IN)
  TODAY            T             1.26 1989   0.12  -0.12     0.00
  MONTH TO DATE    1.06                      2.74  -1.68     0.71
  SINCE MAR 1      1.06                      2.74  -1.68     0.71
  SINCE JAN 1      5.93                      8.48  -2.55     6.39

DEGREE DAYS
 HEATING
  TODAY           31                        25      6       17
  MONTH TO DATE  815                       707    108      473
  SINCE MAR 1    815                       707    108      473
  SINCE JUL 1   4857                      5278   -421     4005

 COOLING
  TODAY            0                         0      0        0
  MONTH TO DATE    0                         0      0        0
  SINCE MAR 1      0                         0      0        0
  SINCE JAN 1      0                         0      0        0
..................................................................


WIND (MPH)
  HIGHEST WIND SPEED    16   HIGHEST WIND DIRECTION    SW (220)
  HIGHEST GUST SPEED    23   HIGHEST GUST DIRECTION    SW (220)
  AVERAGE WIND SPEED     4.6


SKY COVER
  AVERAGE SKY COVER 0.8



RELATIVE HUMIDITY (PERCENT)
 HIGHEST    68          1200 AM
 LOWEST     44          1000 AM
 AVERAGE    56

..........................................................


THE POUGHKEEPSIE NY CLIMATE NORMALS FOR TOMORROW
                         NORMAL    RECORD    YEAR
 MAXIMUM TEMPERATURE (F)   51        76      1963
 MINIMUM TEMPERATURE (F)   29        13      1956


SUNRISE AND SUNSET
MARCH 24 2017.........SUNRISE   652 AM EDT   SUNSET   712 PM EDT
MARCH 25 2017.........SUNRISE   650 AM EDT   SUNSET   713 PM EDT


-  INDICATES NEGATIVE NUMBERS.
R  INDICATES RECORD WAS SET OR TIED.
MM INDICATES DATA IS MISSING.
T  INDICATES TRACE AMOUNT.




RECORDS FOR KPOU DATE BACK TO 1949...
HOWEVER...DATA IS MISSING FROM JANUARY 1993 - JULY 2000.
$$
