000
CDUS41 KALY 170625
CLIPOU


CLIMATE REPORT
NATIONAL WEATHER SERVICE ALBANY NY
222 AM EDT THU AUG 17 2017


...................................

...THE POUGHKEEPSIE NY CLIMATE SUMMARY FOR AUGUST 16 2017...

CLIMATE NORMAL PERIOD 1981 TO 2010
CLIMATE RECORD PERIOD 1949 TO 2017


WEATHER ITEM   OBSERVED TIME   RECORD YEAR NORMAL DEPARTURE LAST
                VALUE   (LST)  VALUE       VALUE  FROM      YEAR
                                                  NORMAL
..................................................................
TEMPERATURE (F)
 YESTERDAY
  MAXIMUM         84    349 PM  94    1970  83      1       89
                                      1965
  MINIMUM         62   1159 PM  46    1968  60      2       72
  AVERAGE         73                        71      2       81

PRECIPITATION (IN)
  YESTERDAY        0.00          1.59 1951   0.14  -0.14     0.01
  MONTH TO DATE    3.90                      2.32   1.58     1.42
  SINCE JUN 1     10.88                     11.40  -0.52     9.38
  SINCE JAN 1     27.44                     28.90  -1.46    21.54

DEGREE DAYS
 HEATING
  YESTERDAY        0                         0      0        0
  MONTH TO DATE    3                         0      3        0
  SINCE JUN 1     56                        54      2        8
  SINCE JUL 1      6                         5      1        0

 COOLING
  YESTERDAY        8                         7      1       16
  MONTH TO DATE   95                       119    -24      205
  SINCE JUN 1    465                       486    -21      740
  SINCE JAN 1    513                       522     -9      821
..................................................................


WIND (MPH)
  HIGHEST WIND SPEED    15   HIGHEST WIND DIRECTION     N (10)
  HIGHEST GUST SPEED    20   HIGHEST GUST DIRECTION     N (20)
  AVERAGE WIND SPEED     2.6


SKY COVER
  AVERAGE SKY COVER 0.4



RELATIVE HUMIDITY (PERCENT)
 HIGHEST   100           100 AM
 LOWEST     46           500 PM
 AVERAGE    73

..........................................................


THE POUGHKEEPSIE NY CLIMATE NORMALS FOR TODAY
                         NORMAL    RECORD    YEAR
 MAXIMUM TEMPERATURE (F)   83        95      2015
 MINIMUM TEMPERATURE (F)   60        42      1979


SUNRISE AND SUNSET
AUGUST 17 2017........SUNRISE   606 AM EDT   SUNSET   752 PM EDT
AUGUST 18 2017........SUNRISE   607 AM EDT   SUNSET   750 PM EDT


-  INDICATES NEGATIVE NUMBERS.
R  INDICATES RECORD WAS SET OR TIED.
MM INDICATES DATA IS MISSING.
T  INDICATES TRACE AMOUNT.




RECORDS FOR KPOU DATE BACK TO 1949...
HOWEVER...DATA IS MISSING FROM JANUARY 1993 - JULY 2000.
$$
