000
CDUS46 KLOX 010904
CLIPRB


CLIMATE REPORT
NATIONAL WEATHER SERVICE LOS ANGELES/OXNARD CA
203 AM PDT WED OCT 1 2014


...................................

...THE PASO ROBLES AIRPORT CA CLIMATE SUMMARY FOR SEPTEMBER 30 2014...

CLIMATE NORMAL PERIOD 1981 TO 2010
CLIMATE RECORD PERIOD 1948 TO 2014


WEATHER ITEM   OBSERVED TIME   RECORD YEAR NORMAL DEPARTURE LAST
                VALUE   (LST)  VALUE       VALUE  FROM      YEAR
                                                  NORMAL
..................................................................
TEMPERATURE (F)
 YESTERDAY
  MAXIMUM         87    355 PM 104    1980  84      3       86
  MINIMUM         54    315 AM  35    1950  48      6       46
  AVERAGE         71                        66      5       66

PRECIPITATION (IN)
  YESTERDAY        0.00          1.29 1983   0.02  -0.02     0.00
  MONTH TO DATE    0.00                      0.22  -0.22     0.00
  SINCE JUL 1      T                         0.33  -0.33      T
  SINCE JAN 1      4.46                      9.12  -4.66     1.46

SNOWFALL (IN)
  YESTERDAY        0.0
  MONTH TO DATE    0.0
  SINCE SEP 1      0.0
  SINCE JUL 1      0.0

DEGREE DAYS
 HEATING
  YESTERDAY        0                         2     -2        0
  MONTH TO DATE    1                        23    -22       11
  SINCE SEP 1      1                        24    -23       11
  SINCE JUL 1      1                        32    -31       11

 COOLING
  YESTERDAY        6                         3      3        1
  MONTH TO DATE  245                       158     87      194
  SINCE SEP 1    245                       158     87      194
  SINCE JAN 1   1252                       891    361     1168
..................................................................


WIND (MPH)
  HIGHEST WIND SPEED    22   HIGHEST WIND DIRECTION    NW (320)
  HIGHEST GUST SPEED    26   HIGHEST GUST DIRECTION    NW (320)
  AVERAGE WIND SPEED     7.7


SKY COVER
  POSSIBLE SUNSHINE  MM
  AVERAGE SKY COVER 0.3


WEATHER CONDITIONS
 THE FOLLOWING WEATHER WAS RECORDED YESTERDAY.
  FOG


RELATIVE HUMIDITY (PERCENT)
 HIGHEST    93           500 AM
 LOWEST     21           300 PM
 AVERAGE    57

..........................................................


THE PASO ROBLES AIRPORT CA CLIMATE NORMALS FOR TODAY
                         NORMAL    RECORD    YEAR
 MAXIMUM TEMPERATURE (F)   84       106      1980
 MINIMUM TEMPERATURE (F)   48        32      1950


SUNRISE AND SUNSET
OCTOBER  1 2014.......SUNRISE   658 AM PDT   SUNSET   646 PM PDT
OCTOBER  2 2014.......SUNRISE   658 AM PDT   SUNSET   645 PM PDT


-  INDICATES NEGATIVE NUMBERS.
R  INDICATES RECORD WAS SET OR TIED.
MM INDICATES DATA IS MISSING.
T  INDICATES TRACE AMOUNT.




$$
