000
CDUS46 KLOX 170914
CLIPRB


CLIMATE REPORT
NATIONAL WEATHER SERVICE LOS ANGELES/OXNARD CA
114 AM PST FRI NOV 17 2017


...................................

...THE PASO ROBLES AIRPORT CA CLIMATE SUMMARY FOR NOVEMBER 16 2017...

CLIMATE NORMAL PERIOD 1981 TO 2010
CLIMATE RECORD PERIOD 1948 TO 2017


WEATHER ITEM   OBSERVED TIME   RECORD YEAR NORMAL DEPARTURE LAST
                VALUE   (LST)  VALUE       VALUE  FROM      YEAR
                                                  NORMAL
..................................................................
TEMPERATURE (F)
 YESTERDAY
  MAXIMUM         69   1244 PM  89    2008  67      2       65
  MINIMUM         48    631 AM  25    1993  38     10       45
  AVERAGE         59                        52      7       55

PRECIPITATION (IN)
  YESTERDAY        0.02          1.85 1965   0.03  -0.01     0.00
  MONTH TO DATE    0.14                      0.53  -0.39     0.00
  SINCE OCT 1      0.23                      1.15  -0.92     1.39
  SINCE JAN 1     12.72                     10.27   2.45     7.39

SNOWFALL (IN)
  YESTERDAY       MM
  MONTH TO DATE    0.0
  SINCE SEP 1      0.0
  SINCE JUL 1      0.0

DEGREE DAYS
 HEATING
  YESTERDAY        6                        13     -7       10
  MONTH TO DATE  137                       168    -31       46
  SINCE SEP 1    258                       330    -72      168
  SINCE JUL 1    259                       338    -79      168

 COOLING
  YESTERDAY        0                         0      0        0
  MONTH TO DATE    0                         0      0        8
  SINCE SEP 1    270                       193     77      184
  SINCE JAN 1   1370                       926    444     1073
..................................................................


WIND (MPH)
  HIGHEST WIND SPEED    20   HIGHEST WIND DIRECTION    SW (230)
  HIGHEST GUST SPEED    24   HIGHEST GUST DIRECTION     W (260)
  AVERAGE WIND SPEED     7.3


SKY COVER
  POSSIBLE SUNSHINE  MM
  AVERAGE SKY COVER 0.8


WEATHER CONDITIONS
 THE FOLLOWING WEATHER WAS RECORDED YESTERDAY.
  LIGHT RAIN
  FOG


RELATIVE HUMIDITY (PERCENT)
 HIGHEST    84           600 PM
 LOWEST     44          1000 AM
 AVERAGE    64

..........................................................


THE PASO ROBLES AIRPORT CA CLIMATE NORMALS FOR TODAY
                         NORMAL    RECORD    YEAR
 MAXIMUM TEMPERATURE (F)   66        85      2008
 MINIMUM TEMPERATURE (F)   37        18      1958


SUNRISE AND SUNSET
NOVEMBER 17 2017......SUNRISE   641 AM PST   SUNSET   454 PM PST
NOVEMBER 18 2017......SUNRISE   642 AM PST   SUNSET   454 PM PST


-  INDICATES NEGATIVE NUMBERS.
R  INDICATES RECORD WAS SET OR TIED.
MM INDICATES DATA IS MISSING.
T  INDICATES TRACE AMOUNT.




$$
