000
CDUS46 KLOX 260121
CLIPRB


CLIMATE REPORT
NATIONAL WEATHER SERVICE LOS ANGELES/OXNARD CA
621 PM PDT TUE JUL 25 2017


...................................

...THE PASO ROBLES AIRPORT CA CLIMATE SUMMARY FOR JULY 25 2017...
VALID TODAY AS OF 0600 PM LOCAL TIME.

CLIMATE NORMAL PERIOD 1981 TO 2010
CLIMATE RECORD PERIOD 1948 TO 2017


WEATHER ITEM   OBSERVED TIME   RECORD YEAR NORMAL DEPARTURE LAST
                VALUE   (LST)  VALUE       VALUE  FROM      YEAR
                                                  NORMAL
..................................................................
TEMPERATURE (F)
 TODAY
  MAXIMUM         85    206 PM 112    2006  94     -9       97
                                      1959
  MINIMUM         52    551 AM  46    2012  55     -3       50
                                      1953
  AVERAGE         69                        74     -5       74

PRECIPITATION (IN)
  TODAY            0.00          T    2006   0.00   0.00     0.00
  MONTH TO DATE    0.00                      0.00   0.00     0.00
  SINCE OCT 1     16.14                     12.45   3.69     8.06
  SINCE JAN 1     12.46                      8.79   3.67     6.00

SNOWFALL (IN)
  TODAY            0.0
  MONTH TO DATE    0.0
  SINCE JUN 1      0.0
  SINCE JUL 1      0.0

DEGREE DAYS
 HEATING
  TODAY            0                         0      0        0
  MONTH TO DATE    0                         0      0        0
  SINCE JUN 1     12                        27    -15        8
  SINCE JUL 1      0                         0      0        0

 COOLING
  TODAY            4                         9     -5        9
  MONTH TO DATE  297                       211     86      198
  SINCE JUN 1    552                       354    198      488
  SINCE JAN 1    644                       422    222      549
..................................................................


WIND (MPH)
  HIGHEST WIND SPEED    18   HIGHEST WIND DIRECTION    SW (240)
  HIGHEST GUST SPEED    24   HIGHEST GUST DIRECTION    SW (240)
  AVERAGE WIND SPEED     6.5


SKY COVER
  POSSIBLE SUNSHINE  MM
  AVERAGE SKY COVER 0.0


WEATHER CONDITIONS
 THE FOLLOWING WEATHER WAS RECORDED TODAY.
  NO SIGNIFICANT WEATHER WAS OBSERVED.


RELATIVE HUMIDITY (PERCENT)
 HIGHEST    93           300 AM
 LOWEST     31           200 PM
 AVERAGE    62

..........................................................


THE PASO ROBLES AIRPORT CA CLIMATE NORMALS FOR TOMORROW
                         NORMAL    RECORD    YEAR
 MAXIMUM TEMPERATURE (F)   94       109      1959
 MINIMUM TEMPERATURE (F)   55        45      1955


SUNRISE AND SUNSET
JULY 25 2017..........SUNRISE   606 AM PDT   SUNSET   812 PM PDT
JULY 26 2017..........SUNRISE   606 AM PDT   SUNSET   811 PM PDT


-  INDICATES NEGATIVE NUMBERS.
R  INDICATES RECORD WAS SET OR TIED.
MM INDICATES DATA IS MISSING.
T  INDICATES TRACE AMOUNT.




$$
