000
CDUS46 KLOX 210915
CLIPRB


CLIMATE REPORT
NATIONAL WEATHER SERVICE LOS ANGELES/OXNARD CA
215 AM PDT TUE OCT 21 2014


...................................

...THE PASO ROBLES AIRPORT CA CLIMATE SUMMARY FOR OCTOBER 20 2014...

CLIMATE NORMAL PERIOD 1981 TO 2010
CLIMATE RECORD PERIOD 1948 TO 2014


WEATHER ITEM   OBSERVED TIME   RECORD YEAR NORMAL DEPARTURE LAST
                VALUE   (LST)  VALUE       VALUE  FROM      YEAR
                                                  NORMAL
..................................................................
TEMPERATURE (F)
 YESTERDAY
  MAXIMUM         78    405 PM  95    2003  78      0       88
                                      1964
  MINIMUM         49    203 AM  26    1949  44      5       39
  AVERAGE         64                        61      3       64

PRECIPITATION (IN)
  YESTERDAY        0.00          0.32 1979   0.02  -0.02     0.00
  MONTH TO DATE    0.00                      0.31  -0.31     0.02
  SINCE JUL 1      T                         0.64  -0.64     0.02
  SINCE JAN 1      4.46                      9.43  -4.97     1.48

SNOWFALL (IN)
  YESTERDAY        0.0
  MONTH TO DATE    0.0
  SINCE SEP 1      0.0
  SINCE JUL 1      0.0

DEGREE DAYS
 HEATING
  YESTERDAY        1                         5     -4        1
  MONTH TO DATE   11                        67    -56       78
  SINCE SEP 1     12                        91    -79       89
  SINCE JUL 1     12                        99    -87       89

 COOLING
  YESTERDAY        0                         1     -1        0
  MONTH TO DATE  103                        34     69        5
  SINCE SEP 1    348                       192    156      199
  SINCE JAN 1   1355                       925    430     1173
..................................................................


WIND (MPH)
  HIGHEST WIND SPEED    21   HIGHEST WIND DIRECTION    NW (320)
  HIGHEST GUST SPEED    28   HIGHEST GUST DIRECTION    NW (320)
  AVERAGE WIND SPEED     6.0


SKY COVER
  POSSIBLE SUNSHINE  MM
  AVERAGE SKY COVER 0.4


WEATHER CONDITIONS
 THE FOLLOWING WEATHER WAS RECORDED YESTERDAY.
  FOG
  HAZE


RELATIVE HUMIDITY (PERCENT)
 HIGHEST    93           100 AM
 LOWEST     32           400 PM
 AVERAGE    63

..........................................................


THE PASO ROBLES AIRPORT CA CLIMATE NORMALS FOR TODAY
                         NORMAL    RECORD    YEAR
 MAXIMUM TEMPERATURE (F)   77        98      2003
 MINIMUM TEMPERATURE (F)   43        27      1949


SUNRISE AND SUNSET
OCTOBER 21 2014.......SUNRISE   714 AM PDT   SUNSET   619 PM PDT
OCTOBER 22 2014.......SUNRISE   715 AM PDT   SUNSET   618 PM PDT


-  INDICATES NEGATIVE NUMBERS.
R  INDICATES RECORD WAS SET OR TIED.
MM INDICATES DATA IS MISSING.
T  INDICATES TRACE AMOUNT.




$$
