000
CDUS45 KFGZ 210755
CLIPRC
CLIMATE REPORT
NATIONAL WEATHER SERVICE FLAGSTAFF, AZ
1238 AM MST SUN SEP 21 2014


...................................

...THE PRESCOTT AZ AIRPORT CLIMATE SUMMARY FOR SEPTEMBER 20 2014...

CLIMATE NORMAL PERIOD 1981 TO 2010
CLIMATE RECORD PERIOD 1948 TO 2014


WEATHER ITEM   OBSERVED TIME   RECORD YEAR NORMAL DEPARTURE LAST
                VALUE   (LST)  VALUE       VALUE  FROM      YEAR
                                                  NORMAL
..................................................................
TEMPERATURE (F)
 YESTERDAY
  MAXIMUM         86    107 PM  90    2010  81      5       84
  MINIMUM         58    606 AM  32    1978  52      6       48
  AVERAGE         72                        66      6

PRECIPITATION (IN)
  YESTERDAY        0.00          1.13 1952   0.05  -0.05     0.00
  MONTH TO DATE    1.23                      1.07   0.16     2.48
  SINCE SEP 1      1.23                      1.07   0.16     2.48
  SINCE JAN 1      8.70                     10.73  -2.03    10.70

DEGREE DAYS
 HEATING
  YESTERDAY        0                               -1
  MONTH TO DATE    0                               -9
  SINCE JUL 1      3                               -7

 COOLING
  YESTERDAY        7                                4
  MONTH TO DATE  115                               18
  SINCE JAN 1   1009                               91
..................................................................


WIND (MPH)
  HIGHEST WIND SPEED    17   HIGHEST WIND DIRECTION     W (250)
  HIGHEST GUST SPEED    21   HIGHEST GUST DIRECTION    SW (230)
  AVERAGE WIND SPEED     5.3


SKY COVER
  AVERAGE SKY COVER 0.4


WEATHER CONDITIONS
 THE FOLLOWING WEATHER WAS RECORDED YESTERDAY.
  NO SIGNIFICANT WEATHER WAS OBSERVED.


RELATIVE HUMIDITY (PERCENT)
 HIGHEST    72
 LOWEST     30

..........................................................


THE PRESCOTT AZ AIRPORT CLIMATE NORMALS FOR TODAY
                         NORMAL    RECORD    YEAR
 MAXIMUM TEMPERATURE (F)   81        92      1954
 MINIMUM TEMPERATURE (F)   51        35      1978


SUNRISE AND SUNSET
SEPTEMBER 21 2014.....SUNRISE   617 AM MST   SUNSET   628 PM MST
SEPTEMBER 22 2014.....SUNRISE   618 AM MST   SUNSET   626 PM MST


-  INDICATES NEGATIVE NUMBERS.
R  INDICATES RECORD WAS SET OR TIED.
MM INDICATES DATA IS MISSING.
T  INDICATES TRACE AMOUNT.




$$
