000
CDUS45 KFGZ 310056
CLIPRC
CLIMATE REPORT
NATIONAL WEATHER SERVICE FLAGSTAFF, AZ
555 PM MST SAT AUG 30 2014


...................................

...THE PRESCOTT AZ AIRPORT CLIMATE SUMMARY FOR AUGUST 30 2014...
VALID TODAY AS OF 0500 PM LOCAL TIME.

CLIMATE NORMAL PERIOD 1981 TO 2010
CLIMATE RECORD PERIOD 1948 TO 2014


WEATHER ITEM   OBSERVED TIME   RECORD YEAR NORMAL DEPARTURE LAST
                VALUE   (LST)  VALUE       VALUE  FROM      YEAR
                                                  NORMAL
..................................................................
TEMPERATURE (F)
 TODAY
  MAXIMUM         88    306 PM  98    1950  86      2       79
  MINIMUM         59    540 AM  47    1951  58      1       63
  AVERAGE         74                        72      2

PRECIPITATION (IN)
  TODAY            0.00          1.38 1997   0.07  -0.07
  MONTH TO DATE    4.67                      2.55   2.12
  SINCE SEP 1     12.19                     13.90  -1.71
  SINCE JAN 1      7.47                      9.59  -2.12

DEGREE DAYS
 HEATING
  TODAY            0                         0      0
  SINCE JUL 1      3                         0      3

 COOLING
  TODAY            9                         7      2
  SINCE JAN 1    886                       815     71
..................................................................


WIND (MPH)
  HIGHEST WIND SPEED    15   HIGHEST WIND DIRECTION     S (200)
  HIGHEST GUST SPEED    21   HIGHEST GUST DIRECTION     S (190)
  AVERAGE WIND SPEED     6.6


SKY COVER
  POSSIBLE SUNSHINE  MM
  AVERAGE SKY COVER 0.0


WEATHER CONDITIONS
 THE FOLLOWING WEATHER WAS RECORDED TODAY.
  NO SIGNIFICANT WEATHER WAS OBSERVED.


RELATIVE HUMIDITY (PERCENT)
 HIGHEST    53           400 AM
 LOWEST     18           400 PM

..........................................................


THE PRESCOTT AZ AIRPORT CLIMATE NORMALS FOR TOMORROW
                         NORMAL    RECORD    YEAR
 MAXIMUM TEMPERATURE (F)   86       101      1950
 MINIMUM TEMPERATURE (F)   58        45      1957


SUNRISE AND SUNSET
AUGUST 30 2014........SUNRISE   601 AM MST   SUNSET   659 PM MST
AUGUST 31 2014........SUNRISE   602 AM MST   SUNSET   657 PM MST


-  INDICATES NEGATIVE NUMBERS.
R  INDICATES RECORD WAS SET OR TIED.
MM INDICATES DATA IS MISSING.
T  INDICATES TRACE AMOUNT.




$$
