000
CDUS45 KFGZ 130737
CLIPRC
CLIMATE REPORT
NATIONAL WEATHER SERVICE FLAGSTAFF, AZ
1236 AM MST WED DEC 13 2017


...................................

...THE PRESCOTT AZ AIRPORT CLIMATE SUMMARY FOR DECEMBER 12 2017...

CLIMATE NORMAL PERIOD 1981 TO 2010
CLIMATE RECORD PERIOD 1948 TO 2017


WEATHER ITEM   OBSERVED TIME   RECORD YEAR NORMAL DEPARTURE LAST
                VALUE   (LST)  VALUE       VALUE  FROM      YEAR
                                                  NORMAL
..................................................................
TEMPERATURE (F)
 YESTERDAY
  MAXIMUM         66    308 PM  72    1950  51     15       58
  MINIMUM         25    702 AM   0    1949  25      0       35
  AVERAGE         46                        38      8

PRECIPITATION (IN)
  YESTERDAY        0.00          0.34 2011   0.03  -0.03     0.00
  MONTH TO DATE    0.00                      0.36  -0.36     0.00
  SINCE SEP 1      0.53                      3.71  -3.18     4.09
  SINCE JAN 1     12.38                     13.37  -0.99    14.85

DEGREE DAYS
 HEATING
  YESTERDAY       19                               -8
  MONTH TO DATE  242                              -66
  SINCE JUL 1    787                             -395

 COOLING
  YESTERDAY        0                                0
  MONTH TO DATE    0                                0
  SINCE JAN 1   1145                              204
..................................................................


WIND (MPH)
  HIGHEST WIND SPEED    14   HIGHEST WIND DIRECTION    SE (150)
  HIGHEST GUST SPEED    16   HIGHEST GUST DIRECTION    SE (150)
  AVERAGE WIND SPEED     4.8


SKY COVER
  AVERAGE SKY COVER 0.0


WEATHER CONDITIONS
 THE FOLLOWING WEATHER WAS RECORDED YESTERDAY.
  NO SIGNIFICANT WEATHER WAS OBSERVED.


RELATIVE HUMIDITY (PERCENT)
 HIGHEST    32
 LOWEST      7

..........................................................


THE PRESCOTT AZ AIRPORT CLIMATE NORMALS FOR TODAY
                         NORMAL    RECORD    YEAR
 MAXIMUM TEMPERATURE (F)   51        72      2010
 MINIMUM TEMPERATURE (F)   25         6      1949


SUNRISE AND SUNSET
DECEMBER 13 2017......SUNRISE   728 AM MST   SUNSET   520 PM MST
DECEMBER 14 2017......SUNRISE   729 AM MST   SUNSET   520 PM MST


-  INDICATES NEGATIVE NUMBERS.
R  INDICATES RECORD WAS SET OR TIED.
MM INDICATES DATA IS MISSING.
T  INDICATES TRACE AMOUNT.




$$
