000
CDUS45 KFGZ 300833
CLIPRC
CLIMATE REPORT
NATIONAL WEATHER SERVICE FLAGSTAFF, AZ
131 AM MST SAT MAY 30 2015


...................................

...THE PRESCOTT AZ AIRPORT CLIMATE SUMMARY FOR MAY 29 2015...

CLIMATE NORMAL PERIOD 1981 TO 2010
CLIMATE RECORD PERIOD 1948 TO 2015


WEATHER ITEM   OBSERVED TIME   RECORD YEAR NORMAL DEPARTURE LAST
                VALUE   (LST)  VALUE       VALUE  FROM      YEAR
                                                  NORMAL
..................................................................
TEMPERATURE (F)
 YESTERDAY
  MAXIMUM         86    338 PM  94    2000  81      5       82
  MINIMUM         51    551 AM  32    1953  50      1       62
  AVERAGE         69                        66      3

PRECIPITATION (IN)
  YESTERDAY        0.00          0.13 1971   0.01  -0.01      T
  MONTH TO DATE    1.03                      0.43   0.60      T
  SINCE SEP 1      9.80                      8.82   0.98     5.69
  SINCE JAN 1      5.12                      4.51   0.61     0.97

DEGREE DAYS
 HEATING
  YESTERDAY        0                               -2
  MONTH TO DATE  219                               79
  SINCE JUL 1   3478                             -781

 COOLING
  YESTERDAY        4                                1
  MONTH TO DATE    6                              -29
  SINCE JAN 1      7                              -30
..................................................................


WIND (MPH)
  HIGHEST WIND SPEED    17   HIGHEST WIND DIRECTION     W (250)
  HIGHEST GUST SPEED    21   HIGHEST GUST DIRECTION    SW (240)
  AVERAGE WIND SPEED     6.4


SKY COVER
  AVERAGE SKY COVER 0.0


WEATHER CONDITIONS
 THE FOLLOWING WEATHER WAS RECORDED YESTERDAY.
  NO SIGNIFICANT WEATHER WAS OBSERVED.


RELATIVE HUMIDITY (PERCENT)
 HIGHEST    50
 LOWEST     10

..........................................................


THE PRESCOTT AZ AIRPORT CLIMATE NORMALS FOR TODAY
                         NORMAL    RECORD    YEAR
 MAXIMUM TEMPERATURE (F)   81        94      2002
 MINIMUM TEMPERATURE (F)   50        34      1953


SUNRISE AND SUNSET
MAY 30 2015...........SUNRISE   519 AM MST   SUNSET   736 PM MST
MAY 31 2015...........SUNRISE   518 AM MST   SUNSET   737 PM MST


-  INDICATES NEGATIVE NUMBERS.
R  INDICATES RECORD WAS SET OR TIED.
MM INDICATES DATA IS MISSING.
T  INDICATES TRACE AMOUNT.




$$
