000
CDUS45 KFGZ 250848
CLIPRC
CLIMATE REPORT
NATIONAL WEATHER SERVICE FLAGSTAFF, AZ
147 AM MST MON SEP 25 2017


...................................

...THE PRESCOTT AZ AIRPORT CLIMATE SUMMARY FOR SEPTEMBER 24 2017...

CLIMATE NORMAL PERIOD 1981 TO 2010
CLIMATE RECORD PERIOD 1948 TO 2017


WEATHER ITEM   OBSERVED TIME   RECORD YEAR NORMAL DEPARTURE LAST
                VALUE   (LST)  VALUE       VALUE  FROM      YEAR
                                                  NORMAL
..................................................................
TEMPERATURE (F)
 YESTERDAY
  MAXIMUM         67    459 PM  91    2015  79    -12       73
  MINIMUM         34R   634 AM  34    2017  50    -16       41
  AVERAGE         51                        65    -14

PRECIPITATION (IN)
  YESTERDAY        0.00          0.61 1983   0.04  -0.04     0.00
  MONTH TO DATE    0.53                      1.26  -0.73     2.06
  SINCE SEP 1      0.53                      1.26  -0.73     2.06
  SINCE JAN 1     12.38                     10.92   1.46    12.82

DEGREE DAYS
 HEATING
  YESTERDAY       14                               12
  MONTH TO DATE   35                               18
  SINCE JUL 1     35                               17

 COOLING
  YESTERDAY        0                               -2
  MONTH TO DATE  123                               17
  SINCE JAN 1   1141                              214
..................................................................


WIND (MPH)
  HIGHEST WIND SPEED    14   HIGHEST WIND DIRECTION    NW (310)
  HIGHEST GUST SPEED    20   HIGHEST GUST DIRECTION    NW (310)
  AVERAGE WIND SPEED     5.4


SKY COVER
  AVERAGE SKY COVER 0.0


WEATHER CONDITIONS
 THE FOLLOWING WEATHER WAS RECORDED YESTERDAY.
  NO SIGNIFICANT WEATHER WAS OBSERVED.


RELATIVE HUMIDITY (PERCENT)
 HIGHEST    64
 LOWEST      8

..........................................................


THE PRESCOTT AZ AIRPORT CLIMATE NORMALS FOR TODAY
                         NORMAL    RECORD    YEAR
 MAXIMUM TEMPERATURE (F)   79        90      2015
 MINIMUM TEMPERATURE (F)   50        37      2000


SUNRISE AND SUNSET
SEPTEMBER 25 2017.....SUNRISE   620 AM MST   SUNSET   622 PM MST
SEPTEMBER 26 2017.....SUNRISE   621 AM MST   SUNSET   620 PM MST


-  INDICATES NEGATIVE NUMBERS.
R  INDICATES RECORD WAS SET OR TIED.
MM INDICATES DATA IS MISSING.
T  INDICATES TRACE AMOUNT.




$$
