462
CDUS45 KFGZ 270900
CLIPRC
CLIMATE REPORT
NATIONAL WEATHER SERVICE FLAGSTAFF, AZ
159 AM MST SAT AUG 27 2016


...................................

...THE PRESCOTT AZ AIRPORT CLIMATE SUMMARY FOR AUGUST 26 2016...

CLIMATE NORMAL PERIOD 1981 TO 2010
CLIMATE RECORD PERIOD 1948 TO 2016


WEATHER ITEM   OBSERVED TIME   RECORD YEAR NORMAL DEPARTURE LAST
                VALUE   (LST)  VALUE       VALUE  FROM      YEAR
                                                  NORMAL
..................................................................
TEMPERATURE (F)
 YESTERDAY
  MAXIMUM         76    309 PM  95    2001  86    -10       86
  MINIMUM         54    627 AM  50    1990  59     -5       63
  AVERAGE         65                        73     -8

PRECIPITATION (IN)
  YESTERDAY        0.15          1.07 1963   0.08   0.07      T
  MONTH TO DATE    5.01                      2.25   2.76     1.14
  SINCE SEP 1     13.40                     13.60  -0.20    16.55
  SINCE JAN 1      9.91                      9.29   0.62    11.87

DEGREE DAYS
 HEATING
  YESTERDAY        0                                0
  MONTH TO DATE    0                                0
  SINCE JUL 1      0                                0

 COOLING
  YESTERDAY        0                               -8
  MONTH TO DATE  206                              -25
  SINCE JAN 1    986                              200
..................................................................


WIND (MPH)
  HIGHEST WIND SPEED    14   HIGHEST WIND DIRECTION     S (160)
  HIGHEST GUST SPEED    18   HIGHEST GUST DIRECTION     S (170)
  AVERAGE WIND SPEED     5.7


SKY COVER
  AVERAGE SKY COVER 0.5


WEATHER CONDITIONS
 THE FOLLOWING WEATHER WAS RECORDED YESTERDAY.
  THUNDERSTORM
  RAIN
  LIGHT RAIN
  FOG


RELATIVE HUMIDITY (PERCENT)
 HIGHEST   100
 LOWEST     43

..........................................................


THE PRESCOTT AZ AIRPORT CLIMATE NORMALS FOR TODAY
                         NORMAL    RECORD    YEAR
 MAXIMUM TEMPERATURE (F)   86        95      2001
 MINIMUM TEMPERATURE (F)   59        48      1987


SUNRISE AND SUNSET
AUGUST 27 2016........SUNRISE   600 AM MST   SUNSET   702 PM MST
AUGUST 28 2016........SUNRISE   600 AM MST   SUNSET   701 PM MST


-  INDICATES NEGATIVE NUMBERS.
R  INDICATES RECORD WAS SET OR TIED.
MM INDICATES DATA IS MISSING.
T  INDICATES TRACE AMOUNT.




$$
