913
CDUS45 KFGZ 260738
CLIPRC
CLIMATE REPORT
NATIONAL WEATHER SERVICE FLAGSTAFF, AZ
1238 AM MST SUN FEB 26 2017


...................................

...THE PRESCOTT AZ AIRPORT CLIMATE SUMMARY FOR FEBRUARY 25 2017...

CLIMATE NORMAL PERIOD 1981 TO 2010
CLIMATE RECORD PERIOD 1948 TO 2017


WEATHER ITEM   OBSERVED TIME   RECORD YEAR NORMAL DEPARTURE LAST
                VALUE   (LST)  VALUE       VALUE  FROM      YEAR
                                                  NORMAL
..................................................................
TEMPERATURE (F)
 YESTERDAY
  MAXIMUM         52    244 PM  76    1986  57     -5       72
  MINIMUM         20    619 AM  11    1977  30    -10       29
  AVERAGE         36                        43     -7

PRECIPITATION (IN)
  YESTERDAY        0.00          0.38 1958   0.06  -0.06     0.00
  MONTH TO DATE    0.48                      1.24  -0.76     0.09
  SINCE SEP 1      9.16                      6.67   2.49     4.97
  SINCE JAN 1      2.41                      2.36   0.05     1.48

DEGREE DAYS
 HEATING
  YESTERDAY       29                                7
  MONTH TO DATE  454                             -137
  SINCE JUL 1   2637                             -471

 COOLING
  YESTERDAY        0                                0
  MONTH TO DATE    0                                0
  SINCE JAN 1      0                                0
..................................................................


WIND (MPH)
  HIGHEST WIND SPEED    20   HIGHEST WIND DIRECTION    SW (240)
  HIGHEST GUST SPEED    25   HIGHEST GUST DIRECTION    SW (230)
  AVERAGE WIND SPEED     5.9


SKY COVER
  AVERAGE SKY COVER 0.2


WEATHER CONDITIONS
 THE FOLLOWING WEATHER WAS RECORDED YESTERDAY.
  NO SIGNIFICANT WEATHER WAS OBSERVED.


RELATIVE HUMIDITY (PERCENT)
 HIGHEST    71
 LOWEST     14

..........................................................


THE PRESCOTT AZ AIRPORT CLIMATE NORMALS FOR TODAY
                         NORMAL    RECORD    YEAR
 MAXIMUM TEMPERATURE (F)   57        78      1986
 MINIMUM TEMPERATURE (F)   30        17      1996


SUNRISE AND SUNSET
FEBRUARY 26 2017......SUNRISE   702 AM MST   SUNSET   623 PM MST
FEBRUARY 27 2017......SUNRISE   701 AM MST   SUNSET   624 PM MST


-  INDICATES NEGATIVE NUMBERS.
R  INDICATES RECORD WAS SET OR TIED.
MM INDICATES DATA IS MISSING.
T  INDICATES TRACE AMOUNT.




$$
