000
CDUS45 KFGZ 250748
CLIPRC
CLIMATE REPORT
NATIONAL WEATHER SERVICE FLAGSTAFF, AZ
1247 AM MST SAT MAR 25 2017


...................................

...THE PRESCOTT AZ AIRPORT CLIMATE SUMMARY FOR MARCH 24 2017...

CLIMATE NORMAL PERIOD 1981 TO 2010
CLIMATE RECORD PERIOD 1948 TO 2017


WEATHER ITEM   OBSERVED TIME   RECORD YEAR NORMAL DEPARTURE LAST
                VALUE   (LST)  VALUE       VALUE  FROM      YEAR
                                                  NORMAL
..................................................................
TEMPERATURE (F)
 YESTERDAY
  MAXIMUM         65    541 PM  78    1956  62      3       66
  MINIMUM         32    651 AM  22    1995  34     -2       29
  AVERAGE         49                        48      1

PRECIPITATION (IN)
  YESTERDAY        0.00          0.95 1983   0.03  -0.03     0.00
  MONTH TO DATE    0.54                      0.88  -0.34     0.16
  SINCE SEP 1     10.75                      7.70   3.05     5.13
  SINCE JAN 1      4.00                      3.39   0.61     1.64

DEGREE DAYS
 HEATING
  YESTERDAY       16                               -1
  MONTH TO DATE  285                             -175
  SINCE JUL 1   2994                             -638

 COOLING
  YESTERDAY        0                                0
  MONTH TO DATE    0                                0
  SINCE JAN 1      0                                0
..................................................................


WIND (MPH)
  HIGHEST WIND SPEED    13   HIGHEST WIND DIRECTION    SW (240)
  HIGHEST GUST SPEED    19   HIGHEST GUST DIRECTION     N (350)
  AVERAGE WIND SPEED     4.5


SKY COVER
  AVERAGE SKY COVER 0.0


WEATHER CONDITIONS
 THE FOLLOWING WEATHER WAS RECORDED YESTERDAY.
  NO SIGNIFICANT WEATHER WAS OBSERVED.


RELATIVE HUMIDITY (PERCENT)
 HIGHEST    89
 LOWEST     18

..........................................................


THE PRESCOTT AZ AIRPORT CLIMATE NORMALS FOR TODAY
                         NORMAL    RECORD    YEAR
 MAXIMUM TEMPERATURE (F)   62        76      1988
 MINIMUM TEMPERATURE (F)   34        18      1964


SUNRISE AND SUNSET
MARCH 25 2017.........SUNRISE   626 AM MST   SUNSET   646 PM MST
MARCH 26 2017.........SUNRISE   625 AM MST   SUNSET   646 PM MST


-  INDICATES NEGATIVE NUMBERS.
R  INDICATES RECORD WAS SET OR TIED.
MM INDICATES DATA IS MISSING.
T  INDICATES TRACE AMOUNT.




$$
