000
CDUS45 KFGZ 280830
CLIPRC
CLIMATE REPORT
NATIONAL WEATHER SERVICE FLAGSTAFF, AZ
121 AM MST SUN DEC 28 2014


...................................

...THE PRESCOTT AZ AIRPORT CLIMATE SUMMARY FOR DECEMBER 27 2014...

CLIMATE NORMAL PERIOD 1981 TO 2010
CLIMATE RECORD PERIOD 1948 TO 2014


WEATHER ITEM   OBSERVED TIME   RECORD YEAR NORMAL DEPARTURE LAST
                VALUE   (LST)  VALUE       VALUE  FROM      YEAR
                                                  NORMAL
..................................................................
TEMPERATURE (F)
 YESTERDAY
  MAXIMUM         41    347 PM  70    1980  50     -9       60
  MINIMUM         17    722 AM   8    1988  25     -8       24
  AVERAGE         29                        37     -8

PRECIPITATION (IN)
  YESTERDAY        0.00          1.04 1984   0.03  -0.03     0.00
  MONTH TO DATE    1.81                      0.82   0.99     0.31
  SINCE SEP 1      4.56                      4.17   0.39     4.72
  SINCE JAN 1     12.03                     13.83  -1.80    12.94

DEGREE DAYS
 HEATING
  YESTERDAY       36                                8
  MONTH TO DATE  601                             -120
  SINCE JUL 1   1258                             -337

 COOLING
  YESTERDAY        0                                0
  MONTH TO DATE    0                                0
  SINCE JAN 1   1039                               98
..................................................................


WIND (MPH)
  HIGHEST WIND SPEED    10   HIGHEST WIND DIRECTION     S (190)
  HIGHEST GUST SPEED    14   HIGHEST GUST DIRECTION     W (260)
  AVERAGE WIND SPEED     4.1


SKY COVER
  AVERAGE SKY COVER 0.0


WEATHER CONDITIONS
 THE FOLLOWING WEATHER WAS RECORDED YESTERDAY.
  NO SIGNIFICANT WEATHER WAS OBSERVED.


RELATIVE HUMIDITY (PERCENT)
 HIGHEST    65
 LOWEST     25

..........................................................


THE PRESCOTT AZ AIRPORT CLIMATE NORMALS FOR TODAY
                         NORMAL    RECORD    YEAR
 MAXIMUM TEMPERATURE (F)   50        68      1980
 MINIMUM TEMPERATURE (F)   25         8      1966


SUNRISE AND SUNSET
DECEMBER 28 2014......SUNRISE   736 AM MST   SUNSET   527 PM MST
DECEMBER 29 2014......SUNRISE   736 AM MST   SUNSET   528 PM MST


-  INDICATES NEGATIVE NUMBERS.
R  INDICATES RECORD WAS SET OR TIED.
MM INDICATES DATA IS MISSING.
T  INDICATES TRACE AMOUNT.




$$
