575
CDUS45 KFGZ 010820
CLIPRC
CLIMATE REPORT
NATIONAL WEATHER SERVICE FLAGSTAFF, AZ
119 AM MST SAT OCT 1 2016


...................................

...THE PRESCOTT AZ AIRPORT CLIMATE SUMMARY FOR SEPTEMBER 30 2016...

CLIMATE NORMAL PERIOD 1981 TO 2010
CLIMATE RECORD PERIOD 1948 TO 2016


WEATHER ITEM   OBSERVED TIME   RECORD YEAR NORMAL DEPARTURE LAST
                VALUE   (LST)  VALUE       VALUE  FROM      YEAR
                                                  NORMAL
..................................................................
TEMPERATURE (F)
 YESTERDAY
  MAXIMUM         75   1217 PM  92    2010  77     -2       90
  MINIMUM         50    649 AM  34    1965  48      2       57
  AVERAGE         63                        62      1

PRECIPITATION (IN)
  YESTERDAY        0.18          1.47 1983   0.04   0.14     0.00
  MONTH TO DATE    2.33                      1.51   0.82     0.34
  SINCE SEP 1      2.33                      1.51   0.82     0.34
  SINCE JAN 1     13.09                     11.17   1.92    12.68

DEGREE DAYS
 HEATING
  YESTERDAY        2                               -2
  MONTH TO DATE   35                                0
  SINCE JUL 1     35                               -3

 COOLING
  YESTERDAY        0                               -1
  MONTH TO DATE   81                              -33
  SINCE JAN 1   1090                              155
..................................................................


WIND (MPH)
  HIGHEST WIND SPEED    20   HIGHEST WIND DIRECTION    NW (310)
  HIGHEST GUST SPEED    26   HIGHEST GUST DIRECTION    NW (300)
  AVERAGE WIND SPEED     5.3


SKY COVER
  AVERAGE SKY COVER 0.2


WEATHER CONDITIONS
 THE FOLLOWING WEATHER WAS RECORDED YESTERDAY.
  THUNDERSTORM
  LIGHT RAIN
  FOG


RELATIVE HUMIDITY (PERCENT)
 HIGHEST    96
 LOWEST     46

..........................................................


THE PRESCOTT AZ AIRPORT CLIMATE NORMALS FOR TODAY
                         NORMAL    RECORD    YEAR
 MAXIMUM TEMPERATURE (F)   77        91      1980
 MINIMUM TEMPERATURE (F)   47        33      1965


SUNRISE AND SUNSET
OCTOBER  1 2016.......SUNRISE   625 AM MST   SUNSET   613 PM MST
OCTOBER  2 2016.......SUNRISE   626 AM MST   SUNSET   612 PM MST


-  INDICATES NEGATIVE NUMBERS.
R  INDICATES RECORD WAS SET OR TIED.
MM INDICATES DATA IS MISSING.
T  INDICATES TRACE AMOUNT.




$$
