000
CDUS45 KFGZ 010815
CLIPRC
CLIMATE REPORT
NATIONAL WEATHER SERVICE FLAGSTAFF, AZ
109 AM MST SAT NOV 1 2014


...................................

...THE PRESCOTT AZ AIRPORT CLIMATE SUMMARY FOR OCTOBER 31 2014...

CLIMATE NORMAL PERIOD 1981 TO 2010
CLIMATE RECORD PERIOD 1948 TO 2014


WEATHER ITEM   OBSERVED TIME   RECORD YEAR NORMAL DEPARTURE LAST
                VALUE   (LST)  VALUE       VALUE  FROM      YEAR
                                                  NORMAL
..................................................................
TEMPERATURE (F)
 YESTERDAY
  MAXIMUM         76    241 PM  80    2008  67      9       62
  MINIMUM         48    207 AM  22    1991  36     12       28
  AVERAGE         62                        52     10

PRECIPITATION (IN)
  YESTERDAY        0.00          0.98 1987   0.03  -0.03     0.00
  MONTH TO DATE    0.14                      0.92  -0.78     0.23
  SINCE SEP 1      2.73                      2.43   0.30     2.71
  SINCE JAN 1     10.20                     12.09  -1.89    10.93

DEGREE DAYS
 HEATING
  YESTERDAY        3                              -11
  MONTH TO DATE  117                             -152
  SINCE JUL 1    142                             -164

 COOLING
  YESTERDAY        0                                0
  MONTH TO DATE    0                               -6
  SINCE JAN 1   1039                               98
..................................................................


WIND (MPH)
  HIGHEST WIND SPEED    23   HIGHEST WIND DIRECTION    SE (150)
  HIGHEST GUST SPEED    30   HIGHEST GUST DIRECTION    SE (130)
  AVERAGE WIND SPEED     9.1


SKY COVER
  AVERAGE SKY COVER 0.1


WEATHER CONDITIONS
 THE FOLLOWING WEATHER WAS RECORDED YESTERDAY.
  NO SIGNIFICANT WEATHER WAS OBSERVED.


RELATIVE HUMIDITY (PERCENT)
 HIGHEST    52
 LOWEST     23

..........................................................


THE PRESCOTT AZ AIRPORT CLIMATE NORMALS FOR TODAY
                         NORMAL    RECORD    YEAR
 MAXIMUM TEMPERATURE (F)   66        80      1962
 MINIMUM TEMPERATURE (F)   36        22      1991


SUNRISE AND SUNSET
NOVEMBER  1 2014......SUNRISE   650 AM MST   SUNSET   536 PM MST
NOVEMBER  2 2014......SUNRISE   651 AM MST   SUNSET   535 PM MST


-  INDICATES NEGATIVE NUMBERS.
R  INDICATES RECORD WAS SET OR TIED.
MM INDICATES DATA IS MISSING.
T  INDICATES TRACE AMOUNT.




$$
