000
CDUS45 KFGZ 270112
CLIPRC
CLIMATE REPORT
NATIONAL WEATHER SERVICE FLAGSTAFF, AZ
612 PM MST WED JUL 26 2017


...................................

...THE PRESCOTT AZ AIRPORT CLIMATE SUMMARY FOR JULY 26 2017...
VALID TODAY AS OF 0500 PM LOCAL TIME.

CLIMATE NORMAL PERIOD 1981 TO 2010
CLIMATE RECORD PERIOD 1948 TO 2017


WEATHER ITEM   OBSERVED TIME   RECORD YEAR NORMAL DEPARTURE LAST
                VALUE   (LST)  VALUE       VALUE  FROM      YEAR
                                                  NORMAL
..................................................................
TEMPERATURE (F)
 TODAY
  MAXIMUM         88    405 PM 100    1959  89     -1       92
  MINIMUM         60    534 AM  52    1986  63     -3       63
  AVERAGE         74                        76     -2

PRECIPITATION (IN)
  TODAY            0.00          0.87 1988   0.08  -0.08
  MONTH TO DATE    3.19                      1.65   1.54
  SINCE SEP 1     14.84                     10.89   3.95
  SINCE JAN 1      8.09                      6.58   1.51

DEGREE DAYS
 HEATING
  TODAY            0                         0      0
  SINCE JUL 1      0                         0      0

 COOLING
  TODAY            9                        11     -2
  SINCE JAN 1    686                       507    179
..................................................................


WIND (MPH)
  HIGHEST WIND SPEED    10   HIGHEST WIND DIRECTION     N (340)
  HIGHEST GUST SPEED    13   HIGHEST GUST DIRECTION     N (340)
  AVERAGE WIND SPEED     3.9


SKY COVER
  POSSIBLE SUNSHINE  MM
  AVERAGE SKY COVER 0.3


WEATHER CONDITIONS
 THE FOLLOWING WEATHER WAS RECORDED TODAY.
  NO SIGNIFICANT WEATHER WAS OBSERVED.


RELATIVE HUMIDITY (PERCENT)
 HIGHEST   100           100 AM
 LOWEST     36           400 PM

..........................................................


THE PRESCOTT AZ AIRPORT CLIMATE NORMALS FOR TOMORROW
                         NORMAL    RECORD    YEAR
 MAXIMUM TEMPERATURE (F)   88       102      1995
 MINIMUM TEMPERATURE (F)   63        49      1986


SUNRISE AND SUNSET
JULY 26 2017..........SUNRISE   536 AM MST   SUNSET   736 PM MST
JULY 27 2017..........SUNRISE   536 AM MST   SUNSET   736 PM MST


-  INDICATES NEGATIVE NUMBERS.
R  INDICATES RECORD WAS SET OR TIED.
MM INDICATES DATA IS MISSING.
T  INDICATES TRACE AMOUNT.




$$
