000
CDUS46 KPDT 190851
CLIPSC

CLIMATE REPORT
NATIONAL WEATHER SERVICE PENDLETON OR
150 AM PDT FRI SEP 19 2014


...................................

...THE PASCO WA CLIMATE SUMMARY FOR SEPTEMBER 18 2014...

CLIMATE NORMAL PERIOD 1981 TO 2010
CLIMATE RECORD PERIOD 1948 TO 2014


WEATHER ITEM   OBSERVED TIME   RECORD YEAR NORMAL DEPARTURE LAST
                VALUE   (LST)  VALUE       VALUE  FROM      YEAR
                                                  NORMAL
..................................................................
TEMPERATURE (F)
 YESTERDAY
  MAXIMUM         88   1248 PM  92    2000  80      8       75
  MINIMUM         56    158 AM  38    1992  46     10       49
  AVERAGE         72                        63      9       62

PRECIPITATION (IN)
  YESTERDAY        0.00          0.31 1969   0.01  -0.01     0.00
  MONTH TO DATE    T                         0.19  -0.19     0.70
  SINCE OCT 1      3.64                      8.62  -4.98     7.38
  SINCE JAN 1      3.06                      5.67  -2.61     4.02

SNOWFALL (IN)
  YESTERDAY        0.0
  SNOW DEPTH       0

DEGREE DAYS
 HEATING
  YESTERDAY        0                         3     -3        3
  MONTH TO DATE   33                        32      1        8
  SINCE SEP 1     33                        32      1        8
  SINCE JUL 1     33                        44    -11        8

 COOLING
  YESTERDAY        7                         1      6        0
  MONTH TO DATE   27                        43    -16      130
  SINCE SEP 1     27                        43    -16      130
  SINCE JAN 1    945                       700    245      992
..................................................................


WIND (MPH)
  RESULTANT WIND SPEED   7   RESULTANT WIND DIRECTION  SW (220)
  HIGHEST WIND SPEED    25   HIGHEST WIND DIRECTION    SW (210)
  HIGHEST GUST SPEED    31   HIGHEST GUST DIRECTION    SW (210)


SKY COVER
  POSSIBLE SUNSHINE  MM
  AVERAGE SKY COVER 0.2


WEATHER CONDITIONS
 THE FOLLOWING WEATHER WAS RECORDED YESTERDAY.
  NO SIGNIFICANT WEATHER WAS OBSERVED.


RELATIVE HUMIDITY (PERCENT)
 HIGHEST    93
 LOWEST     26
 AVERAGE    60

..........................................................


THE PASCO WA CLIMATE NORMALS FOR TODAY
                         NORMAL    RECORD    YEAR
 MAXIMUM TEMPERATURE (F)   79        90      1991
 MINIMUM TEMPERATURE (F)   45        37      2004


SUNRISE AND SUNSET
SEPTEMBER 19 2014.....SUNRISE   640 AM PDT   SUNSET   700 PM PDT
SEPTEMBER 20 2014.....SUNRISE   641 AM PDT   SUNSET   658 PM PDT


-  INDICATES NEGATIVE NUMBERS.
R  INDICATES RECORD WAS SET OR TIED.
MM INDICATES DATA IS MISSING.
T  INDICATES TRACE AMOUNT.




$$
