000
CDUS46 KPDT 140035
CLIPSC

CLIMATE REPORT
NATIONAL WEATHER SERVICE PENDLETON OR
433 PM PST SAT FEB 13 2016


...................................

...THE PASCO WA CLIMATE SUMMARY FOR FEBRUARY 13 2016...
VALID TODAY AS OF 0400 PM LOCAL TIME.

CLIMATE NORMAL PERIOD 1981 TO 2010
CLIMATE RECORD PERIOD 1948 TO 2016


WEATHER ITEM   OBSERVED TIME   RECORD YEAR NORMAL DEPARTURE LAST
                VALUE   (LST)  VALUE       VALUE  FROM      YEAR
                                                  NORMAL
..................................................................
TEMPERATURE (F)
 TODAY
  MAXIMUM         53    236 PM  60    2014  48      5       54
                                      2011
  MINIMUM         41    238 AM  12    1995  28     13       32
  AVERAGE         47                        38      9       43

PRECIPITATION (IN)
  TODAY            0.00          0.41 1990   0.03  -0.03     0.00
  MONTH TO DATE    0.17                      0.43  -0.26     0.53
  SINCE OCT 1      4.12                      4.60  -0.48     3.59
  SINCE JAN 1      1.36                      1.65  -0.29     1.22

SNOWFALL (IN)
  TODAY            0.0
  SNOW DEPTH       0

DEGREE DAYS
 HEATING
  TODAY           18                        27     -9       22
  MONTH TO DATE  328                       357    -29      261
  SINCE DEC 1   2127                      2279   -152     2043
  SINCE JUL 1   3229                      3508   -279     3108

 COOLING
  TODAY            0                         0      0        0
  MONTH TO DATE    0                         0      0        0
  SINCE DEC 1      0                         0      0        0
  SINCE JAN 1      0                         0      0        0
..................................................................


WIND (MPH)
  RESULTANT WIND SPEED  13   RESULTANT WIND DIRECTION  SW (240)
  HIGHEST WIND SPEED    26   HIGHEST WIND DIRECTION    SW (240)
  HIGHEST GUST SPEED    32   HIGHEST GUST DIRECTION    SW (240)


SKY COVER
  POSSIBLE SUNSHINE  MM
  AVERAGE SKY COVER 0.2


WEATHER CONDITIONS
 THE FOLLOWING WEATHER WAS RECORDED TODAY.
  NO SIGNIFICANT WEATHER WAS OBSERVED.


RELATIVE HUMIDITY (PERCENT)
 HIGHEST    83
 LOWEST     59
 AVERAGE    71

..........................................................


THE PASCO WA CLIMATE NORMALS FOR TOMORROW
                         NORMAL    RECORD    YEAR
 MAXIMUM TEMPERATURE (F)   49        62      2015
 MINIMUM TEMPERATURE (F)   28         7      1995


SUNRISE AND SUNSET
FEBRUARY 13 2016......SUNRISE   703 AM PST   SUNSET   519 PM PST
FEBRUARY 14 2016......SUNRISE   702 AM PST   SUNSET   520 PM PST


-  INDICATES NEGATIVE NUMBERS.
R  INDICATES RECORD WAS SET OR TIED.
MM INDICATES DATA IS MISSING.
T  INDICATES TRACE AMOUNT.




$$
