000
CDUS46 KPDT 180838
CLIPSC

CLIMATE REPORT
NATIONAL WEATHER SERVICE PENDLETON OR
1238 AM PST SUN FEB 18 2018


...................................

...THE PASCO WA CLIMATE SUMMARY FOR FEBRUARY 17 2018...

CLIMATE NORMAL PERIOD 1981 TO 2010
CLIMATE RECORD PERIOD 1948 TO 2018


WEATHER ITEM   OBSERVED TIME   RECORD YEAR NORMAL DEPARTURE LAST
                VALUE   (LST)  VALUE       VALUE  FROM      YEAR
                                                  NORMAL
..................................................................
TEMPERATURE (F)
 YESTERDAY
  MAXIMUM         61    257 PM  68    2007  50     11       47
                                      1948
  MINIMUM         41   1159 PM  -9    1936  28     13       31
  AVERAGE         51                        39     12       39

PRECIPITATION (IN)
  YESTERDAY        T             0.40 1989   0.03  -0.03      T
  MONTH TO DATE    0.40                      0.54  -0.14     0.81
  SINCE OCT 1      4.09                      4.71  -0.62     5.53
  SINCE JAN 1      1.37                      1.76  -0.39     1.76

SNOWFALL (IN)
  YESTERDAY        0.0
  SNOW DEPTH       0

DEGREE DAYS
 HEATING
  YESTERDAY       14                        26    -12       26
  MONTH TO DATE  356                       461   -105      603
  SINCE DEC 1   2177                      2383   -206     3084
  SINCE JUL 1   3345                      3612   -267     4030

 COOLING
  YESTERDAY        0                         0      0        0
  MONTH TO DATE    0                         0      0        0
  SINCE DEC 1      0                         0      0        0
  SINCE JAN 1      0                         0      0        0
..................................................................


WIND (MPH)
  RESULTANT WIND SPEED  16   RESULTANT WIND DIRECTION  SW (230)
  HIGHEST WIND SPEED    43   HIGHEST WIND DIRECTION    SW (230)
  HIGHEST GUST SPEED    55   HIGHEST GUST DIRECTION     W (260)


SKY COVER
  POSSIBLE SUNSHINE  MM
  AVERAGE SKY COVER 0.5


WEATHER CONDITIONS
 THE FOLLOWING WEATHER WAS RECORDED YESTERDAY.
  LIGHT RAIN
  BLOWING DUST


RELATIVE HUMIDITY (PERCENT)
 HIGHEST    76
 LOWEST     39
 AVERAGE    58

..........................................................


THE PASCO WA CLIMATE NORMALS FOR TODAY
                         NORMAL    RECORD    YEAR
 MAXIMUM TEMPERATURE (F)   50        68      1931
 MINIMUM TEMPERATURE (F)   28         6      1936


SUNRISE AND SUNSET
FEBRUARY 18 2018......SUNRISE   655 AM PST   SUNSET   527 PM PST
FEBRUARY 19 2018......SUNRISE   653 AM PST   SUNSET   528 PM PST


-  INDICATES NEGATIVE NUMBERS.
R  INDICATES RECORD WAS SET OR TIED.
MM INDICATES DATA IS MISSING.
T  INDICATES TRACE AMOUNT.


$$
