000
CDUS46 KPDT 250901
CLIPSC

CLIMATE REPORT
NATIONAL WEATHER SERVICE PENDLETON OR
145 AM PDT SUN SEP 25 2016


...................................

...THE PASCO WA CLIMATE SUMMARY FOR SEPTEMBER 24 2016...

CLIMATE NORMAL PERIOD 1981 TO 2010
CLIMATE RECORD PERIOD 1948 TO 2016


WEATHER ITEM   OBSERVED TIME   RECORD YEAR NORMAL DEPARTURE LAST
                VALUE   (LST)  VALUE       VALUE  FROM      YEAR
                                                  NORMAL
..................................................................
TEMPERATURE (F)
 YESTERDAY
  MAXIMUM         74    343 PM  96    2001  77     -3       75
  MINIMUM         40    547 AM  31    2000  44     -4       44
  AVERAGE         57                        60     -3       60

PRECIPITATION (IN)
  YESTERDAY        0.00          0.24 1977   0.02  -0.02     0.00
  MONTH TO DATE    0.24                      0.29  -0.05     0.12
  SINCE OCT 1      8.38                      8.72  -0.34     5.72
  SINCE JAN 1      5.62                      5.77  -0.15     3.35

SNOWFALL (IN)
  YESTERDAY        0.0
  SNOW DEPTH       0

DEGREE DAYS
 HEATING
  YESTERDAY        8                         5      3        5
  MONTH TO DATE   79                        59     20       64
  SINCE SEP 1     79                        59     20       64
  SINCE JUL 1     79                        71      8       64

 COOLING
  YESTERDAY        0                         1     -1        0
  MONTH TO DATE   20                        49    -29       42
  SINCE SEP 1     20                        49    -29       42
  SINCE JAN 1    771                       706     65     1115
..................................................................


WIND (MPH)
  RESULTANT WIND SPEED   3   RESULTANT WIND DIRECTION  SE (150)
  HIGHEST WIND SPEED    12   HIGHEST WIND DIRECTION    SW (230)
  HIGHEST GUST SPEED    17   HIGHEST GUST DIRECTION     W (270)


SKY COVER
  POSSIBLE SUNSHINE  MM
  AVERAGE SKY COVER 0.0


WEATHER CONDITIONS
 THE FOLLOWING WEATHER WAS RECORDED YESTERDAY.
  NO SIGNIFICANT WEATHER WAS OBSERVED.


RELATIVE HUMIDITY (PERCENT)
 HIGHEST    89
 LOWEST     27
 AVERAGE    58

..........................................................


THE PASCO WA CLIMATE NORMALS FOR TODAY
                         NORMAL    RECORD    YEAR
 MAXIMUM TEMPERATURE (F)   76        94      1990
 MINIMUM TEMPERATURE (F)   44        31      1996


SUNRISE AND SUNSET
SEPTEMBER 25 2016.....SUNRISE   648 AM PDT   SUNSET   647 PM PDT
SEPTEMBER 26 2016.....SUNRISE   649 AM PDT   SUNSET   645 PM PDT


-  INDICATES NEGATIVE NUMBERS.
R  INDICATES RECORD WAS SET OR TIED.
MM INDICATES DATA IS MISSING.
T  INDICATES TRACE AMOUNT.




$$
