000
CDUS46 KPDT 250035
CLIPSC

CLIMATE REPORT
NATIONAL WEATHER SERVICE PENDLETON OR
530 PM PDT WED AUG 24 2016


...................................

...THE PASCO WA CLIMATE SUMMARY FOR AUGUST 24 2016...
VALID TODAY AS OF 0500 PM LOCAL TIME.

CLIMATE NORMAL PERIOD 1981 TO 2010
CLIMATE RECORD PERIOD 1948 TO 2016


WEATHER ITEM   OBSERVED TIME   RECORD YEAR NORMAL DEPARTURE LAST
                VALUE   (LST)  VALUE       VALUE  FROM      YEAR
                                                  NORMAL
..................................................................
TEMPERATURE (F)
 TODAY
  MAXIMUM         89    318 PM 101    1999  88      1       93
  MINIMUM         50    524 AM  44    1992  54     -4       53
  AVERAGE         70                        71     -1       73

PRECIPITATION (IN)
  TODAY            0.00          0.43 1977   0.01  -0.01     0.03
  MONTH TO DATE    0.04                      0.19  -0.15     0.03
  SINCE OCT 1      8.14                      8.35  -0.21     5.60
  SINCE JAN 1      5.38                      5.40  -0.02     3.23

SNOWFALL (IN)
  TODAY            0.0
  SNOW DEPTH       0

DEGREE DAYS
 HEATING
  TODAY            0                         0      0        0
  MONTH TO DATE    0                         0      0        0
  SINCE JUN 1     30                        37     -7        1
  SINCE JUL 1      0                         5     -5        0

 COOLING
  TODAY            5                         6     -1        8
  MONTH TO DATE  212                       208      4      225
  SINCE JUN 1    664                       585     79      936
  SINCE JAN 1    697                       618     79     1018
..................................................................


WIND (MPH)
  RESULTANT WIND SPEED   5   RESULTANT WIND DIRECTION   N (340)
  HIGHEST WIND SPEED    15   HIGHEST WIND DIRECTION    NW (320)
  HIGHEST GUST SPEED    18   HIGHEST GUST DIRECTION    NW (320)


SKY COVER
  POSSIBLE SUNSHINE  MM
  AVERAGE SKY COVER 0.0


WEATHER CONDITIONS
 THE FOLLOWING WEATHER WAS RECORDED TODAY.
  NO SIGNIFICANT WEATHER WAS OBSERVED.


RELATIVE HUMIDITY (PERCENT)
 HIGHEST    89
 LOWEST     26
 AVERAGE    58

..........................................................


THE PASCO WA CLIMATE NORMALS FOR TOMORROW
                         NORMAL    RECORD    YEAR
 MAXIMUM TEMPERATURE (F)   88       101      1996
 MINIMUM TEMPERATURE (F)   54        43      2012


SUNRISE AND SUNSET
AUGUST 24 2016........SUNRISE   607 AM PDT   SUNSET   749 PM PDT
AUGUST 25 2016........SUNRISE   609 AM PDT   SUNSET   747 PM PDT


-  INDICATES NEGATIVE NUMBERS.
R  INDICATES RECORD WAS SET OR TIED.
MM INDICATES DATA IS MISSING.
T  INDICATES TRACE AMOUNT.




$$
