769
CDUS41 KALY 270626
CLIPSF


CLIMATE REPORT
NATIONAL WEATHER SERVICE ALBANY NY
226 AM EDT SAT MAY 27 2017


...................................

...THE PITTSFIELD MA CLIMATE SUMMARY FOR MAY 26 2017...

CLIMATE NORMAL PERIOD 1981 TO 2010
CLIMATE RECORD PERIOD 9999 TO 9999


WEATHER ITEM   OBSERVED TIME   NORMAL DEPARTURE LAST
                VALUE   (LST)  VALUE  FROM      YEAR
                                      NORMAL
......................................................
TEMPERATURE (F)
 YESTERDAY
  MAXIMUM         58    458 PM  69    -11       84
  MINIMUM         48    446 AM  46      2       54
  AVERAGE         53            58     -5       69

PRECIPITATION (IN)
  YESTERDAY        0.96          0.17   0.79     0.00
  MONTH TO DATE    6.11          3.40   2.71     1.99
  SINCE MAR 1     12.51         10.63   1.88     6.74
  SINCE JAN 1     18.09         16.23   1.86    12.11

DEGREE DAYS
 HEATING
  YESTERDAY       12             8      4        0
  MONTH TO DATE  326           291     35      313
  SINCE MAR 1   1933          1946    -13     1762
  SINCE JUL 1   6635          7326   -691     6129

 COOLING
  YESTERDAY        0             0      0        4
  MONTH TO DATE   12             0     12        5
  SINCE MAR 1     14             2     12        5
  SINCE JAN 1     14             2     12        5
......................................................


WIND (MPH)
  HIGHEST WIND SPEED    17   HIGHEST WIND DIRECTION     W (290)
  HIGHEST GUST SPEED    22   HIGHEST GUST DIRECTION    NW (300)
  AVERAGE WIND SPEED     6.5


SKY COVER
  AVERAGE SKY COVER 1.0



RELATIVE HUMIDITY (PERCENT)
 HIGHEST    96
 LOWEST     86
 AVERAGE    91

..........................................................


THE PITTSFIELD MA CLIMATE NORMALS FOR TODAY
                         NORMAL
 MAXIMUM TEMPERATURE (F)   70
 MINIMUM TEMPERATURE (F)   47


SUNRISE AND SUNSET
MAY 27 2017...........SUNRISE   521 AM EDT   SUNSET   820 PM EDT
MAY 28 2017...........SUNRISE   521 AM EDT   SUNSET   821 PM EDT


-  INDICATES NEGATIVE NUMBERS.
R  INDICATES RECORD WAS SET OR TIED.
MM INDICATES DATA IS MISSING.
T  INDICATES TRACE AMOUNT.




$$
