000
CDUS46 KSGX 190017
CLIPSP


CLIMATE REPORT
NATIONAL WEATHER SERVICE SAN DIEGO, CA
517 PM PDT FRI APR 18 2014


...................................

...THE PALM SPRINGS INTL AIRPORT CA CLIMATE SUMMARY FOR APRIL 18 2014...
VALID TODAY AS OF 0500 PM LOCAL TIME.

CLIMATE NORMAL PERIOD 1981 TO 2010
CLIMATE RECORD PERIOD 1893 TO 2014


WEATHER ITEM   OBSERVED TIME   RECORD YEAR NORMAL DEPARTURE LAST
                VALUE   (LST)  VALUE       VALUE  FROM      YEAR
                                                  NORMAL
..................................................................
TEMPERATURE (F)
 TODAY
  MAXIMUM         83    210 PM 104    1994  85     -2       78
                                      1954
  MINIMUM         65    518 AM  40    1968  58      7       61
                                      1922
  AVERAGE         74                        71      3       70

PRECIPITATION (IN)
  TODAY            T   R         0.00 2011   0.00   0.00     0.00
                                      2001
                                      1999
  MONTH TO DATE    T                         0.07  -0.07     0.00
  SINCE JUL 1      1.96                      5.51  -3.55     2.19
  SINCE JAN 1      0.70                      2.71  -2.01     0.97

SNOWFALL (IN)
  TODAY            0.0
  MONTH TO DATE    0.0
  SINCE JAN 1      0.0
  SINCE JUL 1      0.0
  SNOW DEPTH       0

DEGREE DAYS
 HEATING
  TODAY            0                         0      0        0
  MONTH TO DATE    8                        17     -9        0
  SINCE MAR 1     20                        90    -70       22
  SINCE JUL 1    431                       868   -437      760

 COOLING
  TODAY            9                         7      2        5
  MONTH TO DATE  165                       100     65      130
  SINCE MAR 1    332                       193    139      350
  SINCE JAN 1    440                       220    220      362
..................................................................


WIND (MPH)
  RESULTANT WIND SPEED   1   RESULTANT WIND DIRECTION  SW (230)
  HIGHEST WIND SPEED    16   HIGHEST WIND DIRECTION     S (200)
  HIGHEST GUST SPEED    22   HIGHEST GUST DIRECTION     S (200)
  AVERAGE WIND SPEED     6.0


SKY COVER
  POSSIBLE SUNSHINE  MM
  AVERAGE SKY COVER 0.2


WEATHER CONDITIONS
 THE FOLLOWING WEATHER WAS RECORDED TODAY.
  LIGHT RAIN


RELATIVE HUMIDITY (PERCENT)
 HIGHEST    63           400 AM
 LOWEST     22           200 PM
 AVERAGE    43

..........................................................


THE PALM SPRINGS INTL AIRPORT CA CLIMATE NORMALS FOR TOMORROW
                         NORMAL    RECORD    YEAR
 MAXIMUM TEMPERATURE (F)   85       104      1999
                                             1980
                                             1950
 MINIMUM TEMPERATURE (F)   58        34      1968


SUNRISE AND SUNSET
APRIL 18 2014.........SUNRISE   612 AM PDT   SUNSET   720 PM PDT
APRIL 19 2014.........SUNRISE   610 AM PDT   SUNSET   720 PM PDT


-  INDICATES NEGATIVE NUMBERS.
R  INDICATES RECORD WAS SET OR TIED.
MM INDICATES DATA IS MISSING.
T  INDICATES TRACE AMOUNT.




$$
