000
CDUS46 KSGX 041423
CLIPSP


CLIMATE REPORT
NATIONAL WEATHER SERVICE SAN DIEGO, CA
722 AM PDT TUE AUG 4 2015


...................................

...THE PALM SPRINGS INTL AIRPORT CA CLIMATE SUMMARY FOR AUGUST 3 2015...

CLIMATE NORMAL PERIOD 1981 TO 2010
CLIMATE RECORD PERIOD 1893 TO 2015


WEATHER ITEM   OBSERVED TIME   RECORD YEAR NORMAL DEPARTURE LAST
                VALUE   (LST)  VALUE       VALUE  FROM      YEAR
                                                  NORMAL
..................................................................
TEMPERATURE (F)
 YESTERDAY
  MAXIMUM        110    344 PM 118    1995 107      3       94
  MINIMUM         80    449 AM  59    1933  78      2       75
  AVERAGE         95                        93      2       85

PRECIPITATION (IN)
  YESTERDAY        0.00          0.81 2014   0.01  -0.01     0.81
  MONTH TO DATE    0.00                      0.03  -0.03     0.88
  SINCE OCT 1      2.63                      5.07  -2.44     2.08
  SINCE JAN 1      1.76                      3.22  -1.46     1.90

DEGREE DAYS
 HEATING
  YESTERDAY        0                         0      0        0
  MONTH TO DATE    0                         0      0        0
  SINCE JUN 1      0                         0      0        0
  SINCE JUL 1      0                         0      0        0

 COOLING
  YESTERDAY       30                        28      2       20
  MONTH TO DATE   94                        84     10       73
  SINCE JUN 1   1684                      1577    107     1735
  SINCE JAN 1   2749                      2336    413     2845
..................................................................


WIND (MPH)
  RESULTANT WIND SPEED   4   RESULTANT WIND DIRECTION  NW (320)
  HIGHEST WIND SPEED    24   HIGHEST WIND DIRECTION    NW (320)
  HIGHEST GUST SPEED    29   HIGHEST GUST DIRECTION    NW (310)
  AVERAGE WIND SPEED     7.5


SKY COVER
  POSSIBLE SUNSHINE  MM
  AVERAGE SKY COVER 0.0


WEATHER CONDITIONS
 THE FOLLOWING WEATHER WAS RECORDED YESTERDAY.
  NO SIGNIFICANT WEATHER WAS OBSERVED.


RELATIVE HUMIDITY (PERCENT)
 HIGHEST    51           400 AM
 LOWEST     11           400 PM
 AVERAGE    31

..........................................................


THE PALM SPRINGS INTL AIRPORT CA CLIMATE NORMALS FOR TODAY
                         NORMAL    RECORD    YEAR
 MAXIMUM TEMPERATURE (F)  107       121      1969
 MINIMUM TEMPERATURE (F)   78        55      1933


SUNRISE AND SUNSET
AUGUST  4 2015........SUNRISE   600 AM PDT   SUNSET   744 PM PDT
AUGUST  5 2015........SUNRISE   601 AM PDT   SUNSET   743 PM PDT


-  INDICATES NEGATIVE NUMBERS.
R  INDICATES RECORD WAS SET OR TIED.
MM INDICATES DATA IS MISSING.
T  INDICATES TRACE AMOUNT.




$$
