000
CDUS46 KSGX 231418
CLIPSP


CLIMATE REPORT
NATIONAL WEATHER SERVICE SAN DIEGO, CA
617 AM PST SUN NOV 23 2014


...................................

...THE PALM SPRINGS INTL AIRPORT CA CLIMATE SUMMARY FOR NOVEMBER 22 2014...

CLIMATE NORMAL PERIOD 1981 TO 2010
CLIMATE RECORD PERIOD 1893 TO 2014


WEATHER ITEM   OBSERVED TIME   RECORD YEAR NORMAL DEPARTURE LAST
                VALUE   (LST)  VALUE       VALUE  FROM      YEAR
                                                  NORMAL
..................................................................
TEMPERATURE (F)
 YESTERDAY
  MAXIMUM         78    249 PM  93    1933  74      4       62
  MINIMUM         48    618 AM  32    1953  49     -1       52
                                      1941
  AVERAGE         63                        62      1       57

PRECIPITATION (IN)
  YESTERDAY        0.00          1.33 1965   0.02  -0.02     0.10
  MONTH TO DATE    0.07                      0.33  -0.26     0.10
  SINCE JUL 1      1.26                      1.72  -0.46     1.25
  SINCE JAN 1      2.01                      4.66  -2.65     2.22

SNOWFALL (IN)
  YESTERDAY        0.0
  MONTH TO DATE    0.0
  SINCE JAN 1      0.0
  SINCE JUL 1      0.0
  SNOW DEPTH       0

DEGREE DAYS
 HEATING
  YESTERDAY        2                         4     -2        8
  MONTH TO DATE   20                        46    -26       18
  SINCE SEP 1     20                        50    -30       28
  SINCE JUL 1     20                        50    -30       28

 COOLING
  YESTERDAY        0                         1     -1        0
  MONTH TO DATE   68                        70     -2       69
  SINCE SEP 1   1323                      1048    275     1010
  SINCE JAN 1   4920                      4132    788     4506
..................................................................


WIND (MPH)
  RESULTANT WIND SPEED   1   RESULTANT WIND DIRECTION   S (160)
  HIGHEST WIND SPEED    13   HIGHEST WIND DIRECTION    NW (330)
  HIGHEST GUST SPEED    16   HIGHEST GUST DIRECTION    NW (330)
  AVERAGE WIND SPEED     4.2


SKY COVER
  POSSIBLE SUNSHINE  MM
  AVERAGE SKY COVER 0.1


WEATHER CONDITIONS
 THE FOLLOWING WEATHER WAS RECORDED YESTERDAY.
  NO SIGNIFICANT WEATHER WAS OBSERVED.


RELATIVE HUMIDITY (PERCENT)
 HIGHEST    80           200 AM
 LOWEST     18           200 PM
 AVERAGE    49

..........................................................


THE PALM SPRINGS INTL AIRPORT CA CLIMATE NORMALS FOR TODAY
                         NORMAL    RECORD    YEAR
 MAXIMUM TEMPERATURE (F)   73        94      1950
 MINIMUM TEMPERATURE (F)   49        29      1931


SUNRISE AND SUNSET
NOVEMBER 23 2014......SUNRISE   626 AM PST   SUNSET   439 PM PST
NOVEMBER 24 2014......SUNRISE   627 AM PST   SUNSET   439 PM PST


-  INDICATES NEGATIVE NUMBERS.
R  INDICATES RECORD WAS SET OR TIED.
MM INDICATES DATA IS MISSING.
T  INDICATES TRACE AMOUNT.




$$
