501
CDUS46 KSGX 091522
CLIPSP


CLIMATE REPORT
NATIONAL WEATHER SERVICE SAN DIEGO, CA
722 AM PST TUE FEB 9 2016


...................................

...THE PALM SPRINGS INTL AIRPORT CA CLIMATE SUMMARY FOR FEBRUARY 8 2016...

CLIMATE NORMAL PERIOD 1981 TO 2010
CLIMATE RECORD PERIOD 1893 TO 2016


WEATHER ITEM   OBSERVED TIME   RECORD YEAR NORMAL DEPARTURE LAST
                VALUE   (LST)  VALUE       VALUE  FROM      YEAR
                                                  NORMAL
..................................................................
TEMPERATURE (F)
 YESTERDAY
  MAXIMUM         83    346 PM  90    1996  71     12       87
                                      1951
  MINIMUM         64    334 AM  25    1933  47     17       59
  AVERAGE         74                        59     15       73

PRECIPITATION (IN)
  YESTERDAY        0.00          2.30 1932   0.03  -0.03     0.00
  MONTH TO DATE    0.00                      0.17  -0.17     0.00
  SINCE OCT 1      2.45                      3.02  -0.57     1.09
  SINCE JAN 1      2.26                      1.17   1.09     0.22

DEGREE DAYS
 HEATING
  YESTERDAY        0                         6     -6        0
  MONTH TO DATE   56                        54      2        0
  SINCE DEC 1    603                       585     18      329
  SINCE JUL 1    710                       681     29      362

 COOLING
  YESTERDAY        9                         1      8        8
  MONTH TO DATE   12                         7      5       24
  SINCE DEC 1     12                        19     -7       66
  SINCE JAN 1     12                        15     -3       42
..................................................................


WIND (MPH)
  RESULTANT WIND SPEED   5   RESULTANT WIND DIRECTION  NW (310)
  HIGHEST WIND SPEED    17   HIGHEST WIND DIRECTION     N (350)
  HIGHEST GUST SPEED    20   HIGHEST GUST DIRECTION     N (340)
  AVERAGE WIND SPEED     6.6


SKY COVER
  POSSIBLE SUNSHINE  MM
  AVERAGE SKY COVER 0.0


WEATHER CONDITIONS
 THE FOLLOWING WEATHER WAS RECORDED YESTERDAY.
  NO SIGNIFICANT WEATHER WAS OBSERVED.


RELATIVE HUMIDITY (PERCENT)
 HIGHEST    22           400 AM
 LOWEST     10           300 PM
 AVERAGE    16

..........................................................


THE PALM SPRINGS INTL AIRPORT CA CLIMATE NORMALS FOR TODAY
                         NORMAL    RECORD    YEAR
 MAXIMUM TEMPERATURE (F)   71        94      1951
 MINIMUM TEMPERATURE (F)   47        28      1933


SUNRISE AND SUNSET
FEBRUARY  9 2016......SUNRISE   637 AM PST   SUNSET   524 PM PST
FEBRUARY 10 2016......SUNRISE   636 AM PST   SUNSET   525 PM PST


-  INDICATES NEGATIVE NUMBERS.
R  INDICATES RECORD WAS SET OR TIED.
MM INDICATES DATA IS MISSING.
T  INDICATES TRACE AMOUNT.




$$
