000
CDUS46 KSGX 240118
CLIPSP


CLIMATE REPORT
NATIONAL WEATHER SERVICE SAN DIEGO, CA
518 PM PST THU NOV 23 2017


...................................

...THE PALM SPRINGS INTL AIRPORT CA CLIMATE SUMMARY FOR NOVEMBER 23 2017...
VALID TODAY AS OF 0500 PM LOCAL TIME.

CLIMATE NORMAL PERIOD 1981 TO 2010
CLIMATE RECORD PERIOD 1893 TO 2017


WEATHER ITEM   OBSERVED TIME   RECORD YEAR NORMAL DEPARTURE LAST
                VALUE   (LST)  VALUE       VALUE  FROM      YEAR
                                                  NORMAL
..................................................................
TEMPERATURE (F)
 TODAY
  MAXIMUM         92    301 PM  94    1950  73     19       77
  MINIMUM         63    636 AM  29    1931  49     14       50
  AVERAGE         78                        61     17       64

PRECIPITATION (IN)
  TODAY            0.00          2.75 1965   0.03  -0.03     0.00
  MONTH TO DATE    T                         0.36  -0.36     0.14
  SINCE OCT 1      T                         0.80  -0.80     0.23
  SINCE JAN 1      7.17                      4.69   2.48     3.59

DEGREE DAYS
 HEATING
  TODAY            0                         5     -5        1
  MONTH TO DATE    0                        51    -51       11
  SINCE SEP 1      0                        55    -55       11
  SINCE JUL 1      0                        55    -55       11

 COOLING
  TODAY           13                         1     12        0
  MONTH TO DATE  142                        71     71      159
  SINCE SEP 1   1266                      1049    217     1152
  SINCE JAN 1   5149                      4133   1016     4807
..................................................................


WIND (MPH)
  RESULTANT WIND SPEED   3   RESULTANT WIND DIRECTION   N (350)
  HIGHEST WIND SPEED     9   HIGHEST WIND DIRECTION    NW (330)
  HIGHEST GUST SPEED    12   HIGHEST GUST DIRECTION    NW (330)
  AVERAGE WIND SPEED     4.7


SKY COVER
  POSSIBLE SUNSHINE  MM
  AVERAGE SKY COVER 0.0


WEATHER CONDITIONS
 THE FOLLOWING WEATHER WAS RECORDED TODAY.
  NO SIGNIFICANT WEATHER WAS OBSERVED.


RELATIVE HUMIDITY (PERCENT)
 HIGHEST    42           100 AM
 LOWEST     15          1100 AM
 AVERAGE    29

..........................................................


THE PALM SPRINGS INTL AIRPORT CA CLIMATE NORMALS FOR TOMORROW
                         NORMAL    RECORD    YEAR
 MAXIMUM TEMPERATURE (F)   73        93      1933
 MINIMUM TEMPERATURE (F)   49        34      1941
                                             1931


SUNRISE AND SUNSET
NOVEMBER 23 2017......SUNRISE   626 AM PST   SUNSET   439 PM PST
NOVEMBER 24 2017......SUNRISE   627 AM PST   SUNSET   439 PM PST


-  INDICATES NEGATIVE NUMBERS.
R  INDICATES RECORD WAS SET OR TIED.
MM INDICATES DATA IS MISSING.
T  INDICATES TRACE AMOUNT.




$$
