000
CDUS46 KSGX 251419
CLIPSP


CLIMATE REPORT
NATIONAL WEATHER SERVICE SAN DIEGO, CA
719 AM PDT THU AUG 25 2016


...................................

...THE PALM SPRINGS INTL AIRPORT CA CLIMATE SUMMARY FOR AUGUST 24 2016...

CLIMATE NORMAL PERIOD 1981 TO 2010
CLIMATE RECORD PERIOD 1893 TO 2016


WEATHER ITEM   OBSERVED TIME   RECORD YEAR NORMAL DEPARTURE LAST
                VALUE   (LST)  VALUE       VALUE  FROM      YEAR
                                                  NORMAL
..................................................................
TEMPERATURE (F)
 YESTERDAY
  MAXIMUM        107    257 PM 122    1985 106      1      109
  MINIMUM         78    503 AM  53    1978  77      1       80
  AVERAGE         93                        91      2       95

PRECIPITATION (IN)
  YESTERDAY        0.00          0.40 1988   0.01  -0.01     0.00
  MONTH TO DATE    0.00                      0.26  -0.26      T
  SINCE OCT 1      2.63                      5.30  -2.67     2.63
  SINCE JAN 1      2.44                      3.45  -1.01     1.76

DEGREE DAYS
 HEATING
  YESTERDAY        0                         0      0        0
  MONTH TO DATE    0                         0      0        0
  SINCE JUN 1      0                         0      0        0
  SINCE JUL 1      0                         0      0        0

 COOLING
  YESTERDAY       28                        26      2       30
  MONTH TO DATE  714                       651     63      732
  SINCE JUN 1   2463                      2144    319     2322
  SINCE JAN 1   3460                      2903    557     3387
..................................................................


WIND (MPH)
  RESULTANT WIND SPEED   1   RESULTANT WIND DIRECTION  NE (40)
  HIGHEST WIND SPEED    18   HIGHEST WIND DIRECTION    NW (320)
  HIGHEST GUST SPEED    22   HIGHEST GUST DIRECTION    NW (320)
  AVERAGE WIND SPEED     4.2


SKY COVER
  POSSIBLE SUNSHINE  MM
  AVERAGE SKY COVER 0.0


WEATHER CONDITIONS
 THE FOLLOWING WEATHER WAS RECORDED YESTERDAY.
  NO SIGNIFICANT WEATHER WAS OBSERVED.


RELATIVE HUMIDITY (PERCENT)
 HIGHEST    42           500 AM
 LOWEST     13           300 PM
 AVERAGE    28

..........................................................


THE PALM SPRINGS INTL AIRPORT CA CLIMATE NORMALS FOR TODAY
                         NORMAL    RECORD    YEAR
 MAXIMUM TEMPERATURE (F)  105       117      1962
 MINIMUM TEMPERATURE (F)   77        57      1954
                                             1943


SUNRISE AND SUNSET
AUGUST 25 2016........SUNRISE   615 AM PDT   SUNSET   720 PM PDT
AUGUST 26 2016........SUNRISE   616 AM PDT   SUNSET   719 PM PDT


-  INDICATES NEGATIVE NUMBERS.
R  INDICATES RECORD WAS SET OR TIED.
MM INDICATES DATA IS MISSING.
T  INDICATES TRACE AMOUNT.




$$
