000
CDUS46 KSGX 250018
CLIPSP


CLIMATE REPORT
NATIONAL WEATHER SERVICE SAN DIEGO, CA
518 PM PDT WED MAY 24 2017


...................................

...THE PALM SPRINGS INTL AIRPORT CA CLIMATE SUMMARY FOR MAY 24 2017...
VALID TODAY AS OF 0500 PM LOCAL TIME.

CLIMATE NORMAL PERIOD 1981 TO 2010
CLIMATE RECORD PERIOD 1893 TO 2017


WEATHER ITEM   OBSERVED TIME   RECORD YEAR NORMAL DEPARTURE LAST
                VALUE   (LST)  VALUE       VALUE  FROM      YEAR
                                                  NORMAL
..................................................................
TEMPERATURE (F)
 TODAY
  MAXIMUM        105    245 PM 115    1952  96      9       84
  MINIMUM         74    458 AM  48    1960  67      7       63
  AVERAGE         90                        81      9       74

PRECIPITATION (IN)
  TODAY            0.00          0.00 2016   0.00   0.00     0.00
                                      2015
                                      2014
  MONTH TO DATE    T                         0.12  -0.12     0.02
  SINCE OCT 1      6.97                      4.72   2.25     2.63
  SINCE JAN 1      5.18                      2.87   2.31     2.44

DEGREE DAYS
 HEATING
  TODAY            0                         0      0        0
  MONTH TO DATE    5                         0      5        0
  SINCE MAR 1     24                        94    -70       28
  SINCE JUL 1    684                       872   -188      738

 COOLING
  TODAY           25                        16      9        9
  MONTH TO DATE  355                       319     36      290
  SINCE MAR 1    950                       612    338      757
  SINCE JAN 1    995                       639    356      907
..................................................................


WIND (MPH)
  RESULTANT WIND SPEED   6   RESULTANT WIND DIRECTION  NW (320)
  HIGHEST WIND SPEED    23   HIGHEST WIND DIRECTION    NW (330)
  HIGHEST GUST SPEED    31   HIGHEST GUST DIRECTION    NW (300)
  AVERAGE WIND SPEED     6.6


SKY COVER
  POSSIBLE SUNSHINE  MM
  AVERAGE SKY COVER 0.0


WEATHER CONDITIONS
 THE FOLLOWING WEATHER WAS RECORDED TODAY.
  NO SIGNIFICANT WEATHER WAS OBSERVED.


RELATIVE HUMIDITY (PERCENT)
 HIGHEST    49           500 AM
 LOWEST      7           300 PM
 AVERAGE    28

..........................................................


THE PALM SPRINGS INTL AIRPORT CA CLIMATE NORMALS FOR TOMORROW
                         NORMAL    RECORD    YEAR
 MAXIMUM TEMPERATURE (F)   96       115      1951
 MINIMUM TEMPERATURE (F)   67        48      1953


SUNRISE AND SUNSET
MAY 24 2017...........SUNRISE   539 AM PDT   SUNSET   747 PM PDT
MAY 25 2017...........SUNRISE   539 AM PDT   SUNSET   748 PM PDT


-  INDICATES NEGATIVE NUMBERS.
R  INDICATES RECORD WAS SET OR TIED.
MM INDICATES DATA IS MISSING.
T  INDICATES TRACE AMOUNT.




$$
