011
CDUS45 KPUB 260022
CLIPUB


CLIMATE REPORT
NATIONAL WEATHER SERVICE PUEBLO
622 PM MDT MON SEP 25 2017


...................................

...THE PUEBLO CO CLIMATE SUMMARY FOR SEPTEMBER 25 2017...
VALID TODAY AS OF 0500 PM LOCAL TIME.

CLIMATE NORMAL PERIOD 1981 TO 2010
CLIMATE RECORD PERIOD 1888 TO 2017


WEATHER ITEM   OBSERVED TIME   RECORD YEAR NORMAL DEPARTURE LAST
                VALUE   (LST)  VALUE       VALUE  FROM      YEAR
                                                  NORMAL
..................................................................
TEMPERATURE (F)
 TODAY
  MAXIMUM         62    316 PM  97    1998  78    -16       72
  MINIMUM         50    529 AM  28    2000  43      7       47
                                      1995
  AVERAGE         56                        60     -4       60

PRECIPITATION (IN)
  TODAY            0.00          1.01 1915   0.02  -0.02     0.00
  MONTH TO DATE    0.25                      0.67  -0.42     0.05
  SINCE SEP 1      0.25                      0.67  -0.42     0.05
  SINCE JAN 1     14.51                     10.90   3.61    10.37

SNOWFALL (IN)
  TODAY            0.0           0.0  2002   0.0    0.0      0.0
  MONTH TO DATE    0.0                       0.2   -0.2      0.0
  SINCE SEP 1      0.0                       0.2   -0.2      0.0
  SINCE JUL 1      0.0                       0.2   -0.2       T
  SNOW DEPTH       0

DEGREE DAYS
 HEATING
  TODAY            9                         6      3        5
  MONTH TO DATE   33                        62    -29       15
  SINCE SEP 1     33                        62    -29       15
  SINCE JUL 1     33                        67    -34       15

 COOLING
  TODAY            0                         1     -1        0
  MONTH TO DATE  146                        78     68      164
  SINCE SEP 1    146                        78     68      164
  SINCE JAN 1   1027                       889    138     1329
..................................................................


WIND (MPH)
  HIGHEST WIND SPEED    16   HIGHEST WIND DIRECTION    SE (140)
  HIGHEST GUST SPEED    26   HIGHEST GUST DIRECTION    NE (50)
  AVERAGE WIND SPEED     5.8


SKY COVER
  POSSIBLE SUNSHINE  MM
  AVERAGE SKY COVER 0.9


WEATHER CONDITIONS
 THE FOLLOWING WEATHER WAS RECORDED TODAY.
  NO SIGNIFICANT WEATHER WAS OBSERVED.


RELATIVE HUMIDITY (PERCENT)
 HIGHEST    89          1200 AM
 LOWEST     53           200 PM
 AVERAGE    71

..........................................................


THE PUEBLO CO CLIMATE NORMALS FOR TOMORROW
                         NORMAL    RECORD    YEAR
 MAXIMUM TEMPERATURE (F)   77        93      2001
 MINIMUM TEMPERATURE (F)   43        31      1912


SUNRISE AND SUNSET
SEPTEMBER 25 2017.....SUNRISE   649 AM MDT   SUNSET   650 PM MDT
SEPTEMBER 26 2017.....SUNRISE   650 AM MDT   SUNSET   648 PM MDT


-  INDICATES NEGATIVE NUMBERS.
R  INDICATES RECORD WAS SET OR TIED.
MM INDICATES DATA IS MISSING.
T  INDICATES TRACE AMOUNT.




$$
