000
CDUS45 KPUB 251104
CLIPUB


CLIMATE REPORT
NATIONAL WEATHER SERVICE PUEBLO
502 AM MDT SUN SEP 25 2016


...................................

...THE PUEBLO CO CLIMATE SUMMARY FOR SEPTEMBER 24 2016...

CLIMATE NORMAL PERIOD 1981 TO 2010
CLIMATE RECORD PERIOD 1888 TO 2016


WEATHER ITEM   OBSERVED TIME   RECORD YEAR NORMAL DEPARTURE LAST
                VALUE   (LST)  VALUE       VALUE  FROM      YEAR
                                                  NORMAL
..................................................................
TEMPERATURE (F)
 YESTERDAY
  MAXIMUM         77    257 PM  94    1966  78     -1       86
  MINIMUM         41    558 AM  31    1946  44     -3       49
  AVERAGE         59                        61     -2       68

PRECIPITATION (IN)
  YESTERDAY        0.00          0.36 1940   0.02  -0.02     0.00
  MONTH TO DATE    0.05                      0.65  -0.60     0.03
  SINCE SEP 1      0.05                      0.65  -0.60     0.03
  SINCE JAN 1     10.37                     10.88  -0.51    15.05

SNOWFALL (IN)
  YESTERDAY        0.0           T    2000   0.0    0.0      0.0
  MONTH TO DATE    0.0                       0.2   -0.2      0.0
  SINCE SEP 1      0.0                       0.2   -0.2      0.0
  SINCE JUL 1      T                         0.2   -0.2      0.0
  SNOW DEPTH       0

DEGREE DAYS
 HEATING
  YESTERDAY        6                         5      1        0
  MONTH TO DATE   10                        56    -46        0
  SINCE SEP 1     10                        56    -46        0
  SINCE JUL 1     10                        61    -51        0

 COOLING
  YESTERDAY        0                         1     -1        3
  MONTH TO DATE  164                        77     87      198
  SINCE SEP 1    164                        77     87      198
  SINCE JAN 1   1329                       888    441     1244
..................................................................


WIND (MPH)
  HIGHEST WIND SPEED    25   HIGHEST WIND DIRECTION     W (290)
  HIGHEST GUST SPEED    32   HIGHEST GUST DIRECTION    SW (220)
  AVERAGE WIND SPEED     9.5


SKY COVER
  POSSIBLE SUNSHINE  MM
  AVERAGE SKY COVER 0.0


WEATHER CONDITIONS
 THE FOLLOWING WEATHER WAS RECORDED YESTERDAY.
  NO SIGNIFICANT WEATHER WAS OBSERVED.


RELATIVE HUMIDITY (PERCENT)
 HIGHEST    49           600 AM
 LOWEST     13           200 PM
 AVERAGE    31

..........................................................


THE PUEBLO CO CLIMATE NORMALS FOR TODAY
                         NORMAL    RECORD    YEAR
 MAXIMUM TEMPERATURE (F)   78        97      1998
 MINIMUM TEMPERATURE (F)   43        28      2000
                                             1995


SUNRISE AND SUNSET
SEPTEMBER 25 2016.....SUNRISE   649 AM MDT   SUNSET   649 PM MDT
SEPTEMBER 26 2016.....SUNRISE   650 AM MDT   SUNSET   648 PM MDT


-  INDICATES NEGATIVE NUMBERS.
R  INDICATES RECORD WAS SET OR TIED.
MM INDICATES DATA IS MISSING.
T  INDICATES TRACE AMOUNT.




$$
