000
CDUS45 KPUB 221151
CLIPUB


CLIMATE REPORT
NATIONAL WEATHER SERVICE PUEBLO
451 AM MST WED NOV 22 2017


...................................

...THE PUEBLO CO CLIMATE SUMMARY FOR NOVEMBER 21 2017...

CLIMATE NORMAL PERIOD 1981 TO 2010
CLIMATE RECORD PERIOD 1888 TO 2017


WEATHER ITEM   OBSERVED TIME   RECORD YEAR NORMAL DEPARTURE LAST
                VALUE   (LST)  VALUE       VALUE  FROM      YEAR
                                                  NORMAL
..................................................................
TEMPERATURE (F)
 YESTERDAY
  MAXIMUM         55    247 PM  78    1974  53      2       70
  MINIMUM         29   1159 PM  -1    1906  20      9       38
  AVERAGE         42                        37      5       54

PRECIPITATION (IN)
  YESTERDAY        T             0.24 1963   0.01  -0.01     0.00
  MONTH TO DATE    0.31                      0.33  -0.02     0.08
  SINCE SEP 1      1.72                      1.82  -0.10     0.13
  SINCE JAN 1     15.98                     12.05   3.93    10.45

SNOWFALL (IN)
  YESTERDAY        0.0           2.7  1992   0.2   -0.2      0.0
  MONTH TO DATE    1.4                       2.8   -1.4       T
  SINCE SEP 1      1.4                       4.4   -3.0       T
  SINCE JUL 1      1.4                       4.4   -3.0       T
  SNOW DEPTH       0

DEGREE DAYS
 HEATING
  YESTERDAY       23                        28     -5       11
  MONTH TO DATE  412                       496    -84      329
  SINCE SEP 1    869                      1001   -132      543
  SINCE JUL 1    869                      1006   -137      543

 COOLING
  YESTERDAY        0                         0      0        0
  MONTH TO DATE    0                         0      0        0
  SINCE SEP 1    146                        86     60      193
  SINCE JAN 1   1027                       897    130     1358
..................................................................


WIND (MPH)
  HIGHEST WIND SPEED    26   HIGHEST WIND DIRECTION    NE (40)
  HIGHEST GUST SPEED    32   HIGHEST GUST DIRECTION    NE (50)
  AVERAGE WIND SPEED     7.4


SKY COVER
  POSSIBLE SUNSHINE  MM
  AVERAGE SKY COVER 0.4


WEATHER CONDITIONS
 THE FOLLOWING WEATHER WAS RECORDED YESTERDAY.
  LIGHT RAIN


RELATIVE HUMIDITY (PERCENT)
 HIGHEST    78          1100 PM
 LOWEST     39          1200 AM
 AVERAGE    59

..........................................................


THE PUEBLO CO CLIMATE NORMALS FOR TODAY
                         NORMAL    RECORD    YEAR
 MAXIMUM TEMPERATURE (F)   53        80      2002
                                             1998
 MINIMUM TEMPERATURE (F)   20        -2      1957


SUNRISE AND SUNSET
NOVEMBER 22 2017......SUNRISE   647 AM MST   SUNSET   441 PM MST
NOVEMBER 23 2017......SUNRISE   648 AM MST   SUNSET   441 PM MST


-  INDICATES NEGATIVE NUMBERS.
R  INDICATES RECORD WAS SET OR TIED.
MM INDICATES DATA IS MISSING.
T  INDICATES TRACE AMOUNT.




$$
