000
CDUS45 KPUB 191029
CLIPUB


CLIMATE REPORT
NATIONAL WEATHER SERVICE PUEBLO
429 AM MDT FRI SEP 19 2014


...................................

...THE PUEBLO CO CLIMATE SUMMARY FOR SEPTEMBER 18 2014...

CLIMATE NORMAL PERIOD 1981 TO 2010
CLIMATE RECORD PERIOD 1888 TO 2014


WEATHER ITEM   OBSERVED TIME   RECORD YEAR NORMAL DEPARTURE LAST
                VALUE   (LST)  VALUE       VALUE  FROM      YEAR
                                                  NORMAL
..................................................................
TEMPERATURE (F)
 YESTERDAY
  MAXIMUM         91    347 PM  96    2004  81     10       87
  MINIMUM         53    612 AM  33    2006  47      6       57
                                      1971
  AVERAGE         72                        64      8       72

PRECIPITATION (IN)
  YESTERDAY        0.00          0.46 1923   0.02  -0.02      T
  MONTH TO DATE    0.13                      0.51  -0.38     1.02
  SINCE SEP 1      0.13                      0.51  -0.38     1.02
  SINCE JAN 1      9.73                     10.74  -1.01     8.82

SNOWFALL (IN)
  YESTERDAY        0.0           0.2  1971   0.0    0.0      0.0
  MONTH TO DATE    0.0                       0.1   -0.1      0.0
  SINCE SEP 1      0.0                       0.1   -0.1      0.0
  SINCE JUL 1      T                         0.1   -0.1       T
  SNOW DEPTH       0

DEGREE DAYS
 HEATING
  YESTERDAY        0                         3     -3        0
  MONTH TO DATE   46                        30     16        2
  SINCE SEP 1     46                        30     16        2
  SINCE JUL 1     47                        35     12        2

 COOLING
  YESTERDAY        7                         2      5        7
  MONTH TO DATE   83                        69     14      147
  SINCE SEP 1     83                        69     14      147
  SINCE JAN 1    958                       880     78     1207
..................................................................


WIND (MPH)
  HIGHEST WIND SPEED    17   HIGHEST WIND DIRECTION    SE (140)
  HIGHEST GUST SPEED    22   HIGHEST GUST DIRECTION    SE (140)
  AVERAGE WIND SPEED     6.9


SKY COVER
  POSSIBLE SUNSHINE  MM
  AVERAGE SKY COVER 0.0


WEATHER CONDITIONS
 THE FOLLOWING WEATHER WAS RECORDED YESTERDAY.
  NO SIGNIFICANT WEATHER WAS OBSERVED.


RELATIVE HUMIDITY (PERCENT)
 HIGHEST    65          1100 PM
 LOWEST     12           300 PM
 AVERAGE    39

..........................................................


THE PUEBLO CO CLIMATE NORMALS FOR TODAY
                         NORMAL    RECORD    YEAR
 MAXIMUM TEMPERATURE (F)   80        98      1980
 MINIMUM TEMPERATURE (F)   46        29      1971


SUNRISE AND SUNSET
SEPTEMBER 19 2014.....SUNRISE   643 AM MDT   SUNSET   700 PM MDT
SEPTEMBER 20 2014.....SUNRISE   644 AM MDT   SUNSET   658 PM MDT


-  INDICATES NEGATIVE NUMBERS.
R  INDICATES RECORD WAS SET OR TIED.
MM INDICATES DATA IS MISSING.
T  INDICATES TRACE AMOUNT.




$$
