000
CDUS45 KPUB 171149
CLIPUB


CLIMATE REPORT
NATIONAL WEATHER SERVICE PUEBLO
449 AM MST SAT FEB 17 2018


...................................

...THE PUEBLO CO CLIMATE SUMMARY FOR FEBRUARY 16 2018...

CLIMATE NORMAL PERIOD 1981 TO 2010
CLIMATE RECORD PERIOD 1888 TO 2018


WEATHER ITEM   OBSERVED TIME   RECORD YEAR NORMAL DEPARTURE LAST
                VALUE   (LST)  VALUE       VALUE  FROM      YEAR
                                                  NORMAL
..................................................................
TEMPERATURE (F)
 YESTERDAY
  MAXIMUM         49   1037 PM  73    2017  51     -2       73
                                      1970
  MINIMUM         25    828 AM -18    1895  17      8       20
  AVERAGE         37                        34      3       47

PRECIPITATION (IN)
  YESTERDAY        0.02          0.26 1938   0.01   0.01     0.00
  MONTH TO DATE    0.49                      0.14   0.35     0.17
  SINCE DEC 1      0.73                      0.87  -0.14     1.68
  SINCE JAN 1      0.72                      0.49   0.23     0.92

SNOWFALL (IN)
  YESTERDAY        1.1           5.1  1988   0.1    1.0      0.0
  MONTH TO DATE    9.4                       2.3    7.1      0.0
  SINCE DEC 1     11.2                      14.3   -3.1     14.2
  SINCE JUL 1     12.6                      20.3   -7.7     14.2
  SNOW DEPTH       4

DEGREE DAYS
 HEATING
  YESTERDAY       28                        31     -3       18
  MONTH TO DATE  483                       522    -39      351
  SINCE DEC 1   2417                      2673   -256     2435
  SINCE JUL 1   3438                      3954   -516     3217

 COOLING
  YESTERDAY        0                         0      0        0
  MONTH TO DATE    0                         0      0        0
  SINCE DEC 1      0                         0      0        0
  SINCE JAN 1      0                         0      0        0
..................................................................


WIND (MPH)
  HIGHEST WIND SPEED    22   HIGHEST WIND DIRECTION     W (270)
  HIGHEST GUST SPEED    31   HIGHEST GUST DIRECTION     W (280)
  AVERAGE WIND SPEED     6.0


SKY COVER
  POSSIBLE SUNSHINE  MM
  AVERAGE SKY COVER 0.5


WEATHER CONDITIONS
 THE FOLLOWING WEATHER WAS RECORDED YESTERDAY.
  SNOW
  LIGHT SNOW
  FOG


RELATIVE HUMIDITY (PERCENT)
 HIGHEST   100          1200 AM
 LOWEST     27          1100 PM
 AVERAGE    64

..........................................................


THE PUEBLO CO CLIMATE NORMALS FOR TODAY
                         NORMAL    RECORD    YEAR
 MAXIMUM TEMPERATURE (F)   51        77      1970
 MINIMUM TEMPERATURE (F)   18       -17      1910


SUNRISE AND SUNSET
FEBRUARY 17 2018......SUNRISE   646 AM MST   SUNSET   539 PM MST
FEBRUARY 18 2018......SUNRISE   645 AM MST   SUNSET   540 PM MST


-  INDICATES NEGATIVE NUMBERS.
R  INDICATES RECORD WAS SET OR TIED.
MM INDICATES DATA IS MISSING.
T  INDICATES TRACE AMOUNT.




$$
