000
CDUS45 KPUB 301131
CLIPUB


CLIMATE REPORT
NATIONAL WEATHER SERVICE PUEBLO
430 AM MST FRI JAN 30 2015


...................................

...THE PUEBLO CO CLIMATE SUMMARY FOR JANUARY 29 2015...

CLIMATE NORMAL PERIOD 1981 TO 2010
CLIMATE RECORD PERIOD 1888 TO 2015


WEATHER ITEM   OBSERVED TIME   RECORD YEAR NORMAL DEPARTURE LAST
                VALUE   (LST)  VALUE       VALUE  FROM      YEAR
                                                  NORMAL
..................................................................
TEMPERATURE (F)
 YESTERDAY
  MAXIMUM         51    120 PM  73    1976  48      3       51
  MINIMUM         32   1233 AM -10    1949  15     17       -1
  AVERAGE         42                        31     11       25

PRECIPITATION (IN)
  YESTERDAY        0.00          0.24 1956   0.01  -0.01     0.00
  MONTH TO DATE    0.19                      0.33  -0.14     0.30
  SINCE DEC 1      0.43                      0.71  -0.28     0.33
  SINCE JAN 1      0.19                      0.33  -0.14     0.30

SNOWFALL (IN)
  YESTERDAY        0.0           4.4  1956   0.2   -0.2      0.0
  MONTH TO DATE    4.5                       6.1   -1.6      5.7
  SINCE DEC 1      7.7                      11.6   -3.9      7.9
  SINCE JUL 1     17.6                      17.6    0.0     11.6
  SNOW DEPTH       0

DEGREE DAYS
 HEATING
  YESTERDAY       23                        34    -11       40
  MONTH TO DATE  912                      1000    -88      985
  SINCE DEC 1   1981                      2082   -101     2040
  SINCE JUL 1   3143                      3363   -220     3223

 COOLING
  YESTERDAY        0                         0      0        0
  MONTH TO DATE    0                         0      0        0
  SINCE DEC 1      0                         0      0        0
  SINCE JAN 1      0                         0      0        0
..................................................................


WIND (MPH)
  HIGHEST WIND SPEED    14   HIGHEST WIND DIRECTION     S (160)
  HIGHEST GUST SPEED    19   HIGHEST GUST DIRECTION     S (160)
  AVERAGE WIND SPEED     5.1


SKY COVER
  POSSIBLE SUNSHINE  MM
  AVERAGE SKY COVER 0.6


WEATHER CONDITIONS
 THE FOLLOWING WEATHER WAS RECORDED YESTERDAY.
  NO SIGNIFICANT WEATHER WAS OBSERVED.


RELATIVE HUMIDITY (PERCENT)
 HIGHEST    75          1200 AM
 LOWEST     31          1200 PM
 AVERAGE    53

..........................................................


THE PUEBLO CO CLIMATE NORMALS FOR TODAY
                         NORMAL    RECORD    YEAR
 MAXIMUM TEMPERATURE (F)   48        76      1986
 MINIMUM TEMPERATURE (F)   15       -16      1956


SUNRISE AND SUNSET
JANUARY 30 2015.......SUNRISE   705 AM MST   SUNSET   518 PM MST
JANUARY 31 2015.......SUNRISE   704 AM MST   SUNSET   519 PM MST


-  INDICATES NEGATIVE NUMBERS.
R  INDICATES RECORD WAS SET OR TIED.
MM INDICATES DATA IS MISSING.
T  INDICATES TRACE AMOUNT.




$$
