000
CDUS46 KOTX 140822
CLIPUW


CLIMATE REPORT
NATIONAL WEATHER SERVICE SPOKANE, WA
1222 AM PST THU DEC 14 2017


...................................

...THE PULLMAN-MOSCOW  AIRPORT CLIMATE SUMMARY FOR DECEMBER 13 2017...

CLIMATE NORMAL PERIOD 1981 TO 2010
CLIMATE RECORD PERIOD 9999 TO 9999


WEATHER ITEM   OBSERVED TIME   RECORD YEAR NORMAL DEPARTURE LAST
                VALUE   (LST)  VALUE       VALUE  FROM      YEAR
                                                  NORMAL
..................................................................
TEMPERATURE (F)
 YESTERDAY
  MAXIMUM         29   1004 PM  56    1924  35     -6       24
  MINIMUM         24    339 AM -16    1919  25     -1       15
  AVERAGE         27                        30     -3       20

PRECIPITATION (IN)
  YESTERDAY        T                         0.05  -0.05     0.01
  MONTH TO DATE    0.05                      0.74  -0.69     0.74
  SINCE OCT 1      5.55                      4.37   1.18     7.60
  SINCE JAN 1     21.16                     16.06   5.10    19.92

SNOWFALL (IN)
  YESTERDAY       MM

DEGREE DAYS
 HEATING
  YESTERDAY       38                        35      3       45
  MONTH TO DATE  457                       444     13      487
  SINCE DEC 1    457                       444     13      487
  SINCE JUL 1   1940                      2188   -248     1835

 COOLING
  YESTERDAY        0                         0      0        0
  MONTH TO DATE    0                         0      0        0
  SINCE DEC 1      0                         0      0        0
  SINCE JAN 1    517                       213    304      203
..................................................................


WIND (MPH)
  HIGHEST WIND SPEED    14   HIGHEST WIND DIRECTION     W (290)
  HIGHEST GUST SPEED    16   HIGHEST GUST DIRECTION     W (290)
  AVERAGE WIND SPEED     3.6


SKY COVER
  POSSIBLE SUNSHINE  MM
  AVERAGE SKY COVER 1.0


WEATHER CONDITIONS
 THE FOLLOWING WEATHER WAS RECORDED YESTERDAY.
  FOG
  FOG W/VISIBILITY <= 1/4 MILE


RELATIVE HUMIDITY (PERCENT)
 HIGHEST    92           900 AM
 LOWEST     84           100 PM
 AVERAGE    88

..........................................................


THE PULLMAN-MOSCOW  AIRPORT CLIMATE NORMALS FOR TODAY
                         NORMAL    RECORD    YEAR
 MAXIMUM TEMPERATURE (F)   35        55      1929
 MINIMUM TEMPERATURE (F)   24        -6      1922


SUNRISE AND SUNSET
DECEMBER 14 2017......SUNRISE   726 AM PST   SUNSET   401 PM PST
DECEMBER 15 2017......SUNRISE   727 AM PST   SUNSET   401 PM PST


-  INDICATES NEGATIVE NUMBERS.
R  INDICATES RECORD WAS SET OR TIED.
MM INDICATES DATA IS MISSING.
T  INDICATES TRACE AMOUNT.




$$
