000
CDUS46 KOTX 230843
CLIPUW


CLIMATE REPORT
NATIONAL WEATHER SERVICE SPOKANE, WA
136 AM PDT THU OCT 23 2014


...................................

...THE PULLMAN-MOSCOW  AIRPORT CLIMATE SUMMARY FOR OCTOBER 22 2014...

CLIMATE NORMAL PERIOD 1981 TO 2010
CLIMATE RECORD PERIOD 9999 TO 9999


WEATHER ITEM   OBSERVED TIME   RECORD YEAR NORMAL DEPARTURE LAST
                VALUE   (LST)  VALUE       VALUE  FROM      YEAR
                                                  NORMAL
..................................................................
TEMPERATURE (F)
 YESTERDAY
  MAXIMUM         62    341 PM  79    2003  56      6       69
  MINIMUM         42    626 AM  22    1984  35      7       40
  AVERAGE         52                        45      7       55

PRECIPITATION (IN)
  YESTERDAY        0.10          0.62 1954   0.05   0.05     0.00
  MONTH TO DATE    0.44                      0.87  -0.43     0.13
  SINCE OCT 1      0.44                      0.87  -0.43     0.13
  SINCE JAN 1     12.32                     12.56  -0.24    11.67

SNOWFALL (IN)
  YESTERDAY       MM

DEGREE DAYS
 HEATING
  YESTERDAY       13                        20     -7       10
  MONTH TO DATE  208                       353   -145      430
  SINCE SEP 1    336                       581   -245      609
  SINCE JUL 1    361                       714   -353      649

 COOLING
  YESTERDAY        0                         0      0        0
  MONTH TO DATE    0                         0      0        0
  SINCE SEP 1     19                        22     -3       72
  SINCE JAN 1    346                       212    134      334
..................................................................


WIND (MPH)
  HIGHEST WIND SPEED    20   HIGHEST WIND DIRECTION    SE (130)
  HIGHEST GUST SPEED    25   HIGHEST GUST DIRECTION    SE (140)
  AVERAGE WIND SPEED    13.4


SKY COVER
  POSSIBLE SUNSHINE  MM
  AVERAGE SKY COVER 0.7


WEATHER CONDITIONS
 THE FOLLOWING WEATHER WAS RECORDED YESTERDAY.
  LIGHT RAIN


RELATIVE HUMIDITY (PERCENT)
 HIGHEST    89           200 AM
 LOWEST     36           300 PM
 AVERAGE    63

..........................................................


THE PULLMAN-MOSCOW  AIRPORT CLIMATE NORMALS FOR TODAY
                         NORMAL    RECORD    YEAR
 MAXIMUM TEMPERATURE (F)   55        80      1948
 MINIMUM TEMPERATURE (F)   35        20      2002


SUNRISE AND SUNSET
OCTOBER 23 2014.......SUNRISE   718 AM PDT   SUNSET   547 PM PDT
OCTOBER 24 2014.......SUNRISE   719 AM PDT   SUNSET   545 PM PDT


-  INDICATES NEGATIVE NUMBERS.
R  INDICATES RECORD WAS SET OR TIED.
MM INDICATES DATA IS MISSING.
T  INDICATES TRACE AMOUNT.




$$
