000
CDUS46 KOTX 120828
CLIPUW


CLIMATE REPORT
NATIONAL WEATHER SERVICE SPOKANE, WA
1228 AM PST FRI FEB 12 2016


...................................

...THE PULLMAN-MOSCOW  AIRPORT CLIMATE SUMMARY FOR FEBRUARY 11 2016...

CLIMATE NORMAL PERIOD 1981 TO 2010
CLIMATE RECORD PERIOD 9999 TO 9999


WEATHER ITEM   OBSERVED TIME   RECORD YEAR NORMAL DEPARTURE LAST
                VALUE   (LST)  VALUE       VALUE  FROM      YEAR
                                                  NORMAL
..................................................................
TEMPERATURE (F)
 YESTERDAY
  MAXIMUM         51    359 PM  55    1991  41     10       52
  MINIMUM         36    648 AM  -4    1948  28      8       39
  AVERAGE         44                        34     10       46

PRECIPITATION (IN)
  YESTERDAY        0.03          0.34 1951   0.06  -0.03     0.00
  MONTH TO DATE    0.21                      0.69  -0.48     1.86
  SINCE OCT 1     10.82                      7.71   3.11    10.32
  SINCE JAN 1      2.83                      2.51   0.32     3.47

SNOWFALL (IN)
  YESTERDAY       MM

DEGREE DAYS
 HEATING
  YESTERDAY       21                        31    -10       19
  MONTH TO DATE  289                       346    -57      229
  SINCE DEC 1   2247                      2461   -214     2064
  SINCE JUL 1   3704                      4205   -501     3401

 COOLING
  YESTERDAY        0                         0      0        0
  MONTH TO DATE    0                         0      0        0
  SINCE DEC 1      0                         0      0        0
  SINCE JAN 1      0                         0      0        0
..................................................................


WIND (MPH)
  HIGHEST WIND SPEED    18   HIGHEST WIND DIRECTION     E (90)
  HIGHEST GUST SPEED    21   HIGHEST GUST DIRECTION     E (100)
  AVERAGE WIND SPEED     7.4


SKY COVER
  POSSIBLE SUNSHINE  MM
  AVERAGE SKY COVER 0.6


WEATHER CONDITIONS
 THE FOLLOWING WEATHER WAS RECORDED YESTERDAY.
  RAIN
  LIGHT RAIN
  FOG


RELATIVE HUMIDITY (PERCENT)
 HIGHEST    82           600 AM
 LOWEST     54           400 PM
 AVERAGE    68

..........................................................


THE PULLMAN-MOSCOW  AIRPORT CLIMATE NORMALS FOR TODAY
                         NORMAL    RECORD    YEAR
 MAXIMUM TEMPERATURE (F)   41        58      2015
 MINIMUM TEMPERATURE (F)   28        -3      1948


SUNRISE AND SUNSET
FEBRUARY 12 2016......SUNRISE   658 AM PST   SUNSET   508 PM PST
FEBRUARY 13 2016......SUNRISE   656 AM PST   SUNSET   510 PM PST


-  INDICATES NEGATIVE NUMBERS.
R  INDICATES RECORD WAS SET OR TIED.
MM INDICATES DATA IS MISSING.
T  INDICATES TRACE AMOUNT.




$$
