000
CDUS41 KBOX 291235
CLIPVD


CLIMATE REPORT
NATIONAL WEATHER SERVICE TAUNTON MA
835 AM EDT FRI MAY 29 2015


...................................

...THE PROVIDENCE RI CLIMATE SUMMARY FOR MAY 28 2015...

CLIMATE NORMAL PERIOD 1981 TO 2010
CLIMATE RECORD PERIOD 1904 TO 2015


WEATHER ITEM   OBSERVED TIME   RECORD YEAR NORMAL DEPARTURE LAST
                VALUE   (LST)  VALUE       VALUE  FROM      YEAR
                                                  NORMAL
..................................................................
TEMPERATURE (F)
 YESTERDAY
  MAXIMUM         82    206 PM  91    1931  72     10       53
  MINIMUM         64   1056 PM  40    1994  52     12       45
  AVERAGE         73                        62     11       49

PRECIPITATION (IN)
  YESTERDAY        0.00          1.82 1906   0.12  -0.12      T
  MONTH TO DATE    0.51                      3.17  -2.66     2.09
  SINCE MAR 1      7.42                     12.54  -5.12    14.24
  SINCE JAN 1     13.77                     19.69  -5.92    22.64

SNOWFALL (IN)
  YESTERDAY        0.0           0.0  2002   0.0    0.0      0.0
                                      2001
                                      2000
  MONTH TO DATE    0.0                       0.0    0.0      0.0
  SINCE MAR 1     16.3                       6.1   10.2      1.5
  SINCE JUL 1     76.2                      33.8   42.4     43.6
  SNOW DEPTH       0

DEGREE DAYS
 HEATING
  YESTERDAY        0                         4     -4       16
  MONTH TO DATE  122                       213    -91      159
  SINCE MAR 1   1586                      1501     85     1599
  SINCE JUL 1   5948                      5563    385     5871

 COOLING
  YESTERDAY        8                         1      7        0
  MONTH TO DATE   52                        15     37       11
  SINCE MAR 1     52                        17     35       11
  SINCE JAN 1     52                        17     35       11
..................................................................


WIND (MPH)
  RESULTANT WIND SPEED  10   RESULTANT WIND DIRECTION   S (190)
  HIGHEST WIND SPEED    21   HIGHEST WIND DIRECTION     S (180)
  HIGHEST GUST SPEED    25   HIGHEST GUST DIRECTION    SW (220)
  AVERAGE WIND SPEED    10.3


SKY COVER
  POSSIBLE SUNSHINE  MM
  AVERAGE SKY COVER 0.8


WEATHER CONDITIONS
 THE FOLLOWING WEATHER WAS RECORDED YESTERDAY.
  FOG


RELATIVE HUMIDITY (PERCENT)
 HIGHEST    87           500 AM
 LOWEST     58           100 PM
 AVERAGE    73

..........................................................


THE PROVIDENCE RI CLIMATE NORMALS FOR TODAY
                         NORMAL    RECORD    YEAR
 MAXIMUM TEMPERATURE (F)   72        93      1931
 MINIMUM TEMPERATURE (F)   53        40      1949
                                             1907


SUNRISE AND SUNSET
MAY 29 2015...........SUNRISE   515 AM EDT   SUNSET   811 PM EDT
MAY 30 2015...........SUNRISE   515 AM EDT   SUNSET   812 PM EDT


-  INDICATES NEGATIVE NUMBERS.
R  INDICATES RECORD WAS SET OR TIED.
MM INDICATES DATA IS MISSING.
T  INDICATES TRACE AMOUNT.




$$
