000
CDUS41 KBOX 230550
CLIPVD


CLIMATE REPORT
NATIONAL WEATHER SERVICE TAUNTON MA
146 AM EDT THU MAR 23 2017


...................................

...THE PROVIDENCE RI CLIMATE SUMMARY FOR MARCH 22 2017...

CLIMATE NORMAL PERIOD 1981 TO 2010
CLIMATE RECORD PERIOD 1904 TO 2017


WEATHER ITEM   OBSERVED TIME   RECORD YEAR NORMAL DEPARTURE LAST
                VALUE   (LST)  VALUE       VALUE  FROM      YEAR
                                                  NORMAL
..................................................................
TEMPERATURE (F)
 YESTERDAY
  MAXIMUM         42   1207 AM  81    2012  50     -8       51
  MINIMUM         20   1159 PM  15    1988  32    -12       31
                                      1956
  AVERAGE         31                        41    -10       41

PRECIPITATION (IN)
  YESTERDAY        T             2.12 1955   0.18  -0.18     0.00
  MONTH TO DATE    2.22                      3.46  -1.24     2.32
  SINCE MAR 1      2.22                      3.46  -1.24     2.32
  SINCE JAN 1      9.40                     10.61  -1.21    10.67

SNOWFALL (IN)
  YESTERDAY        T             9.2  1967   0.1   -0.1      0.0
  MONTH TO DATE    7.7                       4.5    3.2      2.6
  SINCE MAR 1      7.7                       4.5    3.2      2.6
  SINCE JUL 1     45.9                      32.2   13.7     22.0
  SNOW DEPTH       0

DEGREE DAYS
 HEATING
  YESTERDAY       34                        24     10       24
  MONTH TO DATE  688                       605     83      481
  SINCE MAR 1    688                       605     83      481
  SINCE JUL 1   4246                      4667   -421     3852

 COOLING
  YESTERDAY        0                         0      0        0
  MONTH TO DATE    0                         0      0        0
  SINCE MAR 1      0                         0      0        0
  SINCE JAN 1      0                         0      0        0
..................................................................


WIND (MPH)
  RESULTANT WIND SPEED  16   RESULTANT WIND DIRECTION  NW (310)
  HIGHEST WIND SPEED    29   HIGHEST WIND DIRECTION    NW (310)
  HIGHEST GUST SPEED    42   HIGHEST GUST DIRECTION    NW (310)
  AVERAGE WIND SPEED    17.1


SKY COVER
  POSSIBLE SUNSHINE  MM
  AVERAGE SKY COVER 0.2


WEATHER CONDITIONS
 THE FOLLOWING WEATHER WAS RECORDED YESTERDAY.
  NO SIGNIFICANT WEATHER WAS OBSERVED.


RELATIVE HUMIDITY (PERCENT)
 HIGHEST    52           200 AM
 LOWEST     21           500 PM
 AVERAGE    37

..........................................................


THE PROVIDENCE RI CLIMATE NORMALS FOR TODAY
                         NORMAL    RECORD    YEAR
 MAXIMUM TEMPERATURE (F)   50        77      1938
 MINIMUM TEMPERATURE (F)   32         8      1934


SUNRISE AND SUNSET
MARCH 23 2017.........SUNRISE   644 AM EDT   SUNSET   702 PM EDT
MARCH 24 2017.........SUNRISE   642 AM EDT   SUNSET   703 PM EDT


-  INDICATES NEGATIVE NUMBERS.
R  INDICATES RECORD WAS SET OR TIED.
MM INDICATES DATA IS MISSING.
T  INDICATES TRACE AMOUNT.




$$
