000
CDUS41 KBOX 050557
CLIPVD


CLIMATE REPORT
NATIONAL WEATHER SERVICE TAUNTON MA
1251 AM EST THU MAR 5 2015


...................................

...THE PROVIDENCE RI CLIMATE SUMMARY FOR MARCH 4 2015...

CLIMATE NORMAL PERIOD 1981 TO 2010
CLIMATE RECORD PERIOD 1904 TO 2015


WEATHER ITEM   OBSERVED TIME   RECORD YEAR NORMAL DEPARTURE LAST
                VALUE   (LST)  VALUE       VALUE  FROM      YEAR
                                                  NORMAL
..................................................................
TEMPERATURE (F)
 YESTERDAY
  MAXIMUM         43    330 PM  70    1974  44     -1       29
  MINIMUM         35   1018 PM   1    1950  27      8       10
  AVERAGE         39                        35      4       20

PRECIPITATION (IN)
  YESTERDAY        0.16          1.27 1953   0.14   0.02     0.00
  MONTH TO DATE    1.02                      0.57   0.45      T
  SINCE MAR 1      1.02                      0.57   0.45      T
  SINCE JAN 1      7.37                      7.72  -0.35     8.40

SNOWFALL (IN)
  YESTERDAY        0.0           8.3  1960   0.2   -0.2      0.0
  MONTH TO DATE    7.3                       1.0    6.3      0.1
  SINCE MAR 1      7.3                       1.0    6.3      0.1
  SINCE JUL 1     67.2                      28.7   38.5     42.2
  SNOW DEPTH      17

DEGREE DAYS
 HEATING
  YESTERDAY       26                        30     -4       45
  MONTH TO DATE  151                       120     31      160
  SINCE MAR 1    151                       120     31      160
  SINCE JUL 1   4513                      4182    331     4432

 COOLING
  YESTERDAY        0                         0      0        0
  MONTH TO DATE    0                         0      0        0
  SINCE MAR 1      0                         0      0        0
  SINCE JAN 1      0                         0      0        0
..................................................................


WIND (MPH)
  RESULTANT WIND SPEED   7   RESULTANT WIND DIRECTION  SW (230)
  HIGHEST WIND SPEED    25   HIGHEST WIND DIRECTION     W (250)
  HIGHEST GUST SPEED    30   HIGHEST GUST DIRECTION     W (260)
  AVERAGE WIND SPEED     8.1


SKY COVER
  POSSIBLE SUNSHINE  MM
  AVERAGE SKY COVER 0.9


WEATHER CONDITIONS
 THE FOLLOWING WEATHER WAS RECORDED YESTERDAY.
  LIGHT RAIN
  FOG


RELATIVE HUMIDITY (PERCENT)
 HIGHEST    92           100 AM
 LOWEST     67           300 PM
 AVERAGE    80

..........................................................


THE PROVIDENCE RI CLIMATE NORMALS FOR TODAY
                         NORMAL    RECORD    YEAR
 MAXIMUM TEMPERATURE (F)   44        65      1979
 MINIMUM TEMPERATURE (F)   27         3      1948


SUNRISE AND SUNSET
MARCH  5 2015.........SUNRISE   615 AM EST   SUNSET   541 PM EST
MARCH  6 2015.........SUNRISE   613 AM EST   SUNSET   542 PM EST


-  INDICATES NEGATIVE NUMBERS.
R  INDICATES RECORD WAS SET OR TIED.
MM INDICATES DATA IS MISSING.
T  INDICATES TRACE AMOUNT.




$$
