000
CDUS41 KGYX 282146
CLIPWM


CLIMATE REPORT
NATIONAL WEATHER SERVICE GRAY ME
446 PM EST FRI NOV 28 2014


...................................

...THE PORTLAND ME CLIMATE SUMMARY FOR NOVEMBER 28 2014...
VALID TODAY AS OF 0400 PM LOCAL TIME.

CLIMATE NORMAL PERIOD 1981 TO 2010
CLIMATE RECORD PERIOD 1941 TO 2014


WEATHER ITEM   OBSERVED TIME   RECORD YEAR NORMAL DEPARTURE LAST
                VALUE   (LST)  VALUE       VALUE  FROM      YEAR
                                                  NORMAL
..................................................................
TEMPERATURE (F)
 TODAY
  MAXIMUM         32    259 PM  64    1990  44    -12       40
  MINIMUM         25    823 AM   6    1940  27     -2       18
  AVERAGE         29                        35     -6       29

PRECIPITATION (IN)
  TODAY            T             3.33 1889   0.15  -0.15     0.00
  MONTH TO DATE    3.96                      4.63  -0.67     3.41
  SINCE SEP 1     11.40                     13.19  -1.79    11.21
  SINCE JAN 1     49.60                     42.93   6.67    39.43

SNOWFALL (IN)
  TODAY            0.1           7.6  1921   0.1    0.0      0.0
  MONTH TO DATE   10.2                       1.6    8.6      0.5
  SINCE SEP 1     10.2                       1.6    8.6      0.5
  SINCE JUL 1     10.2                       1.6    8.6      0.5
  SNOW DEPTH       6

DEGREE DAYS
 HEATING
  TODAY           36                        30      6       36
  MONTH TO DATE  702                       707     -5      732
  SINCE SEP 1   1212                      1386   -174     1346
  SINCE JUL 1   1236                      1431   -195     1364

 COOLING
  TODAY            0                         0      0        0
  MONTH TO DATE    0                         0      0        0
  SINCE SEP 1     53                        31     22       37
  SINCE JAN 1    351                       359     -8      454
..................................................................


WIND (MPH)
  HIGHEST WIND SPEED    13   HIGHEST WIND DIRECTION     N (20)
  HIGHEST GUST SPEED    16   HIGHEST GUST DIRECTION     N (20)
  AVERAGE WIND SPEED     7.8


SKY COVER
  POSSIBLE SUNSHINE  MM
  AVERAGE SKY COVER 1.0


WEATHER CONDITIONS
 THE FOLLOWING WEATHER WAS RECORDED TODAY.
  LIGHT SNOW


RELATIVE HUMIDITY (PERCENT)
 HIGHEST    81           800 AM
 LOWEST     63           400 AM
 AVERAGE    72

..........................................................


THE PORTLAND ME CLIMATE NORMALS FOR TOMORROW
                         NORMAL    RECORD    YEAR
 MAXIMUM TEMPERATURE (F)   43        63      1990
 MINIMUM TEMPERATURE (F)   27         5      1940


SUNRISE AND SUNSET
NOVEMBER 28 2014......SUNRISE   651 AM EST   SUNSET   407 PM EST
NOVEMBER 29 2014......SUNRISE   652 AM EST   SUNSET   406 PM EST


-  INDICATES NEGATIVE NUMBERS.
R  INDICATES RECORD WAS SET OR TIED.
MM INDICATES DATA IS MISSING.
T  INDICATES TRACE AMOUNT.




$$
