000
CDUS41 KGYX 010932
CLIPWM


CLIMATE REPORT
NATIONAL WEATHER SERVICE GRAY ME
432 AM EST WED MAR 1 2017


...................................

...THE PORTLAND ME CLIMATE SUMMARY FOR FEBRUARY 28 2017...

CLIMATE NORMAL PERIOD 1981 TO 2010
CLIMATE RECORD PERIOD 1941 TO 2017


WEATHER ITEM   OBSERVED TIME   RECORD YEAR NORMAL DEPARTURE LAST
                VALUE   (LST)  VALUE       VALUE  FROM      YEAR
                                                  NORMAL
..................................................................
TEMPERATURE (F)
 YESTERDAY
  MAXIMUM         46    302 PM  56    1996  38      8       50
  MINIMUM         32    647 AM  -9    1950  20     12       31
  AVERAGE         39                        29     10       41

PRECIPITATION (IN)
  YESTERDAY        0.00          1.38 1884   0.13  -0.13     0.00
  MONTH TO DATE    4.55                      3.25   1.30     4.17
  SINCE DEC 1     13.51                     10.65   2.86    12.88
  SINCE JAN 1      8.20                      6.63   1.57     7.54

SNOWFALL (IN)
  YESTERDAY        0.0          13.8  1884   0.4   -0.4      0.0
  MONTH TO DATE   39.9                      12.1   27.8     20.5
  SINCE DEC 1     65.9                      44.5   21.4     41.0
  SINCE JUL 1     66.4                      46.4   20.0     41.0
  SNOW DEPTH       1

DEGREE DAYS
 HEATING
  YESTERDAY       26                        36    -10       24
  MONTH TO DATE 1008                      1107    -99     1021
  SINCE DEC 1   3226                      3551   -325     3022
  SINCE JUL 1   4478                      5042   -564     4268

 COOLING
  YESTERDAY        0                         0      0        0
  MONTH TO DATE    0                         0      0        0
  SINCE DEC 1      0                         0      0        0
  SINCE JAN 1      0                         0      0        0
..................................................................


WIND (MPH)
  RESULTANT WIND SPEED   1   RESULTANT WIND DIRECTION  SE (130)
  HIGHEST WIND SPEED    12   HIGHEST WIND DIRECTION    SE (120)
  HIGHEST GUST SPEED    20   HIGHEST GUST DIRECTION    SE (130)
  AVERAGE WIND SPEED     4.3


SKY COVER
  AVERAGE SKY COVER 0.7


WEATHER CONDITIONS
 THE FOLLOWING WEATHER WAS RECORDED YESTERDAY.
  FOG
  FOG W/VISIBILITY <= 1/4 MILE


RELATIVE HUMIDITY (PERCENT)
 HIGHEST    96          1100 PM
 LOWEST     41          1200 AM
 AVERAGE    69

..........................................................


THE PORTLAND ME CLIMATE NORMALS FOR TODAY
                         NORMAL    RECORD    YEAR
 MAXIMUM TEMPERATURE (F)   38        58      1985
 MINIMUM TEMPERATURE (F)   20        -5      1980


SUNRISE AND SUNSET
MARCH  1 2017.........SUNRISE   617 AM EST   SUNSET   530 PM EST
MARCH  2 2017.........SUNRISE   616 AM EST   SUNSET   532 PM EST


-  INDICATES NEGATIVE NUMBERS.
R  INDICATES RECORD WAS SET OR TIED.
MM INDICATES DATA IS MISSING.
T  INDICATES TRACE AMOUNT.




$$
