000
CDUS41 KGYX 290802
CLIPWM


CLIMATE REPORT
NATIONAL WEATHER SERVICE GRAY ME
402 AM EDT WED JUL 29 2015


...................................

...THE PORTLAND ME CLIMATE SUMMARY FOR JULY 28 2015...

CLIMATE NORMAL PERIOD 1981 TO 2010
CLIMATE RECORD PERIOD 1941 TO 2015


WEATHER ITEM   OBSERVED TIME   RECORD YEAR NORMAL DEPARTURE LAST
                VALUE   (LST)  VALUE       VALUE  FROM      YEAR
                                                  NORMAL
..................................................................
TEMPERATURE (F)
 YESTERDAY
  MAXIMUM         83    343 PM  94    1963  79      4       73
  MINIMUM         62   1227 AM  45    1977  60      2       64
  AVERAGE         73                        70      3       69

PRECIPITATION (IN)
  YESTERDAY        0.02          4.25 1939   0.12  -0.10     0.90
  MONTH TO DATE    1.18                      3.27  -2.09     6.11
  SINCE JUN 1      7.58                      7.06   0.52    10.41
  SINCE JAN 1     24.19                     26.26  -2.07    29.63

SNOWFALL (IN)
  YESTERDAY        0.0           0.0  2002   0.0    0.0      0.0
                                      2001
                                      2000
  MONTH TO DATE    0.0                       0.0    0.0      0.0
  SINCE JUN 1      0.0                       0.0    0.0      0.0
  SINCE JUL 1      0.0                       0.0    0.0      0.0
  SNOW DEPTH       0

DEGREE DAYS
 HEATING
  YESTERDAY        0                         0      0        0
  MONTH TO DATE   10                        12     -2        0
  SINCE JUN 1    154                       118     36       77
  SINCE JUL 1     10                        12     -2        0

 COOLING
  YESTERDAY        8                         5      3        4
  MONTH TO DATE  109                       130    -21      154
  SINCE JUN 1    152                       187    -35      210
  SINCE JAN 1    192                       194     -2      210
..................................................................


WIND (MPH)
  RESULTANT WIND SPEED   3   RESULTANT WIND DIRECTION   S (160)
  HIGHEST WIND SPEED    14   HIGHEST WIND DIRECTION    SE (150)
  HIGHEST GUST SPEED    15   HIGHEST GUST DIRECTION    SE (140)
  AVERAGE WIND SPEED     4.4


SKY COVER
  AVERAGE SKY COVER 0.4


WEATHER CONDITIONS
 THE FOLLOWING WEATHER WAS RECORDED YESTERDAY.
  THUNDERSTORM
  LIGHT RAIN
  FOG


RELATIVE HUMIDITY (PERCENT)
 HIGHEST   100          1200 AM
 LOWEST     54           400 PM
 AVERAGE    77

..........................................................


THE PORTLAND ME CLIMATE NORMALS FOR TODAY
                         NORMAL    RECORD    YEAR
 MAXIMUM TEMPERATURE (F)   79        95      1949
 MINIMUM TEMPERATURE (F)   60        47      1987


SUNRISE AND SUNSET
JULY 29 2015..........SUNRISE   527 AM EDT   SUNSET   808 PM EDT
JULY 30 2015..........SUNRISE   528 AM EDT   SUNSET   807 PM EDT


-  INDICATES NEGATIVE NUMBERS.
R  INDICATES RECORD WAS SET OR TIED.
MM INDICATES DATA IS MISSING.
T  INDICATES TRACE AMOUNT.




$$
