000
CDUS41 KGYX 012043
CLIPWM


CLIMATE REPORT
NATIONAL WEATHER SERVICE GRAY ME
443 PM EDT WED JUL 1 2015


...................................

...THE PORTLAND ME CLIMATE SUMMARY FOR JULY 1 2015...
VALID TODAY AS OF 0400 PM LOCAL TIME.

CLIMATE NORMAL PERIOD 1981 TO 2010
CLIMATE RECORD PERIOD 1941 TO 2015


WEATHER ITEM   OBSERVED TIME   RECORD YEAR NORMAL DEPARTURE LAST
                VALUE   (LST)  VALUE       VALUE  FROM      YEAR
                                                  NORMAL
..................................................................
TEMPERATURE (F)
 TODAY
  MAXIMUM         64    259 PM  93    1971  77    -13       83
  MINIMUM         60   1016 AM  45    1943  58      2       68
  AVERAGE         62                        68     -6       76

PRECIPITATION (IN)
  TODAY            0.26          2.38 1979   0.11   0.15     0.00
  MONTH TO DATE    0.26                      0.11   0.15     0.00
  SINCE JUN 1      6.66                      3.90   2.76     4.30
  SINCE JAN 1     23.27                     23.10   0.17    23.52

SNOWFALL (IN)
  TODAY            0.0           0.0  2002   0.0    0.0      0.0
                                      2001
                                      2000
  MONTH TO DATE    0.0                       0.0    0.0      0.0
  SINCE JUN 1      0.0                       0.0    0.0      0.0
  SINCE JUL 1      0.0                       0.0    0.0      0.0
  SNOW DEPTH       0

DEGREE DAYS
 HEATING
  TODAY            3                         1      2        0
  MONTH TO DATE    3                         1      2        0
  SINCE JUN 1    147                       107     40       77
  SINCE JUL 1      3                         1      2        0

 COOLING
  TODAY            0                         4     -4       11
  MONTH TO DATE    0                         4     -4       11
  SINCE JUN 1     43                        61    -18       67
  SINCE JAN 1     83                        68     15       67
..................................................................


WIND (MPH)
  HIGHEST WIND SPEED    15   HIGHEST WIND DIRECTION     S (180)
  HIGHEST GUST SPEED    22   HIGHEST GUST DIRECTION     S (180)
  AVERAGE WIND SPEED     3.8


SKY COVER
  POSSIBLE SUNSHINE  MM
  AVERAGE SKY COVER 0.9


WEATHER CONDITIONS
 THE FOLLOWING WEATHER WAS RECORDED TODAY.
  LIGHT RAIN
  FOG


RELATIVE HUMIDITY (PERCENT)
 HIGHEST   100          1000 AM
 LOWEST     90           100 AM
 AVERAGE    95

..........................................................


THE PORTLAND ME CLIMATE NORMALS FOR TOMORROW
                         NORMAL    RECORD    YEAR
 MAXIMUM TEMPERATURE (F)   78        98      1941
 MINIMUM TEMPERATURE (F)   58        41      1961


SUNRISE AND SUNSET
JULY  1 2015..........SUNRISE   503 AM EDT   SUNSET   827 PM EDT
JULY  2 2015..........SUNRISE   504 AM EDT   SUNSET   826 PM EDT


-  INDICATES NEGATIVE NUMBERS.
R  INDICATES RECORD WAS SET OR TIED.
MM INDICATES DATA IS MISSING.
T  INDICATES TRACE AMOUNT.




$$
