000
CDUS41 KGYX 120802
CLIPWM


CLIMATE REPORT
NATIONAL WEATHER SERVICE GRAY ME
402 AM EDT SAT JUL 12 2014


...................................

...THE PORTLAND ME CLIMATE SUMMARY FOR JULY 11 2014...

CLIMATE NORMAL PERIOD 1981 TO 2010
CLIMATE RECORD PERIOD 1941 TO 2014


WEATHER ITEM   OBSERVED TIME   RECORD YEAR NORMAL DEPARTURE LAST
                VALUE   (LST)  VALUE       VALUE  FROM      YEAR
                                                  NORMAL
..................................................................
TEMPERATURE (F)
 YESTERDAY
  MAXIMUM         76   1139 AM  94    1948  79     -3       80
  MINIMUM         57    503 AM  44    1953  59     -2       66
  AVERAGE         67                        69     -2       73

PRECIPITATION (IN)
  YESTERDAY        0.00          1.03 1959   0.12  -0.12     0.01
  MONTH TO DATE    3.05                      1.25   1.80     1.81
  SINCE JUN 1      7.35                      5.04   2.31     9.13
  SINCE JAN 1     26.57                     24.24   2.33    24.93

SNOWFALL (IN)
  YESTERDAY        0.0           0.0  2001   0.0    0.0      0.0
  MONTH TO DATE    0.0                       0.0    0.0      0.0
  SINCE JUN 1      0.0                       0.0    0.0      0.0
  SINCE JUL 1      0.0                       0.0    0.0      0.0
  SNOW DEPTH       0

DEGREE DAYS
 HEATING
  YESTERDAY        0                         1     -1        0
  MONTH TO DATE    0                        11    -11        5
  SINCE JUN 1     77                       117    -40       86
  SINCE JUL 1      0                        11    -11        5

 COOLING
  YESTERDAY        2                         5     -3        8
  MONTH TO DATE   83                        45     38       76
  SINCE JUN 1    139                       102     37      159
  SINCE JAN 1    139                       109     30      174
..................................................................


WIND (MPH)
  RESULTANT WIND SPEED   3   RESULTANT WIND DIRECTION   S (180)
  HIGHEST WIND SPEED    14   HIGHEST WIND DIRECTION     S (180)
  HIGHEST GUST SPEED    MM   HIGHEST GUST DIRECTION    MM
  AVERAGE WIND SPEED     6.0


SKY COVER
  AVERAGE SKY COVER 0.3


WEATHER CONDITIONS
 THE FOLLOWING WEATHER WAS RECORDED YESTERDAY.
  NO SIGNIFICANT WEATHER WAS OBSERVED.


RELATIVE HUMIDITY (PERCENT)
 HIGHEST    86           500 AM
 LOWEST     43          1100 AM
 AVERAGE    65

..........................................................


THE PORTLAND ME CLIMATE NORMALS FOR TODAY
                         NORMAL    RECORD    YEAR
 MAXIMUM TEMPERATURE (F)   79        93      1988
 MINIMUM TEMPERATURE (F)   59        43      1945


SUNRISE AND SUNSET
JULY 12 2014..........SUNRISE   511 AM EDT   SUNSET   822 PM EDT
JULY 13 2014..........SUNRISE   512 AM EDT   SUNSET   822 PM EDT


-  INDICATES NEGATIVE NUMBERS.
R  INDICATES RECORD WAS SET OR TIED.
MM INDICATES DATA IS MISSING.
T  INDICATES TRACE AMOUNT.




$$
