000
CDUS46 KSGX 180117
CLIRAL


CLIMATE REPORT
NATIONAL WEATHER SERVICE SAN DIEGO, CA
517 PM PST TUE JAN 17 2017


...................................

...THE RIVERSIDE MUNI AIRPORT CA CLIMATE SUMMARY FOR JANUARY 17 2017...
VALID TODAY AS OF 0500 PM LOCAL TIME.

CLIMATE NORMAL PERIOD 1981 TO 2010
CLIMATE RECORD PERIOD 1893 TO 2017


WEATHER ITEM   OBSERVED TIME   RECORD YEAR NORMAL DEPARTURE LAST
                VALUE   (LST)  VALUE       VALUE  FROM      YEAR
                                                  NORMAL
..................................................................
TEMPERATURE (F)
 TODAY
  MAXIMUM         68    127 PM  89    2011  67      1       71
                                      1961
                                      1920
  MINIMUM         32    542 AM  24    2007  43    -11       44
  AVERAGE         50                        55     -5       58

PRECIPITATION (IN)
  TODAY            0.00          1.15 1916   0.10  -0.10     0.00
  MONTH TO DATE    1.68                      1.93  -0.25     2.46
  SINCE OCT 1      6.94                      4.74   2.20     3.63
  SINCE JAN 1      1.68                      1.93  -0.25     2.46

DEGREE DAYS
 HEATING
  TODAY           15                        10      5        7
  MONTH TO DATE  187                       174     13      200
  SINCE DEC 1    448                       500    -52      531
  SINCE JUL 1    552                       700   -148      693

 COOLING
  TODAY            0                         0      0        0
  MONTH TO DATE    0                         0      0        0
  SINCE DEC 1      0                         2     -2        2
  SINCE JAN 1      0                         0      0        0
..................................................................


WIND (MPH)
  RESULTANT WIND SPEED   2   RESULTANT WIND DIRECTION   E (70)
  HIGHEST WIND SPEED    13   HIGHEST WIND DIRECTION     W (270)
  HIGHEST GUST SPEED    17   HIGHEST GUST DIRECTION     W (260)
  AVERAGE WIND SPEED     4.2


SKY COVER
  POSSIBLE SUNSHINE  MM
  AVERAGE SKY COVER 0.0


WEATHER CONDITIONS
 THE FOLLOWING WEATHER WAS RECORDED TODAY.
  NO SIGNIFICANT WEATHER WAS OBSERVED.


RELATIVE HUMIDITY (PERCENT)
 HIGHEST    96           600 AM
 LOWEST     19           100 PM
 AVERAGE    58

..........................................................


THE RIVERSIDE MUNI AIRPORT CA CLIMATE NORMALS FOR TOMORROW
                         NORMAL    RECORD    YEAR
 MAXIMUM TEMPERATURE (F)   67        90      1971
 MINIMUM TEMPERATURE (F)   44        27      2007
                                             1949


SUNRISE AND SUNSET
JANUARY 17 2017.......SUNRISE   654 AM PST   SUNSET   506 PM PST
JANUARY 18 2017.......SUNRISE   654 AM PST   SUNSET   507 PM PST


-  INDICATES NEGATIVE NUMBERS.
R  INDICATES RECORD WAS SET OR TIED.
MM INDICATES DATA IS MISSING.
T  INDICATES TRACE AMOUNT.




$$
