000
CDUS46 KSGX 291145
CLIRAL


CLIMATE REPORT
NATIONAL WEATHER SERVICE SAN DIEGO, CA
445 AM PDT MON MAY 29 2017


...................................

...THE RIVERSIDE MUNI AIRPORT CA CLIMATE SUMMARY FOR MAY 28 2017...

CLIMATE NORMAL PERIOD 1981 TO 2010
CLIMATE RECORD PERIOD 1893 TO 2017


WEATHER ITEM   OBSERVED TIME   RECORD YEAR NORMAL DEPARTURE LAST
                VALUE   (LST)  VALUE       VALUE  FROM      YEAR
                                                  NORMAL
..................................................................
TEMPERATURE (F)
 YESTERDAY
  MAXIMUM         87    219 PM 106    1973  81      6       81
  MINIMUM         54    525 AM  41    1917  57     -3       57
  AVERAGE         71                        69      2       69

PRECIPITATION (IN)
  YESTERDAY        0.00          0.39 1990   0.00   0.00     0.00
  MONTH TO DATE    0.02                      0.30  -0.28     0.18
  SINCE OCT 1     13.21                     11.90   1.31     5.45
  SINCE JAN 1      7.95                      9.09  -1.14     4.28

DEGREE DAYS
 HEATING
  YESTERDAY        0                         0      0        0
  MONTH TO DATE   41                        22     19       20
  SINCE MAR 1    170                       334   -164      155
  SINCE JUL 1   1134                      1442   -308     1032

 COOLING
  YESTERDAY        6                         5      1        4
  MONTH TO DATE  129                       101     28       80
  SINCE MAR 1    267                       155    112      193
  SINCE JAN 1    267                       164    103      269
..................................................................


WIND (MPH)
  RESULTANT WIND SPEED   4   RESULTANT WIND DIRECTION   W (270)
  HIGHEST WIND SPEED    18   HIGHEST WIND DIRECTION     W (270)
  HIGHEST GUST SPEED    23   HIGHEST GUST DIRECTION     W (270)
  AVERAGE WIND SPEED     5.3


SKY COVER
  POSSIBLE SUNSHINE  MM
  AVERAGE SKY COVER 0.0


WEATHER CONDITIONS
 THE FOLLOWING WEATHER WAS RECORDED YESTERDAY.
  NO SIGNIFICANT WEATHER WAS OBSERVED.


RELATIVE HUMIDITY (PERCENT)
 HIGHEST    86           300 AM
 LOWEST     29           200 PM
 AVERAGE    58

..........................................................


THE RIVERSIDE MUNI AIRPORT CA CLIMATE NORMALS FOR TODAY
                         NORMAL    RECORD    YEAR
 MAXIMUM TEMPERATURE (F)   81       110      1984
 MINIMUM TEMPERATURE (F)   57        39      1953


SUNRISE AND SUNSET
MAY 29 2017...........SUNRISE   541 AM PDT   SUNSET   754 PM PDT
MAY 30 2017...........SUNRISE   540 AM PDT   SUNSET   755 PM PDT


-  INDICATES NEGATIVE NUMBERS.
R  INDICATES RECORD WAS SET OR TIED.
MM INDICATES DATA IS MISSING.
T  INDICATES TRACE AMOUNT.




$$
