000
CDUS46 KSGX 290019
CLIRAL


CLIMATE REPORT
NATIONAL WEATHER SERVICE SAN DIEGO, CA
518 PM PDT TUE MAR 28 2017


...................................

...THE RIVERSIDE MUNI AIRPORT CA CLIMATE SUMMARY FOR MARCH 28 2017...
VALID TODAY AS OF 0500 PM LOCAL TIME.

CLIMATE NORMAL PERIOD 1981 TO 2010
CLIMATE RECORD PERIOD 1893 TO 2017


WEATHER ITEM   OBSERVED TIME   RECORD YEAR NORMAL DEPARTURE LAST
                VALUE   (LST)  VALUE       VALUE  FROM      YEAR
                                                  NORMAL
..................................................................
TEMPERATURE (F)
 TODAY
  MAXIMUM         79    351 PM  91    1968  72      7       70
                                      1917
  MINIMUM         50    540 AM  31    1920  48      2       52
  AVERAGE         65                        60      5       61

PRECIPITATION (IN)
  TODAY            0.00          1.75 1895   0.03  -0.03      T
  MONTH TO DATE    0.16                      1.94  -1.78     0.69
  SINCE OCT 1     13.09                     10.73   2.36     4.69
  SINCE JAN 1      7.83                      7.92  -0.09     3.52

DEGREE DAYS
 HEATING
  TODAY            0                         5     -5        4
  MONTH TO DATE   91                       189    -98       76
  SINCE MAR 1     91                       189    -98       76
  SINCE JUL 1   1055                      1297   -242      953

 COOLING
  TODAY            0                         0      0        0
  MONTH TO DATE   55                         4     51       29
  SINCE MAR 1     55                         4     51       29
  SINCE JAN 1     55                        13     42      105
..................................................................


WIND (MPH)
  RESULTANT WIND SPEED  10   RESULTANT WIND DIRECTION   N (20)
  HIGHEST WIND SPEED    21   HIGHEST WIND DIRECTION     N (360)
  HIGHEST GUST SPEED    32   HIGHEST GUST DIRECTION     N (10)
  AVERAGE WIND SPEED    11.1


SKY COVER
  POSSIBLE SUNSHINE  MM
  AVERAGE SKY COVER 0.0


WEATHER CONDITIONS
 THE FOLLOWING WEATHER WAS RECORDED TODAY.
  NO SIGNIFICANT WEATHER WAS OBSERVED.


RELATIVE HUMIDITY (PERCENT)
 HIGHEST    83          1200 AM
 LOWEST     11           400 PM
 AVERAGE    47

..........................................................


THE RIVERSIDE MUNI AIRPORT CA CLIMATE NORMALS FOR TOMORROW
                         NORMAL    RECORD    YEAR
 MAXIMUM TEMPERATURE (F)   73        93      2004
 MINIMUM TEMPERATURE (F)   48        32      1944


SUNRISE AND SUNSET
MARCH 28 2017.........SUNRISE   642 AM PDT   SUNSET   708 PM PDT
MARCH 29 2017.........SUNRISE   641 AM PDT   SUNSET   709 PM PDT


-  INDICATES NEGATIVE NUMBERS.
R  INDICATES RECORD WAS SET OR TIED.
MM INDICATES DATA IS MISSING.
T  INDICATES TRACE AMOUNT.




$$
