958
CDUS43 KUNR 080832
CLIRAP


CLIMATE REPORT
NATIONAL WEATHER SERVICE RAPID CITY SD
131 AM MST MON FEB 8 2016


...................................

...THE RAPID CITY AIRPORT SD CLIMATE SUMMARY FOR FEBRUARY 7 2016...

CLIMATE NORMAL PERIOD 1981 TO 2010
CLIMATE RECORD PERIOD 1942 TO 2016


WEATHER ITEM   OBSERVED TIME   RECORD YEAR NORMAL DEPARTURE LAST
                VALUE   (LST)  VALUE       VALUE  FROM      YEAR
                                                  NORMAL
..................................................................
TEMPERATURE (F)
 YESTERDAY
  MAXIMUM         40    159 PM  73    1987  38      2       71
  MINIMUM         29   1149 PM -22    1971  14     15       41
  AVERAGE         35                        26      9       56

PRECIPITATION (IN)
  YESTERDAY        0.00          0.23 1967   0.02  -0.02      T
  MONTH TO DATE    0.22                      0.08   0.14      T
  SINCE DEC 1      1.06                      0.80   0.26     0.60
  SINCE JAN 1      0.43                      0.38   0.05     0.18

SNOWFALL (IN)
  YESTERDAY        0.0           3.0  2011   0.1   -0.1      0.0
  MONTH TO DATE    3.4                       1.1    2.3      0.3
  SINCE DEC 1     18.2                      10.9    7.3     13.3
  SINCE JUL 1     24.8                      18.7    6.1     28.8
  SNOW DEPTH       T

DEGREE DAYS
 HEATING
  YESTERDAY       30                        39     -9        9
  MONTH TO DATE  254                       274    -20      241
  SINCE DEC 1   2677                      2755    -78     2512
  SINCE JUL 1   4122                      4430   -308     4320

 COOLING
  YESTERDAY        0                         0      0        0
  MONTH TO DATE    0                         0      0        0
  SINCE DEC 1      0                         0      0        0
  SINCE JAN 1      0                         0      0        0
..................................................................


WIND (MPH)
  HIGHEST WIND SPEED    58   HIGHEST WIND DIRECTION    NW (320)
  HIGHEST GUST SPEED    73   HIGHEST GUST DIRECTION    NW (320)
  AVERAGE WIND SPEED    36.2


SKY COVER
  AVERAGE SKY COVER 0.1


WEATHER CONDITIONS
 THE FOLLOWING WEATHER WAS RECORDED YESTERDAY.
  NO SIGNIFICANT WEATHER WAS OBSERVED.


RELATIVE HUMIDITY (PERCENT)
 HIGHEST    47           100 AM
 LOWEST     23           300 PM
 AVERAGE    35

..........................................................


THE RAPID CITY AIRPORT SD CLIMATE NORMALS FOR TODAY
                         NORMAL    RECORD    YEAR
 MAXIMUM TEMPERATURE (F)   38        74      1954
 MINIMUM TEMPERATURE (F)   14       -23      1994


SUNRISE AND SUNSET
FEBRUARY  8 2016......SUNRISE   702 AM MST   SUNSET   512 PM MST
FEBRUARY  9 2016......SUNRISE   700 AM MST   SUNSET   513 PM MST


-  INDICATES NEGATIVE NUMBERS.
R  INDICATES RECORD WAS SET OR TIED.
MM INDICATES DATA IS MISSING.
T  INDICATES TRACE AMOUNT.




$$
