000
CDUS43 KUNR 180837
CLIRAP


CLIMATE REPORT
NATIONAL WEATHER SERVICE RAPID CITY SD
235 AM MDT THU SEP 18 2014


...................................

...THE RAPID CITY AIRPORT SD CLIMATE SUMMARY FOR SEPTEMBER 17 2014...

CLIMATE NORMAL PERIOD 1981 TO 2010
CLIMATE RECORD PERIOD 1942 TO 2014


WEATHER ITEM   OBSERVED TIME   RECORD YEAR NORMAL DEPARTURE LAST
                VALUE   (LST)  VALUE       VALUE  FROM      YEAR
                                                  NORMAL
..................................................................
TEMPERATURE (F)
 YESTERDAY
  MAXIMUM         80    342 PM 101    2000  75      5       92
  MINIMUM         50    505 AM  26    1991  45      5       49
  AVERAGE         65                        60      5       71

PRECIPITATION (IN)
  YESTERDAY        0.00          0.48 1946   0.04  -0.04     0.00
  MONTH TO DATE    0.52                      0.72  -0.20     0.55
  SINCE SEP 1      0.52                      0.72  -0.20     0.55
  SINCE JAN 1     17.12                     13.35   3.77    14.61

SNOWFALL (IN)
  YESTERDAY        0.0                       0.0    0.0      0.0
  MONTH TO DATE    T                         0.0    0.0      0.0
  SINCE SEP 1      T                         0.0    0.0      0.0
  SINCE JUL 1      T                         0.0    0.0      0.0
  SNOW DEPTH       0

DEGREE DAYS
 HEATING
  YESTERDAY        0                         6     -6        0
  MONTH TO DATE  163                        70     93       14
  SINCE SEP 1    163                        70     93       14
  SINCE JUL 1    199                       107     92       19

 COOLING
  YESTERDAY        0                         2     -2        6
  MONTH TO DATE   14                        50    -36      112
  SINCE SEP 1     14                        50    -36      112
  SINCE JAN 1    377                       622   -245      703
..................................................................


WIND (MPH)
  HIGHEST WIND SPEED    15   HIGHEST WIND DIRECTION     E (80)
  HIGHEST GUST SPEED    20   HIGHEST GUST DIRECTION     E (80)
  AVERAGE WIND SPEED     7.8


SKY COVER
  AVERAGE SKY COVER 0.1


WEATHER CONDITIONS
 THE FOLLOWING WEATHER WAS RECORDED YESTERDAY.
  NO SIGNIFICANT WEATHER WAS OBSERVED.


RELATIVE HUMIDITY (PERCENT)
 HIGHEST    80          1000 PM
 LOWEST     35           300 PM
 AVERAGE    58

..........................................................


THE RAPID CITY AIRPORT SD CLIMATE NORMALS FOR TODAY
                         NORMAL    RECORD    YEAR
 MAXIMUM TEMPERATURE (F)   75        97      1998
 MINIMUM TEMPERATURE (F)   45        24      1991


SUNRISE AND SUNSET
SEPTEMBER 18 2014.....SUNRISE   635 AM MDT   SUNSET   657 PM MDT
SEPTEMBER 19 2014.....SUNRISE   636 AM MDT   SUNSET   655 PM MDT


-  INDICATES NEGATIVE NUMBERS.
R  INDICATES RECORD WAS SET OR TIED.
MM INDICATES DATA IS MISSING.
T  INDICATES TRACE AMOUNT.




$$
