000
CDUS43 KUNR 250850
CLIRAP


CLIMATE REPORT
NATIONAL WEATHER SERVICE RAPID CITY SD
244 AM MDT THU MAY 25 2017


...................................

...THE RAPID CITY AIRPORT SD CLIMATE SUMMARY FOR MAY 24 2017...

CLIMATE NORMAL PERIOD 1981 TO 2010
CLIMATE RECORD PERIOD 1942 TO 2017


WEATHER ITEM   OBSERVED TIME   RECORD YEAR NORMAL DEPARTURE LAST
                VALUE   (LST)  VALUE       VALUE  FROM      YEAR
                                                  NORMAL
..................................................................
TEMPERATURE (F)
 YESTERDAY
  MAXIMUM         78    439 PM  89    1985  70      8       71
  MINIMUM         37    437 AM  23    2002  45     -8       45
  AVERAGE         58                        57      1       58

PRECIPITATION (IN)
  YESTERDAY        0.00          1.38 2010   0.10  -0.10     0.30
  MONTH TO DATE    1.09                      2.45  -1.36     0.62
  SINCE MAR 1      3.39                      5.18  -1.79     3.56
  SINCE JAN 1      4.20                      5.92  -1.72     4.42

SNOWFALL (IN)
  YESTERDAY        0.0           0.0    MM   0.0    0.0      0.0
  MONTH TO DATE    0.0                       1.1   -1.1       T
  SINCE MAR 1      5.2                      17.7  -12.5     10.2
  SINCE JUL 1     35.7                      41.1   -5.4     36.3
  SNOW DEPTH       0

DEGREE DAYS
 HEATING
  YESTERDAY        7                         8     -1        7
  MONTH TO DATE  251                       275    -24      283
  SINCE MAR 1   1616                      1794   -178     1566
  SINCE JUL 1   6672                      7004   -332     6261

 COOLING
  YESTERDAY        0                         0      0        0
  MONTH TO DATE   12                         0     12        0
  SINCE MAR 1     12                         2     10        0
  SINCE JAN 1     12                         2     10        0
..................................................................


WIND (MPH)
  HIGHEST WIND SPEED    26   HIGHEST WIND DIRECTION    NW (320)
  HIGHEST GUST SPEED    34   HIGHEST GUST DIRECTION    SE (150)
  AVERAGE WIND SPEED    15.5


SKY COVER
  AVERAGE SKY COVER 0.0


WEATHER CONDITIONS
 THE FOLLOWING WEATHER WAS RECORDED YESTERDAY.
  NO SIGNIFICANT WEATHER WAS OBSERVED.


RELATIVE HUMIDITY (PERCENT)
 HIGHEST    85           200 AM
 LOWEST     33           200 PM
 AVERAGE    59

..........................................................


THE RAPID CITY AIRPORT SD CLIMATE NORMALS FOR TODAY
                         NORMAL    RECORD    YEAR
 MAXIMUM TEMPERATURE (F)   70        86      1985
 MINIMUM TEMPERATURE (F)   45        30      1992


SUNRISE AND SUNSET
MAY 25 2017...........SUNRISE   517 AM MDT   SUNSET   822 PM MDT
MAY 26 2017...........SUNRISE   516 AM MDT   SUNSET   823 PM MDT


-  INDICATES NEGATIVE NUMBERS.
R  INDICATES RECORD WAS SET OR TIED.
MM INDICATES DATA IS MISSING.
T  INDICATES TRACE AMOUNT.




$$
