000
CDUS43 KUNR 270036
CLIRAP


CLIMATE REPORT
NATIONAL WEATHER SERVICE RAPID CITY SD
536 PM MST MON JAN 26 2015


...................................

...THE RAPID CITY AIRPORT SD CLIMATE SUMMARY FOR JANUARY 26 2015...
VALID TODAY AS OF 0500 PM LOCAL TIME.

CLIMATE NORMAL PERIOD 1981 TO 2010
CLIMATE RECORD PERIOD 1942 TO 2015


WEATHER ITEM   OBSERVED TIME   RECORD YEAR NORMAL DEPARTURE LAST
                VALUE   (LST)  VALUE       VALUE  FROM      YEAR
                                                  NORMAL
..................................................................
TEMPERATURE (F)
 TODAY
  MAXIMUM         68R   225 PM  65    2002  37     31       45
  MINIMUM         44    741 AM -23    1957  13     31        5
  AVERAGE         56                        25     31       25

PRECIPITATION (IN)
  TODAY            0.00          0.16 1975   0.00   0.00     0.01
  MONTH TO DATE    0.13                      0.25  -0.12     0.22
  SINCE DEC 1      0.55                      0.67  -0.12     0.78
  SINCE JAN 1      0.13                      0.25  -0.12     0.22

SNOWFALL (IN)
  TODAY            0.0           1.9  1975   0.2   -0.2      0.2
  MONTH TO DATE    2.4                       3.7   -1.3      3.2
  SINCE DEC 1     11.5                       9.1    2.4     11.8
  SINCE JUL 1     27.0                      16.9   10.1     36.6
  SNOW DEPTH       0

DEGREE DAYS
 HEATING
  TODAY            9                        40    -31       40
  MONTH TO DATE 1001                      1042    -41      968
  SINCE DEC 1   2131                      2283   -152     2391
  SINCE JUL 1   3939                      3958    -19     4111

 COOLING
  TODAY            0                         0      0        0
  MONTH TO DATE    0                         0      0        0
  SINCE DEC 1      0                         0      0        0
  SINCE JAN 1      0                         0      0        0
..................................................................


WIND (MPH)
  HIGHEST WIND SPEED    25   HIGHEST WIND DIRECTION    NW (330)
  HIGHEST GUST SPEED    31   HIGHEST GUST DIRECTION    NW (310)
  AVERAGE WIND SPEED    12.0


SKY COVER
  AVERAGE SKY COVER 0.0


WEATHER CONDITIONS
 THE FOLLOWING WEATHER WAS RECORDED TODAY.
  NO SIGNIFICANT WEATHER WAS OBSERVED.


RELATIVE HUMIDITY (PERCENT)
 HIGHEST    53          1200 AM
 LOWEST     22           100 PM
 AVERAGE    38

..........................................................


THE RAPID CITY AIRPORT SD CLIMATE NORMALS FOR TOMORROW
                         NORMAL    RECORD    YEAR
 MAXIMUM TEMPERATURE (F)   37        63      1989
 MINIMUM TEMPERATURE (F)   13       -19      1963


SUNRISE AND SUNSET
JANUARY 26 2015.......SUNRISE   716 AM MST   SUNSET   454 PM MST
JANUARY 27 2015.......SUNRISE   715 AM MST   SUNSET   455 PM MST


-  INDICATES NEGATIVE NUMBERS.
R  INDICATES RECORD WAS SET OR TIED.
MM INDICATES DATA IS MISSING.
T  INDICATES TRACE AMOUNT.




$$
