000
CDUS43 KUNR 300836
CLIRAP


CLIMATE REPORT
NATIONAL WEATHER SERVICE RAPID CITY SD
234 AM MDT SAT MAY 30 2015


...................................

...THE RAPID CITY AIRPORT SD CLIMATE SUMMARY FOR MAY 29 2015...

CLIMATE NORMAL PERIOD 1981 TO 2010
CLIMATE RECORD PERIOD 1942 TO 2015


WEATHER ITEM   OBSERVED TIME   RECORD YEAR NORMAL DEPARTURE LAST
                VALUE   (LST)  VALUE       VALUE  FROM      YEAR
                                                  NORMAL
..................................................................
TEMPERATURE (F)
 YESTERDAY
  MAXIMUM         58    450 PM  94    2003  71    -13       91
  MINIMUM         36   1124 PM  23    1947  46    -10       59
  AVERAGE         47                        59    -12       75

PRECIPITATION (IN)
  YESTERDAY        0.13          1.71 2013   0.11   0.02     0.02
  MONTH TO DATE    6.86                      2.99   3.87     1.16
  SINCE MAR 1      7.62                      5.72   1.90     4.52
  SINCE JAN 1      8.05                      6.46   1.59     5.01

SNOWFALL (IN)
  YESTERDAY        0.0           0.0    MM   0.0    0.0      0.0
  MONTH TO DATE   13.0                       1.1   11.9      0.1
  SINCE MAR 1     14.2                      17.7   -3.5     20.8
  SINCE JUL 1     49.2                      41.1    8.1     63.8
  SNOW DEPTH       0

DEGREE DAYS
 HEATING
  YESTERDAY       18                         7     11        0
  MONTH TO DATE  379                       312     67      339
  SINCE MAR 1   1661                      1831   -170     2002
  SINCE JUL 1   6769                      7041   -272     7635

 COOLING
  YESTERDAY        0                         1     -1       10
  MONTH TO DATE    0                         5     -5       18
  SINCE MAR 1      0                         7     -7       18
  SINCE JAN 1      0                         7     -7       18
..................................................................


WIND (MPH)
  HIGHEST WIND SPEED    29   HIGHEST WIND DIRECTION     N (340)
  HIGHEST GUST SPEED    34   HIGHEST GUST DIRECTION     N (340)
  AVERAGE WIND SPEED    16.0


SKY COVER
  AVERAGE SKY COVER 0.7


WEATHER CONDITIONS
 THE FOLLOWING WEATHER WAS RECORDED YESTERDAY.
  RAIN
  LIGHT RAIN
  FOG


RELATIVE HUMIDITY (PERCENT)
 HIGHEST   100           700 AM
 LOWEST     55           500 PM
 AVERAGE    78

..........................................................


THE RAPID CITY AIRPORT SD CLIMATE NORMALS FOR TODAY
                         NORMAL    RECORD    YEAR
 MAXIMUM TEMPERATURE (F)   72        91      1969
 MINIMUM TEMPERATURE (F)   47        30      1947


SUNRISE AND SUNSET
MAY 30 2015...........SUNRISE   514 AM MDT   SUNSET   827 PM MDT
MAY 31 2015...........SUNRISE   513 AM MDT   SUNSET   827 PM MDT


-  INDICATES NEGATIVE NUMBERS.
R  INDICATES RECORD WAS SET OR TIED.
MM INDICATES DATA IS MISSING.
T  INDICATES TRACE AMOUNT.




$$
