000
CDUS43 KUNR 180039
CLIRAP


CLIMATE REPORT
NATIONAL WEATHER SERVICE RAPID CITY SD
538 PM MST FRI NOV 17 2017


...................................

...THE RAPID CITY AIRPORT SD CLIMATE SUMMARY FOR NOVEMBER 17 2017...
VALID TODAY AS OF 0500 PM LOCAL TIME.

CLIMATE NORMAL PERIOD 1981 TO 2010
CLIMATE RECORD PERIOD 1942 TO 2017


WEATHER ITEM   OBSERVED TIME   RECORD YEAR NORMAL DEPARTURE LAST
                VALUE   (LST)  VALUE       VALUE  FROM      YEAR
                                                  NORMAL
..................................................................
TEMPERATURE (F)
 TODAY
  MAXIMUM         45   1222 AM  72    1953  46     -1       40
  MINIMUM         35    725 AM  -9    1959  21     14       26
  AVERAGE         40                        34      6       33

PRECIPITATION (IN)
  TODAY            0.06          0.23 1994   0.02   0.04     0.20
  MONTH TO DATE    0.14                      0.36  -0.22     0.20
  SINCE SEP 1      1.86                      3.07  -1.21     1.50
  SINCE JAN 1     11.02                     15.70  -4.68    12.47

SNOWFALL (IN)
  TODAY            0.0           2.6  1994   0.2   -0.2      2.4
  MONTH TO DATE    T                         3.5   -3.5      2.4
  SINCE SEP 1      T                         5.3   -5.3      2.4
  SINCE JUL 1      T                         5.3   -5.3      2.4
  SNOW DEPTH       0

DEGREE DAYS
 HEATING
  TODAY           25                        31     -6       32
  MONTH TO DATE  506                       464     42      258
  SINCE SEP 1   1249                      1189     60      775
  SINCE JUL 1   1256                      1226     30      807

 COOLING
  TODAY            0                         0      0        0
  MONTH TO DATE    0                         0      0        0
  SINCE SEP 1     85                        64     21       30
  SINCE JAN 1    709                       636     73      646
..................................................................


WIND (MPH)
  HIGHEST WIND SPEED    24   HIGHEST WIND DIRECTION     N (340)
  HIGHEST GUST SPEED    32   HIGHEST GUST DIRECTION     N (340)
  AVERAGE WIND SPEED     7.4


SKY COVER
  AVERAGE SKY COVER 0.9


WEATHER CONDITIONS
 THE FOLLOWING WEATHER WAS RECORDED TODAY.
  LIGHT RAIN


RELATIVE HUMIDITY (PERCENT)
 HIGHEST   100           800 AM
 LOWEST     53          1200 AM
 AVERAGE    77

..........................................................


THE RAPID CITY AIRPORT SD CLIMATE NORMALS FOR TOMORROW
                         NORMAL    RECORD    YEAR
 MAXIMUM TEMPERATURE (F)   46        79      2008
 MINIMUM TEMPERATURE (F)   21        -2      2014


SUNRISE AND SUNSET
NOVEMBER 17 2017......SUNRISE   650 AM MST   SUNSET   424 PM MST
NOVEMBER 18 2017......SUNRISE   652 AM MST   SUNSET   423 PM MST


-  INDICATES NEGATIVE NUMBERS.
R  INDICATES RECORD WAS SET OR TIED.
MM INDICATES DATA IS MISSING.
T  INDICATES TRACE AMOUNT.




$$
