000
CDUS46 KMFR 020836
CLIRBG


CLIMATE REPORT
NATIONAL WEATHER SERVICE MEDFORD, OR
1236 AM PST FRI DEC 2 2016


...................................

...THE ROSEBURG OR CLIMATE SUMMARY FOR DECEMBER 1 2016...

CLIMATE NORMAL PERIOD 1981 TO 2010
CLIMATE RECORD PERIOD 1931 TO 2016


WEATHER ITEM   OBSERVED TIME   RECORD YEAR NORMAL DEPARTURE LAST
                VALUE   (LST)  VALUE       VALUE  FROM      YEAR
                                                  NORMAL
..................................................................
TEMPERATURE (F)
 YESTERDAY
  MAXIMUM         49    229 PM  68    1958  49      0       54
  MINIMUM         38    851 PM  27    1931  38      0       31
  AVERAGE         44                        43      1       43

PRECIPITATION (IN)
  YESTERDAY        0.05          1.08 2012   0.18  -0.13     0.27
  MONTH TO DATE    0.05                      0.18  -0.13     0.27
  SINCE OCT 1     12.88                      9.31   3.57     5.27
  SINCE JAN 1     32.21                     29.92   2.29    16.54

SNOWFALL (IN)
  YESTERDAY       MM                        MM     MM       MM
  MONTH TO DATE   MM                        MM     MM       MM
  SINCE JUL 1     MM                        MM     MM        0.0
  SNOW DEPTH      MM

DEGREE DAYS
 HEATING
  YESTERDAY       21                        22     -1       22
  MONTH TO DATE   21                        22     -1       22
  SINCE DEC 1     21                        22     -1       22
  SINCE JUL 1    660                       951   -291      750

 COOLING
  YESTERDAY        0                         0      0        0
  MONTH TO DATE    0                         0      0        0
  SINCE DEC 1      0                         0      0        0
  SINCE JAN 1    732                       480    252      999
..................................................................


WIND (MPH)
  RESULTANT WIND SPEED   0   RESULTANT WIND DIRECTION   N (10)
  HIGHEST WIND SPEED     6   HIGHEST WIND DIRECTION     W (270)
  HIGHEST GUST SPEED    11   HIGHEST GUST DIRECTION     W (260)
  AVERAGE WIND SPEED     1.2


SKY COVER
  POSSIBLE SUNSHINE  MM
  AVERAGE SKY COVER 0.8


WEATHER CONDITIONS
 THE FOLLOWING WEATHER WAS RECORDED YESTERDAY.
  RAIN
  LIGHT RAIN
  FOG


RELATIVE HUMIDITY (PERCENT)
 HIGHEST   100           800 AM
 LOWEST     76           100 PM
 AVERAGE    88

..........................................................


THE ROSEBURG OR CLIMATE NORMALS FOR TODAY
                         NORMAL    RECORD    YEAR
 MAXIMUM TEMPERATURE (F)   49        69      1958
 MINIMUM TEMPERATURE (F)   38        30      2011
                                             1988


SUNRISE AND SUNSET
DECEMBER  2 2016......SUNRISE   727 AM PST   SUNSET   439 PM PST
DECEMBER  3 2016......SUNRISE   728 AM PST   SUNSET   438 PM PST


-  INDICATES NEGATIVE NUMBERS.
R  INDICATES RECORD WAS SET OR TIED.
MM INDICATES DATA IS MISSING.
T  INDICATES TRACE AMOUNT.




$$
