000
CDUS46 KMFR 290838
CLIRBG


CLIMATE REPORT
NATIONAL WEATHER SERVICE MEDFORD, OR
137 AM PDT FRI JUL 29 2016


...................................

...THE ROSEBURG OR CLIMATE SUMMARY FOR JULY 28 2016...

CLIMATE NORMAL PERIOD 1981 TO 2010
CLIMATE RECORD PERIOD 1931 TO 2016


WEATHER ITEM   OBSERVED TIME   RECORD YEAR NORMAL DEPARTURE LAST
                VALUE   (LST)  VALUE       VALUE  FROM      YEAR
                                                  NORMAL
..................................................................
TEMPERATURE (F)
 YESTERDAY
  MAXIMUM         97    430 PM 108    2009  86     11       90
  MINIMUM         62    541 AM  45    1955  57      5       56
  AVERAGE         80                        72      8       73

PRECIPITATION (IN)
  YESTERDAY        0.00          0.01 1950   0.01  -0.01     0.00
  MONTH TO DATE    0.77                      0.39   0.38     0.01
  SINCE OCT 1     38.45                     34.80   3.65    24.95
  SINCE JAN 1     19.26                     19.15   0.11    10.67

SNOWFALL (IN)
  YESTERDAY       MM                        MM     MM       MM
  MONTH TO DATE   MM                        MM     MM        0.0
  SINCE JUL 1     MM                        MM     MM        0.0
  SNOW DEPTH      MM

DEGREE DAYS
 HEATING
  YESTERDAY        0                         0      0        0
  MONTH TO DATE    3                         8     -5        0
  SINCE JUN 1     67                        91    -24       12
  SINCE JUL 1      3                         8     -5        0

 COOLING
  YESTERDAY       15                         7      8        8
  MONTH TO DATE  157                       155      2      289
  SINCE JUN 1    293                       205     88      520
  SINCE JAN 1    336                       225    111      550
..................................................................


WIND (MPH)
  RESULTANT WIND SPEED   6   RESULTANT WIND DIRECTION   N (10)
  HIGHEST WIND SPEED    18   HIGHEST WIND DIRECTION     N (10)
  HIGHEST GUST SPEED    25   HIGHEST GUST DIRECTION     N (10)
  AVERAGE WIND SPEED     5.9


SKY COVER
  POSSIBLE SUNSHINE  MM
  AVERAGE SKY COVER 0.0


WEATHER CONDITIONS
 THE FOLLOWING WEATHER WAS RECORDED YESTERDAY.
  NO SIGNIFICANT WEATHER WAS OBSERVED.


RELATIVE HUMIDITY (PERCENT)
 HIGHEST    78           500 AM
 LOWEST     18           500 PM
 AVERAGE    48

..........................................................


THE ROSEBURG OR CLIMATE NORMALS FOR TODAY
                         NORMAL    RECORD    YEAR
 MAXIMUM TEMPERATURE (F)   86       106      2009
 MINIMUM TEMPERATURE (F)   57        43      1956


SUNRISE AND SUNSET
JULY 29 2016..........SUNRISE   601 AM PDT   SUNSET   838 PM PDT
JULY 30 2016..........SUNRISE   602 AM PDT   SUNSET   837 PM PDT


-  INDICATES NEGATIVE NUMBERS.
R  INDICATES RECORD WAS SET OR TIED.
MM INDICATES DATA IS MISSING.
T  INDICATES TRACE AMOUNT.




$$
