000
CDUS46 KMFR 020837
CLIRBG


CLIMATE REPORT
NATIONAL WEATHER SERVICE MEDFORD, OR
136 AM PDT TUE JUN 2 2015


...................................

...THE ROSEBURG OR CLIMATE SUMMARY FOR JUNE 1 2015...

CLIMATE NORMAL PERIOD 1981 TO 2010
CLIMATE RECORD PERIOD 1931 TO 2015


WEATHER ITEM   OBSERVED TIME   RECORD YEAR NORMAL DEPARTURE LAST
                VALUE   (LST)  VALUE       VALUE  FROM      YEAR
                                                  NORMAL
..................................................................
TEMPERATURE (F)
 YESTERDAY
  MAXIMUM         62   1240 PM  96    2001  73    -11       69
  MINIMUM         54    534 AM  38    1987  50      4       53
  AVERAGE         58                        61     -3       61

PRECIPITATION (IN)
  YESTERDAY        0.24          0.86 1988   0.09   0.15     0.00
  MONTH TO DATE    0.24                      0.09   0.15     0.00
  SINCE OCT 1     24.94                     33.37  -8.43    19.16
  SINCE JAN 1     10.66                     17.72  -7.06    15.46

SNOWFALL (IN)
  YESTERDAY       MM                        MM     MM       MM
  MONTH TO DATE   MM                        MM     MM       MM
  SINCE JUL 1      0.0                      MM     MM        0.0
  SNOW DEPTH      MM

DEGREE DAYS
 HEATING
  YESTERDAY        7                         5      2        4
  MONTH TO DATE    7                         5      2        4
  SINCE JUN 1      7                         5      2        4
  SINCE JUL 1   2841                      3988  -1147     3741

 COOLING
  YESTERDAY        0                         1     -1        0
  MONTH TO DATE    0                         1     -1        0
  SINCE JUN 1      0                         1     -1        0
  SINCE JAN 1     30                        21      9       45
..................................................................


WIND (MPH)
  RESULTANT WIND SPEED   4   RESULTANT WIND DIRECTION   N (0)
  HIGHEST WIND SPEED    10   HIGHEST WIND DIRECTION     N (20)
  HIGHEST GUST SPEED    12   HIGHEST GUST DIRECTION     N (340)
  AVERAGE WIND SPEED     4.1


SKY COVER
  POSSIBLE SUNSHINE  MM
  AVERAGE SKY COVER 1.0


WEATHER CONDITIONS
 THE FOLLOWING WEATHER WAS RECORDED YESTERDAY.
  RAIN
  LIGHT RAIN
  FOG


RELATIVE HUMIDITY (PERCENT)
 HIGHEST    93           500 AM
 LOWEST     77           800 AM
 AVERAGE    85

..........................................................


THE ROSEBURG OR CLIMATE NORMALS FOR TODAY
                         NORMAL    RECORD    YEAR
 MAXIMUM TEMPERATURE (F)   73       100      1970
 MINIMUM TEMPERATURE (F)   50        37      1954


SUNRISE AND SUNSET
JUNE  2 2015..........SUNRISE   536 AM PDT   SUNSET   847 PM PDT
JUNE  3 2015..........SUNRISE   535 AM PDT   SUNSET   848 PM PDT


-  INDICATES NEGATIVE NUMBERS.
R  INDICATES RECORD WAS SET OR TIED.
MM INDICATES DATA IS MISSING.
T  INDICATES TRACE AMOUNT.




$$
