000
CDUS46 KMFR 290841
CLIRBG


CLIMATE REPORT
NATIONAL WEATHER SERVICE MEDFORD, OR
140 AM PDT THU SEP 29 2016


...................................

...THE ROSEBURG OR CLIMATE SUMMARY FOR SEPTEMBER 28 2016...

CLIMATE NORMAL PERIOD 1981 TO 2010
CLIMATE RECORD PERIOD 1931 TO 2016


WEATHER ITEM   OBSERVED TIME   RECORD YEAR NORMAL DEPARTURE LAST
                VALUE   (LST)  VALUE       VALUE  FROM      YEAR
                                                  NORMAL
..................................................................
TEMPERATURE (F)
 YESTERDAY
  MAXIMUM         80    443 PM  95    1935  75      5       86
  MINIMUM         52    655 AM  36    1954  49      3       45
  AVERAGE         66                        62      4       66

PRECIPITATION (IN)
  YESTERDAY        0.00          1.03 1977   0.04  -0.04     0.00
  MONTH TO DATE    0.07                      0.87  -0.80     0.37
  SINCE OCT 1     38.52                     36.17   2.35    25.55
  SINCE JAN 1     19.33                     20.52  -1.19    11.27

SNOWFALL (IN)
  YESTERDAY       MM                        MM     MM       MM
  MONTH TO DATE   MM                        MM     MM       MM
  SINCE JUL 1     MM                        MM     MM        0.0
  SNOW DEPTH      MM

DEGREE DAYS
 HEATING
  YESTERDAY        0                         4     -4        0
  MONTH TO DATE   27                        57    -30       54
  SINCE SEP 1     27                        57    -30       54
  SINCE JUL 1     30                        78    -48       54

 COOLING
  YESTERDAY        1                         1      0        1
  MONTH TO DATE   65                        64      1       80
  SINCE SEP 1     65                        64      1       80
  SINCE JAN 1    726                       475    251      969
..................................................................


WIND (MPH)
  RESULTANT WIND SPEED   4   RESULTANT WIND DIRECTION   N (10)
  HIGHEST WIND SPEED    14   HIGHEST WIND DIRECTION     N (10)
  HIGHEST GUST SPEED    18   HIGHEST GUST DIRECTION     N (20)
  AVERAGE WIND SPEED     4.1


SKY COVER
  POSSIBLE SUNSHINE  MM
  AVERAGE SKY COVER 0.0


WEATHER CONDITIONS
 THE FOLLOWING WEATHER WAS RECORDED YESTERDAY.
  NO SIGNIFICANT WEATHER WAS OBSERVED.


RELATIVE HUMIDITY (PERCENT)
 HIGHEST    83           500 AM
 LOWEST     23           600 PM
 AVERAGE    53

..........................................................


THE ROSEBURG OR CLIMATE NORMALS FOR TODAY
                         NORMAL    RECORD    YEAR
 MAXIMUM TEMPERATURE (F)   74        93      2011
                                             1987
 MINIMUM TEMPERATURE (F)   48        35      1954


SUNRISE AND SUNSET
SEPTEMBER 29 2016.....SUNRISE   709 AM PDT   SUNSET   657 PM PDT
SEPTEMBER 30 2016.....SUNRISE   710 AM PDT   SUNSET   655 PM PDT


-  INDICATES NEGATIVE NUMBERS.
R  INDICATES RECORD WAS SET OR TIED.
MM INDICATES DATA IS MISSING.
T  INDICATES TRACE AMOUNT.




$$
