000
CDUS46 KMFR 190837
CLIRBG


CLIMATE REPORT
NATIONAL WEATHER SERVICE MEDFORD, OR
137 AM PDT TUE SEP 19 2017


...................................

...THE ROSEBURG OR CLIMATE SUMMARY FOR SEPTEMBER 18 2017...

CLIMATE NORMAL PERIOD 1981 TO 2010
CLIMATE RECORD PERIOD 1931 TO 2017


WEATHER ITEM   OBSERVED TIME   RECORD YEAR NORMAL DEPARTURE LAST
                VALUE   (LST)  VALUE       VALUE  FROM      YEAR
                                                  NORMAL
..................................................................
TEMPERATURE (F)
 YESTERDAY
  MAXIMUM         64    209 PM  91    1952  78    -14       81
  MINIMUM         54   1136 PM  34    1965  51      3       59
  AVERAGE         59                        64     -5       70

PRECIPITATION (IN)
  YESTERDAY        0.11          1.05 1966   0.03   0.08     0.00
  MONTH TO DATE    0.22                      0.47  -0.25     0.03
  SINCE OCT 1     42.60                     35.77   6.83    38.48
  SINCE JAN 1     23.68                     20.12   3.56    19.29

SNOWFALL (IN)
  YESTERDAY       MM                        MM     MM       MM
  MONTH TO DATE   MM                        MM     MM       MM
  SINCE JUL 1     MM                        MM     MM       MM
  SNOW DEPTH      MM

DEGREE DAYS
 HEATING
  YESTERDAY        6                         2      4        0
  MONTH TO DATE    8                        24    -16        7
  SINCE SEP 1      8                        24    -16        7
  SINCE JUL 1      8                        45    -37       10

 COOLING
  YESTERDAY        0                         2     -2        5
  MONTH TO DATE  124                        52     72       44
  SINCE SEP 1    124                        52     72       44
  SINCE JAN 1    849                       463    386      705
..................................................................


WIND (MPH)
  RESULTANT WIND SPEED   3   RESULTANT WIND DIRECTION   S (180)
  HIGHEST WIND SPEED    18   HIGHEST WIND DIRECTION    SW (230)
  HIGHEST GUST SPEED    24   HIGHEST GUST DIRECTION    SW (230)
  AVERAGE WIND SPEED     4.6


SKY COVER
  POSSIBLE SUNSHINE  MM
  AVERAGE SKY COVER 0.9


WEATHER CONDITIONS
 THE FOLLOWING WEATHER WAS RECORDED YESTERDAY.
  RAIN
  LIGHT RAIN
  FOG


RELATIVE HUMIDITY (PERCENT)
 HIGHEST    93           200 AM
 LOWEST     56          1200 PM
 AVERAGE    75

..........................................................


THE ROSEBURG OR CLIMATE NORMALS FOR TODAY
                         NORMAL    RECORD    YEAR
 MAXIMUM TEMPERATURE (F)   78        95      1939
 MINIMUM TEMPERATURE (F)   51        34      1965


SUNRISE AND SUNSET
SEPTEMBER 19 2017.....SUNRISE   658 AM PDT   SUNSET   716 PM PDT
SEPTEMBER 20 2017.....SUNRISE   659 AM PDT   SUNSET   714 PM PDT


-  INDICATES NEGATIVE NUMBERS.
R  INDICATES RECORD WAS SET OR TIED.
MM INDICATES DATA IS MISSING.
T  INDICATES TRACE AMOUNT.




$$
