846
CDUS46 KMFR 250836
CLIRBG


CLIMATE REPORT
NATIONAL WEATHER SERVICE MEDFORD, OR
135 AM PDT WED MAY 25 2016


...................................

...THE ROSEBURG OR CLIMATE SUMMARY FOR MAY 24 2016...

CLIMATE NORMAL PERIOD 1981 TO 2010
CLIMATE RECORD PERIOD 1931 TO 2016


WEATHER ITEM   OBSERVED TIME   RECORD YEAR NORMAL DEPARTURE LAST
                VALUE   (LST)  VALUE       VALUE  FROM      YEAR
                                                  NORMAL
..................................................................
TEMPERATURE (F)
 YESTERDAY
  MAXIMUM         74    508 PM  93    1938  72      2       75
  MINIMUM         49    211 AM  35    1953  49      0       56
  AVERAGE         62                        60      2       66

PRECIPITATION (IN)
  YESTERDAY        0.00          0.57 1942   0.07  -0.07     0.00
  MONTH TO DATE    0.85                      1.83  -0.98     0.18
  SINCE OCT 1     36.82                     32.84   3.98    24.66
  SINCE JAN 1     17.63                     17.19   0.44    10.38

SNOWFALL (IN)
  YESTERDAY       MM                        MM     MM       MM
  MONTH TO DATE   MM                        MM     MM       MM
  SINCE JUL 1      0.0                      MM     MM        0.0
  SNOW DEPTH      MM

DEGREE DAYS
 HEATING
  YESTERDAY        3                         6     -3        0
  MONTH TO DATE   99                       181    -82      111
  SINCE MAR 1    717                      1076   -359      774
  SINCE JUL 1   3070                      3945   -875     2831

 COOLING
  YESTERDAY        0                         1     -1        1
  MONTH TO DATE   19                        12      7        2
  SINCE MAR 1     37                        13     24        3
  SINCE JAN 1     37                        13     24        3
..................................................................


WIND (MPH)
  RESULTANT WIND SPEED   4   RESULTANT WIND DIRECTION   N (350)
  HIGHEST WIND SPEED    15   HIGHEST WIND DIRECTION     N (10)
  HIGHEST GUST SPEED    20   HIGHEST GUST DIRECTION     N (10)
  AVERAGE WIND SPEED     4.6


SKY COVER
  POSSIBLE SUNSHINE  MM
  AVERAGE SKY COVER 0.6


WEATHER CONDITIONS
 THE FOLLOWING WEATHER WAS RECORDED YESTERDAY.
  FOG


RELATIVE HUMIDITY (PERCENT)
 HIGHEST    93           200 AM
 LOWEST     35           400 PM
 AVERAGE    64

..........................................................


THE ROSEBURG OR CLIMATE NORMALS FOR TODAY
                         NORMAL    RECORD    YEAR
 MAXIMUM TEMPERATURE (F)   72        95      1938
 MINIMUM TEMPERATURE (F)   49        37      1964


SUNRISE AND SUNSET
MAY 25 2016...........SUNRISE   540 AM PDT   SUNSET   841 PM PDT
MAY 26 2016...........SUNRISE   539 AM PDT   SUNSET   842 PM PDT


-  INDICATES NEGATIVE NUMBERS.
R  INDICATES RECORD WAS SET OR TIED.
MM INDICATES DATA IS MISSING.
T  INDICATES TRACE AMOUNT.




$$
