000
CDUS46 KMFR 240836
CLIRBG


CLIMATE REPORT
NATIONAL WEATHER SERVICE MEDFORD, OR
136 AM PDT MON APR 24 2017


...................................

...THE ROSEBURG OR CLIMATE SUMMARY FOR APRIL 23 2017...

CLIMATE NORMAL PERIOD 1981 TO 2010
CLIMATE RECORD PERIOD 1931 TO 2017


WEATHER ITEM   OBSERVED TIME   RECORD YEAR NORMAL DEPARTURE LAST
                VALUE   (LST)  VALUE       VALUE  FROM      YEAR
                                                  NORMAL
..................................................................
TEMPERATURE (F)
 YESTERDAY
  MAXIMUM         59    148 PM  85    2012  64     -5       62
  MINIMUM         45    514 AM  32    1961  43      2       49
  AVERAGE         52                        54     -2       56

PRECIPITATION (IN)
  YESTERDAY        0.15          1.21 2003   0.08   0.07     0.10
  MONTH TO DATE    1.82                      2.24  -0.42     1.82
  SINCE OCT 1     39.45                     30.43   9.02    35.47
  SINCE JAN 1     20.53                     14.78   5.75    16.28

SNOWFALL (IN)
  YESTERDAY       MM                        MM     MM       MM
  MONTH TO DATE   MM                        MM     MM        0.0
  SINCE JUL 1     MM                        MM     MM        0.0
  SNOW DEPTH      MM

DEGREE DAYS
 HEATING
  YESTERDAY       13                        12      1        9
  MONTH TO DATE  269                       311    -42      130
  SINCE MAR 1    723                       821    -98      540
  SINCE JUL 1   3439                      3690   -251     2893

 COOLING
  YESTERDAY        0                         0      0        0
  MONTH TO DATE    0                         0      0       18
  SINCE MAR 1      0                         0      0       18
  SINCE JAN 1      0                         0      0       18
..................................................................


WIND (MPH)
  RESULTANT WIND SPEED   2   RESULTANT WIND DIRECTION  SW (220)
  HIGHEST WIND SPEED    13   HIGHEST WIND DIRECTION    SW (230)
  HIGHEST GUST SPEED    19   HIGHEST GUST DIRECTION    SW (230)
  AVERAGE WIND SPEED     2.9


SKY COVER
  POSSIBLE SUNSHINE  MM
  AVERAGE SKY COVER 0.9


WEATHER CONDITIONS
 THE FOLLOWING WEATHER WAS RECORDED YESTERDAY.
  LIGHT RAIN
  FOG


RELATIVE HUMIDITY (PERCENT)
 HIGHEST    93           100 AM
 LOWEST     57           300 PM
 AVERAGE    75

..........................................................


THE ROSEBURG OR CLIMATE NORMALS FOR TODAY
                         NORMAL    RECORD    YEAR
 MAXIMUM TEMPERATURE (F)   64        82      1999
 MINIMUM TEMPERATURE (F)   43        32      1960
                                             1955
                                             1954


SUNRISE AND SUNSET
APRIL 24 2017.........SUNRISE   616 AM PDT   SUNSET   807 PM PDT
APRIL 25 2017.........SUNRISE   615 AM PDT   SUNSET   808 PM PDT


-  INDICATES NEGATIVE NUMBERS.
R  INDICATES RECORD WAS SET OR TIED.
MM INDICATES DATA IS MISSING.
T  INDICATES TRACE AMOUNT.




$$
