000
CDUS46 KSTO 280838
CLIRDD

CLIMATE REPORT
NATIONAL WEATHER SERVICE SACRAMENTO, CA
136 AM PDT FRI AUG 28 2015


.........................................................

...THE REDDING AIRPORT CA CLIMATE SUMMARY FOR AUGUST 27 2015...

CLIMATE NORMAL PERIOD 1981 TO 2010
CLIMATE RECORD PERIOD 1986 TO 2015


WEATHER ITEM   OBSERVED RECORD YEAR NORMAL DEPARTURE LAST
                VALUE   VALUE       VALUE  FROM      YEAR
                                           NORMAL
...........................................................
TEMPERATURE (F)
 YESTERDAY
  MAXIMUM        101    110    1988  95      6       98
  MINIMUM         64     53    1994  61      3       65
  AVERAGE         83

PRECIPITATION (IN)
  YESTERDAY        0.00   T    1999   0.01  -0.01     0.00
  MONTH TO DATE    T                  0.15  -0.15     0.12
  SINCE OCT 1     23.08              33.95 -10.87    16.59
  SINCE JAN 1      6.83              21.10 -14.27    14.48

SNOWFALL (IN)
  YESTERDAY        0.0   MM      MM  MM               0.0
  MONTH TO DATE    0.0               MM               0.0
  SINCE JUN 1      0.0               MM               0.0
  SINCE JUL 1      0.0               MM               0.0

DEGREE DAYS
 HEATING
  YESTERDAY        0

 COOLING
  YESTERDAY       18
...........................................................


WIND (MPH)
  RESULTANT WIND SPEED   2   RESULTANT WIND DIRECTION   S (160)
  HIGHEST WIND SPEED    15   HIGHEST WIND DIRECTION    SE (150)
  HIGHEST GUST SPEED    20   HIGHEST GUST DIRECTION     S (180)


SKY COVER
  POSSIBLE SUNSHINE  MM
  AVERAGE SKY COVER 0.0


WEATHER CONDITIONS
 THE FOLLOWING WEATHER WAS RECORDED YESTERDAY.
  NO SIGNIFICANT WEATHER WAS OBSERVED.


RELATIVE HUMIDITY (PERCENT)
 HIGHEST    60
 LOWEST     14
 AVERAGE    37

..........................................................


THE REDDING AIRPORT CA CLIMATE NORMALS FOR TODAY
                         NORMAL    RECORD    YEAR
 MAXIMUM TEMPERATURE (F)   94       109      2008
 MINIMUM TEMPERATURE (F)   61        51      1995


SUNRISE AND SUNSET
AUGUST 28 2015........SUNRISE   632 AM PDT   SUNSET   748 PM PDT
AUGUST 29 2015........SUNRISE   633 AM PDT   SUNSET   746 PM PDT


-  INDICATES NEGATIVE NUMBERS.
R  INDICATES RECORD WAS SET OR TIED.
MM INDICATES DATA IS MISSING.
T  INDICATES TRACE AMOUNT.

&&
....................................................................

REDDING CITY CLIMATE DATA FOR AUGUST 27

CLIMATE RECORD PERIOD 1897-1986

RECORD HIGH..............    112 IN 1972
RECORD LOW...............     51 IN 1918

RECORD RAINFALL..........   0.32 IN 1954

$$

NNNN
