000
CDUS46 KSTO 201445
CLIRDD

CLIMATE REPORT
NATIONAL WEATHER SERVICE SACRAMENTO, CA
740 AM PDT WED AUG 20 2014


...................................

...THE REDDING AIRPORT CA CLIMATE SUMMARY FOR AUGUST 19 2014...

CLIMATE NORMAL PERIOD 1981 TO 2010
CLIMATE RECORD PERIOD 1986 TO 2014


WEATHER ITEM   OBSERVED RECORD YEAR NORMAL DEPARTURE LAST
                VALUE   VALUE       VALUE  FROM      YEAR
                                           NORMAL
...........................................................
TEMPERATURE (F)
 YESTERDAY
  MAXIMUM         98    108    1988  96      2      102
  MINIMUM         61     56    1990  63     -2       70
  AVERAGE         80

PRECIPITATION (IN)
  YESTERDAY        0.00   0.29 1997   0.00   0.00     0.00
  MONTH TO DATE    0.12               0.08   0.04     0.00
  SINCE JUL 1      0.21               0.17   0.04      T
  SINCE JAN 1     14.48              21.03  -6.55     9.30

SNOWFALL (IN)
  YESTERDAY        0.0   MM      MM  MM               0.0
  MONTH TO DATE    0.0               MM               0.0
  SINCE JUN 1      0.0               MM               0.0
  SINCE JUL 1      0.0               MM               0.0

DEGREE DAYS
 HEATING
  YESTERDAY        0

 COOLING
  YESTERDAY       15
...........................................................


WIND (MPH)
  RESULTANT WIND SPEED   4   RESULTANT WIND DIRECTION   S (170)
  HIGHEST WIND SPEED    18   HIGHEST WIND DIRECTION     S (180)
  HIGHEST GUST SPEED    23   HIGHEST GUST DIRECTION     S (160)


SKY COVER
  POSSIBLE SUNSHINE  MM
  AVERAGE SKY COVER 0.0


WEATHER CONDITIONS
 THE FOLLOWING WEATHER WAS RECORDED YESTERDAY.
  NO SIGNIFICANT WEATHER WAS OBSERVED.


RELATIVE HUMIDITY (PERCENT)
 HIGHEST    52
 LOWEST     18
 AVERAGE    35

..........................................................


THE REDDING AIRPORT CA CLIMATE NORMALS FOR TODAY
                         NORMAL    RECORD    YEAR
 MAXIMUM TEMPERATURE (F)   96       110      1988
 MINIMUM TEMPERATURE (F)   62        57      2002
                                             1996


SUNRISE AND SUNSET
AUGUST 20 2014........SUNRISE   625 AM PDT   SUNSET   759 PM PDT
AUGUST 21 2014........SUNRISE   626 AM PDT   SUNSET   758 PM PDT


-  INDICATES NEGATIVE NUMBERS.
R  INDICATES RECORD WAS SET OR TIED.
MM INDICATES DATA IS MISSING.
T  INDICATES TRACE AMOUNT.

&&
....................................................................

REDDING CITY CLIMATE DATA FOR AUGUST 19

CLIMATE RECORD PERIOD 1897-1986

RECORD HIGH..............    111 IN 1919
RECORD LOW...............     55 IN 1976

RECORD RAINFALL..........   0.39 IN 1968

$$
