000
CDUS46 KSTO 250846
CLIRDD

CLIMATE REPORT
NATIONAL WEATHER SERVICE SACRAMENTO, CA
1240 AM PST SUN JAN 25 2015


..........................................................

...THE REDDING AIRPORT CA CLIMATE SUMMARY FOR JANUARY 24 2015...

CLIMATE NORMAL PERIOD 1981 TO 2010
CLIMATE RECORD PERIOD 1986 TO 2015


WEATHER ITEM   OBSERVED RECORD YEAR NORMAL DEPARTURE LAST
                VALUE   VALUE       VALUE  FROM      YEAR
                                           NORMAL
...........................................................
TEMPERATURE (F)
 YESTERDAY
  MAXIMUM         80R    76    2014  56     24       76
  MINIMUM         46     25    2007  37      9       43
                               1991
  AVERAGE         63

PRECIPITATION (IN)
  YESTERDAY        0.00   1.26 1987   0.18  -0.18     0.00
  MONTH TO DATE    0.26               4.70  -4.44     0.08
  SINCE OCT 1     16.51              17.55  -1.04     2.19
  SINCE JAN 1      0.26               4.70  -4.44     0.08

SNOWFALL (IN)
  YESTERDAY        0.0    0.0  2002  MM               0.0
  MONTH TO DATE    0.0               MM               0.0
  SINCE DEC 1      0.0               MM               5.0
  SINCE JUL 1      0.0               MM               5.0

DEGREE DAYS
 HEATING
  YESTERDAY        2

 COOLING
  YESTERDAY        0
...........................................................


WIND (MPH)
  RESULTANT WIND SPEED   6   RESULTANT WIND DIRECTION   N (350)
  HIGHEST WIND SPEED    17   HIGHEST WIND DIRECTION     N (360)
  HIGHEST GUST SPEED    34   HIGHEST GUST DIRECTION    NW (330)


SKY COVER
  POSSIBLE SUNSHINE  MM
  AVERAGE SKY COVER 0.0


WEATHER CONDITIONS
 THE FOLLOWING WEATHER WAS RECORDED YESTERDAY.
  NO SIGNIFICANT WEATHER WAS OBSERVED.


RELATIVE HUMIDITY (PERCENT)
 HIGHEST    77
 LOWEST     26
 AVERAGE    52

..........................................................


THE REDDING AIRPORT CA CLIMATE NORMALS FOR TODAY
                         NORMAL    RECORD    YEAR
 MAXIMUM TEMPERATURE (F)   56        78      2014
 MINIMUM TEMPERATURE (F)   37        22      1991


SUNRISE AND SUNSET
JANUARY 25 2015.......SUNRISE   725 AM PST   SUNSET   519 PM PST
JANUARY 26 2015.......SUNRISE   724 AM PST   SUNSET   520 PM PST


-  INDICATES NEGATIVE NUMBERS.
R  INDICATES RECORD WAS SET OR TIED.
MM INDICATES DATA IS MISSING.
T  INDICATES TRACE AMOUNT.






&&
....................................................................

REDDING CITY CLIMATE DATA FOR JANUARY 24

CLIMATE RECORD PERIOD 1897-1986

RECORD HIGH..............     80 IN 1984
RECORD LOW...............     26 IN 1949

RECORD RAINFALL..........   3.44 IN 1909

$$
