000
CDUS46 KSTO 180841
CLIRDD

CLIMATE REPORT
NATIONAL WEATHER SERVICE SACRAMENTO, CA
1238 AM PST THU DEC 18 2014


.........................................................

...THE REDDING AIRPORT CA CLIMATE SUMMARY FOR DECEMBER 17 2014...

CLIMATE NORMAL PERIOD 1981 TO 2010
CLIMATE RECORD PERIOD 1986 TO 2014


WEATHER ITEM   OBSERVED RECORD YEAR NORMAL DEPARTURE LAST
                VALUE   VALUE       VALUE  FROM      YEAR
                                           NORMAL
...........................................................
TEMPERATURE (F)
 YESTERDAY
  MAXIMUM         51     71    2011  54     -3       65
  MINIMUM         49     26    1993  36     13       30
  AVERAGE         50

PRECIPITATION (IN)
  YESTERDAY        0.67R  0.47 1991   0.21   0.46     0.00
  MONTH TO DATE    8.68               3.24   5.44     0.38
  SINCE JUL 1     17.98              10.73   7.25     3.50
  SINCE JAN 1     32.25              31.59   0.66    12.80

SNOWFALL (IN)
  YESTERDAY       MM     MM      MM  MM               0.0
  MONTH TO DATE    0.0               MM               5.0
  SINCE DEC 1      0.0               MM               5.0
  SINCE JUL 1      0.0               MM               5.0

DEGREE DAYS
 HEATING
  YESTERDAY       15

 COOLING
  YESTERDAY        0
...........................................................


WIND (MPH)
  RESULTANT WIND SPEED   9   RESULTANT WIND DIRECTION   S (180)
  HIGHEST WIND SPEED    22   HIGHEST WIND DIRECTION     S (170)
  HIGHEST GUST SPEED    27   HIGHEST GUST DIRECTION     S (170)


SKY COVER
  POSSIBLE SUNSHINE  MM
  AVERAGE SKY COVER 1.0


WEATHER CONDITIONS
 THE FOLLOWING WEATHER WAS RECORDED YESTERDAY.
  HEAVY RAIN
  LIGHT RAIN
  FOG


RELATIVE HUMIDITY (PERCENT)
 HIGHEST   100
 LOWEST     86
 AVERAGE    93

..........................................................


THE REDDING AIRPORT CA CLIMATE NORMALS FOR TODAY
                         NORMAL    RECORD    YEAR
 MAXIMUM TEMPERATURE (F)   54        67      2009
                                             2000
 MINIMUM TEMPERATURE (F)   36        23      2008


SUNRISE AND SUNSET
DECEMBER 18 2014......SUNRISE   727 AM PST   SUNSET   444 PM PST
DECEMBER 19 2014......SUNRISE   728 AM PST   SUNSET   445 PM PST


-  INDICATES NEGATIVE NUMBERS.
R  INDICATES RECORD WAS SET OR TIED.
MM INDICATES DATA IS MISSING.
T  INDICATES TRACE AMOUNT.






&&
....................................................................

REDDING CITY CLIMATE DATA FOR DECEMBER 17

CLIMATE RECORD PERIOD 1897-1986

RECORD HIGH..............     73 IN 1985
RECORD LOW...............     24 IN 1979

RECORD RAINFALL..........   3.00 IN 1940

$$
