000
CDUS46 KSTO 170840 RRA
CLIRDD

CLIMATE REPORT
NATIONAL WEATHER SERVICE SACRAMENTO, CA
140 AM PDT TUE OCT 17 2017


...................................

...THE REDDING AIRPORT CA CLIMATE SUMMARY FOR OCTOBER 16 2017...

CLIMATE NORMAL PERIOD 1981 TO 2010
CLIMATE RECORD PERIOD 1986 TO 2017


WEATHER ITEM   OBSERVED RECORD YEAR NORMAL DEPARTURE LAST
                VALUE   VALUE       VALUE  FROM      YEAR
                                           NORMAL
...........................................................
TEMPERATURE (F)
 YESTERDAY
  MAXIMUM         86     98    1988  78      8       67
  MINIMUM         42     39    2013  49     -7       54
  AVERAGE         64

PRECIPITATION (IN)
  YESTERDAY        0.00   0.43 2007   0.07  -0.07     0.09
  MONTH TO DATE    0.00               0.73  -0.73     3.21
  SINCE OCT 1      0.00               0.73  -0.73     3.21
  SINCE JAN 1     29.01              22.50   6.51    33.84

SNOWFALL (IN)
  YESTERDAY        0.0    0.0  2002  MM               0.0
                               2001
  MONTH TO DATE    0.0               MM               0.0
  SINCE SEP 1      0.0               MM               0.0
  SINCE JUL 1      0.0               MM               0.0

DEGREE DAYS
 HEATING
  YESTERDAY        1

 COOLING
  YESTERDAY        0
...........................................................


WIND (MPH)
  RESULTANT WIND SPEED   1   RESULTANT WIND DIRECTION  SE (150)
  HIGHEST WIND SPEED     7   HIGHEST WIND DIRECTION     S (170)
  HIGHEST GUST SPEED     9   HIGHEST GUST DIRECTION     S (170)


SKY COVER
  POSSIBLE SUNSHINE  MM
  AVERAGE SKY COVER 0.0


WEATHER CONDITIONS
 THE FOLLOWING WEATHER WAS RECORDED YESTERDAY.
  NO SIGNIFICANT WEATHER WAS OBSERVED.


RELATIVE HUMIDITY (PERCENT)
 HIGHEST    62
 LOWEST      8
 AVERAGE    35

..........................................................


THE REDDING AIRPORT CA CLIMATE NORMALS FOR TODAY
                         NORMAL    RECORD    YEAR
 MAXIMUM TEMPERATURE (F)   77        99      1988
 MINIMUM TEMPERATURE (F)   49        39      1996


SUNRISE AND SUNSET
OCTOBER 17 2017.......SUNRISE   723 AM PDT   SUNSET   626 PM PDT
OCTOBER 18 2017.......SUNRISE   724 AM PDT   SUNSET   624 PM PDT


-  INDICATES NEGATIVE NUMBERS.
R  INDICATES RECORD WAS SET OR TIED.
MM INDICATES DATA IS MISSING.
T  INDICATES TRACE AMOUNT.

&&
....................................................................

REDDING CITY CLIMATE DATA FOR OCTOBER 16

CLIMATE RECORD PERIOD 1897-1986

RECORD HIGH..............     97 IN 1955
RECORD LOW...............     37 IN 1893
RECORD RAINFALL..........   1.45 IN 1947

$$
