000
CDUS46 KSTO 010837
CLIRDD

CLIMATE REPORT
NATIONAL WEATHER SERVICE SACRAMENTO, CA
136 AM PDT SAT OCT 1 2016


.........................................................

...THE REDDING AIRPORT CA CLIMATE SUMMARY FOR SEPTEMBER 30 2016...

CLIMATE NORMAL PERIOD 1981 TO 2010
CLIMATE RECORD PERIOD 1986 TO 2016


WEATHER ITEM   OBSERVED RECORD YEAR NORMAL DEPARTURE LAST
                VALUE   VALUE       VALUE  FROM      YEAR
                                           NORMAL
...........................................................
TEMPERATURE (F)
 YESTERDAY
  MAXIMUM         78    104    1987  86     -8       79
  MINIMUM         57     40    2007  54      3       52
  AVERAGE         68

PRECIPITATION (IN)
  YESTERDAY        0.00   0.03 2013   0.03  -0.03     0.00
  MONTH TO DATE    0.00               0.64  -0.64     0.55
  SINCE OCT 1     40.49              34.62   5.87    23.63
  SINCE JAN 1     30.63              21.77   8.86     7.38

SNOWFALL (IN)
  YESTERDAY        0.0    0.0  2002  MM               0.0
                               2001
  MONTH TO DATE    0.0               MM               0.0
  SINCE SEP 1      0.0               MM               0.0
  SINCE JUL 1      0.0               MM               0.0

DEGREE DAYS
 HEATING
  YESTERDAY        0

 COOLING
  YESTERDAY        3
...........................................................


WIND (MPH)
  RESULTANT WIND SPEED   5   RESULTANT WIND DIRECTION   S (170)
  HIGHEST WIND SPEED    16   HIGHEST WIND DIRECTION     S (160)
  HIGHEST GUST SPEED    18   HIGHEST GUST DIRECTION     S (160)


SKY COVER
  POSSIBLE SUNSHINE  MM
  AVERAGE SKY COVER 0.0


WEATHER CONDITIONS
 THE FOLLOWING WEATHER WAS RECORDED YESTERDAY.
  NO SIGNIFICANT WEATHER WAS OBSERVED.


RELATIVE HUMIDITY (PERCENT)
 HIGHEST    67
 LOWEST     15
 AVERAGE    41

..........................................................


THE REDDING AIRPORT CA CLIMATE NORMALS FOR TODAY
                         NORMAL    RECORD    YEAR
 MAXIMUM TEMPERATURE (F)   86       104      2001
 MINIMUM TEMPERATURE (F)   54        49      2006


SUNRISE AND SUNSET
OCTOBER  1 2016.......SUNRISE   706 AM PDT   SUNSET   650 PM PDT
OCTOBER  2 2016.......SUNRISE   707 AM PDT   SUNSET   649 PM PDT


-  INDICATES NEGATIVE NUMBERS.
R  INDICATES RECORD WAS SET OR TIED.
MM INDICATES DATA IS MISSING.
T  INDICATES TRACE AMOUNT.


&&
....................................................................

REDDING CITY CLIMATE DATA FOR SEPTEMBER 30

CLIMATE RECORD PERIOD 1897-1986

RECORD HIGH..............    106 IN 1966
RECORD LOW...............     39 IN 1971

RECORD RAINFALL..........   0.82 IN 1894

$$

NNNN
