000
CDUS41 KPHI 240627
CLIRDG


CLIMATE REPORT
NATIONAL WEATHER SERVICE MOUNT HOLLY NJ
227 AM EDT MON APR 24 2017


...................................

...THE READING PA CLIMATE SUMMARY FOR APRIL 23 2017...

CLIMATE NORMAL PERIOD 1981 TO 2010
CLIMATE RECORD PERIOD 1869 TO 2017


WEATHER ITEM   OBSERVED TIME   RECORD YEAR NORMAL DEPARTURE LAST
                VALUE   (LST)  VALUE       VALUE  FROM      YEAR
                                                  NORMAL
..................................................................
TEMPERATURE (F)
 YESTERDAY
  MAXIMUM         68    419 PM  91    1960  65      3       66
  MINIMUM         40    538 AM  26    1982  43     -3       47
  AVERAGE         54                        54      0       57

PRECIPITATION (IN)
  YESTERDAY        0.00          2.22 1921   0.12  -0.12     0.10
  MONTH TO DATE    1.85                      2.99  -1.14     1.47
  SINCE MAR 1      5.87                      6.47  -0.60     2.51
  SINCE JAN 1      9.26                     12.00  -2.74     9.32

DEGREE DAYS
 HEATING
  YESTERDAY       11                        11      0        8
  MONTH TO DATE  207                       340   -133      346
  SINCE MAR 1   1001                      1083    -82      879
  SINCE JUL 1   4363                      5125   -762     4226

 COOLING
  YESTERDAY        0                         0      0        0
  MONTH TO DATE    7                         0      7        6
  SINCE MAR 1      7                         0      7        9
  SINCE JAN 1      7                         0      7        9
..................................................................


WIND (MPH)
  HIGHEST WIND SPEED    13   HIGHEST WIND DIRECTION    NE (40)
  HIGHEST GUST SPEED    18   HIGHEST GUST DIRECTION     N (350)
  AVERAGE WIND SPEED     4.5


SKY COVER
  POSSIBLE SUNSHINE  MM
  AVERAGE SKY COVER 0.0


WEATHER CONDITIONS
 THE FOLLOWING WEATHER WAS RECORDED YESTERDAY.
  NO SIGNIFICANT WEATHER WAS OBSERVED.


RELATIVE HUMIDITY (PERCENT)
 HIGHEST    86           500 AM
 LOWEST     29           400 PM
 AVERAGE    58

..........................................................


THE READING PA CLIMATE NORMALS FOR TODAY
                         NORMAL    RECORD    YEAR
 MAXIMUM TEMPERATURE (F)   66        90      1960
 MINIMUM TEMPERATURE (F)   43        29      1989
                                             1971
                                             1930


SUNRISE AND SUNSET
APRIL 24 2017.........SUNRISE   612 AM EDT   SUNSET   752 PM EDT
APRIL 25 2017.........SUNRISE   611 AM EDT   SUNSET   753 PM EDT


-  INDICATES NEGATIVE NUMBERS.
R  INDICATES RECORD WAS SET OR TIED.
MM INDICATES DATA IS MISSING.
T  INDICATES TRACE AMOUNT.




$$
