000
CDUS41 KPHI 292128
CLIRDG


CLIMATE REPORT
NATIONAL WEATHER SERVICE MOUNT HOLLY NJ
526 PM EDT FRI MAY 29 2015


...................................

...THE READING PA CLIMATE SUMMARY FOR MAY 29 2015...
VALID TODAY AS OF 0500 PM LOCAL TIME.

CLIMATE NORMAL PERIOD 1981 TO 2010
CLIMATE RECORD PERIOD 1869 TO 2015


WEATHER ITEM   OBSERVED TIME   RECORD YEAR NORMAL DEPARTURE LAST
                VALUE   (LST)  VALUE       VALUE  FROM      YEAR
                                                  NORMAL
..................................................................
TEMPERATURE (F)
 TODAY
  MAXIMUM         88    318 PM  95    1969  76     12       59
  MINIMUM         59    503 AM  37    1902  54      5       54
  AVERAGE         74                        65      9       57

PRECIPITATION (IN)
  TODAY            0.00          1.46 1933   0.17  -0.17     0.00
  MONTH TO DATE    0.63                      3.92  -3.29     3.50
  SINCE MAR 1      7.14                     11.17  -4.03    12.14
  SINCE JAN 1     10.88                     16.70  -5.82    18.82

SNOWFALL (IN)
  TODAY           MM            MM      MM  MM     MM       MM
  MONTH TO DATE   MM                        MM     MM       MM
  SINCE MAR 1     MM                        MM     MM       MM
  SINCE JUL 1     MM                        MM     MM       MM
  SNOW DEPTH      MM

DEGREE DAYS
 HEATING
  TODAY            0                         3     -3        8
  MONTH TO DATE   68                       165    -97      104
  SINCE MAR 1   1357                      1321     36     1434
  SINCE JUL 1   5662                      5363    299     5744

 COOLING
  TODAY            9                         3      6        0
  MONTH TO DATE  131                        47     84       51
  SINCE MAR 1    131                        56     75       60
  SINCE JAN 1    131                        56     75       60
..................................................................


WIND (MPH)
  HIGHEST WIND SPEED    10   HIGHEST WIND DIRECTION     S (180)
  HIGHEST GUST SPEED    17   HIGHEST GUST DIRECTION     S (160)
  AVERAGE WIND SPEED     4.6


SKY COVER
  POSSIBLE SUNSHINE  MM
  AVERAGE SKY COVER 0.0


WEATHER CONDITIONS
 THE FOLLOWING WEATHER WAS RECORDED TODAY.
  NO SIGNIFICANT WEATHER WAS OBSERVED.


RELATIVE HUMIDITY (PERCENT)
 HIGHEST    78           400 AM
 LOWEST     37           100 PM
 AVERAGE    58

..........................................................


THE READING PA CLIMATE NORMALS FOR TOMORROW
                         NORMAL    RECORD    YEAR
 MAXIMUM TEMPERATURE (F)   77        94      1969
 MINIMUM TEMPERATURE (F)   55        41      1996
                                             1949


SUNRISE AND SUNSET
MAY 29 2015...........SUNRISE   538 AM EDT   SUNSET   825 PM EDT
MAY 30 2015...........SUNRISE   537 AM EDT   SUNSET   826 PM EDT


-  INDICATES NEGATIVE NUMBERS.
R  INDICATES RECORD WAS SET OR TIED.
MM INDICATES DATA IS MISSING.
T  INDICATES TRACE AMOUNT.




$$
