000
CDUS41 KPHI 260631
CLIRDG


CLIMATE REPORT
NATIONAL WEATHER SERVICE MOUNT HOLLY NJ
230 AM EDT SUN MAR 26 2017


...................................

...THE READING PA CLIMATE SUMMARY FOR MARCH 25 2017...

CLIMATE NORMAL PERIOD 1981 TO 2010
CLIMATE RECORD PERIOD 1869 TO 2017


WEATHER ITEM   OBSERVED TIME   RECORD YEAR NORMAL DEPARTURE LAST
                VALUE   (LST)  VALUE       VALUE  FROM      YEAR
                                                  NORMAL
..................................................................
TEMPERATURE (F)
 YESTERDAY
  MAXIMUM         72    446 PM  81    1910  54     18       71
  MINIMUM         42    317 AM  17    1940  34      8       42
  AVERAGE         57                        44     13       57

PRECIPITATION (IN)
  YESTERDAY        T             1.05 1909   0.13  -0.13     0.10
  MONTH TO DATE    2.04                      2.67  -0.63     0.66
  SINCE MAR 1      2.04                      2.67  -0.63     0.66
  SINCE JAN 1      5.43                      8.20  -2.77     7.47

DEGREE DAYS
 HEATING
  YESTERDAY        8                        21    -13        8
  MONTH TO DATE  680                       625     55      440
  SINCE MAR 1    680                       625     55      440
  SINCE JUL 1   4042                      4667   -625     3787

 COOLING
  YESTERDAY        0                         0      0        0
  MONTH TO DATE    0                         0      0        3
  SINCE MAR 1      0                         0      0        3
  SINCE JAN 1      0                         0      0        3
..................................................................


WIND (MPH)
  HIGHEST WIND SPEED    20   HIGHEST WIND DIRECTION    NE (30)
  HIGHEST GUST SPEED    27   HIGHEST GUST DIRECTION    NE (40)
  AVERAGE WIND SPEED     3.4


SKY COVER
  POSSIBLE SUNSHINE  MM
  AVERAGE SKY COVER 0.4


WEATHER CONDITIONS
 THE FOLLOWING WEATHER WAS RECORDED YESTERDAY.
  LIGHT RAIN


RELATIVE HUMIDITY (PERCENT)
 HIGHEST    89          1100 PM
 LOWEST     52          1100 AM
 AVERAGE    71

..........................................................


THE READING PA CLIMATE NORMALS FOR TODAY
                         NORMAL    RECORD    YEAR
 MAXIMUM TEMPERATURE (F)   54        82      1921
 MINIMUM TEMPERATURE (F)   35        17      1983


SUNRISE AND SUNSET
MARCH 26 2017.........SUNRISE   657 AM EDT   SUNSET   722 PM EDT
MARCH 27 2017.........SUNRISE   655 AM EDT   SUNSET   724 PM EDT


-  INDICATES NEGATIVE NUMBERS.
R  INDICATES RECORD WAS SET OR TIED.
MM INDICATES DATA IS MISSING.
T  INDICATES TRACE AMOUNT.




$$
