000
CDUS41 KPHI 272139
CLIRDG


CLIMATE REPORT
NATIONAL WEATHER SERVICE MOUNT HOLLY NJ
538 PM EDT SAT AUG 27 2016


...................................

...THE READING PA CLIMATE SUMMARY FOR AUGUST 27 2016...
VALID TODAY AS OF 0500 PM LOCAL TIME.

CLIMATE NORMAL PERIOD 1981 TO 2010
CLIMATE RECORD PERIOD 1869 TO 2016


WEATHER ITEM   OBSERVED TIME   RECORD YEAR NORMAL DEPARTURE LAST
                VALUE   (LST)  VALUE       VALUE  FROM      YEAR
                                                  NORMAL
..................................................................
TEMPERATURE (F)
 TODAY
  MAXIMUM         88    359 PM 101    1948  82      6       77
  MINIMUM         66    552 AM  46    1904  61      5       57
  AVERAGE         77                        72      5       67

PRECIPITATION (IN)
  TODAY            0.00          2.41 2006   0.12  -0.12     0.00
  MONTH TO DATE    4.61                      3.20   1.41     3.45
  SINCE JUN 1     10.40                     11.50  -1.10    13.47
  SINCE JAN 1     24.40                     28.52  -4.12    25.38

SNOWFALL (IN)
  TODAY           MM            MM      MM  MM     MM       MM
  MONTH TO DATE   MM                        MM     MM       MM
  SINCE JUN 1     MM                        MM     MM       MM
  SINCE JUL 1     MM                        MM     MM       MM
  SNOW DEPTH      MM

DEGREE DAYS
 HEATING
  TODAY            0                         0      0        0
  MONTH TO DATE    0                         0      0        0
  SINCE JUN 1      9                        25    -16       21
  SINCE JUL 1      0                         1     -1        0

 COOLING
  TODAY           12                         7      5        2
  MONTH TO DATE  348                       225    123      248
  SINCE JUN 1   1003                       717    286      799
  SINCE JAN 1   1097                       777    320      958
..................................................................


WIND (MPH)
  HIGHEST WIND SPEED     9   HIGHEST WIND DIRECTION     N (350)
  HIGHEST GUST SPEED    12   HIGHEST GUST DIRECTION     N (350)
  AVERAGE WIND SPEED     2.8


SKY COVER
  POSSIBLE SUNSHINE  MM
  AVERAGE SKY COVER 0.0


WEATHER CONDITIONS
 THE FOLLOWING WEATHER WAS RECORDED TODAY.
  FOG


RELATIVE HUMIDITY (PERCENT)
 HIGHEST    93           300 AM
 LOWEST     40           400 PM
 AVERAGE    67

..........................................................


THE READING PA CLIMATE NORMALS FOR TOMORROW
                         NORMAL    RECORD    YEAR
 MAXIMUM TEMPERATURE (F)   82        99      1948
 MINIMUM TEMPERATURE (F)   61        47      1986


SUNRISE AND SUNSET
AUGUST 27 2016........SUNRISE   627 AM EDT   SUNSET   743 PM EDT
AUGUST 28 2016........SUNRISE   628 AM EDT   SUNSET   741 PM EDT


-  INDICATES NEGATIVE NUMBERS.
R  INDICATES RECORD WAS SET OR TIED.
MM INDICATES DATA IS MISSING.
T  INDICATES TRACE AMOUNT.




$$
