000
CDUS41 KPHI 012130
CLIRDG


CLIMATE REPORT
NATIONAL WEATHER SERVICE MOUNT HOLLY NJ
528 PM EDT TUE SEP 1 2015


...................................

...THE READING PA CLIMATE SUMMARY FOR SEPTEMBER 1 2015...
VALID TODAY AS OF 0500 PM LOCAL TIME.

CLIMATE NORMAL PERIOD 1981 TO 2010
CLIMATE RECORD PERIOD 1869 TO 2015


WEATHER ITEM   OBSERVED TIME   RECORD YEAR NORMAL DEPARTURE LAST
                VALUE   (LST)  VALUE       VALUE  FROM      YEAR
                                                  NORMAL
..................................................................
TEMPERATURE (F)
 TODAY
  MAXIMUM         89    344 PM  98    2010  81      8       88
                                      1953
  MINIMUM         68    620 AM  44    1976  60      8       72
  AVERAGE         79                        70      9       80

PRECIPITATION (IN)
  TODAY            0.00          3.50 1952   0.10  -0.10     0.08
  MONTH TO DATE    0.00                      0.10  -0.10     0.08
  SINCE SEP 1      0.00                      0.10  -0.10     0.08
  SINCE JAN 1     25.38                     29.06  -3.68    30.51

SNOWFALL (IN)
  TODAY           MM            MM      MM  MM     MM       MM
  MONTH TO DATE   MM                        MM     MM       MM
  SINCE SEP 1     MM                        MM     MM       MM
  SINCE JUL 1     MM                        MM     MM       MM
  SNOW DEPTH      MM

DEGREE DAYS
 HEATING
  TODAY            0                         0      0        0
  MONTH TO DATE    0                         0      0        0
  SINCE SEP 1      0                         0      0        0
  SINCE JUL 1      0                         5     -5        1

 COOLING
  TODAY           14                         6      8       15
  MONTH TO DATE   14                         6      8       15
  SINCE SEP 1     14                         6      8       15
  SINCE JAN 1   1009                       809    200      836
..................................................................


WIND (MPH)
  HIGHEST WIND SPEED     9   HIGHEST WIND DIRECTION    SW (240)
  HIGHEST GUST SPEED    12   HIGHEST GUST DIRECTION    SW (240)
  AVERAGE WIND SPEED     1.7


SKY COVER
  POSSIBLE SUNSHINE  MM
  AVERAGE SKY COVER 0.1


WEATHER CONDITIONS
 THE FOLLOWING WEATHER WAS RECORDED TODAY.
  FOG


RELATIVE HUMIDITY (PERCENT)
 HIGHEST    90           300 AM
 LOWEST     42           100 PM
 AVERAGE    66

..........................................................


THE READING PA CLIMATE NORMALS FOR TOMORROW
                         NORMAL    RECORD    YEAR
 MAXIMUM TEMPERATURE (F)   81       102      1953
 MINIMUM TEMPERATURE (F)   60        45      1970


SUNRISE AND SUNSET
SEPTEMBER  1 2015.....SUNRISE   631 AM EDT   SUNSET   736 PM EDT
SEPTEMBER  2 2015.....SUNRISE   632 AM EDT   SUNSET   735 PM EDT


-  INDICATES NEGATIVE NUMBERS.
R  INDICATES RECORD WAS SET OR TIED.
MM INDICATES DATA IS MISSING.
T  INDICATES TRACE AMOUNT.




$$
