000
CDUS41 KPHI 240619
CLIRDG


CLIMATE REPORT
NATIONAL WEATHER SERVICE MOUNT HOLLY NJ
118 AM EST SAT FEB 24 2018


...................................

...THE READING PA CLIMATE SUMMARY FOR FEBRUARY 23 2018...

CLIMATE NORMAL PERIOD 1981 TO 2010
CLIMATE RECORD PERIOD 1869 TO 2018


WEATHER ITEM   OBSERVED TIME   RECORD YEAR NORMAL DEPARTURE LAST
                VALUE   (LST)  VALUE       VALUE  FROM      YEAR
                                                  NORMAL
..................................................................
TEMPERATURE (F)
 YESTERDAY
  MAXIMUM         43   1159 PM  73    2017  43      0       73
  MINIMUM         37    855 AM   3    1972  25     12       37
  AVERAGE         40                        34      6       55

PRECIPITATION (IN)
  YESTERDAY        0.16          0.89 1987   0.08   0.08     0.00
  MONTH TO DATE    4.69                      2.03   2.66     0.75
  SINCE DEC 1      9.46                      8.37   1.09     5.24
  SINCE JAN 1      7.94                      5.08   2.86     3.11

DEGREE DAYS
 HEATING
  YESTERDAY       25                        31     -6       10
  MONTH TO DATE  642                       767   -125      604
  SINCE DEC 1   2785                      2825    -40     2431
  SINCE JUL 1   3689                      3892   -203     3285

 COOLING
  YESTERDAY        0                         0      0        0
  MONTH TO DATE    1                         0      1        0
  SINCE DEC 1      1                         0      1        0
  SINCE JAN 1      1                         0      1        0
..................................................................


WIND (MPH)
  HIGHEST WIND SPEED    10   HIGHEST WIND DIRECTION    SW (210)
  HIGHEST GUST SPEED    15   HIGHEST GUST DIRECTION    SE (140)
  AVERAGE WIND SPEED     4.5


SKY COVER
  POSSIBLE SUNSHINE  MM
  AVERAGE SKY COVER 1.0


WEATHER CONDITIONS
 THE FOLLOWING WEATHER WAS RECORDED YESTERDAY.
  HEAVY RAIN
  LIGHT RAIN
  FOG
  FOG W/VISIBILITY <= 1/4 MILE


RELATIVE HUMIDITY (PERCENT)
 HIGHEST   100           100 AM
 LOWEST     92          1200 AM
 AVERAGE    96

..........................................................


THE READING PA CLIMATE NORMALS FOR TODAY
                         NORMAL    RECORD    YEAR
 MAXIMUM TEMPERATURE (F)   44        77      2017
                                             1985
 MINIMUM TEMPERATURE (F)   25        -3      2015


SUNRISE AND SUNSET
FEBRUARY 24 2018......SUNRISE   645 AM EST   SUNSET   550 PM EST
FEBRUARY 25 2018......SUNRISE   643 AM EST   SUNSET   551 PM EST


-  INDICATES NEGATIVE NUMBERS.
R  INDICATES RECORD WAS SET OR TIED.
MM INDICATES DATA IS MISSING.
T  INDICATES TRACE AMOUNT.




$$
