000
CDUS41 KPHI 162130
CLIRDG


CLIMATE REPORT
NATIONAL WEATHER SERVICE MOUNT HOLLY NJ
429 PM EST MON JAN 16 2017


...................................

...THE READING PA CLIMATE SUMMARY FOR JANUARY 16 2017...
VALID TODAY AS OF 0400 PM LOCAL TIME.

CLIMATE NORMAL PERIOD 1981 TO 2010
CLIMATE RECORD PERIOD 1869 TO 2017


WEATHER ITEM   OBSERVED TIME   RECORD YEAR NORMAL DEPARTURE LAST
                VALUE   (LST)  VALUE       VALUE  FROM      YEAR
                                                  NORMAL
..................................................................
TEMPERATURE (F)
 TODAY
  MAXIMUM         41    138 PM  62    1995  37      4       48
  MINIMUM         18    757 AM   0    1994  22     -4       37
  AVERAGE         30                        29      1       43

PRECIPITATION (IN)
  TODAY            0.00          1.90 1945   0.09  -0.09     0.10
  MONTH TO DATE    1.25                      1.72  -0.47     1.37
  SINCE DEC 1      3.38                      5.01  -1.63     4.93
  SINCE JAN 1      1.25                      1.72  -0.47     1.37

DEGREE DAYS
 HEATING
  TODAY           35                        36     -1       22
  MONTH TO DATE  529                       561    -32      522
  SINCE DEC 1   1445                      1525    -80     1087
  SINCE JUL 1   2299                      2592   -293     1906

 COOLING
  TODAY            0                         0      0        0
  MONTH TO DATE    0                         0      0        0
  SINCE DEC 1      0                         0      0        0
  SINCE JAN 1      0                         0      0        0
..................................................................


WIND (MPH)
  HIGHEST WIND SPEED    12   HIGHEST WIND DIRECTION    SW (220)
  HIGHEST GUST SPEED    13   HIGHEST GUST DIRECTION    SW (220)
  AVERAGE WIND SPEED     2.4


SKY COVER
  POSSIBLE SUNSHINE  MM
  AVERAGE SKY COVER 0.2


WEATHER CONDITIONS
 THE FOLLOWING WEATHER WAS RECORDED TODAY.
  FOG
  HAZE


RELATIVE HUMIDITY (PERCENT)
 HIGHEST    92           700 AM
 LOWEST     48           100 PM
 AVERAGE    70

..........................................................


THE READING PA CLIMATE NORMALS FOR TOMORROW
                         NORMAL    RECORD    YEAR
 MAXIMUM TEMPERATURE (F)   37        62      1990
 MINIMUM TEMPERATURE (F)   21       -10      1982


SUNRISE AND SUNSET
JANUARY 16 2017.......SUNRISE   724 AM EST   SUNSET   504 PM EST
JANUARY 17 2017.......SUNRISE   724 AM EST   SUNSET   505 PM EST


-  INDICATES NEGATIVE NUMBERS.
R  INDICATES RECORD WAS SET OR TIED.
MM INDICATES DATA IS MISSING.
T  INDICATES TRACE AMOUNT.




$$
