000
CDUS41 KPHI 240630
CLIRDG


CLIMATE REPORT
NATIONAL WEATHER SERVICE MOUNT HOLLY NJ
229 AM EDT TUE MAY 24 2016


...................................

...THE READING PA CLIMATE SUMMARY FOR MAY 23 2016...

CLIMATE NORMAL PERIOD 1981 TO 2010
CLIMATE RECORD PERIOD 1869 TO 2016


WEATHER ITEM   OBSERVED TIME   RECORD YEAR NORMAL DEPARTURE LAST
                VALUE   (LST)  VALUE       VALUE  FROM      YEAR
                                                  NORMAL
..................................................................
TEMPERATURE (F)
 YESTERDAY
  MAXIMUM         78    133 PM  95    1925  74      4       70
  MINIMUM         50    344 AM  37    1971  52     -2       43
  AVERAGE         64                        63      1       57

PRECIPITATION (IN)
  YESTERDAY        0.13          3.30 1873   0.17  -0.04     0.00
  MONTH TO DATE    3.11                      2.89   0.22     0.44
  SINCE MAR 1      5.92                     10.14  -4.22     6.95
  SINCE JAN 1     12.73                     15.67  -2.94    10.69

SNOWFALL (IN)
  YESTERDAY       MM            MM      MM  MM     MM       MM
  MONTH TO DATE   MM                        MM     MM       MM
  SINCE MAR 1     MM                        MM     MM       MM
  SINCE JUL 1     MM                        MM     MM       MM
  SNOW DEPTH      MM

DEGREE DAYS
 HEATING
  YESTERDAY        1                         4     -3        8
  MONTH TO DATE  192                       145     47       66
  SINCE MAR 1   1147                      1301   -154     1355
  SINCE JUL 1   4494                      5343   -849     5660

 COOLING
  YESTERDAY        0                         2     -2        0
  MONTH TO DATE    0                        31    -31       77
  SINCE MAR 1     13                        40    -27       77
  SINCE JAN 1     13                        40    -27       77
..................................................................


WIND (MPH)
  HIGHEST WIND SPEED    18   HIGHEST WIND DIRECTION     N (340)
  HIGHEST GUST SPEED    25   HIGHEST GUST DIRECTION     N (340)
  AVERAGE WIND SPEED     4.7


SKY COVER
  POSSIBLE SUNSHINE  MM
  AVERAGE SKY COVER 0.5


WEATHER CONDITIONS
 THE FOLLOWING WEATHER WAS RECORDED YESTERDAY.
  LIGHT RAIN
  FOG
  FOG W/VISIBILITY <= 1/4 MILE


RELATIVE HUMIDITY (PERCENT)
 HIGHEST    96           100 AM
 LOWEST     36           100 PM
 AVERAGE    66

..........................................................


THE READING PA CLIMATE NORMALS FOR TODAY
                         NORMAL    RECORD    YEAR
 MAXIMUM TEMPERATURE (F)   75        92      1975
 MINIMUM TEMPERATURE (F)   53        38      1963


SUNRISE AND SUNSET
MAY 24 2016...........SUNRISE   540 AM EDT   SUNSET   822 PM EDT
MAY 25 2016...........SUNRISE   539 AM EDT   SUNSET   823 PM EDT


-  INDICATES NEGATIVE NUMBERS.
R  INDICATES RECORD WAS SET OR TIED.
MM INDICATES DATA IS MISSING.
T  INDICATES TRACE AMOUNT.




$$
