000
CDUS41 KPHI 242128
CLIRDG


CLIMATE REPORT
NATIONAL WEATHER SERVICE MOUNT HOLLY NJ
526 PM EDT SAT JUN 24 2017


...................................

...THE READING PA CLIMATE SUMMARY FOR JUNE 24 2017...
VALID TODAY AS OF 0500 PM LOCAL TIME.

CLIMATE NORMAL PERIOD 1981 TO 2010
CLIMATE RECORD PERIOD 1869 TO 2017


WEATHER ITEM   OBSERVED TIME   RECORD YEAR NORMAL DEPARTURE LAST
                VALUE   (LST)  VALUE       VALUE  FROM      YEAR
                                                  NORMAL
..................................................................
TEMPERATURE (F)
 TODAY
  MAXIMUM         85    329 PM  98    1943  84      1       86
                                      1923
                                      1908
  MINIMUM         70    554 AM  46    1902  62      8       65
  AVERAGE         78                        73      5       76

PRECIPITATION (IN)
  TODAY            1.31R         0.78 1989   0.10   1.21     0.11
                                      1872
  MONTH TO DATE    4.70                      3.11   1.59     1.59
  SINCE JUN 1      4.70                      3.11   1.59     1.59
  SINCE JAN 1     18.12                     20.13  -2.01    15.59

DEGREE DAYS
 HEATING
  TODAY            0                         0      0        0
  MONTH TO DATE   16                        23     -7        9
  SINCE JUN 1     16                        23     -7        9
  SINCE JUL 1   4581                      5391   -810     4503

 COOLING
  TODAY           13                         8      5       11
  MONTH TO DATE  189                       137     52      173
  SINCE JUN 1    189                       137     52      173
  SINCE JAN 1    264                       197     67      267
..................................................................


WIND (MPH)
  HIGHEST WIND SPEED    21   HIGHEST WIND DIRECTION     W (270)
  HIGHEST GUST SPEED    26   HIGHEST GUST DIRECTION     W (270)
  AVERAGE WIND SPEED    10.1


SKY COVER
  POSSIBLE SUNSHINE  MM
  AVERAGE SKY COVER 0.6


WEATHER CONDITIONS
 THE FOLLOWING WEATHER WAS RECORDED TODAY.
  THUNDERSTORM
  HEAVY RAIN
  RAIN
  LIGHT RAIN
  FOG


RELATIVE HUMIDITY (PERCENT)
 HIGHEST   100           100 AM
 LOWEST     44           100 PM
 AVERAGE    72

..........................................................


THE READING PA CLIMATE NORMALS FOR TOMORROW
                         NORMAL    RECORD    YEAR
 MAXIMUM TEMPERATURE (F)   84        99      1943
 MINIMUM TEMPERATURE (F)   63        43      1979


SUNRISE AND SUNSET
JUNE 24 2017..........SUNRISE   535 AM EDT   SUNSET   838 PM EDT
JUNE 25 2017..........SUNRISE   535 AM EDT   SUNSET   838 PM EDT


-  INDICATES NEGATIVE NUMBERS.
R  INDICATES RECORD WAS SET OR TIED.
MM INDICATES DATA IS MISSING.
T  INDICATES TRACE AMOUNT.




$$
