000
CDUS41 KPHI 200629
CLIRDG


CLIMATE REPORT
NATIONAL WEATHER SERVICE MOUNT HOLLY NJ
126 AM EST SAT DEC 20 2014


...................................

...THE READING PA CLIMATE SUMMARY FOR DECEMBER 19 2014...

CLIMATE NORMAL PERIOD 1981 TO 2010
CLIMATE RECORD PERIOD 1869 TO 2014


WEATHER ITEM   OBSERVED TIME   RECORD YEAR NORMAL DEPARTURE LAST
                VALUE   (LST)  VALUE       VALUE  FROM      YEAR
                                                  NORMAL
..................................................................
TEMPERATURE (F)
 YESTERDAY
  MAXIMUM         42    139 PM  62    1928  41      1       41
  MINIMUM         33    857 PM   4    1989  25      8       17
  AVERAGE         38                        33      5       29

PRECIPITATION (IN)
  YESTERDAY        0.00          1.78 1977   0.10  -0.10     0.00
  MONTH TO DATE    1.82                      2.11  -0.29     1.84
  SINCE DEC 1      1.82                      2.11  -0.29     1.84
  SINCE JAN 1     40.73                     42.09  -1.36    39.22

SNOWFALL (IN)
  YESTERDAY       MM            MM      MM  MM     MM       MM
  MONTH TO DATE   MM                        MM     MM       MM
  SINCE DEC 1     MM                        MM     MM       MM
  SINCE JUL 1     MM                        MM     MM       MM
  SNOW DEPTH      MM

DEGREE DAYS
 HEATING
  YESTERDAY       27                        32     -5       36
  MONTH TO DATE  531                       562    -31      615
  SINCE DEC 1    531                       562    -31      615
  SINCE JUL 1   1546                      1629    -83     1664

 COOLING
  YESTERDAY        0                         0      0        0
  MONTH TO DATE    0                         0      0        0
  SINCE DEC 1      0                         0      0        0
  SINCE JAN 1    962                       896     66     1124
..................................................................


WIND (MPH)
  HIGHEST WIND SPEED    18   HIGHEST WIND DIRECTION    NW (320)
  HIGHEST GUST SPEED    26   HIGHEST GUST DIRECTION    NW (320)
  AVERAGE WIND SPEED    10.5


SKY COVER
  POSSIBLE SUNSHINE  MM
  AVERAGE SKY COVER 0.9


WEATHER CONDITIONS
 THE FOLLOWING WEATHER WAS RECORDED YESTERDAY.
  NO SIGNIFICANT WEATHER WAS OBSERVED.


RELATIVE HUMIDITY (PERCENT)
 HIGHEST    64          1200 AM
 LOWEST     45           200 PM
 AVERAGE    55

..........................................................


THE READING PA CLIMATE NORMALS FOR TODAY
                         NORMAL    RECORD    YEAR
 MAXIMUM TEMPERATURE (F)   40        63      1959
                                             1957
 MINIMUM TEMPERATURE (F)   25         0      1942


SUNRISE AND SUNSET
DECEMBER 20 2014......SUNRISE   723 AM EST   SUNSET   440 PM EST
DECEMBER 21 2014......SUNRISE   723 AM EST   SUNSET   441 PM EST


-  INDICATES NEGATIVE NUMBERS.
R  INDICATES RECORD WAS SET OR TIED.
MM INDICATES DATA IS MISSING.
T  INDICATES TRACE AMOUNT.




$$
