000
CDUS41 KPHI 300639
CLIRDG


CLIMATE REPORT
NATIONAL WEATHER SERVICE MOUNT HOLLY NJ
237 AM EDT FRI SEP 30 2016


...................................

...THE READING PA CLIMATE SUMMARY FOR SEPTEMBER 29 2016...

CLIMATE NORMAL PERIOD 1981 TO 2010
CLIMATE RECORD PERIOD 1869 TO 2016


WEATHER ITEM   OBSERVED TIME   RECORD YEAR NORMAL DEPARTURE LAST
                VALUE   (LST)  VALUE       VALUE  FROM      YEAR
                                                  NORMAL
..................................................................
TEMPERATURE (F)
 YESTERDAY
  MAXIMUM         61    602 PM  88    1921  70     -9       80
  MINIMUM         58   1159 PM  34    2000  49      9       69
  AVERAGE         60                        60      0       75

PRECIPITATION (IN)
  YESTERDAY        0.52          3.55 1934   0.17   0.35     0.80
  MONTH TO DATE    3.39                      4.17  -0.78     4.99
  SINCE SEP 1      3.39                      4.17  -0.78     4.99
  SINCE JAN 1     27.90                     33.13  -5.23    30.37

SNOWFALL (IN)
  YESTERDAY       MM            MM      MM  MM     MM       MM
  MONTH TO DATE   MM                        MM     MM       MM
  SINCE SEP 1     MM                        MM     MM       MM
  SINCE JUL 1     MM                        MM     MM       MM
  SNOW DEPTH      MM

DEGREE DAYS
 HEATING
  YESTERDAY        5                         6     -1        0
  MONTH TO DATE   24                        66    -42       14
  SINCE SEP 1     24                        66    -42       14
  SINCE JUL 1     24                        71    -47       14

 COOLING
  YESTERDAY        0                         1     -1       10
  MONTH TO DATE  191                        84    107      179
  SINCE SEP 1    191                        84    107      179
  SINCE JAN 1   1333                       887    446     1174
..................................................................


WIND (MPH)
  HIGHEST WIND SPEED    17   HIGHEST WIND DIRECTION     E (70)
  HIGHEST GUST SPEED    27   HIGHEST GUST DIRECTION    NE (60)
  AVERAGE WIND SPEED     9.5


SKY COVER
  POSSIBLE SUNSHINE  MM
  AVERAGE SKY COVER 1.0


WEATHER CONDITIONS
 THE FOLLOWING WEATHER WAS RECORDED YESTERDAY.
  RAIN
  LIGHT RAIN
  FOG
  HAZE


RELATIVE HUMIDITY (PERCENT)
 HIGHEST    93           500 AM
 LOWEST     78           400 PM
 AVERAGE    86

..........................................................


THE READING PA CLIMATE NORMALS FOR TODAY
                         NORMAL    RECORD    YEAR
 MAXIMUM TEMPERATURE (F)   70        92      1986
 MINIMUM TEMPERATURE (F)   49        34      1978


SUNRISE AND SUNSET
SEPTEMBER 30 2016.....SUNRISE   700 AM EDT   SUNSET   647 PM EDT
OCTOBER  1 2016.......SUNRISE   701 AM EDT   SUNSET   645 PM EDT


-  INDICATES NEGATIVE NUMBERS.
R  INDICATES RECORD WAS SET OR TIED.
MM INDICATES DATA IS MISSING.
T  INDICATES TRACE AMOUNT.




$$
