361
CDUS46 KPDT 220834 RRA
CLIRDM

CLIMATE REPORT
NATIONAL WEATHER SERVICE PENDLETON OR
133 AM PDT TUE AUG 22 2017


...................................

...THE REDMOND OR CLIMATE SUMMARY FOR AUGUST 21 2017...

CLIMATE NORMAL PERIOD 1981 TO 2010
CLIMATE RECORD PERIOD 1949 TO 2017


WEATHER ITEM   OBSERVED TIME   RECORD YEAR NORMAL DEPARTURE LAST
                VALUE   (LST)  VALUE       VALUE  FROM      YEAR
                                                  NORMAL
..................................................................
TEMPERATURE (F)
 YESTERDAY
  MAXIMUM         88    422 PM  96    1961  84      4       93
  MINIMUM         44    537 AM  34    1985  44      0       52
  AVERAGE         66                        64      2       73

PRECIPITATION (IN)
  YESTERDAY        0.00          0.39 1965   0.02  -0.02     0.00
  MONTH TO DATE    0.29                      0.34  -0.05     0.02
  SINCE OCT 1      8.79                      8.33   0.46     9.06
  SINCE JAN 1      5.04                      5.57  -0.53     5.49

DEGREE DAYS
 HEATING
  YESTERDAY        0                         3     -3        0
  MONTH TO DATE   12                        44    -32       25
  SINCE JUN 1    183                       330   -147      251
  SINCE JUL 1     18                       113    -95       74

 COOLING
  YESTERDAY        1                         2     -1        8
  MONTH TO DATE  119                        65     54       75
  SINCE JUN 1    327                       186    141      215
  SINCE JAN 1    337                       191    146      218
..................................................................


WIND (MPH)
  RESULTANT WIND SPEED   4   RESULTANT WIND DIRECTION  NW (320)
  HIGHEST WIND SPEED    17   HIGHEST WIND DIRECTION    NW (330)
  HIGHEST GUST SPEED    21   HIGHEST GUST DIRECTION    NW (330)
  AVERAGE WIND SPEED     6.3


SKY COVER
  POSSIBLE SUNSHINE  MM
  AVERAGE SKY COVER 0.0


WEATHER CONDITIONS
 THE FOLLOWING WEATHER WAS RECORDED YESTERDAY.
  HAZE


RELATIVE HUMIDITY (PERCENT)
 HIGHEST    65           400 AM
 LOWEST     15           500 PM
 AVERAGE    40

..........................................................


THE REDMOND OR CLIMATE NORMALS FOR TODAY
                         NORMAL    RECORD    YEAR
 MAXIMUM TEMPERATURE (F)   84        98      1961
 MINIMUM TEMPERATURE (F)   44        31      1960


SUNRISE AND SUNSET
AUGUST 22 2017........SUNRISE   616 AM PDT   SUNSET   757 PM PDT
AUGUST 23 2017........SUNRISE   618 AM PDT   SUNSET   756 PM PDT


-  INDICATES NEGATIVE NUMBERS.
R  INDICATES RECORD WAS SET OR TIED.
MM INDICATES DATA IS MISSING.
T  INDICATES TRACE AMOUNT.




$$
