000
CDUS46 KPDT 010849 RRA
CLIRDM

CLIMATE REPORT
NATIONAL WEATHER SERVICE PENDLETON OR
149 AM PDT SUN MAY 1 2016


...................................

...THE REDMOND OR CLIMATE SUMMARY FOR APRIL 30 2016...

CLIMATE NORMAL PERIOD 1981 TO 2010
CLIMATE RECORD PERIOD 1949 TO 2016


WEATHER ITEM   OBSERVED TIME   RECORD YEAR NORMAL DEPARTURE LAST
                VALUE   (LST)  VALUE       VALUE  FROM      YEAR
                                                  NORMAL
..................................................................
TEMPERATURE (F)
 YESTERDAY
  MAXIMUM         66    344 PM  88    1998  63      3       70
  MINIMUM         28    522 AM  16    1969  32     -4       26
  AVERAGE         47                        47      0       48

PRECIPITATION (IN)
  YESTERDAY        0.00          0.35 1989   0.03  -0.03     0.00
  MONTH TO DATE    0.29                      0.73  -0.44     0.15
  SINCE OCT 1      5.77                      5.77   0.00     5.81
  SINCE JAN 1      2.20                      3.01  -0.81     1.53

DEGREE DAYS
 HEATING
  YESTERDAY       18                        18      0       17
  MONTH TO DATE  440                       620   -180      657
  SINCE MAR 1   1170                      1398   -228     1278
  SINCE JUL 1   5301                      6071   -770     5311

 COOLING
  YESTERDAY        0                         0      0        0
  MONTH TO DATE    0                         0      0        0
  SINCE MAR 1      0                         0      0        0
  SINCE JAN 1      0                         0      0        0
..................................................................


WIND (MPH)
  RESULTANT WIND SPEED   4   RESULTANT WIND DIRECTION   N (0)
  HIGHEST WIND SPEED    18   HIGHEST WIND DIRECTION     N (20)
  HIGHEST GUST SPEED    25   HIGHEST GUST DIRECTION     N (340)
  AVERAGE WIND SPEED     7.0


SKY COVER
  POSSIBLE SUNSHINE  MM
  AVERAGE SKY COVER 0.1


WEATHER CONDITIONS
 THE FOLLOWING WEATHER WAS RECORDED YESTERDAY.
  NO SIGNIFICANT WEATHER WAS OBSERVED.


RELATIVE HUMIDITY (PERCENT)
 HIGHEST    92          1200 AM
 LOWEST     31           200 PM
 AVERAGE    62

..........................................................


THE REDMOND OR CLIMATE NORMALS FOR TODAY
                         NORMAL    RECORD    YEAR
 MAXIMUM TEMPERATURE (F)   63        86      1998
 MINIMUM TEMPERATURE (F)   32        16      2013
                                             1954


SUNRISE AND SUNSET
MAY  1 2016...........SUNRISE   555 AM PDT   SUNSET   809 PM PDT
MAY  2 2016...........SUNRISE   553 AM PDT   SUNSET   810 PM PDT


-  INDICATES NEGATIVE NUMBERS.
R  INDICATES RECORD WAS SET OR TIED.
MM INDICATES DATA IS MISSING.
T  INDICATES TRACE AMOUNT.




$$
