000
CDUS46 KPDT 240132
CLIRDM

CLIMATE REPORT
NATIONAL WEATHER SERVICE PENDLETON OR
529 PM PST TUE JAN 23 2018


...................................

...THE REDMOND OR CLIMATE SUMMARY FOR JANUARY 23 2018...
VALID TODAY AS OF 0500 PM LOCAL TIME.

CLIMATE NORMAL PERIOD 1981 TO 2010
CLIMATE RECORD PERIOD 1949 TO 2018


WEATHER ITEM   OBSERVED TIME   RECORD YEAR NORMAL DEPARTURE LAST
                VALUE   (LST)  VALUE       VALUE  FROM      YEAR
                                                  NORMAL
..................................................................
TEMPERATURE (F)
 TODAY
  MAXIMUM         50    254 PM  63    1953  43      7       38
  MINIMUM         29    154 AM -11    1969  24      5       23
  AVERAGE         40                        34      6       31

PRECIPITATION (IN)
  TODAY            0.00          0.47 1970   0.03  -0.03     0.05
  MONTH TO DATE    0.17                      0.76  -0.59     1.59
  SINCE OCT 1      1.28                      3.52  -2.24     5.34
  SINCE JAN 1      0.17                      0.76  -0.59     1.59

DEGREE DAYS
 HEATING
  TODAY           25                        31     -6       34
  MONTH TO DATE  676                       751    -75     1044
  SINCE DEC 1   1808                      1817     -9     2303
  SINCE JUL 1   3387                      3591   -204     3767

 COOLING
  TODAY            0                         0      0        0
  MONTH TO DATE    0                         0      0        0
  SINCE DEC 1      0                         0      0        0
  SINCE JAN 1      0                         0      0        0
..................................................................


WIND (MPH)
  RESULTANT WIND SPEED   8   RESULTANT WIND DIRECTION   S (170)
  HIGHEST WIND SPEED    24   HIGHEST WIND DIRECTION     S (190)
  HIGHEST GUST SPEED    31   HIGHEST GUST DIRECTION     S (180)
  AVERAGE WIND SPEED     9.6


SKY COVER
  POSSIBLE SUNSHINE  MM
  AVERAGE SKY COVER 0.7


WEATHER CONDITIONS
 THE FOLLOWING WEATHER WAS RECORDED TODAY.
  NO SIGNIFICANT WEATHER WAS OBSERVED.


RELATIVE HUMIDITY (PERCENT)
 HIGHEST    78           400 AM
 LOWEST     45          1200 PM
 AVERAGE    62

..........................................................


THE REDMOND OR CLIMATE NORMALS FOR TOMORROW
                         NORMAL    RECORD    YEAR
 MAXIMUM TEMPERATURE (F)   43        67      2015
 MINIMUM TEMPERATURE (F)   24        -1      2008


SUNRISE AND SUNSET
JANUARY 23 2018.......SUNRISE   731 AM PST   SUNSET   502 PM PST
JANUARY 24 2018.......SUNRISE   730 AM PST   SUNSET   504 PM PST


-  INDICATES NEGATIVE NUMBERS.
R  INDICATES RECORD WAS SET OR TIED.
MM INDICATES DATA IS MISSING.
T  INDICATES TRACE AMOUNT.




$$
