000
CDUS46 KPDT 210852
CLIRDM

CLIMATE REPORT
NATIONAL WEATHER SERVICE PENDLETON OR
135 AM PDT THU AUG 21 2014


...................................

...THE REDMOND OR CLIMATE SUMMARY FOR AUGUST 20 2014...

CLIMATE NORMAL PERIOD 1981 TO 2010
CLIMATE RECORD PERIOD 1949 TO 2014


WEATHER ITEM   OBSERVED TIME   RECORD YEAR NORMAL DEPARTURE LAST
                VALUE   (LST)  VALUE       VALUE  FROM      YEAR
                                                  NORMAL
..................................................................
TEMPERATURE (F)
 YESTERDAY
  MAXIMUM         78    349 PM 100    2009  84     -6       87
  MINIMUM         47   1159 PM  35    1974  45      2       46
  AVERAGE         63                        64     -1       67

PRECIPITATION (IN)
  YESTERDAY        0.00          0.72 1993   0.02  -0.02     0.00
  MONTH TO DATE    0.90                      0.32   0.58     0.10
  SINCE OCT 1      5.65                      8.31  -2.66     5.93
  SINCE JAN 1      4.94                      5.55  -0.61     2.02

DEGREE DAYS
 HEATING
  YESTERDAY        2                         3     -1        0
  MONTH TO DATE    6                        41    -35       11
  SINCE JUN 1    260                       327    -67      216
  SINCE JUL 1     37                       110    -73       31

 COOLING
  YESTERDAY        0                         2     -2        2
  MONTH TO DATE   96                        63     33       75
  SINCE JUN 1    290                       184    106      281
  SINCE JAN 1    290                       189    101      290
..................................................................


WIND (MPH)
  RESULTANT WIND SPEED   7   RESULTANT WIND DIRECTION  NW (300)
  HIGHEST WIND SPEED    22   HIGHEST WIND DIRECTION     W (290)
  HIGHEST GUST SPEED    27   HIGHEST GUST DIRECTION     W (290)
  AVERAGE WIND SPEED     8.9


SKY COVER
  POSSIBLE SUNSHINE  MM
  AVERAGE SKY COVER 0.0


WEATHER CONDITIONS
 THE FOLLOWING WEATHER WAS RECORDED YESTERDAY.
  NO SIGNIFICANT WEATHER WAS OBSERVED.


RELATIVE HUMIDITY (PERCENT)
 HIGHEST    83           500 AM
 LOWEST     25           500 PM
 AVERAGE    54

..........................................................


THE REDMOND OR CLIMATE NORMALS FOR TODAY
                         NORMAL    RECORD    YEAR
 MAXIMUM TEMPERATURE (F)   84        96      1961
 MINIMUM TEMPERATURE (F)   44        34      1985


SUNRISE AND SUNSET
AUGUST 21 2014........SUNRISE   615 AM PDT   SUNSET   800 PM PDT
AUGUST 22 2014........SUNRISE   616 AM PDT   SUNSET   758 PM PDT


-  INDICATES NEGATIVE NUMBERS.
R  INDICATES RECORD WAS SET OR TIED.
MM INDICATES DATA IS MISSING.
T  INDICATES TRACE AMOUNT.




$$
