000
CDUS46 KPDT 230931
CLIRDM

CLIMATE REPORT
NATIONAL WEATHER SERVICE PENDLETON OR
126 AM PST THU FEB 23 2017


...................................

...THE REDMOND OR CLIMATE SUMMARY FOR FEBRUARY 22 2017...

CLIMATE NORMAL PERIOD 1981 TO 2010
CLIMATE RECORD PERIOD 1949 TO 2017


WEATHER ITEM   OBSERVED TIME   RECORD YEAR NORMAL DEPARTURE LAST
                VALUE   (LST)  VALUE       VALUE  FROM      YEAR
                                                  NORMAL
..................................................................
TEMPERATURE (F)
 YESTERDAY
  MAXIMUM         39    111 PM  69    1990  48     -9       49
  MINIMUM         21    330 AM  12    2010  24     -3       18
  AVERAGE         30                        36     -6       34

PRECIPITATION (IN)
  YESTERDAY        T             0.35 1952   0.02  -0.02     0.00
  MONTH TO DATE    1.13                      0.52   0.61     0.04
  SINCE OCT 1      6.50                      4.25   2.25     4.83
  SINCE JAN 1      2.75                      1.49   1.26     1.26

DEGREE DAYS
 HEATING
  YESTERDAY       35                        29      6       31
  MONTH TO DATE  630                       663    -33      521
  SINCE DEC 1   3209                      2729    480     2248
  SINCE JUL 1   4673                      4503    170     3966

 COOLING
  YESTERDAY        0                         0      0        0
  MONTH TO DATE    0                         0      0        0
  SINCE DEC 1      0                         0      0        0
  SINCE JAN 1      0                         0      0        0
..................................................................


WIND (MPH)
  RESULTANT WIND SPEED   2   RESULTANT WIND DIRECTION   W (270)
  HIGHEST WIND SPEED    15   HIGHEST WIND DIRECTION    NW (320)
  HIGHEST GUST SPEED    19   HIGHEST GUST DIRECTION     W (290)
  AVERAGE WIND SPEED     3.8


SKY COVER
  POSSIBLE SUNSHINE  MM
  AVERAGE SKY COVER 0.5


WEATHER CONDITIONS
 THE FOLLOWING WEATHER WAS RECORDED YESTERDAY.
  LIGHT SNOW


RELATIVE HUMIDITY (PERCENT)
 HIGHEST    88          1200 AM
 LOWEST     48           100 PM
 AVERAGE    68

..........................................................


THE REDMOND OR CLIMATE NORMALS FOR TODAY
                         NORMAL    RECORD    YEAR
 MAXIMUM TEMPERATURE (F)   49        73      1995
 MINIMUM TEMPERATURE (F)   24        10      2015


SUNRISE AND SUNSET
FEBRUARY 23 2017......SUNRISE   651 AM PST   SUNSET   545 PM PST
FEBRUARY 24 2017......SUNRISE   649 AM PST   SUNSET   547 PM PST


-  INDICATES NEGATIVE NUMBERS.
R  INDICATES RECORD WAS SET OR TIED.
MM INDICATES DATA IS MISSING.
T  INDICATES TRACE AMOUNT.




$$
