000
CDUS42 KRAH 250828
CLIRDU


CLIMATE REPORT
NATIONAL WEATHER SERVICE RALEIGH NC
326 AM EST SAT FEB 25 2017


...................................

...THE RALEIGH-DURHAM INTL AIRPORT NC CLIMATE SUMMARY FOR FEBRUARY 24 2017...

CLIMATE NORMAL PERIOD 1981 TO 2010
CLIMATE RECORD PERIOD 1887 TO 2017


WEATHER ITEM   OBSERVED TIME   RECORD YEAR NORMAL DEPARTURE LAST
                VALUE   (LST)  VALUE       VALUE  FROM      YEAR
                                                  NORMAL
..................................................................
TEMPERATURE (F)
 YESTERDAY
  MAXIMUM         80    322 PM  81    1982  57     23       73
  MINIMUM         47    704 AM  13    1901  35     12       45
                                      1889
  AVERAGE         64                        46     18       59

PRECIPITATION (IN)
  YESTERDAY        0.00          1.58 1966   0.13  -0.13     0.46
  MONTH TO DATE    0.66                      2.75  -2.09     4.68
  SINCE DEC 1      6.62                      9.32  -2.70    12.48
  SINCE JAN 1      4.43                      6.25  -1.82     6.41

SNOWFALL (IN)
  YESTERDAY        0.0           2.7  1989   0.1   -0.1      0.0
  MONTH TO DATE    T                         1.7   -1.7      0.2
  SINCE DEC 1      0.5                       5.2   -4.7      1.4
  SINCE JUL 1      0.5                       5.3   -4.8      1.4
  SNOW DEPTH       0

DEGREE DAYS
 HEATING
  YESTERDAY        1                        19    -18        6
  MONTH TO DATE  294                       503   -209      517
  SINCE DEC 1   1485                      1919   -434     1603
  SINCE JUL 1   1940                      2500   -560     2054

 COOLING
  YESTERDAY        0                         0      0        0
  MONTH TO DATE    6                         0      6        0
  SINCE DEC 1      6                         2      4       27
  SINCE JAN 1      6                         0      6        0
..................................................................


WIND (MPH)
  HIGHEST WIND SPEED    14   HIGHEST WIND DIRECTION    SW (230)
  HIGHEST GUST SPEED    17   HIGHEST GUST DIRECTION     S (170)
  AVERAGE WIND SPEED     3.5


SKY COVER
  POSSIBLE SUNSHINE  MM
  AVERAGE SKY COVER 0.3


WEATHER CONDITIONS
 THE FOLLOWING WEATHER WAS RECORDED YESTERDAY.
  FOG


RELATIVE HUMIDITY (PERCENT)
 HIGHEST    93           500 AM
 LOWEST     42           300 PM
 AVERAGE    68

..........................................................


THE RALEIGH-DURHAM INTL AIRPORT NC CLIMATE NORMALS FOR TODAY
                         NORMAL    RECORD    YEAR
 MAXIMUM TEMPERATURE (F)   58        82      1930
 MINIMUM TEMPERATURE (F)   35         8      1967


SUNRISE AND SUNSET
FEBRUARY 25 2017......SUNRISE   650 AM EST   SUNSET   607 PM EST
FEBRUARY 26 2017......SUNRISE   649 AM EST   SUNSET   608 PM EST


-  INDICATES NEGATIVE NUMBERS.
R  INDICATES RECORD WAS SET OR TIED.
MM INDICATES DATA IS MISSING.
T  INDICATES TRACE AMOUNT.

&&

CLIMATE REPORT
NWS FORECAST OFFICE
NCSU CENTENNIAL CAMPUS
RALEIGH NC

MAXIMUM TEMPERATURE... 77

MINIMUM TEMPERATURE... 49

PRECIPITATION... 0.00

$$
