000
CDUS42 KRAH 311535
CLIRDU


CLIMATE REPORT
NATIONAL WEATHER SERVICE RALEIGH NC
1033 AM EST SAT JAN 31 2015


...................................

...THE RALEIGH-DURHAM INTL AIRPORT NC CLIMATE SUMMARY FOR JANUARY 31 2015...
VALID AS OF 1000 AM LOCAL TIME.

CLIMATE NORMAL PERIOD 1981 TO 2010
CLIMATE RECORD PERIOD 1887 TO 2015


WEATHER ITEM   OBSERVED TIME   RECORD YEAR NORMAL DEPARTURE LAST
                VALUE   (LST)  VALUE       VALUE  FROM      YEAR
                                                  NORMAL
..................................................................
TEMPERATURE (F)
 TODAY
  MAXIMUM                       77    1950  52              53
  MINIMUM         22    635 AM   3    1966  32    -10       15
  AVERAGE                                   42              34

PRECIPITATION (IN)
  TODAY            0.00          2.05 1960   0.12  -0.12     0.00
  MONTH TO DATE    3.35                      3.50  -0.15     1.96
  SINCE DEC 1      8.32                      6.57   1.75     7.87
  SINCE JAN 1      3.35                      3.50  -0.15     1.96

SNOWFALL (IN)
  TODAY            0.0           2.5  1948   0.1   -0.1      0.0
  MONTH TO DATE    T                         2.9   -2.9      1.9
  SINCE DEC 1      T                         3.5   -3.5      1.9
  SINCE JUL 1      T                         3.6   -3.6      1.9
  SNOW DEPTH       0

..................................................................


WIND (MPH)
  RESULTANT WIND SPEED   1   RESULTANT WIND DIRECTION  NW (330)
  HIGHEST WIND SPEED     7   HIGHEST WIND DIRECTION     N (340)
  HIGHEST GUST SPEED    10   HIGHEST GUST DIRECTION    NW (320)
  AVERAGE WIND SPEED     1.8


SKY COVER
  POSSIBLE SUNSHINE  MM
  AVERAGE SKY COVER 0.2


WEATHER CONDITIONS
 THE FOLLOWING WEATHER WAS RECORDED TODAY.
  NO SIGNIFICANT WEATHER WAS OBSERVED.


RELATIVE HUMIDITY (PERCENT)
 HIGHEST    54           600 AM
 LOWEST     32          1000 AM
 AVERAGE    43

..........................................................


THE RALEIGH-DURHAM INTL AIRPORT NC CLIMATE NORMALS FOR TOMORROW
                         NORMAL    RECORD    YEAR
 MAXIMUM TEMPERATURE (F)   53        79      2002
 MINIMUM TEMPERATURE (F)   32         8      1981


SUNRISE AND SUNSET
JANUARY 31 2015.......SUNRISE   716 AM EST   SUNSET   541 PM EST
FEBRUARY  1 2015......SUNRISE   716 AM EST   SUNSET   542 PM EST


-  INDICATES NEGATIVE NUMBERS.
R  INDICATES RECORD WAS SET OR TIED.
MM INDICATES DATA IS MISSING.
T  INDICATES TRACE AMOUNT.

&&

CLIMATE REPORT NWS FORECAST OFFICE
NCSU CENTENNIAL CAMPUS
RALEIGH, NC

MINIMUM TEMPERATURE...25

PRECIPITATION...0.00

$$
