000
CDUS42 KRAH 300539
CLIRDU


CLIMATE REPORT
NATIONAL WEATHER SERVICE RALEIGH NC
138 AM EDT SAT AUG 30 2014


...................................

...THE RALEIGH-DURHAM INTL AIRPORT NC CLIMATE SUMMARY FOR AUGUST 29 2014...

CLIMATE NORMAL PERIOD 1981 TO 2010
CLIMATE RECORD PERIOD 1887 TO 2014


WEATHER ITEM   OBSERVED TIME   RECORD YEAR NORMAL DEPARTURE LAST
                VALUE   (LST)  VALUE       VALUE  FROM      YEAR
                                                  NORMAL
..................................................................
TEMPERATURE (F)
 YESTERDAY
  MAXIMUM         82    403 PM 100    1948  87     -5       87
  MINIMUM         72    609 AM  49    1986  67      5       72
  AVERAGE         77                        77      0       80

PRECIPITATION (IN)
  YESTERDAY        0.07          2.25 1890   0.15  -0.08     0.00
  MONTH TO DATE    6.87                      3.99   2.88     4.88
  SINCE JUN 1     19.14                     12.24   6.90    18.44
  SINCE JAN 1     38.41                     29.27   9.14    37.47

DEGREE DAYS
 HEATING
  YESTERDAY        0                         0      0        0
  MONTH TO DATE    0                         0      0        0
  SINCE JUN 1      0                         4     -4        0
  SINCE JUL 1      0                         0      0        0

 COOLING
  YESTERDAY       12                        12      0       15
  MONTH TO DATE  312                       396    -84      325
  SINCE JUN 1   1112                      1209    -97     1102
  SINCE JAN 1   1325                      1418    -93     1280
..................................................................


WIND (MPH)
  HIGHEST WIND SPEED    12   HIGHEST WIND DIRECTION     E (70)
  HIGHEST GUST SPEED    17   HIGHEST GUST DIRECTION     E (100)
  AVERAGE WIND SPEED     6.3


SKY COVER
  POSSIBLE SUNSHINE  MM
  AVERAGE SKY COVER 0.7


WEATHER CONDITIONS
 THE FOLLOWING WEATHER WAS RECORDED YESTERDAY.
  THUNDERSTORM
  HEAVY RAIN
  LIGHT RAIN
  FOG
  HAZE


RELATIVE HUMIDITY (PERCENT)
 HIGHEST    87          1200 AM
 LOWEST     65           100 PM
 AVERAGE    76

..........................................................


THE RALEIGH-DURHAM INTL AIRPORT NC CLIMATE NORMALS FOR TODAY
                         NORMAL    RECORD    YEAR
 MAXIMUM TEMPERATURE (F)   87       103      1932
 MINIMUM TEMPERATURE (F)   67        46      1965


SUNRISE AND SUNSET
AUGUST 30 2014........SUNRISE   645 AM EDT   SUNSET   745 PM EDT
AUGUST 31 2014........SUNRISE   646 AM EDT   SUNSET   744 PM EDT


-  INDICATES NEGATIVE NUMBERS.
R  INDICATES RECORD WAS SET OR TIED.
MM INDICATES DATA IS MISSING.
T  INDICATES TRACE AMOUNT.




$$
