000
CDUS42 KRAH 270743
CLIRDU


CLIMATE REPORT
NATIONAL WEATHER SERVICE RALEIGH NC
341 AM EDT WED MAY 27 2015


...................................

...THE RALEIGH-DURHAM INTL AIRPORT NC CLIMATE SUMMARY FOR MAY 26 2015...

CLIMATE NORMAL PERIOD 1981 TO 2010
CLIMATE RECORD PERIOD 1887 TO 2015


WEATHER ITEM   OBSERVED TIME   RECORD YEAR NORMAL DEPARTURE LAST
                VALUE   (LST)  VALUE       VALUE  FROM      YEAR
                                                  NORMAL
..................................................................
TEMPERATURE (F)
 YESTERDAY
  MAXIMUM         89    227 PM  94    1953  82      7       87
                                      1933
  MINIMUM         65    457 AM  43    1979  60      5       61
  AVERAGE         77                        71      6       74

PRECIPITATION (IN)
  YESTERDAY        0.00          3.02 1946   0.12  -0.12     0.09
  MONTH TO DATE    2.59                      2.67  -0.08     3.72
  SINCE MAR 1     11.13                      9.70   1.43    14.01
  SINCE JAN 1     17.39                     16.43   0.96    18.97

DEGREE DAYS
 HEATING
  YESTERDAY        0                         1     -1        0
  MONTH TO DATE   20                        50    -30       27
  SINCE MAR 1    587                       667    -80      777
  SINCE JUL 1   3484                      3239    245     3478

 COOLING
  YESTERDAY       12                         7      5        9
  MONTH TO DATE  150                       112     38      139
  SINCE MAR 1    206                       172     34      170
  SINCE JAN 1    206                       173     33      170
..................................................................


WIND (MPH)
  HIGHEST WIND SPEED    18   HIGHEST WIND DIRECTION     S (170)
  HIGHEST GUST SPEED    24   HIGHEST GUST DIRECTION     S (200)
  AVERAGE WIND SPEED     8.1


SKY COVER
  POSSIBLE SUNSHINE  MM
  AVERAGE SKY COVER 0.6


WEATHER CONDITIONS
 THE FOLLOWING WEATHER WAS RECORDED YESTERDAY.
  NO SIGNIFICANT WEATHER WAS OBSERVED.


RELATIVE HUMIDITY (PERCENT)
 HIGHEST    93           500 AM
 LOWEST     51           100 PM
 AVERAGE    72

..........................................................


THE RALEIGH-DURHAM INTL AIRPORT NC CLIMATE NORMALS FOR TODAY
                         NORMAL    RECORD    YEAR
 MAXIMUM TEMPERATURE (F)   82        96      1916
 MINIMUM TEMPERATURE (F)   60        41      1961


SUNRISE AND SUNSET
MAY 27 2015...........SUNRISE   602 AM EDT   SUNSET   823 PM EDT
MAY 28 2015...........SUNRISE   602 AM EDT   SUNSET   823 PM EDT


-  INDICATES NEGATIVE NUMBERS.
R  INDICATES RECORD WAS SET OR TIED.
MM INDICATES DATA IS MISSING.
T  INDICATES TRACE AMOUNT.


&&

CLIMATE REPORT NWS FORECAST OFFICE
NCSU CENTENNIAL CAMPUS
RALEIGH, NC

MAXIMUM TEMPERATURE... 87

MINIMUM TEMPERATURE... 64

PRECIPITATION... 0.00

$$
