000
CDUS42 KRAH 222151
CLIRDU


CLIMATE REPORT
NATIONAL WEATHER SERVICE RALEIGH NC
447 PM EST MON JAN 22 2018


...................................

...THE RALEIGH-DURHAM INTL AIRPORT NC CLIMATE SUMMARY FOR JANUARY 22 2018...
VALID TODAY AS OF 0400 PM LOCAL TIME.

CLIMATE NORMAL PERIOD 1981 TO 2010
CLIMATE RECORD PERIOD 1887 TO 2018


WEATHER ITEM   OBSERVED TIME   RECORD YEAR NORMAL DEPARTURE LAST
                VALUE   (LST)  VALUE       VALUE  FROM      YEAR
                                                  NORMAL
..................................................................
TEMPERATURE (F)
 TODAY
  MAXIMUM         62    407 PM  76    1937  51     11       56
  MINIMUM         38    726 AM   0    1970  31      7       53
  AVERAGE         50                        41      9       55

PRECIPITATION (IN)
  TODAY            0.00          2.61 1954   0.11  -0.11     0.09
  MONTH TO DATE    1.16                      2.49  -1.33     3.41
  SINCE DEC 1      3.45                      5.56  -2.11     5.60
  SINCE JAN 1      1.16                      2.49  -1.33     3.41

SNOWFALL (IN)
  TODAY            0.0           1.2  2016   0.1   -0.1      0.0
                                      1954
  MONTH TO DATE    7.0                       2.0    5.0      0.5
  SINCE DEC 1      7.3                       2.6    4.7      0.5
  SINCE JUL 1      7.3                       2.7    4.6      0.5
  SNOW DEPTH       0

DEGREE DAYS
 HEATING
  TODAY           15                        24     -9       10
  MONTH TO DATE  676                       534    142      406
  SINCE DEC 1   1373                      1204    169     1033
  SINCE JUL 1   1955                      1785    170     1488

 COOLING
  TODAY            0                         0      0        0
  MONTH TO DATE    0                         0      0        0
  SINCE DEC 1      0                         2     -2        0
  SINCE JAN 1      0                         0      0        0
..................................................................


WIND (MPH)
  HIGHEST WIND SPEED    15   HIGHEST WIND DIRECTION    SW (220)
  HIGHEST GUST SPEED    18   HIGHEST GUST DIRECTION    SW (220)
  AVERAGE WIND SPEED     2.3


SKY COVER
  POSSIBLE SUNSHINE  MM
  AVERAGE SKY COVER 0.7


WEATHER CONDITIONS
 THE FOLLOWING WEATHER WAS RECORDED TODAY.
  NO SIGNIFICANT WEATHER WAS OBSERVED.


RELATIVE HUMIDITY (PERCENT)
 HIGHEST   100           400 AM
 LOWEST     46           300 PM
 AVERAGE    73

..........................................................


THE RALEIGH-DURHAM INTL AIRPORT NC CLIMATE NORMALS FOR TOMORROW
                         NORMAL    RECORD    YEAR
 MAXIMUM TEMPERATURE (F)   51        77      1999
                                             1937
 MINIMUM TEMPERATURE (F)   31         8      1977


SUNRISE AND SUNSET
JANUARY 22 2018.......SUNRISE   722 AM EST   SUNSET   532 PM EST
JANUARY 23 2018.......SUNRISE   721 AM EST   SUNSET   533 PM EST


-  INDICATES NEGATIVE NUMBERS.
R  INDICATES RECORD WAS SET OR TIED.
MM INDICATES DATA IS MISSING.
T  INDICATES TRACE AMOUNT.


&&

CLIMATE REPORT
NWS FORECAST OFFICE
NCSU CENTENNIAL CAMPUS
RALEIGH NC

MAXIMUM TEMPERATURE... 60

MINIMUM TEMPERATURE... 39

PRECIPITATION... 0.00

$$
