000
CDUS42 KRAH 280547
CLIRDU


CLIMATE REPORT
NATIONAL WEATHER SERVICE RALEIGH NC
144 AM EDT WED SEP 28 2016


...................................

...THE RALEIGH-DURHAM INTL AIRPORT NC CLIMATE SUMMARY FOR SEPTEMBER 27 2016...

CLIMATE NORMAL PERIOD 1981 TO 2010
CLIMATE RECORD PERIOD 1887 TO 2016


WEATHER ITEM   OBSERVED TIME   RECORD YEAR NORMAL DEPARTURE LAST
                VALUE   (LST)  VALUE       VALUE  FROM      YEAR
                                                  NORMAL
..................................................................
TEMPERATURE (F)
 YESTERDAY
  MAXIMUM         80    418 PM  94    1998  78      2       77
  MINIMUM         67    641 AM  41    1947  57     10       64
  AVERAGE         74                        68      6       71

PRECIPITATION (IN)
  YESTERDAY        T             2.68 1953   0.13  -0.13     0.03
  MONTH TO DATE    3.70                      3.97  -0.27     3.57
  SINCE SEP 1      3.70                      3.97  -0.27     3.57
  SINCE JAN 1     40.45                     33.51   6.94    37.59

DEGREE DAYS
 HEATING
  YESTERDAY        0                         2     -2        0
  MONTH TO DATE    0                        12    -12        2
  SINCE SEP 1      0                        12    -12        2
  SINCE JUL 1      0                        13    -13        2

 COOLING
  YESTERDAY        9                         4      5        6
  MONTH TO DATE  319                       214    105      230
  SINCE SEP 1    319                       214    105      230
  SINCE JAN 1   1987                      1655    332     1818
..................................................................


WIND (MPH)
  HIGHEST WIND SPEED    14   HIGHEST WIND DIRECTION    SW (220)
  HIGHEST GUST SPEED    17   HIGHEST GUST DIRECTION    SW (230)
  AVERAGE WIND SPEED     3.5


SKY COVER
  POSSIBLE SUNSHINE  MM
  AVERAGE SKY COVER 0.8


WEATHER CONDITIONS
 THE FOLLOWING WEATHER WAS RECORDED YESTERDAY.
  LIGHT RAIN


RELATIVE HUMIDITY (PERCENT)
 HIGHEST   100           600 AM
 LOWEST     74          1000 AM
 AVERAGE    87

..........................................................


THE RALEIGH-DURHAM INTL AIRPORT NC CLIMATE NORMALS FOR TODAY
                         NORMAL    RECORD    YEAR
 MAXIMUM TEMPERATURE (F)   78        95      1998
 MINIMUM TEMPERATURE (F)   57        38      1947


SUNRISE AND SUNSET
SEPTEMBER 28 2016.....SUNRISE   708 AM EDT   SUNSET   702 PM EDT
SEPTEMBER 29 2016.....SUNRISE   709 AM EDT   SUNSET   701 PM EDT


-  INDICATES NEGATIVE NUMBERS.
R  INDICATES RECORD WAS SET OR TIED.
MM INDICATES DATA IS MISSING.
T  INDICATES TRACE AMOUNT.

&&

CLIMATE REPORT
NWS FORECAST OFFICE
NCSU CENTENNIAL CAMPUS
RALEIGH NC

MAXIMUM TEMPERATURE... 81

MINIMUM TEMPERATURE... 67

PRECIPITATION... 0.02

$$
