649
CDUS42 KRAH 080621
CLIRDU


CLIMATE REPORT
NATIONAL WEATHER SERVICE RALEIGH NC
119 AM EST MON FEB 8 2016


...................................

...THE RALEIGH-DURHAM INTL AIRPORT NC CLIMATE SUMMARY FOR FEBRUARY 7 2016...

CLIMATE NORMAL PERIOD 1981 TO 2010
CLIMATE RECORD PERIOD 1887 TO 2016


WEATHER ITEM   OBSERVED TIME   RECORD YEAR NORMAL DEPARTURE LAST
                VALUE   (LST)  VALUE       VALUE  FROM      YEAR
                                                  NORMAL
..................................................................
TEMPERATURE (F)
 YESTERDAY
  MAXIMUM         44    516 PM  76    1904  54    -10       60
  MINIMUM         37    821 AM  12    1995  33      4       26
                                      1977
  AVERAGE         41                        43     -2       43

PRECIPITATION (IN)
  YESTERDAY        0.00          1.11 1899   0.11  -0.11     0.00
  MONTH TO DATE    1.54                      0.78   0.76     0.39
  SINCE DEC 1      9.34                      7.35   1.99     8.71
  SINCE JAN 1      3.27                      4.28  -1.01     3.74

SNOWFALL (IN)
  YESTERDAY        0.0           6.3  1936   0.1   -0.1      0.0
  MONTH TO DATE    0.0                       0.6   -0.6      0.0
  SINCE DEC 1      1.2                       4.1   -2.9       T
  SINCE JUL 1      1.2                       4.2   -3.0       T
  SNOW DEPTH       0

DEGREE DAYS
 HEATING
  YESTERDAY       24                        22      2       22
  MONTH TO DATE  109                       157    -48      178
  SINCE DEC 1   1195                      1573   -378     1575
  SINCE JUL 1   1646                      2154   -508     2239

 COOLING
  YESTERDAY        0                         0      0        0
  MONTH TO DATE    0                         0      0        0
  SINCE DEC 1     27                         2     25        0
  SINCE JAN 1      0                         0      0        0
..................................................................


WIND (MPH)
  HIGHEST WIND SPEED    15   HIGHEST WIND DIRECTION     N (20)
  HIGHEST GUST SPEED    23   HIGHEST GUST DIRECTION     N (20)
  AVERAGE WIND SPEED     7.0


SKY COVER
  POSSIBLE SUNSHINE  MM
  AVERAGE SKY COVER 0.9


WEATHER CONDITIONS
 THE FOLLOWING WEATHER WAS RECORDED YESTERDAY.
  NO SIGNIFICANT WEATHER WAS OBSERVED.


RELATIVE HUMIDITY (PERCENT)
 HIGHEST    59           400 AM
 LOWEST     37           400 PM
 AVERAGE    48

..........................................................


THE RALEIGH-DURHAM INTL AIRPORT NC CLIMATE NORMALS FOR TODAY
                         NORMAL    RECORD    YEAR
 MAXIMUM TEMPERATURE (F)   54        75      2009
                                             1937
 MINIMUM TEMPERATURE (F)   33         4      1895


SUNRISE AND SUNSET
FEBRUARY  8 2016......SUNRISE   710 AM EST   SUNSET   549 PM EST
FEBRUARY  9 2016......SUNRISE   709 AM EST   SUNSET   550 PM EST


-  INDICATES NEGATIVE NUMBERS.
R  INDICATES RECORD WAS SET OR TIED.
MM INDICATES DATA IS MISSING.
T  INDICATES TRACE AMOUNT.

&&

CLIMATE REPORT NWS FORECAST OFFICE
NCSU CENTENNIAL CAMPUS
RALEIGH...NC

MAXIMUM TEMPERATURE... 43

MINIMUM TEMPERATURE... 38

PRECIPITATION... T

SNOWFALL... T


$$
