000
CDUS42 KRAH 010537
CLIRDU


CLIMATE REPORT
NATIONAL WEATHER SERVICE RALEIGH NC
135 AM EDT TUE SEP 1 2015


...................................

...THE RALEIGH-DURHAM INTL AIRPORT NC CLIMATE SUMMARY FOR AUGUST 31 2015...

CLIMATE NORMAL PERIOD 1981 TO 2010
CLIMATE RECORD PERIOD 1887 TO 2015


WEATHER ITEM   OBSERVED TIME   RECORD YEAR NORMAL DEPARTURE LAST
                VALUE   (LST)  VALUE       VALUE  FROM      YEAR
                                                  NORMAL
..................................................................
TEMPERATURE (F)
 YESTERDAY
  MAXIMUM         77    456 PM 103    1932  86     -9       91
  MINIMUM         67    617 AM  49    1976  67      0       73
                                      1946
  AVERAGE         72                        76     -4       82

PRECIPITATION (IN)
  YESTERDAY        1.75          3.52 1952   0.14   1.61     0.00
  MONTH TO DATE    4.82                      4.26   0.56     6.87
  SINCE JUN 1     16.18                     12.51   3.67    19.14
  SINCE JAN 1     34.02                     29.54   4.48    38.41

DEGREE DAYS
 HEATING
  YESTERDAY        0                         0      0        0
  MONTH TO DATE    0                         0      0        0
  SINCE JUN 1      0                         5     -5        0
  SINCE JUL 1      0                         1     -1        0

 COOLING
  YESTERDAY        7                        12     -5       17
  MONTH TO DATE  409                       419    -10      345
  SINCE JUN 1   1318                      1232     86     1145
  SINCE JAN 1   1588                      1441    147     1358
..................................................................


WIND (MPH)
  HIGHEST WIND SPEED    18   HIGHEST WIND DIRECTION    NE (30)
  HIGHEST GUST SPEED    21   HIGHEST GUST DIRECTION     N (20)
  AVERAGE WIND SPEED     2.3


SKY COVER
  POSSIBLE SUNSHINE  MM
  AVERAGE SKY COVER 0.9


WEATHER CONDITIONS
 THE FOLLOWING WEATHER WAS RECORDED YESTERDAY.
  HEAVY RAIN
  RAIN
  LIGHT RAIN
  FOG


RELATIVE HUMIDITY (PERCENT)
 HIGHEST   100           900 PM
 LOWEST     73          1200 AM
 AVERAGE    87

..........................................................


THE RALEIGH-DURHAM INTL AIRPORT NC CLIMATE NORMALS FOR TODAY
                         NORMAL    RECORD    YEAR
 MAXIMUM TEMPERATURE (F)   86       101      1932
 MINIMUM TEMPERATURE (F)   66        49      1946


SUNRISE AND SUNSET
SEPTEMBER  1 2015.....SUNRISE   647 AM EDT   SUNSET   743 PM EDT
SEPTEMBER  2 2015.....SUNRISE   648 AM EDT   SUNSET   741 PM EDT


-  INDICATES NEGATIVE NUMBERS.
R  INDICATES RECORD WAS SET OR TIED.
MM INDICATES DATA IS MISSING.
T  INDICATES TRACE AMOUNT.

&&

CLIMATE REPORT NWS FORECAST OFFICE
NCSU CENTENNIAL CAMPUS
RALEIGH, NC

MAXIMUM TEMPERATURE... 75

MINIMUM TEMPERATURE... 67

PRECIPITATION... 0.68

$$
