000
CDUS42 KRAH 300808
CLIRDU


CLIMATE REPORT
NATIONAL WEATHER SERVICE RALEIGH NC
406 AM EDT SAT APR 30 2016


...................................

...THE RALEIGH-DURHAM INTL AIRPORT NC CLIMATE SUMMARY FOR APRIL 29 2016...

CLIMATE NORMAL PERIOD 1981 TO 2010
CLIMATE RECORD PERIOD 1887 TO 2016


WEATHER ITEM   OBSERVED TIME   RECORD YEAR NORMAL DEPARTURE LAST
                VALUE   (LST)  VALUE       VALUE  FROM      YEAR
                                                  NORMAL
..................................................................
TEMPERATURE (F)
 YESTERDAY
  MAXIMUM         78    339 PM  91    1914  76      2       70
  MINIMUM         60    749 AM  35    1973  52      8       43
                                      1967
  AVERAGE         69                        64      5       57

PRECIPITATION (IN)
  YESTERDAY        T             1.26 1999   0.09  -0.09     0.00
  MONTH TO DATE    2.98                      2.84   0.14     4.27
  SINCE MAR 1      7.02                      6.95   0.07     7.55
  SINCE JAN 1     13.43                     13.68  -0.25    13.81

SNOWFALL (IN)
  YESTERDAY        0.0           0.0  2002   0.0    0.0      0.0
                                      2001
  MONTH TO DATE    0.0                       0.1   -0.1      0.0
  SINCE MAR 1      T                         0.6   -0.6      0.0
  SINCE JUL 1      1.4                       6.1   -4.7      7.9
  SNOW DEPTH       0

DEGREE DAYS
 HEATING
  YESTERDAY        0                         4     -4        8
  MONTH TO DATE  177                       188    -11      145
  SINCE MAR 1    411                       612   -201      564
  SINCE JUL 1   2554                      3184   -630     3461

 COOLING
  YESTERDAY        4                         2      2        0
  MONTH TO DATE   57                        45     12       52
  SINCE MAR 1     95                        56     39       56
  SINCE JAN 1     95                        57     38       56
..................................................................


WIND (MPH)
  HIGHEST WIND SPEED    13   HIGHEST WIND DIRECTION    NE (30)
  HIGHEST GUST SPEED    21   HIGHEST GUST DIRECTION    SE (120)
  AVERAGE WIND SPEED     5.8


SKY COVER
  POSSIBLE SUNSHINE  MM
  AVERAGE SKY COVER 0.7


WEATHER CONDITIONS
 THE FOLLOWING WEATHER WAS RECORDED YESTERDAY.
  LIGHT RAIN
  FOG


RELATIVE HUMIDITY (PERCENT)
 HIGHEST   100           500 AM
 LOWEST     54           400 PM
 AVERAGE    77

..........................................................


THE RALEIGH-DURHAM INTL AIRPORT NC CLIMATE NORMALS FOR TODAY
                         NORMAL    RECORD    YEAR
 MAXIMUM TEMPERATURE (F)   76        90      1906
                                             1893
 MINIMUM TEMPERATURE (F)   52        33      1961


SUNRISE AND SUNSET
APRIL 30 2016.........SUNRISE   623 AM EDT   SUNSET   802 PM EDT
MAY  1 2016...........SUNRISE   622 AM EDT   SUNSET   803 PM EDT


-  INDICATES NEGATIVE NUMBERS.
R  INDICATES RECORD WAS SET OR TIED.
MM INDICATES DATA IS MISSING.
T  INDICATES TRACE AMOUNT.



&&

CLIMATE REPORT
NWS FORECAST OFFICE
NCSU CENTENNIAL CAMPUS
RALEIGH NC

MAXIMUM TEMPERATURE...76

MINIMUM TEMPERATURE...59

PRECIPITATION...T

$$
