500
CDUS42 KRAH 242151
CLIRDU


CLIMATE REPORT
NATIONAL WEATHER SERVICE RALEIGH NC
446 PM EST TUE JAN 24 2017


...................................

...THE RALEIGH-DURHAM INTL AIRPORT NC CLIMATE SUMMARY FOR JANUARY 24 2017...
VALID TODAY AS OF 0446 PM LOCAL TIME.

CLIMATE NORMAL PERIOD 1981 TO 2010
CLIMATE RECORD PERIOD 1887 TO 2017


WEATHER ITEM   OBSERVED TIME   RECORD YEAR NORMAL DEPARTURE LAST
                VALUE   (LST)  VALUE       VALUE  FROM      YEAR
                                                  NORMAL
..................................................................
TEMPERATURE (F)
 TODAY
  MAXIMUM         63    307 PM  77    1967  51     12       47
  MINIMUM         41    748 AM   7    1963  31     10       28
  AVERAGE         52                        41     11       38

PRECIPITATION (IN)
  TODAY            T             1.85 1913   0.11  -0.11     0.00
  MONTH TO DATE    3.69                      2.72   0.97     1.73
  SINCE DEC 1      5.88                      5.79   0.09     7.80
  SINCE JAN 1      3.69                      2.72   0.97     1.73

SNOWFALL (IN)
  TODAY            0.0           3.7  1940   0.1   -0.1      0.0
  MONTH TO DATE    0.5                       2.2   -1.7      1.2
  SINCE DEC 1      0.5                       2.8   -2.3      1.2
  SINCE JUL 1      0.5                       2.9   -2.4      1.2
  SNOW DEPTH       0

DEGREE DAYS
 HEATING
  TODAY           13                        24    -11       27
  MONTH TO DATE  432                       582   -150      646
  SINCE DEC 1   1059                      1252   -193      941
  SINCE JUL 1   1514                      1833   -319     1392

 COOLING
  TODAY            0                         0      0        0
  MONTH TO DATE    0                         0      0        0
  SINCE DEC 1      0                         2     -2       27
  SINCE JAN 1      0                         0      0        0
..................................................................


WIND (MPH)
  HIGHEST WIND SPEED    20   HIGHEST WIND DIRECTION     W (290)
  HIGHEST GUST SPEED    29   HIGHEST GUST DIRECTION    NW (310)
  AVERAGE WIND SPEED     7.1


SKY COVER
  POSSIBLE SUNSHINE  MM
  AVERAGE SKY COVER 0.6


WEATHER CONDITIONS
 THE FOLLOWING WEATHER WAS RECORDED TODAY.
  LIGHT RAIN


RELATIVE HUMIDITY (PERCENT)
 HIGHEST    82          1200 AM
 LOWEST     42           200 PM
 AVERAGE    62

..........................................................


THE RALEIGH-DURHAM INTL AIRPORT NC CLIMATE NORMALS FOR TOMORROW
                         NORMAL    RECORD    YEAR
 MAXIMUM TEMPERATURE (F)   52        78      1950
 MINIMUM TEMPERATURE (F)   31         8      1963


SUNRISE AND SUNSET
JANUARY 24 2017.......SUNRISE   721 AM EST   SUNSET   534 PM EST
JANUARY 25 2017.......SUNRISE   720 AM EST   SUNSET   535 PM EST


-  INDICATES NEGATIVE NUMBERS.
R  INDICATES RECORD WAS SET OR TIED.
MM INDICATES DATA IS MISSING.
T  INDICATES TRACE AMOUNT.

&&

CLIMATE REPORT
NWS FORECAST OFFICE
NCSU CENTENNIAL CAMPUS
RALEIGH NC

MAXIMUM TEMPERATURE... 62

MINIMUM TEMPERATURE... 42

PRECIPITATION... 0.00

$$
