000
CDUS42 KRAH 010712
CLIRDU


CLIMATE REPORT
NATIONAL WEATHER SERVICE RALEIGH NC
210 AM EST SUN MAR 1 2015


...................................

...THE RALEIGH-DURHAM INTL AIRPORT NC CLIMATE SUMMARY FOR FEBRUARY 28 2015...

CLIMATE NORMAL PERIOD 1981 TO 2010
CLIMATE RECORD PERIOD 1887 TO 2015


WEATHER ITEM   OBSERVED TIME   RECORD YEAR NORMAL DEPARTURE LAST
                VALUE   (LST)  VALUE       VALUE  FROM      YEAR
                                                  NORMAL
..................................................................
TEMPERATURE (F)
 YESTERDAY
  MAXIMUM         37    507 PM  81    2011  59    -22       45
  MINIMUM         26    850 AM  13    1934  36    -10       26
  AVERAGE         32                        47    -15       36

PRECIPITATION (IN)
  YESTERDAY        0.00          1.53 1903   0.12  -0.12     0.00
  MONTH TO DATE    2.91                      3.23  -0.32     3.00
  SINCE DEC 1     11.23                      9.80   1.43    10.87
  SINCE JAN 1      6.26                      6.73  -0.47     4.96

SNOWFALL (IN)
  YESTERDAY        0.0           6.0  1937   0.1   -0.1      0.0
  MONTH TO DATE    7.9                       1.9    6.0      3.7
  SINCE DEC 1      7.9                       5.4    2.5      5.6
  SINCE JUL 1      7.9                       5.5    2.4      5.6
  SNOW DEPTH       1

DEGREE DAYS
 HEATING
  YESTERDAY       33                        18     15       29
  MONTH TO DATE  836                       576    260      597
  SINCE DEC 1   2233                      1991    242     2049
  SINCE JUL 1   2897                      2572    325     2701

 COOLING
  YESTERDAY        0                         0      0        0
  MONTH TO DATE    0                         1     -1        0
  SINCE DEC 1      0                         3     -3       13
  SINCE JAN 1      0                         1     -1        0
..................................................................


WIND (MPH)
  HIGHEST WIND SPEED    17   HIGHEST WIND DIRECTION    NE (50)
  HIGHEST GUST SPEED    23   HIGHEST GUST DIRECTION    NE (50)
  AVERAGE WIND SPEED     7.0


SKY COVER
  POSSIBLE SUNSHINE  MM
  AVERAGE SKY COVER 0.6


WEATHER CONDITIONS
 THE FOLLOWING WEATHER WAS RECORDED YESTERDAY.
  NO SIGNIFICANT WEATHER WAS OBSERVED.


RELATIVE HUMIDITY (PERCENT)
 HIGHEST    75           200 AM
 LOWEST     35           400 PM
 AVERAGE    55

..........................................................


THE RALEIGH-DURHAM INTL AIRPORT NC CLIMATE NORMALS FOR TODAY
                         NORMAL    RECORD    YEAR
 MAXIMUM TEMPERATURE (F)   59        82      1997
                                             1918
 MINIMUM TEMPERATURE (F)   36        11      1980


SUNRISE AND SUNSET
MARCH  1 2015.........SUNRISE   645 AM EST   SUNSET   610 PM EST
MARCH  2 2015.........SUNRISE   644 AM EST   SUNSET   611 PM EST


-  INDICATES NEGATIVE NUMBERS.
R  INDICATES RECORD WAS SET OR TIED.
MM INDICATES DATA IS MISSING.
T  INDICATES TRACE AMOUNT.

&&

CLIMATE REPORT
NWS FORECAST OFFICE
NCSU CENTENNIAL CAMPUS
RALEIGH, NC

MAXIMUM TEMPERATURE... 37

MINIMUM TEMPERATURE... 25

PRECIPITATION... 0.00

$$
