000
CDUS46 KBOI 200931
CLIREO


CLIMATE REPORT
NATIONAL WEATHER SERVICE BOISE ID
231 AM MST SAT DEC 20 2014


...................................

...THE ROME OR CLIMATE SUMMARY FOR DECEMBER 19 2014...

CLIMATE NORMAL PERIOD 1981 TO 2010
CLIMATE RECORD PERIOD 9999 TO 9999


WEATHER ITEM   OBSERVED TIME   NORMAL DEPARTURE LAST
                VALUE   (LST)  VALUE  FROM      YEAR
                                      NORMAL
......................................................
TEMPERATURE (F)
 YESTERDAY
  MAXIMUM         45    336 PM  38      7       33
  MINIMUM         33   1000 PM  18     15        7
  AVERAGE         39            28     11       20

PRECIPITATION (IN)
  YESTERDAY        0.05          0.04   0.01     0.00
  MONTH TO DATE    0.28          0.53  -0.25     0.14
  SINCE OCT 1      1.56          1.90  -0.34     0.18
  SINCE JAN 1      4.96          8.63  -3.67     5.28

DEGREE DAYS
 HEATING
  YESTERDAY       26            37    -11       45
  MONTH TO DATE  505           687   -182      818
  SINCE DEC 1    505           687   -182      818
  SINCE JUL 1   1743          2300   -557     2336

 COOLING
  YESTERDAY        0             0      0        0
  MONTH TO DATE    0             0      0        0
  SINCE DEC 1      0             0      0        0
  SINCE JAN 1    690           507    183      878
......................................................


WIND (MPH)
  RESULTANT WIND SPEED   9   RESULTANT WIND DIRECTION   S (170)
  HIGHEST WIND SPEED    21   HIGHEST WIND DIRECTION    SW (210)
  HIGHEST GUST SPEED    27   HIGHEST GUST DIRECTION    SW (220)
  AVERAGE WIND SPEED    10.2


SKY COVER
  AVERAGE SKY COVER 0.0


WEATHER CONDITIONS
 THE FOLLOWING WEATHER WAS RECORDED YESTERDAY.
  NO SIGNIFICANT WEATHER WAS OBSERVED.


RELATIVE HUMIDITY (PERCENT)
 HIGHEST    89          1000 PM
 LOWEST     64           200 AM
 AVERAGE    77

..........................................................


THE ROME OR CLIMATE NORMALS FOR TODAY
                         NORMAL    RECORD    YEAR
 MAXIMUM TEMPERATURE (F)   38        MM        MM
 MINIMUM TEMPERATURE (F)   18        MM        MM


SUNRISE AND SUNSET
DECEMBER 20 2014......SUNRISE   718 AM PST   SUNSET   421 PM PST
DECEMBER 21 2014......SUNRISE   718 AM PST   SUNSET   421 PM PST


-  INDICATES NEGATIVE NUMBERS.
R  INDICATES RECORD WAS SET OR TIED.
MM INDICATES DATA IS MISSING.
T  INDICATES TRACE AMOUNT.




$$
