000
CDUS46 KBOI 270931
CLIREO


CLIMATE REPORT
NATIONAL WEATHER SERVICE BOISE ID
331 AM MDT WED MAY 27 2015


...................................

...THE ROME OR CLIMATE SUMMARY FOR MAY 26 2015...

CLIMATE NORMAL PERIOD 1981 TO 2010
CLIMATE RECORD PERIOD 9999 TO 9999


WEATHER ITEM   OBSERVED TIME   NORMAL DEPARTURE LAST
                VALUE   (LST)  VALUE  FROM      YEAR
                                      NORMAL
......................................................
TEMPERATURE (F)
 YESTERDAY
  MAXIMUM         76    249 PM  73      3       86
  MINIMUM         46    257 AM  40      6       50
  AVERAGE         61            56      5       68

PRECIPITATION (IN)
  YESTERDAY        0.00          0.05  -0.05     0.00
  MONTH TO DATE    3.48          1.19   2.29     0.11
  SINCE OCT 1      7.10          6.75   0.35     1.91
  SINCE JAN 1      5.10          4.56   0.54     1.72

DEGREE DAYS
 HEATING
  YESTERDAY        4             9     -5        0
  MONTH TO DATE  223           319    -96      210
  SINCE MAR 1   1333          1679   -346     1387
  SINCE JUL 1   5140          6413  -1273     5809

 COOLING
  YESTERDAY        0             0      0        3
  MONTH TO DATE    0             0      0        9
  SINCE MAR 1      0             0      0        9
  SINCE JAN 1      0             0      0        9
......................................................


WIND (MPH)
  RESULTANT WIND SPEED   4   RESULTANT WIND DIRECTION   S (180)
  HIGHEST WIND SPEED    21   HIGHEST WIND DIRECTION     W (250)
  HIGHEST GUST SPEED    26   HIGHEST GUST DIRECTION     W (270)
  AVERAGE WIND SPEED     6.1


SKY COVER
  AVERAGE SKY COVER 0.0


WEATHER CONDITIONS
 THE FOLLOWING WEATHER WAS RECORDED YESTERDAY.
  NO SIGNIFICANT WEATHER WAS OBSERVED.


RELATIVE HUMIDITY (PERCENT)
 HIGHEST    86           400 AM
 LOWEST     21           200 PM
 AVERAGE    54

..........................................................


THE ROME OR CLIMATE NORMALS FOR TODAY
                         NORMAL    RECORD    YEAR
 MAXIMUM TEMPERATURE (F)   73        MM        MM
 MINIMUM TEMPERATURE (F)   40        MM        MM


SUNRISE AND SUNSET
MAY 27 2015...........SUNRISE   519 AM PDT   SUNSET   818 PM PDT
MAY 28 2015...........SUNRISE   519 AM PDT   SUNSET   819 PM PDT


-  INDICATES NEGATIVE NUMBERS.
R  INDICATES RECORD WAS SET OR TIED.
MM INDICATES DATA IS MISSING.
T  INDICATES TRACE AMOUNT.




$$
