000
CDUS46 KBOI 300932
CLIREO


CLIMATE REPORT
NATIONAL WEATHER SERVICE BOISE ID
331 AM MDT WED JUL 30 2014


...................................

...THE ROME OR CLIMATE SUMMARY FOR JULY 29 2014...

CLIMATE NORMAL PERIOD 1981 TO 2010
CLIMATE RECORD PERIOD 9999 TO 9999


WEATHER ITEM   OBSERVED TIME   NORMAL DEPARTURE LAST
                VALUE   (LST)  VALUE  FROM      YEAR
                                      NORMAL
......................................................
TEMPERATURE (F)
 YESTERDAY
  MAXIMUM         95    152 PM  93      2       94
  MINIMUM         63    525 AM  53     10       45
  AVERAGE         79            72      7       70

PRECIPITATION (IN)
  YESTERDAY        0.00          0.01  -0.01     0.00
  MONTH TO DATE    0.03          0.34  -0.31     0.45
  SINCE OCT 1      2.38          8.15  -5.77     4.53
  SINCE JAN 1      2.19          5.96  -3.77     3.07

DEGREE DAYS
 HEATING
  YESTERDAY        0             0      0        0
  MONTH TO DATE    0            11    -11        0
  SINCE JUN 1     59           136    -77       94
  SINCE JUL 1      0            11    -11        0

 COOLING
  YESTERDAY       14             8      6        5
  MONTH TO DATE  335           203    132      358
  SINCE JUN 1    384           265    119      494
  SINCE JAN 1    395           275    120      516
......................................................


WIND (MPH)
  RESULTANT WIND SPEED   3   RESULTANT WIND DIRECTION   E (90)
  HIGHEST WIND SPEED    30   HIGHEST WIND DIRECTION    NE (60)
  HIGHEST GUST SPEED    37   HIGHEST GUST DIRECTION     E (100)
  AVERAGE WIND SPEED     8.3


SKY COVER
  AVERAGE SKY COVER 0.0


WEATHER CONDITIONS
 THE FOLLOWING WEATHER WAS RECORDED YESTERDAY.
  NO SIGNIFICANT WEATHER WAS OBSERVED.


RELATIVE HUMIDITY (PERCENT)
 HIGHEST    47          1100 PM
 LOWEST     12           200 PM
 AVERAGE    30

..........................................................


THE ROME OR CLIMATE NORMALS FOR TODAY
                         NORMAL    RECORD    YEAR
 MAXIMUM TEMPERATURE (F)   92        MM        MM
 MINIMUM TEMPERATURE (F)   52        MM        MM


SUNRISE AND SUNSET
JULY 30 2014..........SUNRISE   541 AM PDT   SUNSET   814 PM PDT
JULY 31 2014..........SUNRISE   542 AM PDT   SUNSET   813 PM PDT


-  INDICATES NEGATIVE NUMBERS.
R  INDICATES RECORD WAS SET OR TIED.
MM INDICATES DATA IS MISSING.
T  INDICATES TRACE AMOUNT.




$$
