000
CDUS43 KLOT 052133
CLIRFD


CLIMATE REPORT
NATIONAL WEATHER SERVICE CHICAGO IL
433 PM CDT THU MAY 5 2016


...................................

...THE ROCKFORD IL CLIMATE SUMMARY FOR MAY 5 2016...
VALID TODAY AS OF 0400 PM LOCAL TIME.

CLIMATE NORMAL PERIOD 1981 TO 2010
CLIMATE RECORD PERIOD 1905 TO 2016


WEATHER ITEM   OBSERVED TIME   RECORD YEAR NORMAL DEPARTURE LAST
                VALUE   (LST)  VALUE       VALUE  FROM      YEAR
                                                  NORMAL
..................................................................
TEMPERATURE (F)
 TODAY
  MAXIMUM         67    238 PM  93    1949  68     -1       58
  MINIMUM         39    510 AM  29    1944  45     -6       51
  AVERAGE         53                        57     -4       55

PRECIPITATION (IN)
  TODAY            0.00          1.53 1965   0.11  -0.11     0.84
  MONTH TO DATE    0.48                      0.56  -0.08     1.83
  SINCE MAR 1      7.39                      6.23   1.16     6.25
  SINCE JAN 1      8.92                      9.01  -0.09     8.17

SNOWFALL (IN)
  TODAY            0.0           T    2014   0.0    0.0      0.0
                                      1932
  MONTH TO DATE    0.0                       0.0    0.0      0.0
  SINCE MAR 1      2.8                       5.7   -2.9      7.6
  SINCE JUL 1     24.0                      36.7  -12.7     35.5

DEGREE DAYS
 HEATING
  TODAY           12                         9      3       10
  MONTH TO DATE   67                        48     19       24
  SINCE MAR 1   1217                      1386   -169     1374
  SINCE JUL 1   5403                      6388   -985     6820

 COOLING
  TODAY            0                         1     -1        0
  MONTH TO DATE    0                         3     -3        1
  SINCE MAR 1      7                        11     -4        1
  SINCE JAN 1      7                        11     -4        1
..................................................................


WIND (MPH)
  HIGHEST WIND SPEED    16   HIGHEST WIND DIRECTION     N (20)
  HIGHEST GUST SPEED    21   HIGHEST GUST DIRECTION     N (10)
  AVERAGE WIND SPEED    10.1


SKY COVER
  POSSIBLE SUNSHINE  MM
  AVERAGE SKY COVER 0.0


WEATHER CONDITIONS
 THE FOLLOWING WEATHER WAS RECORDED TODAY.
  NO SIGNIFICANT WEATHER WAS OBSERVED.


RELATIVE HUMIDITY (PERCENT)
 HIGHEST    85          1200 AM
 LOWEST     32           300 PM
 AVERAGE    59

..........................................................


THE ROCKFORD IL CLIMATE NORMALS FOR TOMORROW
                         NORMAL    RECORD    YEAR
 MAXIMUM TEMPERATURE (F)   69        95      1934
 MINIMUM TEMPERATURE (F)   45        29      1989
                                             1967


SUNRISE AND SUNSET
MAY  5 2016...........SUNRISE   546 AM CDT   SUNSET   801 PM CDT
MAY  6 2016...........SUNRISE   545 AM CDT   SUNSET   802 PM CDT


-  INDICATES NEGATIVE NUMBERS.
R  INDICATES RECORD WAS SET OR TIED.
MM INDICATES DATA IS MISSING.
T  INDICATES TRACE AMOUNT.




$$
