967
CDUS43 KGRB 260702
CLIRHI


CLIMATE REPORT
NATIONAL WEATHER SERVICE GREEN BAY
201 AM CDT SUN MAR 26 2017


...................................

...THE RHINELANDER WI CLIMATE SUMMARY FOR MARCH 25 2017...

CLIMATE NORMAL PERIOD 1981 TO 2010
CLIMATE RECORD PERIOD 1908 TO 2017


WEATHER ITEM   OBSERVED TIME   RECORD YEAR NORMAL DEPARTURE LAST
                VALUE   (LST)  VALUE       VALUE  FROM      YEAR
                                                  NORMAL
..................................................................
TEMPERATURE (F)
 YESTERDAY
  MAXIMUM         41    400 PM  66    1925  41      0       45
  MINIMUM         33   1122 PM -15    1974  21     12       12
  AVERAGE         37                        31      6       29

PRECIPITATION (IN)
  YESTERDAY        0.04          0.87 1996   0.05  -0.01     0.00
  MONTH TO DATE    0.94                      1.21  -0.27     2.99
  SINCE MAR 1      0.94                      1.21  -0.27     2.99
  SINCE JAN 1      4.30                      3.25   1.05     4.72

SNOWFALL (IN)
  YESTERDAY        0.0           8.5  1996  MM     MM        0.0
  MONTH TO DATE    3.8                      MM     MM        7.9
  SINCE MAR 1      3.8                      MM     MM        7.9
  SINCE JUL 1     55.3                      MM     MM       42.4
  SNOW DEPTH       0

DEGREE DAYS
 HEATING
  YESTERDAY       28                        34     -6       36
  MONTH TO DATE  993                       980     13      789
  SINCE MAR 1    993                       980     13      789
  SINCE JUL 1   6504                      7602  -1098     6472

 COOLING
  YESTERDAY        0                         0      0        0
  MONTH TO DATE    0                         0      0        0
  SINCE MAR 1      0                         0      0        0
  SINCE JAN 1      0                         0      0        0
..................................................................


WIND (MPH)
  HIGHEST WIND SPEED    20   HIGHEST WIND DIRECTION     E (80)
  HIGHEST GUST SPEED    26   HIGHEST GUST DIRECTION     E (80)
  AVERAGE WIND SPEED    13.8


SKY COVER
  POSSIBLE SUNSHINE  MM
  AVERAGE SKY COVER 1.0


WEATHER CONDITIONS
 THE FOLLOWING WEATHER WAS RECORDED YESTERDAY.
  LIGHT RAIN
  FOG


RELATIVE HUMIDITY (PERCENT)
 HIGHEST    96           400 AM
 LOWEST     65           400 PM
 AVERAGE    81

..........................................................


THE RHINELANDER WI CLIMATE NORMALS FOR TODAY
                         NORMAL    RECORD    YEAR
 MAXIMUM TEMPERATURE (F)   42        73      2007
 MINIMUM TEMPERATURE (F)   21       -16      1965


SUNRISE AND SUNSET
MARCH 26 2017.........SUNRISE   649 AM CDT   SUNSET   719 PM CDT
MARCH 27 2017.........SUNRISE   647 AM CDT   SUNSET   720 PM CDT


-  INDICATES NEGATIVE NUMBERS.
R  INDICATES RECORD WAS SET OR TIED.
MM INDICATES DATA IS MISSING.
T  INDICATES TRACE AMOUNT.




$$
