000
CDUS43 KGRB 160659
CLIRHI

CLIMATE REPORT
NATIONAL WEATHER SERVICE GREEN BAY
1256 AM CST MON JAN 16 2017

...................................

...THE RHINELANDER WI CLIMATE SUMMARY FOR JANUARY 15 2017...

CLIMATE NORMAL PERIOD 1981 TO 2010
CLIMATE RECORD PERIOD 1908 TO 2017

WEATHER ITEM   OBSERVED TIME   RECORD YEAR NORMAL DEPARTURE LAST
                VALUE   (LST)  VALUE       VALUE  FROM      YEAR
                                                  NORMAL
..................................................................
TEMPERATURE (F)
 YESTERDAY
  MAXIMUM         30    310 PM  40    1990  21      9       25
  MINIMUM        -10    741 AM -39    1972   3    -13       20
  AVERAGE         10                        12     -2       23

PRECIPITATION (IN)
  YESTERDAY        0.00          0.33 1950   0.03  -0.03     0.02
                                      1928
  MONTH TO DATE    1.11                      0.55   0.56     0.48
  SINCE DEC 1      3.18                      1.99   1.19     4.44
  SINCE JAN 1      1.11                      0.55   0.56     0.48

SNOWFALL (IN)
  YESTERDAY        0.0           4.0  1950  MM     MM        0.1
                                      1935
                                      1915
  MONTH TO DATE   12.3                      MM     MM        4.3
  SINCE DEC 1     31.9                      MM     MM       16.9
  SINCE JUL 1     38.5                      MM     MM       21.0
  SNOW DEPTH      18

DEGREE DAYS
 HEATING
  YESTERDAY       55                        53      2       42
  MONTH TO DATE  871                       790     81      746
  SINCE DEC 1   2321                      2282     39     1855
  SINCE JUL 1   3803                      4416   -613     3572

COOLING
  YESTERDAY        0                         0      0        0
  MONTH TO DATE    0                         0      0        0
  SINCE DEC 1      0                         0      0        0
  SINCE JAN 1      0                         0      0        0
..................................................................

WIND (MPH)
  HIGHEST WIND SPEED    12   HIGHEST WIND DIRECTION    SW (230)
  HIGHEST GUST SPEED    16   HIGHEST GUST DIRECTION    SW (230)
  AVERAGE WIND SPEED     5.0

SKY COVER
  POSSIBLE SUNSHINE  MM
  AVERAGE SKY COVER 0.0

WEATHER CONDITIONS
 THE FOLLOWING WEATHER WAS RECORDED YESTERDAY.
  FOG
  HAZE

RELATIVE HUMIDITY (PERCENT)
 HIGHEST    95           900 AM
 LOWEST     50           200 PM
 AVERAGE    73
..........................................................

THE RHINELANDER WI CLIMATE NORMALS FOR TODAY
                         NORMAL    RECORD    YEAR
 MAXIMUM TEMPERATURE (F)   21        46      1973
 MINIMUM TEMPERATURE (F)    3       -40      1982

SUNRISE AND SUNSET
JANUARY 16 2017.......SUNRISE   734 AM CST   SUNSET   442 PM CST
JANUARY 17 2017.......SUNRISE   733 AM CST   SUNSET   443 PM CST

-  INDICATES NEGATIVE NUMBERS.
R  INDICATES RECORD WAS SET OR TIED.
MM INDICATES DATA IS MISSING.
T  INDICATES TRACE AMOUNT.

$$
