000
CDUS43 KGRB 240722
CLIRHI


CLIMATE REPORT
NATIONAL WEATHER SERVICE GREEN BAY
220 AM CDT WED MAY 24 2017


...................................

...THE RHINELANDER WI CLIMATE SUMMARY FOR MAY 23 2017...

CLIMATE NORMAL PERIOD 1981 TO 2010
CLIMATE RECORD PERIOD 1908 TO 2017


WEATHER ITEM   OBSERVED TIME   RECORD YEAR NORMAL DEPARTURE LAST
                VALUE   (LST)  VALUE       VALUE  FROM      YEAR
                                                  NORMAL
..................................................................
TEMPERATURE (F)
 YESTERDAY
  MAXIMUM         60    206 PM  88    1964  67     -7       84
                                      1921
  MINIMUM         40   1236 AM  25    1931  43     -3       56
  AVERAGE         50                        55     -5       70

PRECIPITATION (IN)
  YESTERDAY        0.16          1.26 2004   0.11   0.05     0.00
  MONTH TO DATE    5.38                      2.54   2.84     0.64
  SINCE MAR 1     13.52                      6.69   6.83     7.09
  SINCE JAN 1     16.88                      8.73   8.15     8.82

SNOWFALL (IN)
  YESTERDAY        0.0           0.0    MM  MM     MM        0.0
  MONTH TO DATE    0.0                      MM     MM         T
  SINCE MAR 1     14.3                      MM     MM       21.2
  SINCE JUL 1     65.8                      MM     MM       55.7
  SNOW DEPTH       0

DEGREE DAYS
 HEATING
  YESTERDAY       15                        11      4        0
  MONTH TO DATE  337                       313     24      333
  SINCE MAR 1   2105                      2191    -86     2008
  SINCE JUL 1   7616                      8813  -1197     7691

 COOLING
  YESTERDAY        0                         1     -1        5
  MONTH TO DATE    1                         1      0       10
  SINCE MAR 1      1                         2     -1       10
  SINCE JAN 1      1                         2     -1       10
..................................................................


WIND (MPH)
  HIGHEST WIND SPEED    13   HIGHEST WIND DIRECTION     E (70)
  HIGHEST GUST SPEED    19   HIGHEST GUST DIRECTION     E (70)
  AVERAGE WIND SPEED     4.6


SKY COVER
  POSSIBLE SUNSHINE  MM
  AVERAGE SKY COVER 0.9


WEATHER CONDITIONS
 THE FOLLOWING WEATHER WAS RECORDED YESTERDAY.
  RAIN
  LIGHT RAIN
  FOG


RELATIVE HUMIDITY (PERCENT)
 HIGHEST   100           700 AM
 LOWEST     53           200 PM
 AVERAGE    77

..........................................................


THE RHINELANDER WI CLIMATE NORMALS FOR TODAY
                         NORMAL    RECORD    YEAR
 MAXIMUM TEMPERATURE (F)   68        90      2010
 MINIMUM TEMPERATURE (F)   43        27      2013


SUNRISE AND SUNSET
MAY 24 2017...........SUNRISE   518 AM CDT   SUNSET   832 PM CDT
MAY 25 2017...........SUNRISE   517 AM CDT   SUNSET   833 PM CDT


-  INDICATES NEGATIVE NUMBERS.
R  INDICATES RECORD WAS SET OR TIED.
MM INDICATES DATA IS MISSING.
T  INDICATES TRACE AMOUNT.

$$
