000
CDUS43 KGRB 260817
CLIRHI

CLIMATE REPORT
NATIONAL WEATHER SERVICE GREEN BAY
215 AM CST WED NOV 26 2014

...................................

...THE RHINELANDER WI CLIMATE SUMMARY FOR NOVEMBER 25 2014...

CLIMATE NORMAL PERIOD 1981 TO 2010
CLIMATE RECORD PERIOD 1908 TO 2014

WEATHER ITEM   OBSERVED TIME   RECORD YEAR NORMAL DEPARTURE LAST
                VALUE   (LST)  VALUE       VALUE  FROM      YEAR
                                                  NORMAL
..................................................................
TEMPERATURE (F)
 YESTERDAY
  MAXIMUM         20    233 PM  55    1998  33    -13       32
  MINIMUM         -2   1017 PM  -9    1950  18    -20       21
  AVERAGE          9                        25    -16       27

PRECIPITATION (IN)
  YESTERDAY        0.05          0.50 1952   0.06  -0.01      T
  MONTH TO DATE    3.23                      1.55   1.68     2.04
  SINCE SEP 1     13.05                      8.79   4.26     8.31
  SINCE JAN 1     39.51                     29.67   9.84    35.15

SNOWFALL (IN)
  YESTERDAY        0.6           3.0  1942  MM     MM         T
                                      1919
  MONTH TO DATE   30.4                      MM     MM        6.9
  SINCE SEP 1     33.1                      MM     MM        9.1
  SINCE JUL 1     33.1                      MM     MM        9.1
  SNOW DEPTH      10

DEGREE DAYS
 HEATING
  YESTERDAY       56                        40     16       38
  MONTH TO DATE 1056                       835    221      884
  SINCE SEP 1   2055                      1801    254     1796
  SINCE JUL 1   2255                      1928    327     1986

COOLING
  YESTERDAY        0                         0      0        0
  MONTH TO DATE    0                         0      0        0
  SINCE SEP 1      1                        20    -19       17
  SINCE JAN 1    148                       261   -113      281
..................................................................

WIND (MPH)
  HIGHEST WIND SPEED    13   HIGHEST WIND DIRECTION     W (290)
  HIGHEST GUST SPEED    20   HIGHEST GUST DIRECTION    NW (320)
  AVERAGE WIND SPEED     5.9

SKY COVER
  POSSIBLE SUNSHINE  MM
  AVERAGE SKY COVER 0.7

WEATHER CONDITIONS
 THE FOLLOWING WEATHER WAS RECORDED YESTERDAY.
  LIGHT SNOW
  FOG
  HAZE

RELATIVE HUMIDITY (PERCENT)
 HIGHEST    91          1200 AM
 LOWEST     67           100 PM
 AVERAGE    79
..........................................................

THE RHINELANDER WI CLIMATE NORMALS FOR TODAY
                         NORMAL    RECORD    YEAR
 MAXIMUM TEMPERATURE (F)   32        61      1914
 MINIMUM TEMPERATURE (F)   17        -7      1977

SUNRISE AND SUNSET
NOVEMBER 26 2014......SUNRISE   712 AM CST   SUNSET   418 PM CST
NOVEMBER 27 2014......SUNRISE   713 AM CST   SUNSET   417 PM CST

-  INDICATES NEGATIVE NUMBERS.
R  INDICATES RECORD WAS SET OR TIED.
MM INDICATES DATA IS MISSING.
T  INDICATES TRACE AMOUNT.

$$
