000
CDUS43 KGRB 232236
CLIRHI


CLIMATE REPORT
NATIONAL WEATHER SERVICE GREEN BAY
436 PM CST FRI FEB 23 2018


...................................

...THE RHINELANDER WI CLIMATE SUMMARY FOR FEBRUARY 23 2018...
VALID TODAY AS OF 0400 PM LOCAL TIME.

CLIMATE NORMAL PERIOD 1981 TO 2010
CLIMATE RECORD PERIOD 1908 TO 2018


WEATHER ITEM   OBSERVED TIME   RECORD YEAR NORMAL DEPARTURE LAST
                VALUE   (LST)  VALUE       VALUE  FROM      YEAR
                                                  NORMAL
..................................................................
TEMPERATURE (F)
 TODAY
  MAXIMUM         32   1134 AM  58    1930  29      3       39
  MINIMUM         25    121 AM -27    1910   9     16       29
  AVERAGE         29                        19     10       34

PRECIPITATION (IN)
  TODAY           MM             0.88 1922   0.04  MM         T
  MONTH TO DATE    0.45                      0.73  -0.28     0.85
  SINCE DEC 1      3.37                      3.28   0.09     4.85
  SINCE JAN 1      1.64                      1.84  -0.20     2.78

SNOWFALL (IN)
  TODAY           MM             6.1  1991  MM     MM         T
  MONTH TO DATE    5.6                      MM     MM        1.5
  SINCE DEC 1     34.3                      MM     MM       38.2
  SINCE JUL 1     48.1                      MM     MM       44.8
  SNOW DEPTH      MM

DEGREE DAYS
 HEATING
  TODAY           36                        46    -10       31
  MONTH TO DATE 1245                      1135    110      906
  SINCE DEC 1   4420                      4262    158     3821
  SINCE JUL 1   6393                      6396     -3     5303

 COOLING
  TODAY            0                         0      0        0
  MONTH TO DATE    0                         0      0        0
  SINCE DEC 1      0                         0      0        0
  SINCE JAN 1      0                         0      0        0
..................................................................


WIND (MPH)
  HIGHEST WIND SPEED    22   HIGHEST WIND DIRECTION     W (270)
  HIGHEST GUST SPEED    28   HIGHEST GUST DIRECTION     W (280)
  AVERAGE WIND SPEED    11.7


SKY COVER
  POSSIBLE SUNSHINE  MM
  AVERAGE SKY COVER 1.0


WEATHER CONDITIONS
 THE FOLLOWING WEATHER WAS RECORDED TODAY.
  LT FREEZING RAIN
  SNOW
  LIGHT SNOW
  FOG


RELATIVE HUMIDITY (PERCENT)
 HIGHEST   100           500 AM
 LOWEST     85          1100 AM
 AVERAGE    93

..........................................................


THE RHINELANDER WI CLIMATE NORMALS FOR TOMORROW
                         NORMAL    RECORD    YEAR
 MAXIMUM TEMPERATURE (F)   29        59      1976
 MINIMUM TEMPERATURE (F)    9       -29      1964


SUNRISE AND SUNSET
FEBRUARY 23 2018......SUNRISE   647 AM CST   SUNSET   536 PM CST
FEBRUARY 24 2018......SUNRISE   645 AM CST   SUNSET   538 PM CST


-  INDICATES NEGATIVE NUMBERS.
R  INDICATES RECORD WAS SET OR TIED.
MM INDICATES DATA IS MISSING.
T  INDICATES TRACE AMOUNT.




$$
