900
CDUS43 KGRB 250709
CLIRHI


CLIMATE REPORT
NATIONAL WEATHER SERVICE GREEN BAY
107 AM CST SAT FEB 25 2017


...................................

...THE RHINELANDER WI CLIMATE SUMMARY FOR FEBRUARY 24 2017...

CLIMATE NORMAL PERIOD 1981 TO 2010
CLIMATE RECORD PERIOD 1908 TO 2017


WEATHER ITEM   OBSERVED TIME   RECORD YEAR NORMAL DEPARTURE LAST
                VALUE   (LST)  VALUE       VALUE  FROM      YEAR
                                                  NORMAL
..................................................................
TEMPERATURE (F)
 YESTERDAY
  MAXIMUM         29    231 AM  59    1976  29      0       34
  MINIMUM         17   1159 PM -29    1964   9      8       25
  AVERAGE         23                        19      4       30

PRECIPITATION (IN)
  YESTERDAY        0.54R         0.46 1992   0.04   0.50      T
  MONTH TO DATE    1.39                      0.77   0.62     0.71
  SINCE DEC 1      5.39                      3.32   2.07     5.43
  SINCE JAN 1      3.32                      1.88   1.44     1.47

SNOWFALL (IN)
  YESTERDAY        5.8 R         5.5  1992  MM     MM         T
  MONTH TO DATE    7.3                      MM     MM        9.5
  SINCE DEC 1     44.0                      MM     MM       29.5
  SINCE JUL 1     50.6                      MM     MM       33.6
  SNOW DEPTH       6

DEGREE DAYS
 HEATING
  YESTERDAY       42                        46     -4       35
  MONTH TO DATE  948                      1181   -233     1112
  SINCE DEC 1   3863                      4308   -445     3771
  SINCE JUL 1   5345                      6442  -1097     5488

 COOLING
  YESTERDAY        0                         0      0        0
  MONTH TO DATE    0                         0      0        0
  SINCE DEC 1      0                         0      0        0
  SINCE JAN 1      0                         0      0        0
..................................................................


WIND (MPH)
  HIGHEST WIND SPEED    16   HIGHEST WIND DIRECTION     N (20)
  HIGHEST GUST SPEED    26   HIGHEST GUST DIRECTION     N (10)
  AVERAGE WIND SPEED    10.2


SKY COVER
  POSSIBLE SUNSHINE  MM
  AVERAGE SKY COVER 1.0


WEATHER CONDITIONS
 THE FOLLOWING WEATHER WAS RECORDED YESTERDAY.
  LT FREEZING RAIN
  HEAVY SNOW
  SNOW
  LIGHT SNOW
  FOG
  FOG W/VISIBILITY <= 1/4 MILE


RELATIVE HUMIDITY (PERCENT)
 HIGHEST    92           400 AM
 LOWEST     71           300 PM
 AVERAGE    82

..........................................................


THE RHINELANDER WI CLIMATE NORMALS FOR TODAY
                         NORMAL    RECORD    YEAR
 MAXIMUM TEMPERATURE (F)   30        54      1936
 MINIMUM TEMPERATURE (F)   10       -35      1928


SUNRISE AND SUNSET
FEBRUARY 25 2017......SUNRISE   643 AM CST   SUNSET   539 PM CST
FEBRUARY 26 2017......SUNRISE   641 AM CST   SUNSET   541 PM CST


-  INDICATES NEGATIVE NUMBERS.
R  INDICATES RECORD WAS SET OR TIED.
MM INDICATES DATA IS MISSING.
T  INDICATES TRACE AMOUNT.




$$
