068
CDUS43 KGRB 080754
CLIRHI


CLIMATE REPORT
NATIONAL WEATHER SERVICE GREEN BAY
153 AM CST THU DEC 8 2016


...................................

...THE RHINELANDER WI CLIMATE SUMMARY FOR DECEMBER 7 2016...

CLIMATE NORMAL PERIOD 1981 TO 2010
CLIMATE RECORD PERIOD 1908 TO 2016


WEATHER ITEM   OBSERVED TIME   RECORD YEAR NORMAL DEPARTURE LAST
                VALUE   (LST)  VALUE       VALUE  FROM      YEAR
                                                  NORMAL
..................................................................
TEMPERATURE (F)
 YESTERDAY
  MAXIMUM         20    430 PM  49    1939  28     -8       35
  MINIMUM         14   1159 PM -23    1936  12      2       26
  AVERAGE         17                        20     -3       31

PRECIPITATION (IN)
  YESTERDAY        0.01          0.65 1950   0.05  -0.04      T
  MONTH TO DATE    0.25                      0.37  -0.12     0.39
  SINCE DEC 1      0.25                      0.37  -0.12     0.39
  SINCE JAN 1     41.13                     30.33  10.80    27.81

SNOWFALL (IN)
  YESTERDAY        0.4           8.0  1950  MM     MM        0.0
  MONTH TO DATE    3.1                      MM     MM        3.3
  SINCE DEC 1      3.1                      MM     MM        3.3
  SINCE JUL 1      9.7                      MM     MM        7.4
  SNOW DEPTH       2

DEGREE DAYS
 HEATING
  YESTERDAY       48                        45      3       34
  MONTH TO DATE  257                       309    -52      227
  SINCE DEC 1    257                       309    -52      227
  SINCE JUL 1   1739                      2443   -704     1944

 COOLING
  YESTERDAY        0                         0      0        0
  MONTH TO DATE    0                         0      0        0
  SINCE DEC 1      0                         0      0        0
  SINCE JAN 1    321                       261     60      233
..................................................................


WIND (MPH)
  HIGHEST WIND SPEED    25   HIGHEST WIND DIRECTION     W (250)
  HIGHEST GUST SPEED    36   HIGHEST GUST DIRECTION    SW (230)
  AVERAGE WIND SPEED    17.2


SKY COVER
  POSSIBLE SUNSHINE  MM
  AVERAGE SKY COVER 1.0


WEATHER CONDITIONS
 THE FOLLOWING WEATHER WAS RECORDED YESTERDAY.
  LIGHT SNOW
  FOG


RELATIVE HUMIDITY (PERCENT)
 HIGHEST    80           300 AM
 LOWEST     73           200 AM
 AVERAGE    77

..........................................................


THE RHINELANDER WI CLIMATE NORMALS FOR TODAY
                         NORMAL    RECORD    YEAR
 MAXIMUM TEMPERATURE (F)   27        61      1939
 MINIMUM TEMPERATURE (F)   11       -24      1972


SUNRISE AND SUNSET
DECEMBER  8 2016......SUNRISE   726 AM CST   SUNSET   414 PM CST
DECEMBER  9 2016......SUNRISE   727 AM CST   SUNSET   414 PM CST


-  INDICATES NEGATIVE NUMBERS.
R  INDICATES RECORD WAS SET OR TIED.
MM INDICATES DATA IS MISSING.
T  INDICATES TRACE AMOUNT.

$$
