000
CDUS43 KGRB 200716
CLIRHI


CLIMATE REPORT
NATIONAL WEATHER SERVICE GREEN BAY
216 AM CDT SUN AUG 20 2017


...................................

...THE RHINELANDER WI CLIMATE SUMMARY FOR AUGUST 19 2017...

CLIMATE NORMAL PERIOD 1981 TO 2010
CLIMATE RECORD PERIOD 1908 TO 2017


WEATHER ITEM   OBSERVED TIME   RECORD YEAR NORMAL DEPARTURE LAST
                VALUE   (LST)  VALUE       VALUE  FROM      YEAR
                                                  NORMAL
..................................................................
TEMPERATURE (F)
 YESTERDAY
  MAXIMUM         79    328 PM  93    1916  77      2       74
  MINIMUM         55    100 AM  36    2004  53      2       62
  AVERAGE         67                        65      2       68

PRECIPITATION (IN)
  YESTERDAY        T             1.14 1938   0.10  -0.10     0.10
  MONTH TO DATE    3.02                      2.01   1.01     3.86
  SINCE JUN 1     11.91                      9.92   1.99    14.70
  SINCE JAN 1     29.63                     19.60  10.03    25.78

SNOWFALL (IN)
  YESTERDAY        0.0           0.0    MM  MM     MM        0.0
  MONTH TO DATE    0.0                      MM     MM        0.0
  SINCE JUN 1      0.0                      MM     MM        0.0
  SINCE JUL 1      0.0                      MM     MM        0.0
  SNOW DEPTH       0

DEGREE DAYS
 HEATING
  YESTERDAY        0                         2     -2        0
  MONTH TO DATE   62                        36     26        0
  SINCE JUN 1    196                       221    -25      125
  SINCE JUL 1     98                        87     11       33

 COOLING
  YESTERDAY        2                         2      0        3
  MONTH TO DATE   11                        54    -43       89
  SINCE JUN 1    153                       212    -59      271
  SINCE JAN 1    155                       224    -69      286
..................................................................


WIND (MPH)
  HIGHEST WIND SPEED    16   HIGHEST WIND DIRECTION     W (270)
  HIGHEST GUST SPEED    22   HIGHEST GUST DIRECTION     W (280)
  AVERAGE WIND SPEED     6.9


SKY COVER
  POSSIBLE SUNSHINE  MM
  AVERAGE SKY COVER 0.2


WEATHER CONDITIONS
 THE FOLLOWING WEATHER WAS RECORDED YESTERDAY.
  FOG


RELATIVE HUMIDITY (PERCENT)
 HIGHEST   100          1200 AM
 LOWEST     45           200 PM
 AVERAGE    73

..........................................................


THE RHINELANDER WI CLIMATE NORMALS FOR TODAY
                         NORMAL    RECORD    YEAR
 MAXIMUM TEMPERATURE (F)   77        94      1916
 MINIMUM TEMPERATURE (F)   53        34      1908


SUNRISE AND SUNSET
AUGUST 20 2017........SUNRISE   605 AM CDT   SUNSET   757 PM CDT
AUGUST 21 2017........SUNRISE   606 AM CDT   SUNSET   755 PM CDT


-  INDICATES NEGATIVE NUMBERS.
R  INDICATES RECORD WAS SET OR TIED.
MM INDICATES DATA IS MISSING.
T  INDICATES TRACE AMOUNT.




$$
