000
CDUS43 KGRB 092203
CLIRHI


CLIMATE REPORT
NATIONAL WEATHER SERVICE GREEN BAY
502 PM CDT WED JUL 9 2014


...................................

...THE RHINELANDER WI CLIMATE SUMMARY FOR JULY 9 2014...
VALID TODAY AS OF 0500 PM LOCAL TIME.

CLIMATE NORMAL PERIOD 1981 TO 2010
CLIMATE RECORD PERIOD 1908 TO 2014


WEATHER ITEM   OBSERVED TIME   RECORD YEAR NORMAL DEPARTURE LAST
                VALUE   (LST)  VALUE       VALUE  FROM      YEAR
                                                  NORMAL
..................................................................
TEMPERATURE (F)
 TODAY
  MAXIMUM         64        MM  98    1936  79    -15       76
  MINIMUM         48        MM  43    2009  55     -7       65
                                      1997
                                      1963
  AVERAGE         56                        67    -11       71

PRECIPITATION (IN)
  TODAY            0.01          0.91 1927   0.13  -0.12     0.39
  MONTH TO DATE    2.01                      1.22   0.79     1.59
  SINCE JUN 1      8.74                      5.11   3.63     6.89
  SINCE JAN 1     19.85                     14.79   5.06    20.22

SNOWFALL (IN)
  TODAY           MM             0.0    MM  MM     MM        0.0
  MONTH TO DATE    0.0                      MM     MM        0.0
  SINCE JUN 1      0.0                      MM     MM        0.0
  SINCE JUL 1      0.0                      MM     MM        0.0
  SNOW DEPTH       0

DEGREE DAYS
 HEATING
  TODAY            9                         2      7        0
  MONTH TO DATE   42                        18     24        7
  SINCE JUN 1    135                       152    -17      181
  SINCE JUL 1     42                        18     24        7

 COOLING
  TODAY            0                         3     -3        6
  MONTH TO DATE   12                        27    -15       50
  SINCE JUN 1     74                        80     -6       90
  SINCE JAN 1     81                        92    -11      104
..................................................................


WIND (MPH)
  HIGHEST WIND SPEED    12   HIGHEST WIND DIRECTION    NW (300)
  HIGHEST GUST SPEED    22   HIGHEST GUST DIRECTION    NW (310)
  AVERAGE WIND SPEED     6.3


SKY COVER
  POSSIBLE SUNSHINE  MM
  AVERAGE SKY COVER 0.7


WEATHER CONDITIONS
 THE FOLLOWING WEATHER WAS RECORDED TODAY.
  FOG


RELATIVE HUMIDITY (PERCENT)
 HIGHEST   100          1200 AM
 LOWEST     48           200 PM
 AVERAGE    74

..........................................................


THE RHINELANDER WI CLIMATE NORMALS FOR TOMORROW
                         NORMAL    RECORD    YEAR
 MAXIMUM TEMPERATURE (F)   79        95      1936
 MINIMUM TEMPERATURE (F)   55        39      1968


SUNRISE AND SUNSET
JULY  9 2014..........SUNRISE   518 AM CDT   SUNSET   848 PM CDT
JULY 10 2014..........SUNRISE   519 AM CDT   SUNSET   847 PM CDT


-  INDICATES NEGATIVE NUMBERS.
R  INDICATES RECORD WAS SET OR TIED.
MM INDICATES DATA IS MISSING.
T  INDICATES TRACE AMOUNT.




$$
