000
CDUS43 KGRB 282224
CLIRHI


CLIMATE REPORT
NATIONAL WEATHER SERVICE GREEN BAY
423 PM CST SAT FEB 28 2015


...................................

...THE RHINELANDER WI CLIMATE SUMMARY FOR FEBRUARY 28 2015...
VALID TODAY AS OF 0400 PM LOCAL TIME.

CLIMATE NORMAL PERIOD 1981 TO 2010
CLIMATE RECORD PERIOD 1908 TO 2015


WEATHER ITEM   OBSERVED TIME   RECORD YEAR NORMAL DEPARTURE LAST
                VALUE   (LST)  VALUE       VALUE  FROM      YEAR
                                                  NORMAL
..................................................................
TEMPERATURE (F)
 TODAY
  MAXIMUM         18    350 PM  48    1985  31    -13        6
  MINIMUM        -15    541 AM -25    2014  11    -26      -25
  AVERAGE          2                        21    -19       -9

PRECIPITATION (IN)
  TODAY            0.00          0.99 1939   0.04  -0.04     0.06
  MONTH TO DATE    0.21                      0.93  -0.72     1.23
  SINCE DEC 1      2.91                      3.48  -0.57     4.27
  SINCE JAN 1      0.89                      2.04  -1.15     2.61

SNOWFALL (IN)
  TODAY            0.0          10.0  1939  MM     MM        0.6
  MONTH TO DATE    5.4                      MM     MM       17.7
  SINCE DEC 1     33.8                      MM     MM       62.7
  SINCE JUL 1     68.9                      MM     MM       72.5
  SNOW DEPTH      17

DEGREE DAYS
 HEATING
  TODAY           63                        44     19       74
  MONTH TO DATE 1729                      1360    369     1691
  SINCE DEC 1   4820                      4488    332     5402
  SINCE JUL 1   7341                      6622    719     7629

 COOLING
  TODAY            0                         0      0        0
  MONTH TO DATE    0                         0      0        0
  SINCE DEC 1      0                         0      0        0
  SINCE JAN 1      0                         0      0        0
..................................................................


WIND (MPH)
  HIGHEST WIND SPEED    16   HIGHEST WIND DIRECTION     S (180)
  HIGHEST GUST SPEED    20   HIGHEST GUST DIRECTION     S (170)
  AVERAGE WIND SPEED     6.6


SKY COVER
  POSSIBLE SUNSHINE  MM
  AVERAGE SKY COVER 0.0


WEATHER CONDITIONS
 THE FOLLOWING WEATHER WAS RECORDED TODAY.
  NO SIGNIFICANT WEATHER WAS OBSERVED.


RELATIVE HUMIDITY (PERCENT)
 HIGHEST    83           400 AM
 LOWEST     43           200 PM
 AVERAGE    63

..........................................................


THE RHINELANDER WI CLIMATE NORMALS FOR TOMORROW
                         NORMAL    RECORD    YEAR
 MAXIMUM TEMPERATURE (F)   31        54      1993
 MINIMUM TEMPERATURE (F)   11       -36      1962


SUNRISE AND SUNSET
FEBRUARY 28 2015......SUNRISE   638 AM CST   SUNSET   543 PM CST
MARCH  1 2015.........SUNRISE   637 AM CST   SUNSET   544 PM CST


-  INDICATES NEGATIVE NUMBERS.
R  INDICATES RECORD WAS SET OR TIED.
MM INDICATES DATA IS MISSING.
T  INDICATES TRACE AMOUNT.




$$
