000
CDUS41 KAKQ 240545
CLIRIC


CLIMATE REPORT
NATIONAL WEATHER SERVICE WAKEFIELD, VA
145 AM EDT MON APR 24 2017


...................................

...THE RICHMOND VA CLIMATE SUMMARY FOR APRIL 23 2017...

CLIMATE NORMAL PERIOD 1981 TO 2010
CLIMATE RECORD PERIOD 1871 TO 2017


WEATHER ITEM   OBSERVED TIME   RECORD YEAR NORMAL DEPARTURE LAST
                VALUE   (LST)  VALUE       VALUE  FROM      YEAR
                                                  NORMAL
..................................................................
TEMPERATURE (F)
 YESTERDAY
  MAXIMUM         58    157 PM  95    1985  73    -15       73
  MINIMUM         51    846 AM  31    1940  48      3       53
  AVERAGE         55                        60     -5       63

PRECIPITATION (IN)
  YESTERDAY        0.15          1.80 1892   0.11   0.04     0.00
  MONTH TO DATE    1.46                      2.52  -1.06     1.59
  SINCE MAR 1      5.14                      6.56  -1.42     2.61
  SINCE JAN 1     10.14                     12.36  -2.22    10.26

SNOWFALL (IN)
  YESTERDAY        0.0           0.0  2002   0.0    0.0
  MONTH TO DATE    0.0                       0.1   -0.1
  SINCE NOV 1      7.1                      10.3   -3.2
  SINCE JUL 1      7.1                      10.3   -3.2
  SNOW DEPTH       0

DEGREE DAYS
 HEATING
  YESTERDAY       10                         6      4        2
  MONTH TO DATE   98                       203   -105      234
  SINCE MAR 1    591                       719   -128      592
  SINCE JUL 1   3073                      3655   -582     3180

 COOLING
  YESTERDAY        0                         2     -2        0
  MONTH TO DATE   48                        24     24       14
  SINCE MAR 1     56                        30     26       20
  SINCE JAN 1     56                        30     26       20
..................................................................


WIND (MPH)
  HIGHEST WIND SPEED    14   HIGHEST WIND DIRECTION     N (20)
  HIGHEST GUST SPEED    18   HIGHEST GUST DIRECTION    NE (30)
  AVERAGE WIND SPEED     7.4


SKY COVER
  POSSIBLE SUNSHINE  MM
  AVERAGE SKY COVER 1.0


WEATHER CONDITIONS
 THE FOLLOWING WEATHER WAS RECORDED YESTERDAY.
  RAIN
  LIGHT RAIN
  FOG


RELATIVE HUMIDITY (PERCENT)
 HIGHEST   100          1200 AM
 LOWEST     67           100 PM
 AVERAGE    84

..........................................................


THE RICHMOND VA CLIMATE NORMALS FOR TODAY
                         NORMAL    RECORD    YEAR
 MAXIMUM TEMPERATURE (F)   73        94      1925
 MINIMUM TEMPERATURE (F)   49        30      1930


SUNRISE AND SUNSET
APRIL 24 2017.........SUNRISE   622 AM EDT   SUNSET   753 PM EDT
APRIL 25 2017.........SUNRISE   621 AM EDT   SUNSET   754 PM EDT


-  INDICATES NEGATIVE NUMBERS.
R  INDICATES RECORD WAS SET OR TIED.
MM INDICATES DATA IS MISSING.
T  INDICATES TRACE AMOUNT.




$$
