000
CDUS41 KAKQ 010845
CLIRIC


CLIMATE REPORT
NATIONAL WEATHER SERVICE WAKEFIELD, VA
445 AM EDT FRI AUG 1 2014


...................................

...THE RICHMOND VA CLIMATE SUMMARY FOR JULY 31 2014...

CLIMATE NORMAL PERIOD 1981 TO 2010
CLIMATE RECORD PERIOD 1871 TO 2014


WEATHER ITEM   OBSERVED TIME   RECORD YEAR NORMAL DEPARTURE LAST
                VALUE   (LST)  VALUE       VALUE  FROM      YEAR
                                                  NORMAL
..................................................................
TEMPERATURE (F)
 YESTERDAY
  MAXIMUM         86    434 PM 101    1954  89     -3       84
  MINIMUM         64    520 AM  55    1932  69     -5       67
  AVERAGE         75                        79     -4       76

PRECIPITATION (IN)
  YESTERDAY        T             1.92 1960   0.16  -0.16     0.30
  MONTH TO DATE    2.63                      4.51  -1.88     5.88
  SINCE JUN 1      6.02                      8.44  -2.42    12.38
  SINCE JAN 1     22.06                     25.33  -3.27    31.26

SNOWFALL (IN)
  YESTERDAY        0.0           0.0  2002   0.0    0.0
                                      2001
  MONTH TO DATE    0.0                       0.0    0.0
  SINCE NOV 1     14.5                      10.3    4.2
  SINCE JUL 1      0.0                       0.0    0.0
  SNOW DEPTH       0

DEGREE DAYS
 HEATING
  YESTERDAY        0                         0      0        0
  MONTH TO DATE    0                         0      0        0
  SINCE JUN 1      0                         7     -7        0
  SINCE JUL 1      0                         0      0        0

 COOLING
  YESTERDAY       10                        14     -4       11
  MONTH TO DATE  459                       443     16      490
  SINCE JUN 1    814                       758     56      848
  SINCE JAN 1   1022                       919    103     1061
..................................................................


WIND (MPH)
  HIGHEST WIND SPEED    14   HIGHEST WIND DIRECTION     S (190)
  HIGHEST GUST SPEED    18   HIGHEST GUST DIRECTION    SW (210)
  AVERAGE WIND SPEED     5.7


SKY COVER
  POSSIBLE SUNSHINE  MM
  AVERAGE SKY COVER 0.7


WEATHER CONDITIONS
 THE FOLLOWING WEATHER WAS RECORDED YESTERDAY.
  FOG
  HAZE


RELATIVE HUMIDITY (PERCENT)
 HIGHEST    87           600 AM
 LOWEST     44           400 PM
 AVERAGE    66

..........................................................


THE RICHMOND VA CLIMATE NORMALS FOR TODAY
                         NORMAL    RECORD    YEAR
 MAXIMUM TEMPERATURE (F)   89        99      2002
                                             1999
                                             1980
 MINIMUM TEMPERATURE (F)   69        53      1936


SUNRISE AND SUNSET
AUGUST  1 2014........SUNRISE   613 AM EDT   SUNSET   817 PM EDT
AUGUST  2 2014........SUNRISE   614 AM EDT   SUNSET   816 PM EDT


-  INDICATES NEGATIVE NUMBERS.
R  INDICATES RECORD WAS SET OR TIED.
MM INDICATES DATA IS MISSING.
T  INDICATES TRACE AMOUNT.




$$
