000
CDUS41 KAKQ 270535
CLIRIC


CLIMATE REPORT
NATIONAL WEATHER SERVICE WAKEFIELD, VA
134 AM EDT THU JUL 27 2017


...................................

...THE RICHMOND VA CLIMATE SUMMARY FOR JULY 26 2017...

CLIMATE NORMAL PERIOD 1981 TO 2010
CLIMATE RECORD PERIOD 1871 TO 2017


WEATHER ITEM   OBSERVED TIME   RECORD YEAR NORMAL DEPARTURE LAST
                VALUE   (LST)  VALUE       VALUE  FROM      YEAR
                                                  NORMAL
..................................................................
TEMPERATURE (F)
 YESTERDAY
  MAXIMUM         89    152 PM 100    1940  89      0       95
                                      1930
  MINIMUM         68    552 AM  57    1976  69     -1       74
                                      1920
  AVERAGE         79                        79      0       85

PRECIPITATION (IN)
  YESTERDAY        0.00          4.81 1938   0.16  -0.16     0.47
  MONTH TO DATE    1.51                      3.74  -2.23     3.76
  SINCE JUN 1      3.84                      7.67  -3.83    11.57
  SINCE JAN 1     22.37                     24.56  -2.19    32.20

SNOWFALL (IN)
  YESTERDAY        0.0           0.0  2002   0.0    0.0
                                      2001
  MONTH TO DATE    0.0                       0.0    0.0
  SINCE NOV 1      7.1                      10.3   -3.2
  SINCE JUL 1      0.0                       0.0    0.0
  SNOW DEPTH       0

DEGREE DAYS
 HEATING
  YESTERDAY        0                         0      0        0
  MONTH TO DATE    0                         0      0        0
  SINCE JUN 1      2                         7     -5        0
  SINCE JUL 1      0                         0      0        0

 COOLING
  YESTERDAY       14                        14      0       20
  MONTH TO DATE  463                       373     90      387
  SINCE JUN 1    778                       688     90      682
  SINCE JAN 1   1001                       849    152      791
..................................................................


WIND (MPH)
  HIGHEST WIND SPEED    13   HIGHEST WIND DIRECTION     E (100)
  HIGHEST GUST SPEED    17   HIGHEST GUST DIRECTION    SE (130)
  AVERAGE WIND SPEED     5.2


SKY COVER
  POSSIBLE SUNSHINE  MM
  AVERAGE SKY COVER 0.5


WEATHER CONDITIONS
 THE FOLLOWING WEATHER WAS RECORDED YESTERDAY.
  NO SIGNIFICANT WEATHER WAS OBSERVED.


RELATIVE HUMIDITY (PERCENT)
 HIGHEST    87           300 AM
 LOWEST     43           200 PM
 AVERAGE    65

..........................................................


THE RICHMOND VA CLIMATE NORMALS FOR TODAY
                         NORMAL    RECORD    YEAR
 MAXIMUM TEMPERATURE (F)   89       101      1940
 MINIMUM TEMPERATURE (F)   69        52      1962


SUNRISE AND SUNSET
JULY 27 2017..........SUNRISE   610 AM EDT   SUNSET   822 PM EDT
JULY 28 2017..........SUNRISE   610 AM EDT   SUNSET   821 PM EDT


-  INDICATES NEGATIVE NUMBERS.
R  INDICATES RECORD WAS SET OR TIED.
MM INDICATES DATA IS MISSING.
T  INDICATES TRACE AMOUNT.




$$
