000
CDUS41 KAKQ 232308
CLIRIC


CLIMATE REPORT
NATIONAL WEATHER SERVICE WAKEFIELD, VA
607 PM EST FRI FEB 23 2018


...................................

...THE RICHMOND VA CLIMATE SUMMARY FOR FEBRUARY 23 2018...
VALID TODAY AS OF 0500 PM LOCAL TIME.

CLIMATE NORMAL PERIOD 1981 TO 2010
CLIMATE RECORD PERIOD 1871 TO 2018


WEATHER ITEM   OBSERVED TIME   RECORD YEAR NORMAL DEPARTURE LAST
                VALUE   (LST)  VALUE       VALUE  FROM      YEAR
                                                  NORMAL
..................................................................
TEMPERATURE (F)
 TODAY
  MAXIMUM         51    359 PM  75    2017  53     -2       75
                                      1985
                                      1925
  MINIMUM         42    802 AM  12    1963  32     10       50
  AVERAGE         47

PRECIPITATION (IN)
  TODAY            T             1.87 1969   0.11  -0.11     0.01
  MONTH TO DATE    2.01                      2.25  -0.24     0.54
  SINCE DEC 1      6.47                      8.55  -2.08     7.63
  SINCE JAN 1      5.42                      5.29   0.13     4.83

SNOWFALL (IN)
  TODAY            0.0
  MONTH TO DATE    0.0
  SINCE NOV 1      8.4
  SINCE JUL 1      8.4
  SNOW DEPTH       0

DEGREE DAYS
 HEATING
  TODAY           18                        22     -4        2
  MONTH TO DATE  424                       566   -142      391
  SINCE DEC 1   2098                      2151    -53     1843
  SINCE JUL 1   2710                      2827   -117     2433

 COOLING
  TODAY            0                         0      0        0
  MONTH TO DATE    6                         0      6        0
  SINCE DEC 1      6                         1      5        0
  SINCE JAN 1      6                         0      6        0
..................................................................


WIND (MPH)
  RESULTANT WIND SPEED   3   RESULTANT WIND DIRECTION  NE (40)
  HIGHEST WIND SPEED    13   HIGHEST WIND DIRECTION    NE (40)
  HIGHEST GUST SPEED    16   HIGHEST GUST DIRECTION    NE (40)


SKY COVER
  POSSIBLE SUNSHINE  MM
  AVERAGE SKY COVER 0.9


WEATHER CONDITIONS
 THE FOLLOWING WEATHER WAS RECORDED TODAY.
  LIGHT RAIN
  FOG


RELATIVE HUMIDITY (PERCENT)
 HIGHEST   100
 LOWEST     77
 AVERAGE    89

..........................................................


THE RICHMOND VA CLIMATE NORMALS FOR TOMORROW
                         NORMAL    RECORD    YEAR
 MAXIMUM TEMPERATURE (F)   54        82      1985
 MINIMUM TEMPERATURE (F)   32        11      1914


SUNRISE AND SUNSET
FEBRUARY 23 2018......SUNRISE   649 AM EST   SUNSET   557 PM EST
FEBRUARY 24 2018......SUNRISE   647 AM EST   SUNSET   558 PM EST


-  INDICATES NEGATIVE NUMBERS.
R  INDICATES RECORD WAS SET OR TIED.
MM INDICATES DATA IS MISSING.
T  INDICATES TRACE AMOUNT.




$$
