000
CDUS41 KAKQ 260536
CLIRIC


CLIMATE REPORT
NATIONAL WEATHER SERVICE WAKEFIELD, VA
135 AM EDT TUE SEP 26 2017


...................................

...THE RICHMOND VA CLIMATE SUMMARY FOR SEPTEMBER 25 2017...

CLIMATE NORMAL PERIOD 1981 TO 2010
CLIMATE RECORD PERIOD 1871 TO 2017


WEATHER ITEM   OBSERVED TIME   RECORD YEAR NORMAL DEPARTURE LAST
                VALUE   (LST)  VALUE       VALUE  FROM      YEAR
                                                  NORMAL
..................................................................
TEMPERATURE (F)
 YESTERDAY
  MAXIMUM         88    143 PM  95    1930  78     10       74
  MINIMUM         64    600 AM  37    1963  56      8       63
  AVERAGE         76                        67      9       69

PRECIPITATION (IN)
  YESTERDAY        0.00          1.66 1947   0.13  -0.13     0.00
  MONTH TO DATE    1.48                      3.51  -2.03     3.96
  SINCE SEP 1      1.48                      3.51  -2.03     3.96
  SINCE JAN 1     30.53                     33.50  -2.97    37.40

SNOWFALL (IN)
  YESTERDAY        0.0           0.0  2002   0.0    0.0
                                      2001
  MONTH TO DATE    0.0                       0.0    0.0
  SINCE NOV 1      7.1                      10.3   -3.2
  SINCE JUL 1      0.0                       0.0    0.0
  SNOW DEPTH       0

DEGREE DAYS
 HEATING
  YESTERDAY        0                         2     -2        0
  MONTH TO DATE    9                        14     -5        0
  SINCE SEP 1      9                        14     -5        0
  SINCE JUL 1      9                        15     -6        0

 COOLING
  YESTERDAY       11                         4      7        4
  MONTH TO DATE  165                       180    -15      255
  SINCE SEP 1    165                       180    -15      255
  SINCE JAN 1   1578                      1487     91     1609
..................................................................


WIND (MPH)
  HIGHEST WIND SPEED    17   HIGHEST WIND DIRECTION    NE (60)
  HIGHEST GUST SPEED    23   HIGHEST GUST DIRECTION    NE (40)
  AVERAGE WIND SPEED     8.1


SKY COVER
  POSSIBLE SUNSHINE  MM
  AVERAGE SKY COVER 0.6


WEATHER CONDITIONS
 THE FOLLOWING WEATHER WAS RECORDED YESTERDAY.
  NO SIGNIFICANT WEATHER WAS OBSERVED.


RELATIVE HUMIDITY (PERCENT)
 HIGHEST    97          1100 PM
 LOWEST     46           200 PM
 AVERAGE    72

..........................................................


THE RICHMOND VA CLIMATE NORMALS FOR TODAY
                         NORMAL    RECORD    YEAR
 MAXIMUM TEMPERATURE (F)   78        96      1930
 MINIMUM TEMPERATURE (F)   56        40      1967


SUNRISE AND SUNSET
SEPTEMBER 26 2017.....SUNRISE   701 AM EDT   SUNSET   700 PM EDT
SEPTEMBER 27 2017.....SUNRISE   702 AM EDT   SUNSET   658 PM EDT


-  INDICATES NEGATIVE NUMBERS.
R  INDICATES RECORD WAS SET OR TIED.
MM INDICATES DATA IS MISSING.
T  INDICATES TRACE AMOUNT.




$$
