000
CDUS41 KAKQ 080626
CLIRIC


CLIMATE REPORT
NATIONAL WEATHER SERVICE WAKEFIELD, VA
125 AM EST THU DEC 8 2016


...................................

...THE RICHMOND VA CLIMATE SUMMARY FOR DECEMBER 7 2016...

CLIMATE NORMAL PERIOD 1981 TO 2010
CLIMATE RECORD PERIOD 1871 TO 2016


WEATHER ITEM   OBSERVED TIME   RECORD YEAR NORMAL DEPARTURE LAST
                VALUE   (LST)  VALUE       VALUE  FROM      YEAR
                                                  NORMAL
..................................................................
TEMPERATURE (F)
 YESTERDAY
  MAXIMUM         56    306 PM  81    1998  53      3       51
  MINIMUM         36   1053 PM  15    1954  33      3       35
  AVERAGE         46                        43      3       43

PRECIPITATION (IN)
  YESTERDAY        0.00          0.98 1996   0.11  -0.11     0.00
  MONTH TO DATE    1.71                      0.79   0.92     0.51
  SINCE DEC 1      1.71                      0.79   0.92     0.51
  SINCE JAN 1     51.66                     41.13  10.53    43.64

SNOWFALL (IN)
  YESTERDAY        0.0           2.8  1968   0.1   -0.1
  MONTH TO DATE    0.0                       0.4   -0.4
  SINCE NOV 1      0.0                       0.6   -0.6
  SINCE JUL 1      0.0                       0.6   -0.6
  SNOW DEPTH       0

DEGREE DAYS
 HEATING
  YESTERDAY       19                        22     -3       22
  MONTH TO DATE  140                       147     -7      133
  SINCE DEC 1    140                       147     -7      133
  SINCE JUL 1    730                       823    -93      725

 COOLING
  YESTERDAY        0                         0      0        0
  MONTH TO DATE    0                         0      0        0
  SINCE DEC 1      0                         0      0        0
  SINCE JAN 1   1699                      1548    151     1817
..................................................................


WIND (MPH)
  HIGHEST WIND SPEED    14   HIGHEST WIND DIRECTION    NW (330)
  HIGHEST GUST SPEED    18   HIGHEST GUST DIRECTION     N (340)
  AVERAGE WIND SPEED     5.8


SKY COVER
  POSSIBLE SUNSHINE  MM
  AVERAGE SKY COVER 0.7


WEATHER CONDITIONS
 THE FOLLOWING WEATHER WAS RECORDED YESTERDAY.
  FOG


RELATIVE HUMIDITY (PERCENT)
 HIGHEST   100          1200 AM
 LOWEST     50           400 PM
 AVERAGE    75

..........................................................


THE RICHMOND VA CLIMATE NORMALS FOR TODAY
                         NORMAL    RECORD    YEAR
 MAXIMUM TEMPERATURE (F)   53        77      1978
 MINIMUM TEMPERATURE (F)   33        15      1976
                                             1954


SUNRISE AND SUNSET
DECEMBER  8 2016......SUNRISE   712 AM EST   SUNSET   451 PM EST
DECEMBER  9 2016......SUNRISE   713 AM EST   SUNSET   451 PM EST


-  INDICATES NEGATIVE NUMBERS.
R  INDICATES RECORD WAS SET OR TIED.
MM INDICATES DATA IS MISSING.
T  INDICATES TRACE AMOUNT.




$$
