000
CDUS45 KGJT 252335
CLIRIL


CLIMATE REPORT
NATIONAL WEATHER SERVICE GRAND JUNCTION CO
534 PM MDT TUE JUL 25 2017


...................................

...THE RIFLE CO CLIMATE SUMMARY FOR JULY 25 2017...
VALID TODAY AS OF 0500 PM LOCAL TIME.

CLIMATE NORMAL PERIOD 1981 TO 2010
CLIMATE RECORD PERIOD 9999 TO 9999


WEATHER ITEM   OBSERVED TIME   RECORD YEAR NORMAL DEPARTURE LAST
                VALUE   (LST)  VALUE       VALUE  FROM      YEAR
                                                  NORMAL
..................................................................
TEMPERATURE (F)
 TODAY
  MAXIMUM         79    333 PM  MM      MM  91    -12       97
  MINIMUM         63    550 AM  MM      MM  56      7       55
  AVERAGE         71                        73     -2       76

PRECIPITATION (IN)
  TODAY            0.04         MM      MM   0.05  -0.01     0.00
  MONTH TO DATE    0.68                      0.79  -0.11     1.06
  SINCE JUN 1      0.75                      1.81  -1.06     1.67
  SINCE JAN 1      2.98                      7.23  -4.25     6.05

SNOWFALL (IN)
  TODAY           MM            MM      MM  MM     MM       MM
  MONTH TO DATE   MM                        MM     MM       MM
  SINCE JUN 1     MM                        MM     MM       MM
  SINCE JUL 1     MM                        MM     MM       MM
  SNOW DEPTH      MM

DEGREE DAYS
 HEATING
  TODAY            0                         0      0        0
  MONTH TO DATE    0                         0      0        0
  SINCE JUN 1      7                        59    -52        8
  SINCE JUL 1      0                         0      0        0

 COOLING
  TODAY            6                         8     -2       11
  MONTH TO DATE  287                       188     99      209
  SINCE JUN 1    497                       283    214      412
  SINCE JAN 1    503                       290    213      413
..................................................................


WIND (MPH)
  HIGHEST WIND SPEED    18   HIGHEST WIND DIRECTION     W (260)
  HIGHEST GUST SPEED    21   HIGHEST GUST DIRECTION     W (260)
  AVERAGE WIND SPEED     6.0


SKY COVER
  POSSIBLE SUNSHINE  MM
  AVERAGE SKY COVER 0.8


WEATHER CONDITIONS
 THE FOLLOWING WEATHER WAS RECORDED TODAY.
  LIGHT RAIN


RELATIVE HUMIDITY (PERCENT)
 HIGHEST    93           400 AM
 LOWEST     45           100 PM
 AVERAGE    69

..........................................................


THE RIFLE CO CLIMATE NORMALS FOR TOMORROW
                         NORMAL    RECORD    YEAR
 MAXIMUM TEMPERATURE (F)   91        MM        MM
 MINIMUM TEMPERATURE (F)   56        MM        MM


SUNRISE AND SUNSET
JULY 25 2017..........SUNRISE   604 AM MDT   SUNSET   830 PM MDT
JULY 26 2017..........SUNRISE   605 AM MDT   SUNSET   829 PM MDT


-  INDICATES NEGATIVE NUMBERS.
R  INDICATES RECORD WAS SET OR TIED.
MM INDICATES DATA IS MISSING.
T  INDICATES TRACE AMOUNT.




$$
