000
CDUS45 KRIW 130739
CLIRIW


CLIMATE REPORT
NATIONAL WEATHER SERVICE RIVERTON WY
1230 AM MST SAT FEB 13 2016


...................................

...THE RIVERTON WY CLIMATE SUMMARY FOR FEBRUARY 12 2016...

CLIMATE NORMAL PERIOD 1981 TO 2010
CLIMATE RECORD PERIOD 1995 TO 2016


WEATHER ITEM   OBSERVED TIME   RECORD YEAR NORMAL DEPARTURE LAST
                VALUE   (LST)  VALUE       VALUE  FROM      YEAR
                                                  NORMAL
..................................................................
TEMPERATURE (F)
 YESTERDAY
  MAXIMUM         47    332 PM  58    2015  35     12       58
  MINIMUM         26    553 AM -12    2004  12     14       34
  AVERAGE         37                        23     14       46

PRECIPITATION (IN)
  YESTERDAY        0.00          0.03 2000   0.01  -0.01     0.00
  MONTH TO DATE    0.24                      0.09   0.15     0.29
  SINCE DEC 1      0.72                      0.65   0.07     0.97
  SINCE JAN 1      0.64                      0.33   0.31     0.32

SNOWFALL (IN)
  YESTERDAY        0.0                                       0.0
  MONTH TO DATE    2.6                                       3.8
  SINCE DEC 1     10.1                                      11.1
  SINCE JUL 1     28.2                                      16.6
  SNOW DEPTH       1

DEGREE DAYS
 HEATING
  YESTERDAY       28                        42    -14       19
  MONTH TO DATE  489                       518    -29      326
  SINCE DEC 1   3331                      3317     14     2941
  SINCE JUL 1   4870                      5233   -363     4718

 COOLING
  YESTERDAY        0                         0      0        0
  MONTH TO DATE    0                         0      0        0
  SINCE DEC 1      0                         0      0        0
  SINCE JAN 1      0                         0      0        0
..................................................................


WIND (MPH)
  HIGHEST WIND SPEED    14   HIGHEST WIND DIRECTION    SW (240)
  HIGHEST GUST SPEED    15   HIGHEST GUST DIRECTION    SW (220)
  AVERAGE WIND SPEED     3.2


SKY COVER
  POSSIBLE SUNSHINE  MM
  AVERAGE SKY COVER 0.2


WEATHER CONDITIONS
 THE FOLLOWING WEATHER WAS RECORDED YESTERDAY.
  NO SIGNIFICANT WEATHER WAS OBSERVED.


RELATIVE HUMIDITY (PERCENT)
 HIGHEST    85           700 AM
 LOWEST     49           300 PM
 AVERAGE    67

..........................................................


THE RIVERTON WY CLIMATE NORMALS FOR TODAY
                         NORMAL    RECORD    YEAR
 MAXIMUM TEMPERATURE (F)   35        58      2015
 MINIMUM TEMPERATURE (F)   12        -7      2004


SUNRISE AND SUNSET
FEBRUARY 13 2016......SUNRISE   715 AM MST   SUNSET   542 PM MST
FEBRUARY 14 2016......SUNRISE   713 AM MST   SUNSET   543 PM MST


-  INDICATES NEGATIVE NUMBERS.
R  INDICATES RECORD WAS SET OR TIED.
MM INDICATES DATA IS MISSING.
T  INDICATES TRACE AMOUNT.




$$
