000
CDUS45 KRIW 260739
CLIRIW


CLIMATE REPORT
NATIONAL WEATHER SERVICE RIVERTON WY
139 AM MDT TUE JUL 26 2016


...................................

...THE RIVERTON WY CLIMATE SUMMARY FOR JULY 25 2016...

CLIMATE NORMAL PERIOD 1981 TO 2010
CLIMATE RECORD PERIOD 1995 TO 2016


WEATHER ITEM   OBSERVED TIME   RECORD YEAR NORMAL DEPARTURE LAST
                VALUE   (LST)  VALUE       VALUE  FROM      YEAR
                                                  NORMAL
..................................................................
TEMPERATURE (F)
 YESTERDAY
  MAXIMUM         95    419 PM  96    2011  89      6       89
  MINIMUM         55    508 AM  50    2004  58     -3       58
  AVERAGE         75                        73      2       74

PRECIPITATION (IN)
  YESTERDAY        T             0.64 2007   0.02  -0.02     0.00
  MONTH TO DATE    T                         0.76  -0.76     1.10
  SINCE JUN 1      0.39                      2.04  -1.65     1.89
  SINCE JAN 1      9.28                      6.12   3.16     8.74

SNOWFALL (IN)
  YESTERDAY        0.0                                       0.0
  MONTH TO DATE    0.0                                       0.0
  SINCE JUN 1      0.0                                        T
  SINCE JUL 1      0.0                                       0.0
  SNOW DEPTH       0

DEGREE DAYS
 HEATING
  YESTERDAY        0                         0      0        0
  MONTH TO DATE    4                         8     -4        6
  SINCE JUN 1     20                       127   -107       29
  SINCE JUL 1      4                         8     -4        6

 COOLING
  YESTERDAY       10                         8      2        9
  MONTH TO DATE  191                       170     21      124
  SINCE JUN 1    353                       236    117      255
  SINCE JAN 1    353                       245    108      255
..................................................................


WIND (MPH)
  HIGHEST WIND SPEED    37   HIGHEST WIND DIRECTION    SW (220)
  HIGHEST GUST SPEED    50   HIGHEST GUST DIRECTION    SW (210)
  AVERAGE WIND SPEED     8.9


SKY COVER
  POSSIBLE SUNSHINE  MM
  AVERAGE SKY COVER 0.0


WEATHER CONDITIONS
 THE FOLLOWING WEATHER WAS RECORDED YESTERDAY.
  LIGHT RAIN


RELATIVE HUMIDITY (PERCENT)
 HIGHEST    47           200 AM
 LOWEST      7           300 PM
 AVERAGE    27

..........................................................


THE RIVERTON WY CLIMATE NORMALS FOR TODAY
                         NORMAL    RECORD    YEAR
 MAXIMUM TEMPERATURE (F)   89        97      2008
 MINIMUM TEMPERATURE (F)   58        50      2005


SUNRISE AND SUNSET
JULY 26 2016..........SUNRISE   559 AM MDT   SUNSET   841 PM MDT
JULY 27 2016..........SUNRISE   600 AM MDT   SUNSET   840 PM MDT


-  INDICATES NEGATIVE NUMBERS.
R  INDICATES RECORD WAS SET OR TIED.
MM INDICATES DATA IS MISSING.
T  INDICATES TRACE AMOUNT.




$$
