000
CDUS45 KRIW 200738
CLIRIW


CLIMATE REPORT
NATIONAL WEATHER SERVICE RIVERTON WY
1238 AM MST THU NOV 20 2014


...................................

...THE RIVERTON WY CLIMATE SUMMARY FOR NOVEMBER 19 2014...

CLIMATE NORMAL PERIOD 1981 TO 2010
CLIMATE RECORD PERIOD 1995 TO 2014


WEATHER ITEM   OBSERVED TIME   RECORD YEAR NORMAL DEPARTURE LAST
                VALUE   (LST)  VALUE       VALUE  FROM      YEAR
                                                  NORMAL
..................................................................
TEMPERATURE (F)
 YESTERDAY
  MAXIMUM         32    322 PM  65    2007  40     -8       52
  MINIMUM          8    711 AM   0    2000  17     -9       26
  AVERAGE         20                        28     -8       39

PRECIPITATION (IN)
  YESTERDAY        0.00          0.04 2011   0.02  -0.02     0.00
  MONTH TO DATE    0.33                      0.33   0.00     0.00
  SINCE SEP 1      1.30                      2.12  -0.82     4.95
  SINCE JAN 1      6.67                      8.94  -2.27     9.01

SNOWFALL (IN)
  YESTERDAY        0.0                                       0.0
  MONTH TO DATE    3.3                                       0.0
  SINCE SEP 1      3.6                                      24.8
  SINCE JUL 1      3.6                                      24.8
  SNOW DEPTH       2

DEGREE DAYS
 HEATING
  YESTERDAY       45                        37      8       26
  MONTH TO DATE  756                       601    155      515
  SINCE SEP 1   1382                      1443    -61     1461
  SINCE JUL 1   1432                      1481    -49     1461

 COOLING
  YESTERDAY        0                         0      0        0
  MONTH TO DATE    0                         0      0        0
  SINCE SEP 1     31                        26      5       68
  SINCE JAN 1    431                       494    -63      798
..................................................................


WIND (MPH)
  HIGHEST WIND SPEED     9   HIGHEST WIND DIRECTION    SW (230)
  HIGHEST GUST SPEED    13   HIGHEST GUST DIRECTION     W (270)
  AVERAGE WIND SPEED     2.7


SKY COVER
  POSSIBLE SUNSHINE  MM
  AVERAGE SKY COVER 0.1


WEATHER CONDITIONS
 THE FOLLOWING WEATHER WAS RECORDED YESTERDAY.
  NO SIGNIFICANT WEATHER WAS OBSERVED.


RELATIVE HUMIDITY (PERCENT)
 HIGHEST    84          1100 PM
 LOWEST     53           100 PM
 AVERAGE    69

..........................................................


THE RIVERTON WY CLIMATE NORMALS FOR TODAY
                         NORMAL    RECORD    YEAR
 MAXIMUM TEMPERATURE (F)   39        56      1996
 MINIMUM TEMPERATURE (F)   17        -2      2011


SUNRISE AND SUNSET
NOVEMBER 20 2014......SUNRISE   713 AM MST   SUNSET   446 PM MST
NOVEMBER 21 2014......SUNRISE   714 AM MST   SUNSET   445 PM MST


-  INDICATES NEGATIVE NUMBERS.
R  INDICATES RECORD WAS SET OR TIED.
MM INDICATES DATA IS MISSING.
T  INDICATES TRACE AMOUNT.




$$
