000
CDUS45 KRIW 270756
CLIRIW


CLIMATE REPORT
NATIONAL WEATHER SERVICE RIVERTON WY
130 AM MDT TUE SEP 27 2016


...................................

...THE RIVERTON WY CLIMATE SUMMARY FOR SEPTEMBER 26 2016...

CLIMATE NORMAL PERIOD 1981 TO 2010
CLIMATE RECORD PERIOD 1995 TO 2016


WEATHER ITEM   OBSERVED TIME   RECORD YEAR NORMAL DEPARTURE LAST
                VALUE   (LST)  VALUE       VALUE  FROM      YEAR
                                                  NORMAL
..................................................................
TEMPERATURE (F)
 YESTERDAY
  MAXIMUM         69    421 PM  89    2015  67      2       89
  MINIMUM         40    512 AM  24    1996  40      0       56
  AVERAGE         55                        54      1       73

PRECIPITATION (IN)
  YESTERDAY        0.00          T    2004   0.04  -0.04     0.00
                                      1999
  MONTH TO DATE    1.98                      0.73   1.25     0.01
  SINCE SEP 1      1.98                      0.73   1.25     0.01
  SINCE JAN 1     11.70                      7.55   4.15     8.81

SNOWFALL (IN)
  YESTERDAY        0.0                                       0.0
  MONTH TO DATE    0.0                                       0.0
  SINCE SEP 1      0.0                                       0.0
  SINCE JUL 1      0.0                                       0.0
  SNOW DEPTH       0

DEGREE DAYS
 HEATING
  YESTERDAY       10                        12     -2        0
  MONTH TO DATE  189                       176     13       52
  SINCE SEP 1    189                       176     13       52
  SINCE JUL 1    240                       214     26       87

 COOLING
  YESTERDAY        0                         0      0        8
  MONTH TO DATE   35                        24     11       63
  SINCE SEP 1     35                        24     11       63
  SINCE JAN 1    605                       492    113      539
..................................................................


WIND (MPH)
  HIGHEST WIND SPEED    10   HIGHEST WIND DIRECTION    NW (320)
  HIGHEST GUST SPEED    12   HIGHEST GUST DIRECTION    NW (310)
  AVERAGE WIND SPEED     3.7


SKY COVER
  POSSIBLE SUNSHINE  MM
  AVERAGE SKY COVER 0.0


WEATHER CONDITIONS
 THE FOLLOWING WEATHER WAS RECORDED YESTERDAY.
  NO SIGNIFICANT WEATHER WAS OBSERVED.


RELATIVE HUMIDITY (PERCENT)
 HIGHEST   100           600 AM
 LOWEST     37           400 PM
 AVERAGE    69

..........................................................


THE RIVERTON WY CLIMATE NORMALS FOR TODAY
                         NORMAL    RECORD    YEAR
 MAXIMUM TEMPERATURE (F)   67        86      2001
 MINIMUM TEMPERATURE (F)   40        21      1996


SUNRISE AND SUNSET
SEPTEMBER 27 2016.....SUNRISE   707 AM MDT   SUNSET   701 PM MDT
SEPTEMBER 28 2016.....SUNRISE   708 AM MDT   SUNSET   659 PM MDT


-  INDICATES NEGATIVE NUMBERS.
R  INDICATES RECORD WAS SET OR TIED.
MM INDICATES DATA IS MISSING.
T  INDICATES TRACE AMOUNT.




$$
