000
CDUS45 KRIW 250735
CLIRIW


CLIMATE REPORT
NATIONAL WEATHER SERVICE RIVERTON WY
135 AM MDT FRI JUL 25 2014


...................................

...THE RIVERTON WY CLIMATE SUMMARY FOR JULY 24 2014...

CLIMATE NORMAL PERIOD 1981 TO 2010
CLIMATE RECORD PERIOD 1995 TO 2014


WEATHER ITEM   OBSERVED TIME   RECORD YEAR NORMAL DEPARTURE LAST
                VALUE   (LST)  VALUE       VALUE  FROM      YEAR
                                                  NORMAL
..................................................................
TEMPERATURE (F)
 YESTERDAY
  MAXIMUM         96    335 PM 100    2003  89      7       90
  MINIMUM         64   1138 PM  46    2004  58      6       60
  AVERAGE         80                        73      7       75

PRECIPITATION (IN)
  YESTERDAY        0.00          0.47 1998   0.03  -0.03      T
  MONTH TO DATE    0.47                      0.74  -0.27     0.28
  SINCE JUN 1      1.59                      2.02  -0.43     0.33
  SINCE JAN 1      3.91                      6.10  -2.19     3.77

SNOWFALL (IN)
  YESTERDAY        0.0                                       0.0
  MONTH TO DATE    0.0                                       0.0
  SINCE JUN 1      0.0                                       0.0
  SINCE JUL 1      0.0                                       0.0
  SNOW DEPTH       0

DEGREE DAYS
 HEATING
  YESTERDAY        0                         0      0        0
  MONTH TO DATE    4                         8     -4        0
  SINCE JUN 1    130                       127      3       52
  SINCE JUL 1      4                         8     -4        0

 COOLING
  YESTERDAY       15                         8      7       10
  MONTH TO DATE  197                       162     35      270
  SINCE JUN 1    220                       228     -8      407
  SINCE JAN 1    235                       237     -2      420
..................................................................


WIND (MPH)
  HIGHEST WIND SPEED    31   HIGHEST WIND DIRECTION    SW (220)
  HIGHEST GUST SPEED    39   HIGHEST GUST DIRECTION    SW (240)
  AVERAGE WIND SPEED    17.1


SKY COVER
  POSSIBLE SUNSHINE  MM
  AVERAGE SKY COVER 0.0


WEATHER CONDITIONS
 THE FOLLOWING WEATHER WAS RECORDED YESTERDAY.
  THUNDERSTORM


RELATIVE HUMIDITY (PERCENT)
 HIGHEST    29           600 AM
 LOWEST      8           200 PM
 AVERAGE    19

..........................................................


THE RIVERTON WY CLIMATE NORMALS FOR TODAY
                         NORMAL    RECORD    YEAR
 MAXIMUM TEMPERATURE (F)   89        96      2011
 MINIMUM TEMPERATURE (F)   58        50      2004


SUNRISE AND SUNSET
JULY 25 2014..........SUNRISE   557 AM MDT   SUNSET   843 PM MDT
JULY 26 2014..........SUNRISE   558 AM MDT   SUNSET   842 PM MDT


-  INDICATES NEGATIVE NUMBERS.
R  INDICATES RECORD WAS SET OR TIED.
MM INDICATES DATA IS MISSING.
T  INDICATES TRACE AMOUNT.




$$
