000
CDUS45 KRIW 270742
CLIRIW


CLIMATE REPORT
NATIONAL WEATHER SERVICE RIVERTON WY
142 AM MDT WED AUG 27 2014


...................................

...THE RIVERTON WY CLIMATE SUMMARY FOR AUGUST 26 2014...

CLIMATE NORMAL PERIOD 1981 TO 2010
CLIMATE RECORD PERIOD 1995 TO 2014


WEATHER ITEM   OBSERVED TIME   RECORD YEAR NORMAL DEPARTURE LAST
                VALUE   (LST)  VALUE       VALUE  FROM      YEAR
                                                  NORMAL
..................................................................
TEMPERATURE (F)
 YESTERDAY
  MAXIMUM         76    522 PM  93    2010  82     -6       85
  MINIMUM         47    345 AM  44    2004  52     -5       63
  AVERAGE         62                        67     -5       74

PRECIPITATION (IN)
  YESTERDAY        T             0.12 2006   0.01  -0.01      T
  MONTH TO DATE    1.05                      0.47   0.58     0.02
  SINCE JUN 1      2.95                      2.64   0.31     0.61
  SINCE JAN 1      5.27                      6.72  -1.45     4.05

SNOWFALL (IN)
  YESTERDAY        0.0                                       0.0
  MONTH TO DATE    0.0                                       0.0
  SINCE JUN 1      0.0                                       0.0
  SINCE JUL 1      0.0                                       0.0
  SNOW DEPTH       0

DEGREE DAYS
 HEATING
  YESTERDAY        3                         1      2        0
  MONTH TO DATE   32                        16     16        0
  SINCE JUN 1    162                       147     15       52
  SINCE JUL 1     36                        28      8        0

 COOLING
  YESTERDAY        0                         3     -3        9
  MONTH TO DATE  118                       159    -41      226
  SINCE JUN 1    379                       445    -66      670
  SINCE JAN 1    394                       454    -60      683
..................................................................


WIND (MPH)
  HIGHEST WIND SPEED    16   HIGHEST WIND DIRECTION    NE (40)
  HIGHEST GUST SPEED    21   HIGHEST GUST DIRECTION    NE (40)
  AVERAGE WIND SPEED     7.7


SKY COVER
  POSSIBLE SUNSHINE  MM
  AVERAGE SKY COVER 0.2


WEATHER CONDITIONS
 THE FOLLOWING WEATHER WAS RECORDED YESTERDAY.
  NO SIGNIFICANT WEATHER WAS OBSERVED.


RELATIVE HUMIDITY (PERCENT)
 HIGHEST   100           300 AM
 LOWEST     25           500 PM
 AVERAGE    63

..........................................................


THE RIVERTON WY CLIMATE NORMALS FOR TODAY
                         NORMAL    RECORD    YEAR
 MAXIMUM TEMPERATURE (F)   82        95      2011
 MINIMUM TEMPERATURE (F)   52        46      2008


SUNRISE AND SUNSET
AUGUST 27 2014........SUNRISE   633 AM MDT   SUNSET   757 PM MDT
AUGUST 28 2014........SUNRISE   634 AM MDT   SUNSET   755 PM MDT


-  INDICATES NEGATIVE NUMBERS.
R  INDICATES RECORD WAS SET OR TIED.
MM INDICATES DATA IS MISSING.
T  INDICATES TRACE AMOUNT.




$$
