000
CDUS45 KRIW 260735
CLIRKS


CLIMATE REPORT
NATIONAL WEATHER SERVICE RIVERTON WY
134 AM MDT WED APR 26 2017


...................................

...THE ROCK SPRINGS WY CLIMATE SUMMARY FOR APRIL 25 2017...

CLIMATE NORMAL PERIOD 1981 TO 2010
CLIMATE RECORD PERIOD 1948 TO 2017


WEATHER ITEM   OBSERVED TIME   RECORD YEAR NORMAL DEPARTURE LAST
                VALUE   (LST)  VALUE       VALUE  FROM      YEAR
                                                  NORMAL
..................................................................
TEMPERATURE (F)
 YESTERDAY
  MAXIMUM         44   1145 AM  74    1987  57    -13       56
  MINIMUM         32   1006 PM  20    1950  32      0       32
  AVERAGE         38                        44     -6       44

PRECIPITATION (IN)
  YESTERDAY        0.13          0.69 2016   0.04   0.09     0.69
  MONTH TO DATE    0.53                      0.73  -0.20     1.25
  SINCE MAR 1      1.96                      1.41   0.55     1.81
  SINCE JAN 1      2.86                      2.34   0.52     2.03

DEGREE DAYS
 HEATING
  YESTERDAY       27                        21      6       21
  MONTH TO DATE  535                       603    -68      503
  SINCE MAR 1   1315                      1580   -265     1410
  SINCE JUL 1   7053                      7432   -379     6927

 COOLING
  YESTERDAY        0                         0      0        0
  MONTH TO DATE    0                         0      0        0
  SINCE MAR 1      0                         0      0        0
  SINCE JAN 1      0                         0      0        0
..................................................................


WIND (MPH)
  HIGHEST WIND SPEED    26   HIGHEST WIND DIRECTION     W (260)
  HIGHEST GUST SPEED    32   HIGHEST GUST DIRECTION     W (260)
  AVERAGE WIND SPEED    11.3


SKY COVER
  POSSIBLE SUNSHINE  MM
  AVERAGE SKY COVER 0.5


WEATHER CONDITIONS
 THE FOLLOWING WEATHER WAS RECORDED YESTERDAY.
  LIGHT RAIN
  HEAVY SNOW
  SNOW
  LIGHT SNOW
  FOG
  FOG W/VISIBILITY <= 1/4 MILE


RELATIVE HUMIDITY (PERCENT)
 HIGHEST    96           400 PM
 LOWEST     53          1100 AM
 AVERAGE    75

..........................................................


THE ROCK SPRINGS WY CLIMATE NORMALS FOR TODAY
                         NORMAL    RECORD    YEAR
 MAXIMUM TEMPERATURE (F)   57        77      1977
 MINIMUM TEMPERATURE (F)   32        15      1984


SUNRISE AND SUNSET
APRIL 26 2017.........SUNRISE   619 AM MDT   SUNSET   809 PM MDT
APRIL 27 2017.........SUNRISE   618 AM MDT   SUNSET   810 PM MDT


-  INDICATES NEGATIVE NUMBERS.
R  INDICATES RECORD WAS SET OR TIED.
MM INDICATES DATA IS MISSING.
T  INDICATES TRACE AMOUNT.




$$
