000
CDUS45 KRIW 290738
CLIRKS


CLIMATE REPORT
NATIONAL WEATHER SERVICE RIVERTON WY
1232 AM MST MON DEC 29 2014


...................................

...THE ROCK SPRINGS WY CLIMATE SUMMARY FOR DECEMBER 28 2014...

CLIMATE NORMAL PERIOD 1981 TO 2010
CLIMATE RECORD PERIOD 1948 TO 2014


WEATHER ITEM   OBSERVED TIME   RECORD YEAR NORMAL DEPARTURE LAST
                VALUE   (LST)  VALUE       VALUE  FROM      YEAR
                                                  NORMAL
..................................................................
TEMPERATURE (F)
 YESTERDAY
  MAXIMUM         24    227 PM  49    2005  29     -5       35
  MINIMUM          7   1116 PM  -7    1971  12     -5       16
  AVERAGE         16                        21     -5       26

PRECIPITATION (IN)
  YESTERDAY        T             0.13 1957   0.01  -0.01      T
  MONTH TO DATE    0.11                      0.45  -0.34     0.18
  SINCE DEC 1      0.11                      0.45  -0.34     0.18
  SINCE JAN 1      4.24                      8.51  -4.27     4.64

DEGREE DAYS
 HEATING
  YESTERDAY       49                        44      5       39
  MONTH TO DATE 1046                      1225   -179     1180
  SINCE DEC 1   1046                      1225   -179     1180
  SINCE JUL 1   2862                      3218   -356     3088

 COOLING
  YESTERDAY        0                         0      0        0
  MONTH TO DATE    0                         0      0        0
  SINCE DEC 1      0                         0      0        0
  SINCE JAN 1    307                       286     21      517
..................................................................


WIND (MPH)
  HIGHEST WIND SPEED    31   HIGHEST WIND DIRECTION     W (260)
  HIGHEST GUST SPEED    38   HIGHEST GUST DIRECTION     W (250)
  AVERAGE WIND SPEED    12.7


SKY COVER
  POSSIBLE SUNSHINE  MM
  AVERAGE SKY COVER 0.7


WEATHER CONDITIONS
 THE FOLLOWING WEATHER WAS RECORDED YESTERDAY.
  SNOW
  LIGHT SNOW
  FOG
  FOG W/VISIBILITY <= 1/4 MILE
  HAZE
  BLOWING SNOW


RELATIVE HUMIDITY (PERCENT)
 HIGHEST    92           300 AM
 LOWEST     71           300 PM
 AVERAGE    82

..........................................................


THE ROCK SPRINGS WY CLIMATE NORMALS FOR TODAY
                         NORMAL    RECORD    YEAR
 MAXIMUM TEMPERATURE (F)   30        46      1980
 MINIMUM TEMPERATURE (F)   12       -11      1978


SUNRISE AND SUNSET
DECEMBER 29 2014......SUNRISE   743 AM MST   SUNSET   454 PM MST
DECEMBER 30 2014......SUNRISE   743 AM MST   SUNSET   455 PM MST


-  INDICATES NEGATIVE NUMBERS.
R  INDICATES RECORD WAS SET OR TIED.
MM INDICATES DATA IS MISSING.
T  INDICATES TRACE AMOUNT.




$$
