000
CDUS45 KRIW 230733
CLIRKS


CLIMATE REPORT
NATIONAL WEATHER SERVICE RIVERTON WY
133 AM MDT SAT MAY 23 2015


...................................

...THE ROCK SPRINGS WY CLIMATE SUMMARY FOR MAY 22 2015...

CLIMATE NORMAL PERIOD 1981 TO 2010
CLIMATE RECORD PERIOD 1948 TO 2015


WEATHER ITEM   OBSERVED TIME   RECORD YEAR NORMAL DEPARTURE LAST
                VALUE   (LST)  VALUE       VALUE  FROM      YEAR
                                                  NORMAL
..................................................................
TEMPERATURE (F)
 YESTERDAY
  MAXIMUM         52    528 PM  81    1967  66    -14       76
  MINIMUM         40   1159 PM  26    1974  39      1       45
  AVERAGE         46                        53     -7       61

PRECIPITATION (IN)
  YESTERDAY        0.15          0.39 1956   0.04   0.11     0.00
  MONTH TO DATE    1.95                      0.87   1.08     0.23
  SINCE MAR 1      2.84                      2.46   0.38     0.90
  SINCE JAN 1      2.93                      3.39  -0.46     1.05

DEGREE DAYS
 HEATING
  YESTERDAY       19                        12      7        4
  MONTH TO DATE  386                       344     42      315
  SINCE MAR 1   1831                      2024   -193     1858
  SINCE JUL 1   6944                      7876   -932     7310

 COOLING
  YESTERDAY        0                         0      0        0
  MONTH TO DATE    0                         0      0        0
  SINCE MAR 1      0                         0      0        0
  SINCE JAN 1      0                         0      0        0
..................................................................


WIND (MPH)
  HIGHEST WIND SPEED    21   HIGHEST WIND DIRECTION    SW (230)
  HIGHEST GUST SPEED    32   HIGHEST GUST DIRECTION    SW (220)
  AVERAGE WIND SPEED     7.5


SKY COVER
  POSSIBLE SUNSHINE  MM
  AVERAGE SKY COVER 0.7


WEATHER CONDITIONS
 THE FOLLOWING WEATHER WAS RECORDED YESTERDAY.
  THUNDERSTORM
  HEAVY RAIN
  RAIN
  LIGHT RAIN
  FOG


RELATIVE HUMIDITY (PERCENT)
 HIGHEST    93          1000 PM
 LOWEST     61           600 PM
 AVERAGE    77

..........................................................


THE ROCK SPRINGS WY CLIMATE NORMALS FOR TODAY
                         NORMAL    RECORD    YEAR
 MAXIMUM TEMPERATURE (F)   66        83      1984
 MINIMUM TEMPERATURE (F)   40        24      1966


SUNRISE AND SUNSET
MAY 23 2015...........SUNRISE   550 AM MDT   SUNSET   836 PM MDT
MAY 24 2015...........SUNRISE   549 AM MDT   SUNSET   837 PM MDT


-  INDICATES NEGATIVE NUMBERS.
R  INDICATES RECORD WAS SET OR TIED.
MM INDICATES DATA IS MISSING.
T  INDICATES TRACE AMOUNT.




$$
