000
CDUS45 KRIW 050733
CLIRKS


CLIMATE REPORT
NATIONAL WEATHER SERVICE RIVERTON WY
1231 AM MST MON DEC 5 2016


...................................

...THE ROCK SPRINGS WY CLIMATE SUMMARY FOR DECEMBER 4 2016...

CLIMATE NORMAL PERIOD 1981 TO 2010
CLIMATE RECORD PERIOD 1948 TO 2016


WEATHER ITEM   OBSERVED TIME   RECORD YEAR NORMAL DEPARTURE LAST
                VALUE   (LST)  VALUE       VALUE  FROM      YEAR
                                                  NORMAL
..................................................................
TEMPERATURE (F)
 YESTERDAY
  MAXIMUM         37    207 PM  50    1975  31      6       34
  MINIMUM         20    558 AM -13    2013  14      6       16
                                      1972
  AVERAGE         29                        22      7       25

PRECIPITATION (IN)
  YESTERDAY        0.00          0.77 1972   0.01  -0.01     0.00
  MONTH TO DATE    T                         0.06  -0.06     0.00
  SINCE DEC 1      T                         0.06  -0.06     0.00
  SINCE JAN 1      7.36                      8.12  -0.76     8.58

DEGREE DAYS
 HEATING
  YESTERDAY       36                        42     -6       40
  MONTH TO DATE  175                       167      8      170
  SINCE DEC 1    175                       167      8      170
  SINCE JUL 1   1895                      2160   -265     1836

 COOLING
  YESTERDAY        0                         0      0        0
  MONTH TO DATE    0                         0      0        0
  SINCE DEC 1      0                         0      0        0
  SINCE JAN 1    354                       286     68      270
..................................................................


WIND (MPH)
  HIGHEST WIND SPEED    33   HIGHEST WIND DIRECTION    SW (240)
  HIGHEST GUST SPEED    44   HIGHEST GUST DIRECTION    SW (240)
  AVERAGE WIND SPEED    19.0


SKY COVER
  POSSIBLE SUNSHINE  MM
  AVERAGE SKY COVER 0.5


WEATHER CONDITIONS
 THE FOLLOWING WEATHER WAS RECORDED YESTERDAY.
  NO SIGNIFICANT WEATHER WAS OBSERVED.


RELATIVE HUMIDITY (PERCENT)
 HIGHEST    77           300 AM
 LOWEST     43           100 PM
 AVERAGE    60

..........................................................


THE ROCK SPRINGS WY CLIMATE NORMALS FOR TODAY
                         NORMAL    RECORD    YEAR
 MAXIMUM TEMPERATURE (F)   31        51      1986
 MINIMUM TEMPERATURE (F)   14       -22      1972


SUNRISE AND SUNSET
DECEMBER  5 2016......SUNRISE   728 AM MST   SUNSET   446 PM MST
DECEMBER  6 2016......SUNRISE   729 AM MST   SUNSET   446 PM MST


-  INDICATES NEGATIVE NUMBERS.
R  INDICATES RECORD WAS SET OR TIED.
MM INDICATES DATA IS MISSING.
T  INDICATES TRACE AMOUNT.




$$
