000
CDUS45 KRIW 270801
CLIRKS


CLIMATE REPORT
NATIONAL WEATHER SERVICE RIVERTON WY
200 AM MDT TUE JUN 27 2017


...................................

...THE ROCK SPRINGS WY CLIMATE SUMMARY FOR JUNE 26 2017...

CLIMATE NORMAL PERIOD 1981 TO 2010
CLIMATE RECORD PERIOD 1948 TO 2017


WEATHER ITEM   OBSERVED TIME   RECORD YEAR NORMAL DEPARTURE LAST
                VALUE   (LST)  VALUE       VALUE  FROM      YEAR
                                                  NORMAL
..................................................................
TEMPERATURE (F)
 YESTERDAY
  MAXIMUM         88    353 PM  93    1990  79      9       82
  MINIMUM         51    445 AM  36    1975  50      1       45
  AVERAGE         70                        64      6       64

PRECIPITATION (IN)
  YESTERDAY        0.00          0.42 1952   0.02  -0.02     0.00
  MONTH TO DATE    0.02                      0.71  -0.69     0.18
  SINCE JUN 1      0.02                      0.71  -0.69     0.18
  SINCE JAN 1      3.54                      4.44  -0.90     4.64

DEGREE DAYS
 HEATING
  YESTERDAY        0                         3     -3        1
  MONTH TO DATE   76                       156    -80       38
  SINCE JUN 1     76                       156    -80       38
  SINCE JUL 1   7691                      8131   -440     7623

 COOLING
  YESTERDAY        5                         2      3        0
  MONTH TO DATE   39                        23     16       59
  SINCE JUN 1     39                        23     16       59
  SINCE JAN 1     39                        24     15       59
..................................................................


WIND (MPH)
  HIGHEST WIND SPEED    29   HIGHEST WIND DIRECTION    SW (210)
  HIGHEST GUST SPEED    42   HIGHEST GUST DIRECTION    SW (240)
  AVERAGE WIND SPEED     8.9


SKY COVER
  POSSIBLE SUNSHINE  MM
  AVERAGE SKY COVER 0.0


WEATHER CONDITIONS
 THE FOLLOWING WEATHER WAS RECORDED YESTERDAY.
  NO SIGNIFICANT WEATHER WAS OBSERVED.


RELATIVE HUMIDITY (PERCENT)
 HIGHEST    39          1200 AM
 LOWEST      7           300 PM
 AVERAGE    23

..........................................................


THE ROCK SPRINGS WY CLIMATE NORMALS FOR TODAY
                         NORMAL    RECORD    YEAR
 MAXIMUM TEMPERATURE (F)   79        93      2013
 MINIMUM TEMPERATURE (F)   50        34      1969


SUNRISE AND SUNSET
JUNE 27 2017..........SUNRISE   544 AM MDT   SUNSET   855 PM MDT
JUNE 28 2017..........SUNRISE   545 AM MDT   SUNSET   854 PM MDT


-  INDICATES NEGATIVE NUMBERS.
R  INDICATES RECORD WAS SET OR TIED.
MM INDICATES DATA IS MISSING.
T  INDICATES TRACE AMOUNT.




$$
