000
CDUS45 KRIW 200031
CLIRKS


CLIMATE REPORT
NATIONAL WEATHER SERVICE RIVERTON WY
630 PM MDT THU OCT 19 2017


...................................

...THE ROCK SPRINGS WY CLIMATE SUMMARY FOR OCTOBER 19 2017...
VALID TODAY AS OF 0500 PM LOCAL TIME.

CLIMATE NORMAL PERIOD 1981 TO 2010
CLIMATE RECORD PERIOD 1948 TO 2017


WEATHER ITEM   OBSERVED TIME   RECORD YEAR NORMAL DEPARTURE LAST
                VALUE   (LST)  VALUE       VALUE  FROM      YEAR
                                                  NORMAL
..................................................................
TEMPERATURE (F)
 TODAY
  MAXIMUM         67        MM  74    2003  55     12       46
                                      1974
  MINIMUM         30        MM  13    1976  32     -2       28
  AVERAGE         49                        43      6       37

PRECIPITATION (IN)
  TODAY            0.00                      0.03  -0.03      T
  MONTH TO DATE    0.02                      0.55  -0.53     0.42
  SINCE SEP 1      0.79                      1.47  -0.68     2.01
  SINCE JAN 1      5.17                      7.25  -2.08     7.18

DEGREE DAYS
 HEATING
  TODAY           16                        22     -6       28
  MONTH TO DATE  416                       349     67      356
  SINCE SEP 1    725                       613    112      594
  SINCE JUL 1    742                       677     65      653

 COOLING
  TODAY            0                         0      0        0
  MONTH TO DATE    0                         0      0        0
  SINCE SEP 1     26                         9     17       12
  SINCE JAN 1    394                       286    108      354
..................................................................


WIND (MPH)
  HIGHEST WIND SPEED     9   HIGHEST WIND DIRECTION     W (280)
  HIGHEST GUST SPEED    MM   HIGHEST GUST DIRECTION    MM
  AVERAGE WIND SPEED     2.6


SKY COVER
  POSSIBLE SUNSHINE  MM
  AVERAGE SKY COVER 0.0


WEATHER CONDITIONS
 THE FOLLOWING WEATHER WAS RECORDED TODAY.
  NO SIGNIFICANT WEATHER WAS OBSERVED.


RELATIVE HUMIDITY (PERCENT)
 HIGHEST    43           700 AM
 LOWEST      8           300 PM
 AVERAGE    26

..........................................................


THE ROCK SPRINGS WY CLIMATE NORMALS FOR TOMORROW
                         NORMAL    RECORD    YEAR
 MAXIMUM TEMPERATURE (F)   55        76      1974
 MINIMUM TEMPERATURE (F)   31        13      1984


SUNRISE AND SUNSET
OCTOBER 19 2017.......SUNRISE   733 AM MDT   SUNSET   628 PM MDT
OCTOBER 20 2017.......SUNRISE   734 AM MDT   SUNSET   627 PM MDT


-  INDICATES NEGATIVE NUMBERS.
R  INDICATES RECORD WAS SET OR TIED.
MM INDICATES DATA IS MISSING.
T  INDICATES TRACE AMOUNT.




$$
