000
CDUS45 KRIW 060736
CLIRKS


CLIMATE REPORT
NATIONAL WEATHER SERVICE RIVERTON WY
127 AM MDT FRI MAY 6 2016


...................................

...THE ROCK SPRINGS WY CLIMATE SUMMARY FOR MAY 5 2016...

CLIMATE NORMAL PERIOD 1981 TO 2010
CLIMATE RECORD PERIOD 1948 TO 2016


WEATHER ITEM   OBSERVED TIME   RECORD YEAR NORMAL DEPARTURE LAST
                VALUE   (LST)  VALUE       VALUE  FROM      YEAR
                                                  NORMAL
..................................................................
TEMPERATURE (F)
 YESTERDAY
  MAXIMUM         74    204 PM  79    2004  60     14       68
  MINIMUM         46    608 AM  18    2010  35     11       39
                                      1950
  AVERAGE         60                        47     13       54

PRECIPITATION (IN)
  YESTERDAY        0.00          0.81 1978   0.04  -0.04      T
  MONTH TO DATE    0.00                      0.20  -0.20     0.02
  SINCE MAR 1      2.04                      1.79   0.25     0.91
  SINCE JAN 1      2.26                      2.72  -0.46     1.00

DEGREE DAYS
 HEATING
  YESTERDAY        5                        18    -13       11
  MONTH TO DATE   83                        92     -9       54
  SINCE MAR 1   1641                      1772   -131     1499
  SINCE JUL 1   7158                      7624   -466     6612

 COOLING
  YESTERDAY        0                         0      0        0
  MONTH TO DATE    0                         0      0        0
  SINCE MAR 1      0                         0      0        0
  SINCE JAN 1      0                         0      0        0
..................................................................


WIND (MPH)
  HIGHEST WIND SPEED    22   HIGHEST WIND DIRECTION     W (290)
  HIGHEST GUST SPEED    29   HIGHEST GUST DIRECTION    NW (310)
  AVERAGE WIND SPEED     7.9


SKY COVER
  POSSIBLE SUNSHINE  MM
  AVERAGE SKY COVER 0.1


WEATHER CONDITIONS
 THE FOLLOWING WEATHER WAS RECORDED YESTERDAY.
  NO SIGNIFICANT WEATHER WAS OBSERVED.


RELATIVE HUMIDITY (PERCENT)
 HIGHEST    49           500 AM
 LOWEST     13           200 PM
 AVERAGE    31

..........................................................


THE ROCK SPRINGS WY CLIMATE NORMALS FOR TODAY
                         NORMAL    RECORD    YEAR
 MAXIMUM TEMPERATURE (F)   60        81      1966
 MINIMUM TEMPERATURE (F)   35        19      1965


SUNRISE AND SUNSET
MAY  6 2016...........SUNRISE   606 AM MDT   SUNSET   820 PM MDT
MAY  7 2016...........SUNRISE   605 AM MDT   SUNSET   821 PM MDT


-  INDICATES NEGATIVE NUMBERS.
R  INDICATES RECORD WAS SET OR TIED.
MM INDICATES DATA IS MISSING.
T  INDICATES TRACE AMOUNT.




$$
