000
CDUS45 KRIW 220732
CLIRKS


CLIMATE REPORT
NATIONAL WEATHER SERVICE RIVERTON WY
130 AM MDT MON SEP 22 2014


...................................

...THE ROCK SPRINGS WY CLIMATE SUMMARY FOR SEPTEMBER 21 2014...

CLIMATE NORMAL PERIOD 1981 TO 2010
CLIMATE RECORD PERIOD 1948 TO 2014


WEATHER ITEM   OBSERVED TIME   RECORD YEAR NORMAL DEPARTURE LAST
                VALUE   (LST)  VALUE       VALUE  FROM      YEAR
                                                  NORMAL
..................................................................
TEMPERATURE (F)
 YESTERDAY
  MAXIMUM         66    500 PM  82    1967  68     -2       76
  MINIMUM         48    626 AM  22    1995  41      7       50
  AVERAGE         57                        54      3       63

PRECIPITATION (IN)
  YESTERDAY        0.03          0.32 1963   0.04  -0.01     0.00
  MONTH TO DATE    0.05                      0.63  -0.58     0.63
  SINCE SEP 1      0.05                      0.63  -0.58     0.63
  SINCE JAN 1      2.53                      6.41  -3.88     2.83

DEGREE DAYS
 HEATING
  YESTERDAY        8                        11     -3        2
  MONTH TO DATE  114                       147    -33       89
  SINCE SEP 1    114                       147    -33       89
  SINCE JUL 1    205                       211     -6       90

 COOLING
  YESTERDAY        0                         0      0        0
  MONTH TO DATE    6                         7     -1       44
  SINCE SEP 1      6                         7     -1       44
  SINCE JAN 1    305                       284     21      517
..................................................................


WIND (MPH)
  HIGHEST WIND SPEED    33   HIGHEST WIND DIRECTION    SW (240)
  HIGHEST GUST SPEED    41   HIGHEST GUST DIRECTION    SW (240)
  AVERAGE WIND SPEED    10.3


SKY COVER
  POSSIBLE SUNSHINE  MM
  AVERAGE SKY COVER 0.3


WEATHER CONDITIONS
 THE FOLLOWING WEATHER WAS RECORDED YESTERDAY.
  THUNDERSTORM
  RAIN
  LIGHT RAIN
  FOG


RELATIVE HUMIDITY (PERCENT)
 HIGHEST    89          1000 PM
 LOWEST     39          1200 PM
 AVERAGE    64

..........................................................


THE ROCK SPRINGS WY CLIMATE NORMALS FOR TODAY
                         NORMAL    RECORD    YEAR
 MAXIMUM TEMPERATURE (F)   67        84      1966
 MINIMUM TEMPERATURE (F)   40        21      2000


SUNRISE AND SUNSET
SEPTEMBER 22 2014.....SUNRISE   704 AM MDT   SUNSET   713 PM MDT
SEPTEMBER 23 2014.....SUNRISE   705 AM MDT   SUNSET   712 PM MDT


-  INDICATES NEGATIVE NUMBERS.
R  INDICATES RECORD WAS SET OR TIED.
MM INDICATES DATA IS MISSING.
T  INDICATES TRACE AMOUNT.




$$
