000
CDUS45 KRIW 040746
CLIRKS


CLIMATE REPORT
NATIONAL WEATHER SERVICE RIVERTON WY
139 AM MDT TUE AUG 4 2015


...................................

...THE ROCK SPRINGS WY CLIMATE SUMMARY FOR AUGUST 3 2015...

CLIMATE NORMAL PERIOD 1981 TO 2010
CLIMATE RECORD PERIOD 1948 TO 2015


WEATHER ITEM   OBSERVED TIME   RECORD YEAR NORMAL DEPARTURE LAST
                VALUE   (LST)  VALUE       VALUE  FROM      YEAR
                                                  NORMAL
..................................................................
TEMPERATURE (F)
 YESTERDAY
  MAXIMUM         75    305 PM  91    2009  84     -9       87
                                      1971
  MINIMUM         54   1159 PM  44    1993  55     -1       59
  AVERAGE         65                        70     -5       73

PRECIPITATION (IN)
  YESTERDAY        0.04          0.48 1966   0.02   0.02      T
  MONTH TO DATE    0.04                      0.06  -0.02      T
  SINCE JUN 1      3.27                      1.49   1.78     0.65
  SINCE JAN 1      7.35                      5.22   2.13     1.96

DEGREE DAYS
 HEATING
  YESTERDAY        0                         0      0        0
  MONTH TO DATE    0                         0      0        0
  SINCE JUN 1     75                       191   -116      161
  SINCE JUL 1     26                        24      2       14

 COOLING
  YESTERDAY        0                         5     -5        8
  MONTH TO DATE   11                        15     -4       18
  SINCE JUN 1    180                       194    -14      240
  SINCE JAN 1    180                       195    -15      247
..................................................................


WIND (MPH)
  HIGHEST WIND SPEED    28   HIGHEST WIND DIRECTION    SW (240)
  HIGHEST GUST SPEED    33   HIGHEST GUST DIRECTION     W (250)
  AVERAGE WIND SPEED    12.5


SKY COVER
  POSSIBLE SUNSHINE  MM
  AVERAGE SKY COVER 0.8


WEATHER CONDITIONS
 THE FOLLOWING WEATHER WAS RECORDED YESTERDAY.
  THUNDERSTORM
  RAIN
  LIGHT RAIN
  FOG


RELATIVE HUMIDITY (PERCENT)
 HIGHEST    93           600 PM
 LOWEST     41           300 PM
 AVERAGE    67

..........................................................


THE ROCK SPRINGS WY CLIMATE NORMALS FOR TODAY
                         NORMAL    RECORD    YEAR
 MAXIMUM TEMPERATURE (F)   84        92      1979
 MINIMUM TEMPERATURE (F)   54        41      1980


SUNRISE AND SUNSET
AUGUST  4 2015........SUNRISE   614 AM MDT   SUNSET   831 PM MDT
AUGUST  5 2015........SUNRISE   615 AM MDT   SUNSET   829 PM MDT


-  INDICATES NEGATIVE NUMBERS.
R  INDICATES RECORD WAS SET OR TIED.
MM INDICATES DATA IS MISSING.
T  INDICATES TRACE AMOUNT.




$$
