000
CDUS45 KRIW 270745
CLIRKS


CLIMATE REPORT
NATIONAL WEATHER SERVICE RIVERTON WY
127 AM MDT FRI MAR 27 2015


...................................

...THE ROCK SPRINGS WY CLIMATE SUMMARY FOR MARCH 26 2015...

CLIMATE NORMAL PERIOD 1981 TO 2010
CLIMATE RECORD PERIOD 1948 TO 2015


WEATHER ITEM   OBSERVED TIME   RECORD YEAR NORMAL DEPARTURE LAST
                VALUE   (LST)  VALUE       VALUE  FROM      YEAR
                                                  NORMAL
..................................................................
TEMPERATURE (F)
 YESTERDAY
  MAXIMUM         58    321 PM  64    1971  48     10       53
  MINIMUM         28    354 AM  -2    1955  26      2       32
  AVERAGE         43                        36      7       43

PRECIPITATION (IN)
  YESTERDAY        0.00          0.37 1961   0.02  -0.02      T
  MONTH TO DATE    0.22                      0.55  -0.33     0.37
  SINCE MAR 1      0.22                      0.55  -0.33     0.37
  SINCE JAN 1      0.31                      1.48  -1.17     0.52

DEGREE DAYS
 HEATING
  YESTERDAY       22                        28     -6       22
  MONTH TO DATE  697                       838   -141      744
  SINCE MAR 1    697                       838   -141      744
  SINCE JUL 1   5810                      6690   -880     6196

 COOLING
  YESTERDAY        0                         0      0        0
  MONTH TO DATE    0                         0      0        0
  SINCE MAR 1      0                         0      0        0
  SINCE JAN 1      0                         0      0        0
..................................................................


WIND (MPH)
  HIGHEST WIND SPEED    32   HIGHEST WIND DIRECTION     W (260)
  HIGHEST GUST SPEED    38   HIGHEST GUST DIRECTION     W (270)
  AVERAGE WIND SPEED    21.3


SKY COVER
  POSSIBLE SUNSHINE  MM
  AVERAGE SKY COVER 0.0


WEATHER CONDITIONS
 THE FOLLOWING WEATHER WAS RECORDED YESTERDAY.
  NO SIGNIFICANT WEATHER WAS OBSERVED.


RELATIVE HUMIDITY (PERCENT)
 HIGHEST    69           600 AM
 LOWEST     28           300 PM
 AVERAGE    49

..........................................................


THE ROCK SPRINGS WY CLIMATE NORMALS FOR TODAY
                         NORMAL    RECORD    YEAR
 MAXIMUM TEMPERATURE (F)   48        64      1986
 MINIMUM TEMPERATURE (F)   26         0      1975


SUNRISE AND SUNSET
MARCH 27 2015.........SUNRISE   708 AM MDT   SUNSET   736 PM MDT
MARCH 28 2015.........SUNRISE   706 AM MDT   SUNSET   737 PM MDT


-  INDICATES NEGATIVE NUMBERS.
R  INDICATES RECORD WAS SET OR TIED.
MM INDICATES DATA IS MISSING.
T  INDICATES TRACE AMOUNT.




$$
