000
CDUS42 KFFC 310821
CLIRMG


CLIMATE REPORT
NATIONAL WEATHER SERVICE PEACHTREE CITY GA
420 AM EDT TUE MAY 31 2016


...................................

...THE ROME  CLIMATE SUMMARY FOR MAY 30 2016...

CLIMATE NORMAL PERIOD 1981 TO 2010
CLIMATE RECORD PERIOD 9999 TO 9999


WEATHER ITEM   OBSERVED TIME   RECORD YEAR NORMAL DEPARTURE LAST
                VALUE   (LST)  VALUE       VALUE  FROM      YEAR
                                                  NORMAL
..................................................................
TEMPERATURE (F)
 YESTERDAY
  MAXIMUM         94    339 PM  MM      MM  84     10       86
  MINIMUM         64    609 AM  MM      MM  60      4       61
  AVERAGE         79                        72      7       74

PRECIPITATION (IN)
  YESTERDAY        0.00         MM      MM   0.12  -0.12      T
  MONTH TO DATE    1.35                      4.06  -2.71     2.77
  SINCE MAR 1      8.11                     13.06  -4.95    11.34
  SINCE JAN 1     17.12                     22.75  -5.63    19.42

DEGREE DAYS
 COOLING
  YESTERDAY       14                         7      7        9
  MONTH TO DATE  152                       127     25      194
  SINCE MAR 1    212                       160     52      248
  SINCE JAN 1    212                       160     52      248
..................................................................


WIND (MPH)
  RESULTANT WIND SPEED   1   RESULTANT WIND DIRECTION  NW (300)
  HIGHEST WIND SPEED    17   HIGHEST WIND DIRECTION    NE (30)
  HIGHEST GUST SPEED    20   HIGHEST GUST DIRECTION     N (20)
  AVERAGE WIND SPEED     2.7


SKY COVER
  AVERAGE SKY COVER 0.1


WEATHER CONDITIONS
 THE FOLLOWING WEATHER WAS RECORDED YESTERDAY.
  THUNDERSTORM


RELATIVE HUMIDITY (PERCENT)
 HIGHEST    93           400 AM
 LOWEST     34           300 PM
 AVERAGE    64

..........................................................


THE ROME  CLIMATE NORMALS FOR TODAY
                         NORMAL    RECORD    YEAR
 MAXIMUM TEMPERATURE (F)   84        MM        MM
 MINIMUM TEMPERATURE (F)   61        MM        MM


SUNRISE AND SUNSET
MAY 31 2016...........SUNRISE   630 AM EDT   SUNSET   847 PM EDT
JUNE  1 2016..........SUNRISE   629 AM EDT   SUNSET   848 PM EDT


-  INDICATES NEGATIVE NUMBERS.
R  INDICATES RECORD WAS SET OR TIED.
MM INDICATES DATA IS MISSING.
T  INDICATES TRACE AMOUNT.




$$
