000
CDUS42 KFFC 200819
CLIRMG


CLIMATE REPORT
NATIONAL WEATHER SERVICE PEACHTREE CITY GA
419 AM EDT WED AUG 20 2014


...................................

...THE ROME  CLIMATE SUMMARY FOR AUGUST 19 2014...

CLIMATE NORMAL PERIOD 1981 TO 2010
CLIMATE RECORD PERIOD 9999 TO 9999


WEATHER ITEM   OBSERVED TIME   RECORD YEAR NORMAL DEPARTURE LAST
                VALUE   (LST)  VALUE       VALUE  FROM      YEAR
                                                  NORMAL
..................................................................
TEMPERATURE (F)
 YESTERDAY
  MAXIMUM         91    453 PM  MM      MM  90      1       84
  MINIMUM         70    203 AM  MM      MM  68      2       69
  AVERAGE         81                        79      2       77

PRECIPITATION (IN)
  YESTERDAY        0.09         MM      MM   0.14  -0.05     0.03
  MONTH TO DATE    1.32                      2.58  -1.26     1.88
  SINCE JUN 1      7.74                     11.00  -3.26    13.26
  SINCE JAN 1     32.23                     33.87  -1.64    28.06

DEGREE DAYS
 COOLING
  YESTERDAY       16                        14      2       12
  MONTH TO DATE  253                       271    -18      231
  SINCE JUN 1    992                      1047    -55      982
  SINCE JAN 1   1193                      1215    -22     1125
..................................................................


WIND (MPH)
  RESULTANT WIND SPEED   3   RESULTANT WIND DIRECTION   W (270)
  HIGHEST WIND SPEED    14   HIGHEST WIND DIRECTION    NW (300)
  HIGHEST GUST SPEED    19   HIGHEST GUST DIRECTION     W (280)
  AVERAGE WIND SPEED     3.9


SKY COVER
  AVERAGE SKY COVER 0.6


WEATHER CONDITIONS
 THE FOLLOWING WEATHER WAS RECORDED YESTERDAY.
  LIGHT RAIN
  FOG


RELATIVE HUMIDITY (PERCENT)
 HIGHEST   100          1200 AM
 LOWEST     47           400 PM
 AVERAGE    74

..........................................................


THE ROME  CLIMATE NORMALS FOR TODAY
                         NORMAL    RECORD    YEAR
 MAXIMUM TEMPERATURE (F)   89        MM        MM
 MINIMUM TEMPERATURE (F)   68        MM        MM


SUNRISE AND SUNSET
AUGUST 20 2014........SUNRISE   705 AM EDT   SUNSET   822 PM EDT
AUGUST 21 2014........SUNRISE   706 AM EDT   SUNSET   821 PM EDT


-  INDICATES NEGATIVE NUMBERS.
R  INDICATES RECORD WAS SET OR TIED.
MM INDICATES DATA IS MISSING.
T  INDICATES TRACE AMOUNT.




$$
