000
CDUS42 KFFC 270817
CLIRMG


CLIMATE REPORT
NATIONAL WEATHER SERVICE PEACHTREE CITY GA
416 AM EDT THU JUL 27 2017


...................................

...THE ROME  CLIMATE SUMMARY FOR JULY 26 2017...

CLIMATE NORMAL PERIOD 1981 TO 2010
CLIMATE RECORD PERIOD 9999 TO 9999


WEATHER ITEM   OBSERVED TIME   RECORD YEAR NORMAL DEPARTURE LAST
                VALUE   (LST)  VALUE       VALUE  FROM      YEAR
                                                  NORMAL
..................................................................
TEMPERATURE (F)
 YESTERDAY
  MAXIMUM         97    405 PM  MM      MM  90      7       97
  MINIMUM         71    558 AM  MM      MM  69      2       75
  AVERAGE         84                        80      4       86

PRECIPITATION (IN)
  YESTERDAY        0.00         MM      MM   0.11  -0.11     0.05
  MONTH TO DATE    2.71                      3.83  -1.12     1.05
  SINCE JUN 1      7.23                      7.93  -0.70     3.33
  SINCE JAN 1     35.18                     30.80   4.38    20.45

DEGREE DAYS
 COOLING
  YESTERDAY       19                        15      4       21
  MONTH TO DATE  421                       376     45      462
  SINCE JUN 1    771                       706     65      901
  SINCE JAN 1   1097                       874    223     1126
..................................................................


WIND (MPH)
  RESULTANT WIND SPEED   0   RESULTANT WIND DIRECTION  NW (320)
  HIGHEST WIND SPEED    12   HIGHEST WIND DIRECTION     S (180)
  HIGHEST GUST SPEED    15   HIGHEST GUST DIRECTION     S (180)
  AVERAGE WIND SPEED     2.3


SKY COVER
  AVERAGE SKY COVER 0.1


WEATHER CONDITIONS
 THE FOLLOWING WEATHER WAS RECORDED YESTERDAY.
  NO SIGNIFICANT WEATHER WAS OBSERVED.


RELATIVE HUMIDITY (PERCENT)
 HIGHEST   100           100 AM
 LOWEST     38           400 PM
 AVERAGE    69

..........................................................


THE ROME  CLIMATE NORMALS FOR TODAY
                         NORMAL    RECORD    YEAR
 MAXIMUM TEMPERATURE (F)   90        MM        MM
 MINIMUM TEMPERATURE (F)   69        MM        MM


SUNRISE AND SUNSET
JULY 27 2017..........SUNRISE   648 AM EDT   SUNSET   846 PM EDT
JULY 28 2017..........SUNRISE   649 AM EDT   SUNSET   845 PM EDT


-  INDICATES NEGATIVE NUMBERS.
R  INDICATES RECORD WAS SET OR TIED.
MM INDICATES DATA IS MISSING.
T  INDICATES TRACE AMOUNT.




$$
