000
CDUS41 KRNK 031046
CLIRNK


CLIMATE REPORT
NATIONAL WEATHER SERVICE BLACKSBURG VA
539 AM EST TUE MAR 3 2015


...................................

...THE BLACKSBURG VA CLIMATE SUMMARY FOR MARCH 2 2015...

CLIMATE NORMAL PERIOD 1981 TO 2010
CLIMATE RECORD PERIOD 1952 TO 2015


WEATHER ITEM   OBSERVED TIME   RECORD YEAR NORMAL DEPARTURE LAST
                VALUE   (LST)  VALUE       VALUE  FROM      YEAR
                                                  NORMAL
..................................................................
TEMPERATURE (F)
 YESTERDAY
  MAXIMUM         45        MM  72    1976  49     -4       64
  MINIMUM         28        MM   7    1980  26      2       29
  AVERAGE         37                        38     -1       47

PRECIPITATION (IN)
  YESTERDAY        0.01          1.09 1994   0.10  -0.09     0.16
  MONTH TO DATE    0.01                      0.19  -0.18     0.16
  SINCE MAR 1      0.01                      0.19  -0.18     0.16
  SINCE JAN 1      3.43                      6.08  -2.65     5.79

SNOWFALL (IN)
  YESTERDAY        0.0
  MONTH TO DATE    0.0
  SINCE MAR 1      0.0
  SINCE JUL 1     23.4
  SNOW DEPTH       1

DEGREE DAYS
 HEATING
  YESTERDAY       28                        27      1       18
  MONTH TO DATE   58                        55      3       48
  SINCE MAR 1     58                        55      3       48
  SINCE JUL 1   4184                      4103     81     4229

 COOLING
  YESTERDAY        0                         0      0        0
  MONTH TO DATE    0                         0      0        0
  SINCE MAR 1      0                         0      0        0
  SINCE JAN 1      0                         0      0        0
..................................................................


WIND (MPH)
  HIGHEST WIND SPEED    20   HIGHEST WIND DIRECTION    NW (300)
  HIGHEST GUST SPEED    35   HIGHEST GUST DIRECTION     W (290)
  AVERAGE WIND SPEED     7.9


SKY COVER
  POSSIBLE SUNSHINE  MM
  AVERAGE SKY COVER 0.4


WEATHER CONDITIONS
 THE FOLLOWING WEATHER WAS RECORDED YESTERDAY.
  LIGHT RAIN
  FOG


RELATIVE HUMIDITY (PERCENT)
 HIGHEST   100           300 AM
 LOWEST     34           500 PM
 AVERAGE    67

..........................................................


THE BLACKSBURG VA CLIMATE NORMALS FOR TODAY
                         NORMAL    RECORD    YEAR
 MAXIMUM TEMPERATURE (F)   49        74      1992
 MINIMUM TEMPERATURE (F)   27         3      1980


SUNRISE AND SUNSET
MARCH  3 2015.........SUNRISE   650 AM EST   SUNSET   617 PM EST
MARCH  4 2015.........SUNRISE   649 AM EST   SUNSET   618 PM EST


-  INDICATES NEGATIVE NUMBERS.
R  INDICATES RECORD WAS SET OR TIED.
MM INDICATES DATA IS MISSING.
T  INDICATES TRACE AMOUNT.




$$
