000
CDUS41 KRNK 252127
CLIRNK


CLIMATE REPORT
NATIONAL WEATHER SERVICE BLACKSBURG VA
525 PM EDT SAT OCT 25 2014


...................................

...THE BLACKSBURG VA CLIMATE SUMMARY FOR OCTOBER 25 2014...
VALID TODAY AS OF 0500 PM LOCAL TIME.

CLIMATE NORMAL PERIOD 1981 TO 2010
CLIMATE RECORD PERIOD 1952 TO 2014


WEATHER ITEM   OBSERVED TIME   RECORD YEAR NORMAL DEPARTURE LAST
                VALUE   (LST)  VALUE       VALUE  FROM      YEAR
                                                  NORMAL
..................................................................
TEMPERATURE (F)
 TODAY
  MAXIMUM         68    200 PM  80    2001  63      5       43
  MINIMUM         34    600 AM  15    1969  37     -3       24
  AVERAGE         51                        50      1       34

PRECIPITATION (IN)
  TODAY            0.00          2.00 1971   0.09  -0.09      T
  MONTH TO DATE    4.05                      2.23   1.82     2.40
  SINCE SEP 1      7.85                      5.33   2.52     3.53
  SINCE JAN 1     33.62                     34.52  -0.90    43.08

SNOWFALL (IN)
  TODAY            0.0
  MONTH TO DATE    0.0
  SINCE SEP 1      0.0
  SINCE JUL 1      0.0
  SNOW DEPTH       0

DEGREE DAYS
 HEATING
  TODAY           14                        15     -1       31
  MONTH TO DATE  247                       299    -52      250
  SINCE SEP 1    313                       412    -99      360
  SINCE JUL 1    324                       430   -106      383

 COOLING
  TODAY            0                         0      0        0
  MONTH TO DATE    2                         1      1        7
  SINCE SEP 1     79                        58     21       62
  SINCE JAN 1    609                       570     39      568
..................................................................


WIND (MPH)
  HIGHEST WIND SPEED    10   HIGHEST WIND DIRECTION     W (290)
  HIGHEST GUST SPEED    17   HIGHEST GUST DIRECTION     W (290)
  AVERAGE WIND SPEED     3.2


SKY COVER
  POSSIBLE SUNSHINE  MM
  AVERAGE SKY COVER 0.0


WEATHER CONDITIONS
 THE FOLLOWING WEATHER WAS RECORDED TODAY.
  NO SIGNIFICANT WEATHER WAS OBSERVED.


RELATIVE HUMIDITY (PERCENT)
 HIGHEST   100           100 AM
 LOWEST     39           300 PM
 AVERAGE    70

..........................................................


THE BLACKSBURG VA CLIMATE NORMALS FOR TOMORROW
                         NORMAL    RECORD    YEAR
 MAXIMUM TEMPERATURE (F)   63        75      2004
                                             1991
 MINIMUM TEMPERATURE (F)   36        20      2013


SUNRISE AND SUNSET
OCTOBER 25 2014.......SUNRISE   739 AM EDT   SUNSET   632 PM EDT
OCTOBER 26 2014.......SUNRISE   740 AM EDT   SUNSET   631 PM EDT


-  INDICATES NEGATIVE NUMBERS.
R  INDICATES RECORD WAS SET OR TIED.
MM INDICATES DATA IS MISSING.
T  INDICATES TRACE AMOUNT.




$$
