000
CDUS41 KRNK 050909 CCA
CLIRNK

CLIMATE REPORT...CORRECTED WEATHER CONDITIONS
NATIONAL WEATHER SERVICE BLACKSBURG VA
403 AM EST MON DEC 5 2016


...................................

...THE BLACKSBURG VA CLIMATE SUMMARY FOR DECEMBER 4 2016...

CLIMATE NORMAL PERIOD 1981 TO 2010
CLIMATE RECORD PERIOD 1952 TO 2016


WEATHER ITEM   OBSERVED RECORD YEAR NORMAL DEPARTURE LAST
                VALUE   VALUE       VALUE  FROM      YEAR
                                           NORMAL
...........................................................
TEMPERATURE (F)
 YESTERDAY
  MAXIMUM         35     68    1982  47    -12       50
  MINIMUM         31      5    1966  26      5       23
  AVERAGE         33                 37     -4       37

PRECIPITATION (IN)
  YESTERDAY        0.32   1.20 1983   0.10   0.22     0.00
  MONTH TO DATE    0.32               0.41  -0.09     1.68
  SINCE DEC 1      0.32               0.41  -0.09     1.68
  SINCE JAN 1     39.27              38.35   0.92    45.66

SNOWFALL (IN)
  YESTERDAY        T                                  0.0
  MONTH TO DATE    T                                  0.0
  SINCE DEC 1      T                                  0.0
  SINCE JUL 1      T                                   T
  SNOW DEPTH       0

DEGREE DAYS
 HEATING
  YESTERDAY       32                 28      4       28
  MONTH TO DATE  109                111     -2       94
  SINCE DEC 1    109                111     -2       94
  SINCE JUL 1    882               1291   -409      982

 COOLING
  YESTERDAY        0                  0      0        0
  MONTH TO DATE    0                  0      0        0
  SINCE DEC 1      0                  0      0        0
  SINCE JAN 1    914                573    341      820
...........................................................


WIND (MPH)
  HIGHEST WIND SPEED     8   HIGHEST WIND DIRECTION     E (110)
  HIGHEST GUST SPEED    MM   HIGHEST GUST DIRECTION    MM
  AVERAGE WIND SPEED     3.9


SKY COVER
  AVERAGE SKY COVER 0.9


WEATHER CONDITIONS
 THE FOLLOWING WEATHER WAS RECORDED YESTERDAY.
  RAIN
  LIGHT RAIN
  SLEET
  FOG

RELATIVE HUMIDITY (PERCENT)
 HIGHEST   100           800 PM
 LOWEST     78          1200 AM
 AVERAGE    89

..........................................................


THE BLACKSBURG VA CLIMATE NORMALS FOR TODAY
                         NORMAL    RECORD    YEAR
 MAXIMUM TEMPERATURE (F)   47        70      2001
 MINIMUM TEMPERATURE (F)   26         2      1974


SUNRISE AND SUNSET
DECEMBER  5 2016......SUNRISE   721 AM EST   SUNSET   504 PM EST
DECEMBER  6 2016......SUNRISE   722 AM EST   SUNSET   504 PM EST


-  INDICATES NEGATIVE NUMBERS.
R  INDICATES RECORD WAS SET OR TIED.
MM INDICATES DATA IS MISSING.
T  INDICATES TRACE AMOUNT.




$$
