000
CDUS41 KRNK 230859
CLIRNK


CLIMATE REPORT
NATIONAL WEATHER SERVICE BLACKSBURG VA
356 AM EST THU NOV 23 2017


...................................

...THE BLACKSBURG VA CLIMATE SUMMARY FOR NOVEMBER 22 2017...

CLIMATE NORMAL PERIOD 1981 TO 2010
CLIMATE RECORD PERIOD 1952 TO 2017


WEATHER ITEM   OBSERVED RECORD YEAR NORMAL DEPARTURE LAST
                VALUE   VALUE       VALUE  FROM      YEAR
                                           NORMAL
...........................................................
TEMPERATURE (F)
 YESTERDAY
  MAXIMUM         48     70    2003  53     -5       47
                               1979
  MINIMUM         24     13    1964  29     -5       26
  AVERAGE         36                 41     -5       37

PRECIPITATION (IN)
  YESTERDAY        0.00   0.95 1985   0.11  -0.11     0.00
  MONTH TO DATE    1.19               2.08  -0.89     0.07
  SINCE SEP 1     10.36               7.96   2.40     8.93
  SINCE JAN 1     40.32              37.15   3.17    37.60

SNOWFALL (IN)
  YESTERDAY        0.0                                0.0
  MONTH TO DATE    T                                   T
  SINCE SEP 1      T                                   T
  SINCE JUL 1      T                                   T
  SNOW DEPTH       0

DEGREE DAYS
 HEATING
  YESTERDAY       29                 24      5       28
  MONTH TO DATE  454                447      7      391
  SINCE SEP 1    796                956   -160      620
  SINCE JUL 1    805                974   -169      620

 COOLING
  YESTERDAY        0                  0      0        0
  MONTH TO DATE    0                  0      0        0
  SINCE SEP 1     96                 61     35      137
  SINCE JAN 1    632                573     59      914
...........................................................


WIND (MPH)
  HIGHEST WIND SPEED    15   HIGHEST WIND DIRECTION    NW (320)
  HIGHEST GUST SPEED    26   HIGHEST GUST DIRECTION    NW (300)
  AVERAGE WIND SPEED     5.9


SKY COVER
  AVERAGE SKY COVER 0.3


WEATHER CONDITIONS
 THE FOLLOWING WEATHER WAS RECORDED YESTERDAY.
  NO SIGNIFICANT WEATHER WAS OBSERVED.


RELATIVE HUMIDITY (PERCENT)
 HIGHEST   100           100 AM
 LOWEST     46           200 PM
 AVERAGE    73

..........................................................


THE BLACKSBURG VA CLIMATE NORMALS FOR TODAY
                         NORMAL    RECORD    YEAR
 MAXIMUM TEMPERATURE (F)   52        68      2003
                                             1983
 MINIMUM TEMPERATURE (F)   29        10      1971


SUNRISE AND SUNSET
NOVEMBER 23 2017......SUNRISE   709 AM EST   SUNSET   507 PM EST
NOVEMBER 24 2017......SUNRISE   710 AM EST   SUNSET   506 PM EST


-  INDICATES NEGATIVE NUMBERS.
R  INDICATES RECORD WAS SET OR TIED.
MM INDICATES DATA IS MISSING.
T  INDICATES TRACE AMOUNT.

REMARKS:
DUE TO MISSING TEMPERATURES ON SEPTEMBER 8-10...ALL TEMPERATURE AND
DEGREE DAY INFORMATION WILL BE CALCULATED WITHOUT DATA FROM THESE
DATES.

$$
RCS
