000
CDUS41 KRNK 281011
CLIRNK


CLIMATE REPORT
NATIONAL WEATHER SERVICE BLACKSBURG VA
508 AM EST FRI NOV 28 2014


...................................

...THE BLACKSBURG VA CLIMATE SUMMARY FOR NOVEMBER 27 2014...

CLIMATE NORMAL PERIOD 1981 TO 2010
CLIMATE RECORD PERIOD 1952 TO 2014


WEATHER ITEM   OBSERVED TIME   RECORD YEAR NORMAL DEPARTURE LAST
                VALUE   (LST)  VALUE       VALUE  FROM      YEAR
                                                  NORMAL
..................................................................
TEMPERATURE (F)
 YESTERDAY
  MAXIMUM         38    200 PM  71    1990  50    -12       40
  MINIMUM         27   1100 PM  10    1974  28     -1       20
  AVERAGE         33                        39     -6       30

PRECIPITATION (IN)
  YESTERDAY        0.01          0.86 1978   0.10  -0.09     0.05
  MONTH TO DATE    2.73                      2.57   0.16     3.01
  SINCE SEP 1     10.88                      8.45   2.43     6.79
  SINCE JAN 1     36.65                     37.64  -0.99    46.34

SNOWFALL (IN)
  YESTERDAY        T
  MONTH TO DATE    2.4
  SINCE SEP 1      2.4
  SINCE JUL 1      2.4
  SNOW DEPTH       T

DEGREE DAYS
 HEATING
  YESTERDAY       32                        26      6       35
  MONTH TO DATE  695                       573    122      654
  SINCE SEP 1   1094                      1082     12     1103
  SINCE JUL 1   1105                      1100      5     1126

 COOLING
  YESTERDAY        0                         0      0        0
  MONTH TO DATE    0                         0      0        0
  SINCE SEP 1     79                        61     18       62
  SINCE JAN 1    609                       573     36      568
..................................................................


WIND (MPH)
  HIGHEST WIND SPEED    20   HIGHEST WIND DIRECTION    NW (300)
  HIGHEST GUST SPEED    33   HIGHEST GUST DIRECTION    NW (300)
  AVERAGE WIND SPEED     7.0


SKY COVER
  POSSIBLE SUNSHINE  MM
  AVERAGE SKY COVER 1.0


WEATHER CONDITIONS
 THE FOLLOWING WEATHER WAS RECORDED YESTERDAY.
  LIGHT RAIN
  LIGHT SNOW
  FOG
  FOG W/VISIBILITY <= 1/4 MILE


RELATIVE HUMIDITY (PERCENT)
 HIGHEST   100          1200 AM
 LOWEST     72           800 PM
 AVERAGE    86

..........................................................


THE BLACKSBURG VA CLIMATE NORMALS FOR TODAY
                         NORMAL    RECORD    YEAR
 MAXIMUM TEMPERATURE (F)   50        73      2001
                                             1990
 MINIMUM TEMPERATURE (F)   28        16      1977


SUNRISE AND SUNSET
NOVEMBER 28 2014......SUNRISE   714 AM EST   SUNSET   505 PM EST
NOVEMBER 29 2014......SUNRISE   715 AM EST   SUNSET   505 PM EST


-  INDICATES NEGATIVE NUMBERS.
R  INDICATES RECORD WAS SET OR TIED.
MM INDICATES DATA IS MISSING.
T  INDICATES TRACE AMOUNT.




$$
