000
CDUS41 KRNK 212219
CLIRNK


CLIMATE REPORT
NATIONAL WEATHER SERVICE BLACKSBURG VA
516 PM EST FRI NOV 21 2014


...................................

...THE BLACKSBURG VA CLIMATE SUMMARY FOR NOVEMBER 21 2014...
VALID TODAY AS OF 0500 PM LOCAL TIME.

CLIMATE NORMAL PERIOD 1981 TO 2010
CLIMATE RECORD PERIOD 1952 TO 2014


WEATHER ITEM   OBSERVED TIME   RECORD YEAR NORMAL DEPARTURE LAST
                VALUE   (LST)  VALUE       VALUE  FROM      YEAR
                                                  NORMAL
..................................................................
TEMPERATURE (F)
 TODAY
  MAXIMUM         39    300 PM  75    1985  53    -14       53
  MINIMUM         21    700 AM  13    1984  30     -9       34
  AVERAGE         30                        41    -11       44

PRECIPITATION (IN)
  TODAY            0.00          0.91 2005   0.10  -0.10     0.00
  MONTH TO DATE    1.35                      1.97  -0.62     0.87
  SINCE SEP 1      9.50                      7.85   1.65     4.65
  SINCE JAN 1     35.27                     37.04  -1.77    44.20

SNOWFALL (IN)
  TODAY            0.0
  MONTH TO DATE    T
  SINCE SEP 1      T
  SINCE JUL 1      T
  SNOW DEPTH       0

DEGREE DAYS
 HEATING
  TODAY           35                        24     11       21
  MONTH TO DATE  553                       423    130      464
  SINCE SEP 1    952                       932     20      913
  SINCE JUL 1    963                       950     13      936

 COOLING
  TODAY            0                         0      0        0
  MONTH TO DATE    0                         0      0        0
  SINCE SEP 1     79                        61     18       62
  SINCE JAN 1    609                       573     36      568
..................................................................


WIND (MPH)
  HIGHEST WIND SPEED    17   HIGHEST WIND DIRECTION     W (280)
  HIGHEST GUST SPEED    30   HIGHEST GUST DIRECTION     W (290)
  AVERAGE WIND SPEED    11.6


SKY COVER
  POSSIBLE SUNSHINE  MM
  AVERAGE SKY COVER 0.0


WEATHER CONDITIONS
 THE FOLLOWING WEATHER WAS RECORDED TODAY.
  NO SIGNIFICANT WEATHER WAS OBSERVED.


RELATIVE HUMIDITY (PERCENT)
 HIGHEST    74           700 AM
 LOWEST     32           400 PM
 AVERAGE    53

..........................................................


THE BLACKSBURG VA CLIMATE NORMALS FOR TOMORROW
                         NORMAL    RECORD    YEAR
 MAXIMUM TEMPERATURE (F)   53        70      2003
                                             1979
 MINIMUM TEMPERATURE (F)   29        13      1964


SUNRISE AND SUNSET
NOVEMBER 21 2014......SUNRISE   707 AM EST   SUNSET   508 PM EST
NOVEMBER 22 2014......SUNRISE   708 AM EST   SUNSET   507 PM EST


-  INDICATES NEGATIVE NUMBERS.
R  INDICATES RECORD WAS SET OR TIED.
MM INDICATES DATA IS MISSING.
T  INDICATES TRACE AMOUNT.




$$
