000
CDUS41 KRNK 200832
CLIRNK


CLIMATE REPORT
NATIONAL WEATHER SERVICE BLACKSBURG VA
327 AM EST FRI JAN 20 2017


...................................

...THE BLACKSBURG VA CLIMATE SUMMARY FOR JANUARY 19 2017...

CLIMATE NORMAL PERIOD 1981 TO 2010
CLIMATE RECORD PERIOD 1952 TO 2017


WEATHER ITEM   OBSERVED RECORD YEAR NORMAL DEPARTURE LAST
                VALUE   VALUE       VALUE  FROM      YEAR
                                           NORMAL
...........................................................
TEMPERATURE (F)
 YESTERDAY
  MAXIMUM         59     64    1990  42     17       21
  MINIMUM         31    -11    1994  21     10        8
  AVERAGE         45                 31     14       15

PRECIPITATION (IN)
  YESTERDAY        0.00   1.12 1987   0.09  -0.09      T
  MONTH TO DATE    2.29               1.90   0.39     1.18
  SINCE DEC 1      5.38               4.85   0.53     6.20
  SINCE JAN 1      2.29               1.90   0.39     1.18

SNOWFALL (IN)
  YESTERDAY        0.0                                 T
  MONTH TO DATE    4.7                                0.8
  SINCE DEC 1      5.4                                0.8
  SINCE JUL 1      5.4                                0.8
  SNOW DEPTH       0

DEGREE DAYS
 HEATING
  YESTERDAY       20                 34    -14       50
  MONTH TO DATE  528                646   -118      659
  SINCE DEC 1   1408               1613   -205     1217
  SINCE JUL 1   2181               2793   -612     2105

 COOLING
  YESTERDAY        0                  0      0        0
  MONTH TO DATE    0                  0      0        0
  SINCE DEC 1      0                  0      0        0
  SINCE JAN 1      0                  0      0        0
...........................................................


WIND (MPH)
  HIGHEST WIND SPEED     6   HIGHEST WIND DIRECTION     E (100)
  HIGHEST GUST SPEED    MM   HIGHEST GUST DIRECTION    MM
  AVERAGE WIND SPEED     2.1


SKY COVER
  AVERAGE SKY COVER 0.1


WEATHER CONDITIONS
 THE FOLLOWING WEATHER WAS RECORDED YESTERDAY.
  NO SIGNIFICANT WEATHER WAS OBSERVED.


RELATIVE HUMIDITY (PERCENT)
 HIGHEST   100           600 AM
 LOWEST     30           400 PM
 AVERAGE    65

..........................................................


THE BLACKSBURG VA CLIMATE NORMALS FOR TODAY
                         NORMAL    RECORD    YEAR
 MAXIMUM TEMPERATURE (F)   42        63      1975
 MINIMUM TEMPERATURE (F)   21        -5      1994


SUNRISE AND SUNSET
JANUARY 20 2017.......SUNRISE   732 AM EST   SUNSET   534 PM EST
JANUARY 21 2017.......SUNRISE   732 AM EST   SUNSET   535 PM EST


-  INDICATES NEGATIVE NUMBERS.
R  INDICATES RECORD WAS SET OR TIED.
MM INDICATES DATA IS MISSING.
T  INDICATES TRACE AMOUNT.




$$
