000
CDUS41 KRNK 210835
CLIRNK


CLIMATE REPORT
NATIONAL WEATHER SERVICE BLACKSBURG VA
334 AM EST TUE FEB 21 2017


...................................

...THE BLACKSBURG VA CLIMATE SUMMARY FOR FEBRUARY 20 2017...

CLIMATE NORMAL PERIOD 1981 TO 2010
CLIMATE RECORD PERIOD 1952 TO 2017


WEATHER ITEM   OBSERVED RECORD YEAR NORMAL DEPARTURE LAST
                VALUE   VALUE       VALUE  FROM      YEAR
                                           NORMAL
...........................................................
TEMPERATURE (F)
 YESTERDAY
  MAXIMUM         69R    68    1984  46     23       61
  MINIMUM         31     -5    2015  24      7       32
  AVERAGE         50                 35     15       47

PRECIPITATION (IN)
  YESTERDAY        0.00   0.66 1957   0.10  -0.10      T
  MONTH TO DATE    0.61               2.02  -1.41     3.18
  SINCE DEC 1      8.20               8.05   0.15    10.64
  SINCE JAN 1      5.11               5.10   0.01     5.62

SNOWFALL (IN)
  YESTERDAY        0.0                                0.0
  MONTH TO DATE    T                                  9.8
  SINCE DEC 1      6.6                               24.0
  SINCE JUL 1      6.6                               24.0
  SNOW DEPTH       0

DEGREE DAYS
 HEATING
  YESTERDAY       15                 30    -15       18
  MONTH TO DATE  467                630   -163      680
  SINCE DEC 1   2175               2637   -462     2339
  SINCE JUL 1   2948               3817   -869     3227

 COOLING
  YESTERDAY        0                  0      0        0
  MONTH TO DATE    0                  0      0        0
  SINCE DEC 1      0                  0      0        0
  SINCE JAN 1      0                  0      0        0
...........................................................


WIND (MPH)
  HIGHEST WIND SPEED     8   HIGHEST WIND DIRECTION     E (90)
  HIGHEST GUST SPEED    MM   HIGHEST GUST DIRECTION    MM
  AVERAGE WIND SPEED     2.9


SKY COVER
  AVERAGE SKY COVER 0.0


WEATHER CONDITIONS
 THE FOLLOWING WEATHER WAS RECORDED YESTERDAY.
  FOG


RELATIVE HUMIDITY (PERCENT)
 HIGHEST   100           600 AM
 LOWEST     23           300 PM
 AVERAGE    62

..........................................................


THE BLACKSBURG VA CLIMATE NORMALS FOR TODAY
                         NORMAL    RECORD    YEAR
 MAXIMUM TEMPERATURE (F)   46        71      1986
 MINIMUM TEMPERATURE (F)   25         0      1972


SUNRISE AND SUNSET
FEBRUARY 21 2017......SUNRISE   703 AM EST   SUNSET   608 PM EST
FEBRUARY 22 2017......SUNRISE   702 AM EST   SUNSET   609 PM EST


-  INDICATES NEGATIVE NUMBERS.
R  INDICATES RECORD WAS SET OR TIED.
MM INDICATES DATA IS MISSING.
T  INDICATES TRACE AMOUNT.

$$
RCS
