000
CDUS41 KRNK 162115
CLIRNK


CLIMATE REPORT
NATIONAL WEATHER SERVICE BLACKSBURG VA
512 PM EDT WED APR 16 2014


...................................

...THE BLACKSBURG VA CLIMATE SUMMARY FOR APRIL 16 2014...
VALID TODAY AS OF 0500 PM LOCAL TIME.

CLIMATE NORMAL PERIOD 1981 TO 2010
CLIMATE RECORD PERIOD 1952 TO 2014


WEATHER ITEM   OBSERVED TIME   RECORD YEAR NORMAL DEPARTURE LAST
                VALUE   (LST)  VALUE       VALUE  FROM      YEAR
                                                  NORMAL
..................................................................
TEMPERATURE (F)
 TODAY
  MAXIMUM         50    300 PM  81    2012  64    -14       77
                                      1994
  MINIMUM         24R   600 AM  24    2008  38    -14       53
  AVERAGE         37                        51    -14       65

PRECIPITATION (IN)
  TODAY            0.00          1.70 1987   0.11  -0.11     0.00
  MONTH TO DATE    1.97                      1.86   0.11     2.50
  SINCE MAR 1      4.39                      5.50  -1.11     5.82
  SINCE JAN 1     10.02                     11.39  -1.37    14.92

SNOWFALL (IN)
  TODAY            0.0
  MONTH TO DATE    T
  SINCE MAR 1      7.3
  SINCE JUL 1     34.4
  SNOW DEPTH       0

DEGREE DAYS
 HEATING
  TODAY           28                        14     14        0
  MONTH TO DATE  206                       262    -56      214
  SINCE MAR 1    993                       989      4     1113
  SINCE JUL 1   5174                      5037    137     4973

 COOLING
  TODAY            0                         0      0        0
  MONTH TO DATE    0                         0      0        0
  SINCE MAR 1      0                         0      0        0
  SINCE JAN 1      0                         0      0        0
..................................................................


WIND (MPH)
  HIGHEST WIND SPEED    15   HIGHEST WIND DIRECTION    NW (320)
  HIGHEST GUST SPEED    23   HIGHEST GUST DIRECTION    NW (320)
  AVERAGE WIND SPEED     8.3


SKY COVER
  POSSIBLE SUNSHINE  MM
  AVERAGE SKY COVER 0.0


WEATHER CONDITIONS
 THE FOLLOWING WEATHER WAS RECORDED TODAY.
  NO SIGNIFICANT WEATHER WAS OBSERVED.


RELATIVE HUMIDITY (PERCENT)
 HIGHEST    81           500 AM
 LOWEST     36           300 PM
 AVERAGE    59

..........................................................


THE BLACKSBURG VA CLIMATE NORMALS FOR TOMORROW
                         NORMAL    RECORD    YEAR
 MAXIMUM TEMPERATURE (F)   64        86      2002
 MINIMUM TEMPERATURE (F)   39        20      1974


SUNRISE AND SUNSET
APRIL 16 2014.........SUNRISE   646 AM EDT   SUNSET   758 PM EDT
APRIL 17 2014.........SUNRISE   645 AM EDT   SUNSET   759 PM EDT


-  INDICATES NEGATIVE NUMBERS.
R  INDICATES RECORD WAS SET OR TIED.
MM INDICATES DATA IS MISSING.
T  INDICATES TRACE AMOUNT.




$$
