000
CDUS41 KRNK 261010
CLIRNK


CLIMATE REPORT
NATIONAL WEATHER SERVICE BLACKSBURG VA
508 AM EST FRI DEC 26 2014


...................................

...THE BLACKSBURG VA CLIMATE SUMMARY FOR DECEMBER 25 2014...

CLIMATE NORMAL PERIOD 1981 TO 2010
CLIMATE RECORD PERIOD 1952 TO 2014


WEATHER ITEM   OBSERVED TIME   RECORD YEAR NORMAL DEPARTURE LAST
                VALUE   (LST)  VALUE       VALUE  FROM      YEAR
                                                  NORMAL
..................................................................
TEMPERATURE (F)
 YESTERDAY
  MAXIMUM         44    200 PM  68    1964  42      2       37
  MINIMUM         29   1100 PM  -8    1983  22      7       10
  AVERAGE         37                        32      5       24

PRECIPITATION (IN)
  YESTERDAY        T             0.99 1978   0.10  -0.10     0.00
  MONTH TO DATE    2.14                      2.40  -0.26     4.05
  SINCE DEC 1      2.14                      2.40  -0.26     4.05
  SINCE JAN 1     38.79                     40.34  -1.55    50.39

SNOWFALL (IN)
  YESTERDAY        0.0
  MONTH TO DATE    0.1
  SINCE DEC 1      0.1
  SINCE JUL 1      2.5
  SNOW DEPTH       0

DEGREE DAYS
 HEATING
  YESTERDAY       28                        33     -5       41
  MONTH TO DATE  664                       767   -103      677
  SINCE DEC 1    664                       767   -103      677
  SINCE JUL 1   1857                      1947    -90     1912

 COOLING
  YESTERDAY        0                         0      0        0
  MONTH TO DATE    0                         0      0        0
  SINCE DEC 1      0                         0      0        0
  SINCE JAN 1    609                       573     36      568
..................................................................


WIND (MPH)
  HIGHEST WIND SPEED    21   HIGHEST WIND DIRECTION     W (290)
  HIGHEST GUST SPEED    30   HIGHEST GUST DIRECTION     W (290)
  AVERAGE WIND SPEED     8.8


SKY COVER
  POSSIBLE SUNSHINE  MM
  AVERAGE SKY COVER 0.6


WEATHER CONDITIONS
 THE FOLLOWING WEATHER WAS RECORDED YESTERDAY.
  LIGHT RAIN


RELATIVE HUMIDITY (PERCENT)
 HIGHEST    89           800 PM
 LOWEST     60           200 PM
 AVERAGE    75

..........................................................


THE BLACKSBURG VA CLIMATE NORMALS FOR TODAY
                         NORMAL    RECORD    YEAR
 MAXIMUM TEMPERATURE (F)   42        64      1982
 MINIMUM TEMPERATURE (F)   22        -8      1985


SUNRISE AND SUNSET
DECEMBER 26 2014......SUNRISE   734 AM EST   SUNSET   511 PM EST
DECEMBER 27 2014......SUNRISE   734 AM EST   SUNSET   511 PM EST


-  INDICATES NEGATIVE NUMBERS.
R  INDICATES RECORD WAS SET OR TIED.
MM INDICATES DATA IS MISSING.
T  INDICATES TRACE AMOUNT.




$$
