000
CDUS41 KRNK 230922
CLIRNK


CLIMATE REPORT
NATIONAL WEATHER SERVICE BLACKSBURG VA
518 AM EDT WED APR 23 2014


...................................

...THE BLACKSBURG VA CLIMATE SUMMARY FOR APRIL 22 2014...

CLIMATE NORMAL PERIOD 1981 TO 2010
CLIMATE RECORD PERIOD 1952 TO 2014


WEATHER ITEM   OBSERVED TIME   RECORD YEAR NORMAL DEPARTURE LAST
                VALUE   (LST)  VALUE       VALUE  FROM      YEAR
                                                  NORMAL
..................................................................
TEMPERATURE (F)
 YESTERDAY
  MAXIMUM         70   1000 AM  85    1985  65      5       58
  MINIMUM         46    500 AM  25    1983  40      6       34
  AVERAGE         58                        53      5       46

PRECIPITATION (IN)
  YESTERDAY        T             3.41 1992   0.12  -0.12     0.00
  MONTH TO DATE    1.97                      2.55  -0.58     3.09
  SINCE MAR 1      4.39                      6.19  -1.80     6.41
  SINCE JAN 1     10.02                     12.08  -2.06    15.51

SNOWFALL (IN)
  YESTERDAY        0.0
  MONTH TO DATE    T
  SINCE MAR 1      7.3
  SINCE JUL 1     34.4
  SNOW DEPTH       0

DEGREE DAYS
 HEATING
  YESTERDAY        7                        12     -5       19
  MONTH TO DATE  288                       341    -53      291
  SINCE MAR 1   1075                      1068      7     1190
  SINCE JUL 1   5256                      5116    140     5050

 COOLING
  YESTERDAY        0                         0      0        0
  MONTH TO DATE    0                         0      0        0
  SINCE MAR 1      0                         0      0        0
  SINCE JAN 1      0                         0      0        0
..................................................................


WIND (MPH)
  HIGHEST WIND SPEED    16   HIGHEST WIND DIRECTION    NW (320)
  HIGHEST GUST SPEED    24   HIGHEST GUST DIRECTION    NW (320)
  AVERAGE WIND SPEED     4.4


SKY COVER
  POSSIBLE SUNSHINE  MM
  AVERAGE SKY COVER 0.4


WEATHER CONDITIONS
 THE FOLLOWING WEATHER WAS RECORDED YESTERDAY.
  LIGHT RAIN


RELATIVE HUMIDITY (PERCENT)
 HIGHEST    86           500 AM
 LOWEST     49          1000 AM
 AVERAGE    68

..........................................................


THE BLACKSBURG VA CLIMATE NORMALS FOR TODAY
                         NORMAL    RECORD    YEAR
 MAXIMUM TEMPERATURE (F)   66        85      1985
 MINIMUM TEMPERATURE (F)   40        20      1982


SUNRISE AND SUNSET
APRIL 23 2014.........SUNRISE   637 AM EDT   SUNSET   804 PM EDT
APRIL 24 2014.........SUNRISE   635 AM EDT   SUNSET   805 PM EDT


-  INDICATES NEGATIVE NUMBERS.
R  INDICATES RECORD WAS SET OR TIED.
MM INDICATES DATA IS MISSING.
T  INDICATES TRACE AMOUNT.



$$
