000
CDUS46 KSGX 271423
CLIRNM


CLIMATE REPORT
NATIONAL WEATHER SERVICE SAN DIEGO, CA
722 AM PDT FRI MAY 27 2016


...................................

...THE RAMONA AIRPORT CA CLIMATE SUMMARY FOR MAY 26 2016...

CLIMATE NORMAL PERIOD 1981 TO 2010
CLIMATE RECORD PERIOD 1974 TO 2016


WEATHER ITEM   OBSERVED TIME   RECORD YEAR NORMAL DEPARTURE LAST
                VALUE   (LST)  VALUE       VALUE  FROM      YEAR
                                                  NORMAL
..................................................................
TEMPERATURE (F)
 YESTERDAY
  MAXIMUM         73    148 PM  98    1974  77     -4       71
  MINIMUM         43    150 AM  36    1980  49     -6       56
  AVERAGE         58                        63     -5       64

PRECIPITATION (IN)
  YESTERDAY        0.00          0.06 1998   0.00   0.00      T
  MONTH TO DATE    0.25                      0.29  -0.04     1.48
  SINCE OCT 1     13.19                     15.34  -2.15     9.41
  SINCE JAN 1      9.66                     11.20  -1.54     4.81

DEGREE DAYS
 HEATING
  YESTERDAY        7                         3      4        1
  MONTH TO DATE  133                       119     14      146
  SINCE MAR 1    643                       770   -127      534
  SINCE JUL 1   2146                      2511   -365     1718

 COOLING
  YESTERDAY        0                         1     -1        0
  MONTH TO DATE    6                        14     -8        6
  SINCE MAR 1      7                        18    -11       25
  SINCE JAN 1     12                        19     -7       27
..................................................................


WIND (MPH)
  RESULTANT WIND SPEED   2   RESULTANT WIND DIRECTION   W (260)
  HIGHEST WIND SPEED    15   HIGHEST WIND DIRECTION     W (280)
  HIGHEST GUST SPEED    21   HIGHEST GUST DIRECTION     W (270)
  AVERAGE WIND SPEED     4.4


SKY COVER
  POSSIBLE SUNSHINE  MM
  AVERAGE SKY COVER 0.4


WEATHER CONDITIONS
 THE FOLLOWING WEATHER WAS RECORDED YESTERDAY.
  NO SIGNIFICANT WEATHER WAS OBSERVED.


RELATIVE HUMIDITY (PERCENT)
 HIGHEST    89          1100 PM
 LOWEST     49           100 PM
 AVERAGE    69

..........................................................


THE RAMONA AIRPORT CA CLIMATE NORMALS FOR TODAY
                         NORMAL    RECORD    YEAR
 MAXIMUM TEMPERATURE (F)   77        93      2000
 MINIMUM TEMPERATURE (F)   49        40      2012


SUNRISE AND SUNSET
MAY 27 2016...........SUNRISE   541 AM PDT   SUNSET   749 PM PDT
MAY 28 2016...........SUNRISE   541 AM PDT   SUNSET   749 PM PDT


-  INDICATES NEGATIVE NUMBERS.
R  INDICATES RECORD WAS SET OR TIED.
MM INDICATES DATA IS MISSING.
T  INDICATES TRACE AMOUNT.




$$
