000
CDUS46 KSGX 211243
CLIRNM


CLIMATE REPORT
NATIONAL WEATHER SERVICE SAN DIEGO, CA
442 AM PST SUN JAN 21 2018


...................................

...THE RAMONA AIRPORT CA CLIMATE SUMMARY FOR JANUARY 20 2018...

CLIMATE NORMAL PERIOD 1981 TO 2010
CLIMATE RECORD PERIOD 1974 TO 2018


WEATHER ITEM   OBSERVED TIME   RECORD YEAR NORMAL DEPARTURE LAST
                VALUE   (LST)  VALUE       VALUE  FROM      YEAR
                                                  NORMAL
..................................................................
TEMPERATURE (F)
 YESTERDAY
  MAXIMUM         57    147 PM  81    1975  66     -9       52
  MINIMUM         36   1154 PM  24    2007  35      1       47
                                      2002
                                      1996
  AVERAGE         47                        50     -3       50

PRECIPITATION (IN)
  YESTERDAY        T             2.24 2017   0.12  -0.12     2.24
  MONTH TO DATE    3.29                      2.42   0.87     4.91
  SINCE OCT 1      3.33                      6.56  -3.23    11.93
  SINCE JAN 1      3.29                      2.42   0.87     4.91

DEGREE DAYS
 HEATING
  YESTERDAY       18                        15      3       15
  MONTH TO DATE  136                       300   -164      287
  SINCE DEC 1    445                       777   -332      679
  SINCE JUL 1    626                      1188   -562      930

 COOLING
  YESTERDAY        0                         0      0        0
  MONTH TO DATE    3                         0      3        0
  SINCE DEC 1      4                         0      4        1
  SINCE JAN 1      3                         0      3        0
..................................................................


WIND (MPH)
  RESULTANT WIND SPEED   7   RESULTANT WIND DIRECTION   W (260)
  HIGHEST WIND SPEED    20   HIGHEST WIND DIRECTION     W (270)
  HIGHEST GUST SPEED    27   HIGHEST GUST DIRECTION     W (260)
  AVERAGE WIND SPEED     8.8


SKY COVER
  POSSIBLE SUNSHINE  MM
  AVERAGE SKY COVER 0.4


WEATHER CONDITIONS
 THE FOLLOWING WEATHER WAS RECORDED YESTERDAY.
  NO SIGNIFICANT WEATHER WAS OBSERVED.


RELATIVE HUMIDITY (PERCENT)
 HIGHEST   100          1200 AM
 LOWEST     38           200 PM
 AVERAGE    69

..........................................................


THE RAMONA AIRPORT CA CLIMATE NORMALS FOR TODAY
                         NORMAL    RECORD    YEAR
 MAXIMUM TEMPERATURE (F)   65        80      2014
                                             1994
 MINIMUM TEMPERATURE (F)   35        22      2006


SUNRISE AND SUNSET
JANUARY 21 2018.......SUNRISE   649 AM PST   SUNSET   509 PM PST
JANUARY 22 2018.......SUNRISE   648 AM PST   SUNSET   510 PM PST


-  INDICATES NEGATIVE NUMBERS.
R  INDICATES RECORD WAS SET OR TIED.
MM INDICATES DATA IS MISSING.
T  INDICATES TRACE AMOUNT.




$$
