000
CDUS46 KSGX 300016
CLIRNM


CLIMATE REPORT
NATIONAL WEATHER SERVICE SAN DIEGO, CA
515 PM PDT THU SEP 29 2016


...................................

...THE RAMONA AIRPORT CA CLIMATE SUMMARY FOR SEPTEMBER 29 2016...
VALID TODAY AS OF 0500 PM LOCAL TIME.

CLIMATE NORMAL PERIOD 1981 TO 2010
CLIMATE RECORD PERIOD 1974 TO 2016


WEATHER ITEM   OBSERVED TIME   RECORD YEAR NORMAL DEPARTURE LAST
                VALUE   (LST)  VALUE       VALUE  FROM      YEAR
                                                  NORMAL
..................................................................
TEMPERATURE (F)
 TODAY
  MAXIMUM         92   1133 AM 101    1992  83      9       89
  MINIMUM         55    557 AM  44    2013  51      4       51
                                      1982
  AVERAGE         74                        67      7       70

PRECIPITATION (IN)
  TODAY            0.00          0.01 2005   0.00   0.00     0.00
                                      2005
                                      2006
  MONTH TO DATE    0.50                      0.28   0.22     1.30
  SINCE OCT 1     13.69                     16.03  -2.34    13.32
  SINCE JAN 1     10.16                     11.89  -1.73     8.72

DEGREE DAYS
 HEATING
  TODAY            0                         1     -1        0
  MONTH TO DATE    8                        10     -2        0
  SINCE SEP 1      8                        10     -2        0
  SINCE JUL 1      8                        13     -5        0

 COOLING
  TODAY            9                         3      6        5
  MONTH TO DATE  123                       176    -53      287
  SINCE SEP 1    123                       176    -53      287
  SINCE JAN 1    919                       789    130     1067
..................................................................


WIND (MPH)
  RESULTANT WIND SPEED   4   RESULTANT WIND DIRECTION  SW (240)
  HIGHEST WIND SPEED    18   HIGHEST WIND DIRECTION     W (250)
  HIGHEST GUST SPEED    24   HIGHEST GUST DIRECTION     W (250)
  AVERAGE WIND SPEED     4.9


SKY COVER
  POSSIBLE SUNSHINE  MM
  AVERAGE SKY COVER 0.0


WEATHER CONDITIONS
 THE FOLLOWING WEATHER WAS RECORDED TODAY.
  NO SIGNIFICANT WEATHER WAS OBSERVED.


RELATIVE HUMIDITY (PERCENT)
 HIGHEST    83           500 AM
 LOWEST     24          1000 AM
 AVERAGE    54

..........................................................


THE RAMONA AIRPORT CA CLIMATE NORMALS FOR TOMORROW
                         NORMAL    RECORD    YEAR
 MAXIMUM TEMPERATURE (F)   83       107      1980
 MINIMUM TEMPERATURE (F)   51        40      1982


SUNRISE AND SUNSET
SEPTEMBER 29 2016.....SUNRISE   641 AM PDT   SUNSET   634 PM PDT
SEPTEMBER 30 2016.....SUNRISE   642 AM PDT   SUNSET   633 PM PDT


-  INDICATES NEGATIVE NUMBERS.
R  INDICATES RECORD WAS SET OR TIED.
MM INDICATES DATA IS MISSING.
T  INDICATES TRACE AMOUNT.




$$
