000
CDUS46 KSGX 280017
CLIRNM


CLIMATE REPORT
NATIONAL WEATHER SERVICE SAN DIEGO, CA
417 PM PST TUE JAN 27 2015


...................................

...THE RAMONA AIRPORT CA CLIMATE SUMMARY FOR JANUARY 27 2015...
VALID TODAY AS OF 0400 PM LOCAL TIME.

CLIMATE NORMAL PERIOD 1981 TO 2010
CLIMATE RECORD PERIOD 1974 TO 2015


WEATHER ITEM   OBSERVED TIME   RECORD YEAR NORMAL DEPARTURE LAST
                VALUE   (LST)  VALUE       VALUE  FROM      YEAR
                                                  NORMAL
..................................................................
TEMPERATURE (F)
 TODAY
  MAXIMUM         70    217 PM  80    1986  65      5       68
  MINIMUM         42    247 AM  25    2009  36      6       41
  AVERAGE         56                        50      6       55

PRECIPITATION (IN)
  TODAY            0.00          1.85 2008   0.05  -0.05     0.00
  MONTH TO DATE    0.78                      2.99  -2.21      T
  SINCE OCT 1      5.38                      7.13  -1.75     2.67
  SINCE JAN 1      0.78                      2.99  -2.21      T

SNOWFALL (IN)
  TODAY            0.0
  MONTH TO DATE    0.0
  SINCE JAN 1      0.0
  SINCE JUL 1      0.0
  SNOW DEPTH       0

DEGREE DAYS
 HEATING
  TODAY            9                        15     -6       10
  MONTH TO DATE  309                       405    -96      248
  SINCE DEC 1    709                       882   -173      659
  SINCE JUL 1    909                      1293   -384     1088

 COOLING
  TODAY            0                         0      0        0
  MONTH TO DATE    0                         0      0        0
  SINCE DEC 1      0                         0      0        1
  SINCE JAN 1      0                         0      0        0
..................................................................


WIND (MPH)
  RESULTANT WIND SPEED   0   RESULTANT WIND DIRECTION   S (170)
  HIGHEST WIND SPEED    15   HIGHEST WIND DIRECTION     W (270)
  HIGHEST GUST SPEED    18   HIGHEST GUST DIRECTION     W (270)
  AVERAGE WIND SPEED     2.9


SKY COVER
  POSSIBLE SUNSHINE  MM
  AVERAGE SKY COVER 0.5


WEATHER CONDITIONS
 THE FOLLOWING WEATHER WAS RECORDED TODAY.
  FOG
  FOG W/VISIBILITY <= 1/4 MILE


RELATIVE HUMIDITY (PERCENT)
 HIGHEST   100          1200 AM
 LOWEST     44           100 PM
 AVERAGE    72

..........................................................


THE RAMONA AIRPORT CA CLIMATE NORMALS FOR TOMORROW
                         NORMAL    RECORD    YEAR
 MAXIMUM TEMPERATURE (F)   65        79      1978
 MINIMUM TEMPERATURE (F)   36        24      2009


SUNRISE AND SUNSET
JANUARY 27 2015.......SUNRISE   646 AM PST   SUNSET   515 PM PST
JANUARY 28 2015.......SUNRISE   646 AM PST   SUNSET   516 PM PST


-  INDICATES NEGATIVE NUMBERS.
R  INDICATES RECORD WAS SET OR TIED.
MM INDICATES DATA IS MISSING.
T  INDICATES TRACE AMOUNT.




$$
