000
CDUS46 KSGX 241516
CLIRNM


CLIMATE REPORT
NATIONAL WEATHER SERVICE SAN DIEGO, CA
716 AM PST FRI FEB 24 2017


...................................

...THE RAMONA AIRPORT CA CLIMATE SUMMARY FOR FEBRUARY 23 2017...

CLIMATE NORMAL PERIOD 1981 TO 2010
CLIMATE RECORD PERIOD 1974 TO 2017


WEATHER ITEM   OBSERVED TIME   RECORD YEAR NORMAL DEPARTURE LAST
                VALUE   (LST)  VALUE       VALUE  FROM      YEAR
                                                  NORMAL
..................................................................
TEMPERATURE (F)
 YESTERDAY
  MAXIMUM         55    105 PM  83    1990  65    -10       80
  MINIMUM         36   1132 PM  23    2006  38     -2       38
  AVERAGE         46                        52     -6       59

PRECIPITATION (IN)
  YESTERDAY        0.00          0.86 2005   0.13  -0.13     0.00
  MONTH TO DATE    2.00                      2.48  -0.48     0.11
  SINCE OCT 1     16.36                      9.94   6.42    10.18
  SINCE JAN 1      9.34                      5.80   3.54     6.65

DEGREE DAYS
 HEATING
  YESTERDAY       19                        13      6        6
  MONTH TO DATE  241                       329    -88      181
  SINCE DEC 1   1097                      1265   -168     1123
  SINCE JUL 1   1348                      1676   -328     1462

 COOLING
  YESTERDAY        0                         0      0        0
  MONTH TO DATE    0                         0      0        5
  SINCE DEC 1      1                         1      0        5
  SINCE JAN 1      0                         1     -1        5
..................................................................


WIND (MPH)
  RESULTANT WIND SPEED   4   RESULTANT WIND DIRECTION   W (270)
  HIGHEST WIND SPEED    15   HIGHEST WIND DIRECTION     W (280)
  HIGHEST GUST SPEED    19   HIGHEST GUST DIRECTION     W (280)
  AVERAGE WIND SPEED     4.7


SKY COVER
  POSSIBLE SUNSHINE  MM
  AVERAGE SKY COVER 0.3


WEATHER CONDITIONS
 THE FOLLOWING WEATHER WAS RECORDED YESTERDAY.
  FOG
  FOG W/VISIBILITY <= 1/4 MILE


RELATIVE HUMIDITY (PERCENT)
 HIGHEST   100           400 AM
 LOWEST     43          1200 PM
 AVERAGE    72

..........................................................


THE RAMONA AIRPORT CA CLIMATE NORMALS FOR TODAY
                         NORMAL    RECORD    YEAR
 MAXIMUM TEMPERATURE (F)   65        88      1986
 MINIMUM TEMPERATURE (F)   38        26      2006


SUNRISE AND SUNSET
FEBRUARY 24 2017......SUNRISE   621 AM PST   SUNSET   541 PM PST
FEBRUARY 25 2017......SUNRISE   620 AM PST   SUNSET   542 PM PST


-  INDICATES NEGATIVE NUMBERS.
R  INDICATES RECORD WAS SET OR TIED.
MM INDICATES DATA IS MISSING.
T  INDICATES TRACE AMOUNT.




$$
