000
CDUS46 KSGX 020054
CLIRNM


CLIMATE REPORT
NATIONAL WEATHER SERVICE SAN DIEGO, CA
453 PM PST SUN MAR 1 2015


...................................

...THE RAMONA AIRPORT CA CLIMATE SUMMARY FOR MARCH 1 2015...
VALID TODAY AS OF 0400 PM LOCAL TIME.

CLIMATE NORMAL PERIOD 1981 TO 2010
CLIMATE RECORD PERIOD 1974 TO 2015


WEATHER ITEM   OBSERVED TIME   RECORD YEAR NORMAL DEPARTURE LAST
                VALUE   (LST)  VALUE       VALUE  FROM      YEAR
                                                  NORMAL
..................................................................
TEMPERATURE (F)
 TODAY
  MAXIMUM         50    324 PM  84    2009  65    -15       58
  MINIMUM         48   1243 PM  24    1977  39      9       49
  AVERAGE         49                        52     -3       54

PRECIPITATION (IN)
  TODAY            0.74          1.70 1983   0.17   0.57     0.77
  MONTH TO DATE    0.74                      0.17   0.57     0.77
  SINCE OCT 1      6.95                     10.74  -3.79     6.56
  SINCE JAN 1      2.35                      6.60  -4.25     3.89

SNOWFALL (IN)
  TODAY           MM
  MONTH TO DATE   MM
  SINCE JAN 1      0.0
  SINCE JUL 1      0.0
  SNOW DEPTH       0

DEGREE DAYS
 HEATING
  TODAY           16                        13      3       11
  MONTH TO DATE   16                        13      3       11
  SINCE MAR 1     16                        13      3       11
  SINCE JUL 1   1200                      1754   -554     1432

 COOLING
  TODAY            0                         0      0        0
  MONTH TO DATE    0                         0      0        0
  SINCE MAR 1      0                         0      0        0
  SINCE JAN 1      2                         1      1        0
..................................................................


WIND (MPH)
  RESULTANT WIND SPEED   7   RESULTANT WIND DIRECTION   E (80)
  HIGHEST WIND SPEED    18   HIGHEST WIND DIRECTION     E (90)
  HIGHEST GUST SPEED    22   HIGHEST GUST DIRECTION     E (90)
  AVERAGE WIND SPEED     7.4


SKY COVER
  POSSIBLE SUNSHINE  MM
  AVERAGE SKY COVER 0.9


WEATHER CONDITIONS
 THE FOLLOWING WEATHER WAS RECORDED TODAY.
  RAIN
  LIGHT RAIN
  FOG


RELATIVE HUMIDITY (PERCENT)
 HIGHEST   100           600 AM
 LOWEST     80           300 PM
 AVERAGE    90

..........................................................


THE RAMONA AIRPORT CA CLIMATE NORMALS FOR TOMORROW
                         NORMAL    RECORD    YEAR
 MAXIMUM TEMPERATURE (F)   65        84      1975
 MINIMUM TEMPERATURE (F)   39        24      1977


SUNRISE AND SUNSET
MARCH  1 2015.........SUNRISE   616 AM PST   SUNSET   545 PM PST
MARCH  2 2015.........SUNRISE   615 AM PST   SUNSET   545 PM PST


-  INDICATES NEGATIVE NUMBERS.
R  INDICATES RECORD WAS SET OR TIED.
MM INDICATES DATA IS MISSING.
T  INDICATES TRACE AMOUNT.




$$
