000
CDUS46 KSGX 021418
CLIRNM


CLIMATE REPORT
NATIONAL WEATHER SERVICE SAN DIEGO, CA
717 AM PDT THU OCT 2 2014


...................................

...THE RAMONA AIRPORT CA CLIMATE SUMMARY FOR OCTOBER 1 2014...

CLIMATE NORMAL PERIOD 1981 TO 2010
CLIMATE RECORD PERIOD 1974 TO 2014


WEATHER ITEM   OBSERVED TIME   RECORD YEAR NORMAL DEPARTURE LAST
                VALUE   (LST)  VALUE       VALUE  FROM      YEAR
                                                  NORMAL
..................................................................
TEMPERATURE (F)
 YESTERDAY
  MAXIMUM         84   1245 PM 105    1980  83      1       86
  MINIMUM         49    559 AM  41    2013  51     -2       41
  AVERAGE         67                        67      0       64

PRECIPITATION (IN)
  YESTERDAY        0.00          0.69 1992   0.00   0.00     0.00
  MONTH TO DATE    0.00                      0.00   0.00     0.00
  SINCE JUL 1      0.41                      0.57  -0.16     0.09
  SINCE JAN 1      5.50                     11.90  -6.40     4.59

SNOWFALL (IN)
  YESTERDAY        0.0
  MONTH TO DATE    0.0
  SINCE JAN 1      0.0
  SINCE JUL 1      0.0
  SNOW DEPTH       0

DEGREE DAYS
 HEATING
  YESTERDAY        0                         2     -2        1
  MONTH TO DATE    0                         2     -2        1
  SINCE SEP 1      0                        17    -17       15
  SINCE JUL 1      0                        20    -20       16

 COOLING
  YESTERDAY        2                         3     -1        0
  MONTH TO DATE    2                         3     -1        0
  SINCE SEP 1    297                       183    114      219
  SINCE JAN 1   1036                       796    240      883
..................................................................


WIND (MPH)
  RESULTANT WIND SPEED   3   RESULTANT WIND DIRECTION   W (280)
  HIGHEST WIND SPEED    14   HIGHEST WIND DIRECTION     W (270)
  HIGHEST GUST SPEED    18   HIGHEST GUST DIRECTION     W (280)
  AVERAGE WIND SPEED     3.7


SKY COVER
  POSSIBLE SUNSHINE  MM
  AVERAGE SKY COVER 0.0


WEATHER CONDITIONS
 THE FOLLOWING WEATHER WAS RECORDED YESTERDAY.
  NO SIGNIFICANT WEATHER WAS OBSERVED.


RELATIVE HUMIDITY (PERCENT)
 HIGHEST    86           600 AM
 LOWEST     28          1200 PM
 AVERAGE    57

..........................................................


THE RAMONA AIRPORT CA CLIMATE NORMALS FOR TODAY
                         NORMAL    RECORD    YEAR
 MAXIMUM TEMPERATURE (F)   82       100      2012
                                             1987
 MINIMUM TEMPERATURE (F)   51        42      1982


SUNRISE AND SUNSET
OCTOBER  2 2014.......SUNRISE   643 AM PDT   SUNSET   631 PM PDT
OCTOBER  3 2014.......SUNRISE   643 AM PDT   SUNSET   629 PM PDT


-  INDICATES NEGATIVE NUMBERS.
R  INDICATES RECORD WAS SET OR TIED.
MM INDICATES DATA IS MISSING.
T  INDICATES TRACE AMOUNT.




$$
