000
CDUS46 KSGX 281417
CLIRNM


CLIMATE REPORT
NATIONAL WEATHER SERVICE SAN DIEGO, CA
716 AM PDT TUE MAR 28 2017


...................................

...THE RAMONA AIRPORT CA CLIMATE SUMMARY FOR MARCH 27 2017...

CLIMATE NORMAL PERIOD 1981 TO 2010
CLIMATE RECORD PERIOD 1974 TO 2017


WEATHER ITEM   OBSERVED TIME   RECORD YEAR NORMAL DEPARTURE LAST
                VALUE   (LST)  VALUE       VALUE  FROM      YEAR
                                                  NORMAL
..................................................................
TEMPERATURE (F)
 YESTERDAY
  MAXIMUM         65    159 PM  91    2015  67     -2       73
  MINIMUM         42   1159 PM  30    1975  40      2       40
  AVERAGE         54                        54      0       57

PRECIPITATION (IN)
  YESTERDAY        0.00          1.52 1991   0.06  -0.06     0.00
  MONTH TO DATE    0.09                      2.85  -2.76     1.19
  SINCE OCT 1     21.58                     13.42   8.16    11.37
  SINCE JAN 1     14.56                      9.28   5.28     7.84

DEGREE DAYS
 HEATING
  YESTERDAY       11                        12     -1        8
  MONTH TO DATE  175                       332   -157      255
  SINCE MAR 1    175                       332   -157      255
  SINCE JUL 1   1610                      2073   -463     1758

 COOLING
  YESTERDAY        0                         0      0        0
  MONTH TO DATE    3                         0      3        0
  SINCE MAR 1      3                         0      3        0
  SINCE JAN 1      3                         1      2        5
..................................................................


WIND (MPH)
  RESULTANT WIND SPEED   3   RESULTANT WIND DIRECTION   W (270)
  HIGHEST WIND SPEED    17   HIGHEST WIND DIRECTION     W (270)
  HIGHEST GUST SPEED    22   HIGHEST GUST DIRECTION     W (250)
  AVERAGE WIND SPEED     3.4


SKY COVER
  POSSIBLE SUNSHINE  MM
  AVERAGE SKY COVER 0.7


WEATHER CONDITIONS
 THE FOLLOWING WEATHER WAS RECORDED YESTERDAY.
  FOG
  FOG W/VISIBILITY <= 1/4 MILE


RELATIVE HUMIDITY (PERCENT)
 HIGHEST   100           200 AM
 LOWEST     67          1200 PM
 AVERAGE    84

..........................................................


THE RAMONA AIRPORT CA CLIMATE NORMALS FOR TODAY
                         NORMAL    RECORD    YEAR
 MAXIMUM TEMPERATURE (F)   67        87      2015
 MINIMUM TEMPERATURE (F)   40        30      2007


SUNRISE AND SUNSET
MARCH 28 2017.........SUNRISE   640 AM PDT   SUNSET   705 PM PDT
MARCH 29 2017.........SUNRISE   639 AM PDT   SUNSET   706 PM PDT


-  INDICATES NEGATIVE NUMBERS.
R  INDICATES RECORD WAS SET OR TIED.
MM INDICATES DATA IS MISSING.
T  INDICATES TRACE AMOUNT.




$$
