000
CDUS45 KREV 230847
CLIRNO


CLIMATE REPORT
NATIONAL WEATHER SERVICE RENO NV
146 AM PDT SAT SEP 23 2017


...................................

...THE RENO-TAHOE INTL AIRPORT NV CLIMATE SUMMARY FOR SEPTEMBER 22 2017...

CLIMATE NORMAL PERIOD 1981 TO 2010
CLIMATE RECORD PERIOD 1888 TO 2017


WEATHER ITEM   OBSERVED TIME   RECORD YEAR NORMAL DEPARTURE LAST
                VALUE   (LST)  VALUE       VALUE  FROM      YEAR
                                                  NORMAL
..................................................................
TEMPERATURE (F)
 YESTERDAY
  MAXIMUM         55    450 PM  94    2011  80    -25       60
  MINIMUM         41   1159 PM  23    1968  47     -6       44
  AVERAGE         48                        63    -15       52

PRECIPITATION (IN)
  YESTERDAY        T             0.37 1931   0.01  -0.01      T
  MONTH TO DATE    0.69                      0.22   0.47      T
  SINCE OCT 1     15.95                      7.27   8.68     9.20
  SINCE JAN 1     12.16                      4.91   7.25     5.25

SNOWFALL (IN)
  YESTERDAY        0.0           0.0    MM   0.0    0.0      0.0
  MONTH TO DATE    T                         0.0    0.0      0.0
  SINCE SEP 1      T                         0.0    0.0      0.0
  SINCE JUL 1      T                         0.0    0.0      0.0
  SNOW DEPTH       0

DEGREE DAYS
 HEATING
  YESTERDAY       17                         4     13       13
  MONTH TO DATE   49                        43      6       31
  SINCE SEP 1     49                        43      6       31
  SINCE JUL 1     49                        53     -4       31

 COOLING
  YESTERDAY        0                         2     -2        0
  MONTH TO DATE  151                        77     74       76
  SINCE SEP 1    151                        77     74       76
  SINCE JAN 1   1401                       823    578     1069
..................................................................


WIND (MPH)
  RESULTANT WIND SPEED   3   RESULTANT WIND DIRECTION   N (10)
  HIGHEST WIND SPEED    20   HIGHEST WIND DIRECTION    NE (40)
  HIGHEST GUST SPEED    24   HIGHEST GUST DIRECTION    NE (50)
  AVERAGE WIND SPEED     5.4



WEATHER CONDITIONS
 THE FOLLOWING WEATHER WAS RECORDED YESTERDAY.
  LIGHT RAIN


RELATIVE HUMIDITY (PERCENT)
 HIGHEST    76           400 AM
 LOWEST     29           400 PM
 AVERAGE    53

..........................................................


THE RENO-TAHOE INTL AIRPORT NV CLIMATE NORMALS FOR TODAY
                         NORMAL    RECORD    YEAR
 MAXIMUM TEMPERATURE (F)   79        93      2011
                                             2003
 MINIMUM TEMPERATURE (F)   46        27      1977
                                             1945
                                             1941


SUNRISE AND SUNSET
SEPTEMBER 23 2017.....SUNRISE   648 AM PDT   SUNSET   654 PM PDT
SEPTEMBER 24 2017.....SUNRISE   649 AM PDT   SUNSET   652 PM PDT


-  INDICATES NEGATIVE NUMBERS.
R  INDICATES RECORD WAS SET OR TIED.
MM INDICATES DATA IS MISSING.
T  INDICATES TRACE AMOUNT.




$$
