000
CDUS45 KREV 240040
CLIRNO


CLIMATE REPORT
NATIONAL WEATHER SERVICE RENO NV
440 PM PST TUE JAN 23 2018


...................................

...THE RENO-TAHOE INTL AIRPORT NV CLIMATE SUMMARY FOR JANUARY 23 2018...
VALID TODAY AS OF 0400 PM LOCAL TIME.

CLIMATE NORMAL PERIOD 1981 TO 2010
CLIMATE RECORD PERIOD 1888 TO 2018


WEATHER ITEM   OBSERVED TIME   RECORD YEAR NORMAL DEPARTURE LAST
                VALUE   (LST)  VALUE       VALUE  FROM      YEAR
                                                  NORMAL
..................................................................
TEMPERATURE (F)
 TODAY
  MAXIMUM         52    359 PM  68    1948  46      6       37
  MINIMUM         24    701 AM -10    1962  26     -2       19
  AVERAGE         38                        36      2       28

PRECIPITATION (IN)
  TODAY            0.00          0.79 1923   0.03  -0.03      T
  MONTH TO DATE    0.54                      0.80  -0.26     5.57
  SINCE OCT 1      2.11                      3.16  -1.05     9.36
  SINCE JAN 1      0.54                      0.80  -0.26     5.57

SNOWFALL (IN)
  TODAY            0.0           2.0  1923   0.1   -0.1       T
  MONTH TO DATE    T                         4.7   -4.7     18.8
  SINCE DEC 1      1.0                       9.6   -8.6     19.6
  SINCE JUL 1      1.0                      13.1  -12.1     20.2
  SNOW DEPTH       0

DEGREE DAYS
 HEATING
  TODAY           27                        29     -2       37
  MONTH TO DATE  512                       685   -173      710
  SINCE DEC 1   1390                      1606   -216     1573
  SINCE JUL 1   2330                      2709   -379     2451

 COOLING
  TODAY            0                         0      0        0
  MONTH TO DATE    0                         0      0        0
  SINCE DEC 1      0                         0      0        0
  SINCE JAN 1      0                         0      0        0
..................................................................


WIND (MPH)
  RESULTANT WIND SPEED   0   RESULTANT WIND DIRECTION   S (170)
  HIGHEST WIND SPEED     6   HIGHEST WIND DIRECTION     S (190)
  HIGHEST GUST SPEED     8   HIGHEST GUST DIRECTION     S (160)
  AVERAGE WIND SPEED     0.9



WEATHER CONDITIONS
 THE FOLLOWING WEATHER WAS RECORDED TODAY.
  NO SIGNIFICANT WEATHER WAS OBSERVED.


RELATIVE HUMIDITY (PERCENT)
 HIGHEST    88           500 AM
 LOWEST     35           300 PM
 AVERAGE    62

..........................................................


THE RENO-TAHOE INTL AIRPORT NV CLIMATE NORMALS FOR TOMORROW
                         NORMAL    RECORD    YEAR
 MAXIMUM TEMPERATURE (F)   47        67      1948
 MINIMUM TEMPERATURE (F)   26        -6      1962
                                             1949


SUNRISE AND SUNSET
JANUARY 23 2018.......SUNRISE   714 AM PST   SUNSET   509 PM PST
JANUARY 24 2018.......SUNRISE   713 AM PST   SUNSET   510 PM PST


-  INDICATES NEGATIVE NUMBERS.
R  INDICATES RECORD WAS SET OR TIED.
MM INDICATES DATA IS MISSING.
T  INDICATES TRACE AMOUNT.




$$
