000
CDUS45 KREV 200845
CLIRNO


CLIMATE REPORT
NATIONAL WEATHER SERVICE RENO NV
145 AM PDT WED AUG 20 2014


...................................

...THE RENO TAHOE AIRPORT NV CLIMATE SUMMARY FOR AUGUST 19 2014...

CLIMATE NORMAL PERIOD 1981 TO 2010
CLIMATE RECORD PERIOD 1888 TO 2014


WEATHER ITEM   OBSERVED TIME   RECORD YEAR NORMAL DEPARTURE LAST
                VALUE   (LST)  VALUE       VALUE  FROM      YEAR
                                                  NORMAL
..................................................................
TEMPERATURE (F)
 YESTERDAY
  MAXIMUM         92    356 PM  99    2009  90      2       85
                                      2003
                                      1937
  MINIMUM         60    606 AM  34    1974  55      5       69
  AVERAGE         76                        73      3       77

PRECIPITATION (IN)
  YESTERDAY        0.00          0.28 1975   0.00   0.00      T
  MONTH TO DATE    1.08                      0.16   0.92     1.04
  SINCE OCT 1      4.24                      6.98  -2.74     6.04
  SINCE JAN 1      3.28                      4.62  -1.34     3.00

SNOWFALL (IN)
  YESTERDAY        0.0           0.0    MM   0.0    0.0      0.0
  MONTH TO DATE    0.0                       0.0    0.0       T
  SINCE JUN 1      0.0                       T      0.0       T
  SINCE JUL 1      0.0                       0.0    0.0       T
  SNOW DEPTH       0

DEGREE DAYS
 HEATING
  YESTERDAY        0                         0      0        0
  MONTH TO DATE    4                         0      4        0
  SINCE JUN 1     14                        61    -47       16
  SINCE JUL 1      4                         5     -1        0

 COOLING
  YESTERDAY       11                         8      3       12
  MONTH TO DATE  191                       180     11      189
  SINCE JUN 1    893                       630    263      892
  SINCE JAN 1    940                       667    273      928
..................................................................


WIND (MPH)
  RESULTANT WIND SPEED   5   RESULTANT WIND DIRECTION  NW (320)
  HIGHEST WIND SPEED    24   HIGHEST WIND DIRECTION     W (290)
  HIGHEST GUST SPEED    31   HIGHEST GUST DIRECTION     W (280)
  AVERAGE WIND SPEED     8.2



WEATHER CONDITIONS
 THE FOLLOWING WEATHER WAS RECORDED YESTERDAY.
  NO SIGNIFICANT WEATHER WAS OBSERVED.


RELATIVE HUMIDITY (PERCENT)
 HIGHEST    46           500 AM
 LOWEST      9           300 PM
 AVERAGE    28

..........................................................


THE RENO TAHOE AIRPORT NV CLIMATE NORMALS FOR TODAY
                         NORMAL    RECORD    YEAR
 MAXIMUM TEMPERATURE (F)   90       101      2009
 MINIMUM TEMPERATURE (F)   55        36      1974
                                             1963


SUNRISE AND SUNSET
AUGUST 20 2014........SUNRISE   616 AM PDT   SUNSET   748 PM PDT
AUGUST 21 2014........SUNRISE   617 AM PDT   SUNSET   746 PM PDT


-  INDICATES NEGATIVE NUMBERS.
R  INDICATES RECORD WAS SET OR TIED.
MM INDICATES DATA IS MISSING.
T  INDICATES TRACE AMOUNT.




$$
