000
CDUS45 KREV 250836
CLIRNO


CLIMATE REPORT
NATIONAL WEATHER SERVICE RENO NV
135 AM PDT FRI JUL 25 2014


...................................

...THE RENO TAHOE AIRPORT NV CLIMATE SUMMARY FOR JULY 24 2014...

CLIMATE NORMAL PERIOD 1981 TO 2010
CLIMATE RECORD PERIOD 1888 TO 2014


WEATHER ITEM   OBSERVED TIME   RECORD YEAR NORMAL DEPARTURE LAST
                VALUE   (LST)  VALUE       VALUE  FROM      YEAR
                                                  NORMAL
..................................................................
TEMPERATURE (F)
 YESTERDAY
  MAXIMUM         90    401 PM 102    2010  94     -4       95
                                      1928
  MINIMUM         57    513 AM  38    1947  59     -2       65
  AVERAGE         74                        76     -2       80

PRECIPITATION (IN)
  YESTERDAY        0.00          0.23 1944   0.01  -0.01     0.00
  MONTH TO DATE    0.20                      0.13   0.07     0.21
  SINCE OCT 1      3.16                      6.77  -3.61     4.72
  SINCE JAN 1      2.20                      4.41  -2.21     1.68

SNOWFALL (IN)
  YESTERDAY        0.0           0.0    MM   0.0    0.0      0.0
  MONTH TO DATE    0.0                       0.0    0.0      0.0
  SINCE JUN 1      0.0                       T      0.0      0.0
  SINCE JUL 1      0.0                       0.0    0.0      0.0
  SNOW DEPTH       0

DEGREE DAYS
 HEATING
  YESTERDAY        0                         0      0        0
  MONTH TO DATE    0                         0      0        0
  SINCE JUN 1     10                        56    -46       16
  SINCE JUL 1      0                         0      0        0

 COOLING
  YESTERDAY        9                        11     -2       15
  MONTH TO DATE  385                       237    148      377
  SINCE JUN 1    597                       373    224      604
  SINCE JAN 1    644                       410    234      640
..................................................................


WIND (MPH)
  RESULTANT WIND SPEED   3   RESULTANT WIND DIRECTION   N (10)
  HIGHEST WIND SPEED    16   HIGHEST WIND DIRECTION     N (20)
  HIGHEST GUST SPEED    21   HIGHEST GUST DIRECTION    NE (50)
  AVERAGE WIND SPEED     5.8



WEATHER CONDITIONS
 THE FOLLOWING WEATHER WAS RECORDED YESTERDAY.
  NO SIGNIFICANT WEATHER WAS OBSERVED.


RELATIVE HUMIDITY (PERCENT)
 HIGHEST    57           500 AM
 LOWEST     15           400 PM
 AVERAGE    36

..........................................................


THE RENO TAHOE AIRPORT NV CLIMATE NORMALS FOR TODAY
                         NORMAL    RECORD    YEAR
 MAXIMUM TEMPERATURE (F)   94       104      1980
 MINIMUM TEMPERATURE (F)   59        38      1947
                                             1945


SUNRISE AND SUNSET
JULY 25 2014..........SUNRISE   553 AM PDT   SUNSET   818 PM PDT
JULY 26 2014..........SUNRISE   553 AM PDT   SUNSET   817 PM PDT


-  INDICATES NEGATIVE NUMBERS.
R  INDICATES RECORD WAS SET OR TIED.
MM INDICATES DATA IS MISSING.
T  INDICATES TRACE AMOUNT.




$$
