000
CDUS45 KREV 280849
CLIRNO


CLIMATE REPORT
NATIONAL WEATHER SERVICE RENO NV
1249 AM PST SAT FEB 28 2015


...................................

...THE RENO TAHOE AIRPORT NV CLIMATE SUMMARY FOR FEBRUARY 27 2015...

CLIMATE NORMAL PERIOD 1981 TO 2010
CLIMATE RECORD PERIOD 1888 TO 2015


WEATHER ITEM   OBSERVED TIME   RECORD YEAR NORMAL DEPARTURE LAST
                VALUE   (LST)  VALUE       VALUE  FROM      YEAR
                                                  NORMAL
..................................................................
TEMPERATURE (F)
 YESTERDAY
  MAXIMUM         54    242 PM  74    1986  54      0       57
  MINIMUM         35    658 AM -12    1962  31      4       39
  AVERAGE         45                        43      2       48

PRECIPITATION (IN)
  YESTERDAY        0.01          0.55 2006   0.04  -0.03     0.15
                                      1898
  MONTH TO DATE    1.22                      0.98   0.24     0.54
  SINCE OCT 1      2.70                      4.37  -1.67     1.88
  SINCE JAN 1      1.28                      2.01  -0.73     0.92

SNOWFALL (IN)
  YESTERDAY        0.0           4.7  1955   0.2   -0.2      0.0
  MONTH TO DATE    0.0                       4.8   -4.8      1.1
  SINCE DEC 1      2.2                      15.3  -13.1      5.8
  SINCE JUL 1      2.2                      18.8  -16.6      6.2
  SNOW DEPTH       0

DEGREE DAYS
 HEATING
  YESTERDAY       20                        22     -2       17
  MONTH TO DATE  488                       679   -191      541
  SINCE DEC 1   2011                      2513   -502     2444
  SINCE JUL 1   2836                      3616   -780     3562

 COOLING
  YESTERDAY        0                         0      0        0
  MONTH TO DATE    0                         0      0        0
  SINCE DEC 1      0                         0      0        0
  SINCE JAN 1      0                         0      0        0
..................................................................


WIND (MPH)
  RESULTANT WIND SPEED   3   RESULTANT WIND DIRECTION   W (290)
  HIGHEST WIND SPEED    30   HIGHEST WIND DIRECTION     W (270)
  HIGHEST GUST SPEED    39   HIGHEST GUST DIRECTION     W (280)
  AVERAGE WIND SPEED     5.8



WEATHER CONDITIONS
 THE FOLLOWING WEATHER WAS RECORDED YESTERDAY.
  LIGHT RAIN


RELATIVE HUMIDITY (PERCENT)
 HIGHEST    82          1000 PM
 LOWEST     32           300 PM
 AVERAGE    57

..........................................................


THE RENO TAHOE AIRPORT NV CLIMATE NORMALS FOR TODAY
                         NORMAL    RECORD    YEAR
 MAXIMUM TEMPERATURE (F)   55        75      1986
 MINIMUM TEMPERATURE (F)   31         7      1951


SUNRISE AND SUNSET
FEBRUARY 28 2015......SUNRISE   634 AM PST   SUNSET   550 PM PST
MARCH  1 2015.........SUNRISE   632 AM PST   SUNSET   551 PM PST


-  INDICATES NEGATIVE NUMBERS.
R  INDICATES RECORD WAS SET OR TIED.
MM INDICATES DATA IS MISSING.
T  INDICATES TRACE AMOUNT.




$$
