000
CDUS45 KREV 300845
CLIRNO


CLIMATE REPORT
NATIONAL WEATHER SERVICE RENO NV
145 AM PDT TUE JUN 30 2015


...................................

...THE RENO TAHOE AIRPORT NV CLIMATE SUMMARY FOR JUNE 29 2015...

CLIMATE NORMAL PERIOD 1981 TO 2010
CLIMATE RECORD PERIOD 1888 TO 2015


WEATHER ITEM   OBSERVED TIME   RECORD YEAR NORMAL DEPARTURE LAST
                VALUE   (LST)  VALUE       VALUE  FROM      YEAR
                                                  NORMAL
..................................................................
TEMPERATURE (F)
 YESTERDAY
  MAXIMUM         99    324 PM 102    2013  88     11       97
  MINIMUM         70    526 AM  29    1963  55     15       56
  AVERAGE         85                        72     13       77

PRECIPITATION (IN)
  YESTERDAY        0.00          1.68 1920   0.01  -0.01     0.00
  MONTH TO DATE    0.41                      0.50  -0.09      T
  SINCE OCT 1      4.69                      6.63  -1.94     2.96
  SINCE JAN 1      3.27                      4.27  -1.00     2.00

SNOWFALL (IN)
  YESTERDAY        0.0           0.0    MM   0.0    0.0      0.0
  MONTH TO DATE    0.0                       0.0    0.0      0.0
  SINCE JUN 1      0.0                       0.0    0.0      0.0
  SINCE JUL 1      2.7                      21.8  -19.1      6.2
  SNOW DEPTH       0

DEGREE DAYS
 HEATING
  YESTERDAY        0                         1     -1        0
  MONTH TO DATE    7                        57    -50       10
  SINCE JUN 1      7                        57    -50       10
  SINCE JUL 1   3825                      4925  -1100     4553

 COOLING
  YESTERDAY       20                         7     13       12
  MONTH TO DATE  264                       129    135      198
  SINCE JUN 1    264                       129    135      198
  SINCE JAN 1    298                       166    132      245
..................................................................


WIND (MPH)
  RESULTANT WIND SPEED   3   RESULTANT WIND DIRECTION  SW (210)
  HIGHEST WIND SPEED    32   HIGHEST WIND DIRECTION     S (200)
  HIGHEST GUST SPEED    37   HIGHEST GUST DIRECTION     S (200)
  AVERAGE WIND SPEED     7.8



WEATHER CONDITIONS
 THE FOLLOWING WEATHER WAS RECORDED YESTERDAY.
  NO SIGNIFICANT WEATHER WAS OBSERVED.


RELATIVE HUMIDITY (PERCENT)
 HIGHEST    47           300 AM
 LOWEST     14           400 PM
 AVERAGE    31

..........................................................


THE RENO TAHOE AIRPORT NV CLIMATE NORMALS FOR TODAY
                         NORMAL    RECORD    YEAR
 MAXIMUM TEMPERATURE (F)   89       103      2013
 MINIMUM TEMPERATURE (F)   55        34      1963
                                             1952


SUNRISE AND SUNSET
JUNE 30 2015..........SUNRISE   535 AM PDT   SUNSET   830 PM PDT
JULY  1 2015..........SUNRISE   536 AM PDT   SUNSET   830 PM PDT


-  INDICATES NEGATIVE NUMBERS.
R  INDICATES RECORD WAS SET OR TIED.
MM INDICATES DATA IS MISSING.
T  INDICATES TRACE AMOUNT.




$$
