000
CDUS45 KREV 250836
CLIRNO


CLIMATE REPORT
NATIONAL WEATHER SERVICE RENO NV
1235 AM PST THU DEC 25 2014


...................................

...THE RENO TAHOE AIRPORT NV CLIMATE SUMMARY FOR DECEMBER 24 2014...

CLIMATE NORMAL PERIOD 1981 TO 2010
CLIMATE RECORD PERIOD 1888 TO 2014


WEATHER ITEM   OBSERVED TIME   RECORD YEAR NORMAL DEPARTURE LAST
                VALUE   (LST)  VALUE       VALUE  FROM      YEAR
                                                  NORMAL
..................................................................
TEMPERATURE (F)
 YESTERDAY
  MAXIMUM         59   1113 AM  67    1902  45     14       54
  MINIMUM         30    454 AM -11    1990  24      6       24
  AVERAGE         45                        34     11       39

PRECIPITATION (IN)
  YESTERDAY        0.03          0.69 1955   0.04  -0.01     0.00
  MONTH TO DATE    0.87                      0.77   0.10     0.41
  SINCE OCT 1      1.36                      2.10  -0.74     0.96
  SINCE JAN 1      4.93                      7.14  -2.21     4.02

SNOWFALL (IN)
  YESTERDAY        T             6.6  1988   0.2   -0.2      0.0
  MONTH TO DATE    0.4                       3.3   -2.9      4.3
  SINCE DEC 1      0.4                       3.3   -2.9      4.3
  SINCE JUL 1      0.4                       6.8   -6.4      4.7
  SNOW DEPTH       0

DEGREE DAYS
 HEATING
  YESTERDAY       20                        31    -11       26
  MONTH TO DATE  519                       707   -188      903
  SINCE DEC 1    519                       707   -188      903
  SINCE JUL 1   1344                      1810   -466     2021

 COOLING
  YESTERDAY        0                         0      0        0
  MONTH TO DATE    0                         0      0        0
  SINCE DEC 1      0                         0      0        0
  SINCE JAN 1   1211                       839    372     1174
..................................................................


WIND (MPH)
  RESULTANT WIND SPEED   4   RESULTANT WIND DIRECTION   W (290)
  HIGHEST WIND SPEED    37   HIGHEST WIND DIRECTION     W (250)
  HIGHEST GUST SPEED    46   HIGHEST GUST DIRECTION     W (260)
  AVERAGE WIND SPEED    10.9



WEATHER CONDITIONS
 THE FOLLOWING WEATHER WAS RECORDED YESTERDAY.
  RAIN
  LIGHT RAIN
  HEAVY SNOW
  SNOW
  LIGHT SNOW
  FOG
  HAZE


RELATIVE HUMIDITY (PERCENT)
 HIGHEST   100           300 AM
 LOWEST     33          1100 AM
 AVERAGE    67

..........................................................


THE RENO TAHOE AIRPORT NV CLIMATE NORMALS FOR TODAY
                         NORMAL    RECORD    YEAR
 MAXIMUM TEMPERATURE (F)   44        68      1902
 MINIMUM TEMPERATURE (F)   24         0      1924
                                             1891


SUNRISE AND SUNSET
DECEMBER 25 2014......SUNRISE   718 AM PST   SUNSET   441 PM PST
DECEMBER 26 2014......SUNRISE   718 AM PST   SUNSET   442 PM PST


-  INDICATES NEGATIVE NUMBERS.
R  INDICATES RECORD WAS SET OR TIED.
MM INDICATES DATA IS MISSING.
T  INDICATES TRACE AMOUNT.




$$
