000
CDUS45 KREV 010902
CLIRNO


CLIMATE REPORT
NATIONAL WEATHER SERVICE RENO NV
201 AM PDT SAT NOV 1 2014


...................................

...THE RENO TAHOE AIRPORT NV CLIMATE SUMMARY FOR OCTOBER 31 2014...

CLIMATE NORMAL PERIOD 1981 TO 2010
CLIMATE RECORD PERIOD 1888 TO 2014


WEATHER ITEM   OBSERVED TIME   RECORD YEAR NORMAL DEPARTURE LAST
                VALUE   (LST)  VALUE       VALUE  FROM      YEAR
                                                  NORMAL
..................................................................
TEMPERATURE (F)
 YESTERDAY
  MAXIMUM         70    227 PM  76    1965  62      8       62
                                      1939
                                      1931
  MINIMUM         43   1159 PM  13    1961  34      9       29
                                      1946
  AVERAGE         57                        48      9       46

PRECIPITATION (IN)
  YESTERDAY        0.18          0.44 1945   0.02   0.16     0.00
  MONTH TO DATE    0.18                      0.51  -0.33     0.06
  SINCE OCT 1      0.18                      0.51  -0.33     0.06
  SINCE JAN 1      3.75                      5.55  -1.80     3.12

SNOWFALL (IN)
  YESTERDAY       MM             0.8  1978   0.0   MM        0.0
  MONTH TO DATE    0.0                       0.3   -0.3      0.0
  SINCE SEP 1      0.0                       0.4   -0.4      0.0
  SINCE JUL 1      0.0                       0.4   -0.4       T
  SNOW DEPTH       0

DEGREE DAYS
 HEATING
  YESTERDAY        8                        17     -9       19
  MONTH TO DATE  202                       347   -145      416
  SINCE SEP 1    251                       426   -175      501
  SINCE JUL 1    255                       436   -181      501

 COOLING
  YESTERDAY        0                         0      0        0
  MONTH TO DATE    5                         5      0        0
  SINCE SEP 1    175                        93     82      141
  SINCE JAN 1   1211                       839    372     1174
..................................................................


WIND (MPH)
  RESULTANT WIND SPEED   3   RESULTANT WIND DIRECTION   W (280)
  HIGHEST WIND SPEED    25   HIGHEST WIND DIRECTION    SW (220)
  HIGHEST GUST SPEED    31   HIGHEST GUST DIRECTION     N (340)
  AVERAGE WIND SPEED    10.6



WEATHER CONDITIONS
 THE FOLLOWING WEATHER WAS RECORDED YESTERDAY.
  HEAVY RAIN
  LIGHT RAIN
  FOG


RELATIVE HUMIDITY (PERCENT)
 HIGHEST    83          1100 PM
 LOWEST     21          1100 AM
 AVERAGE    52

..........................................................


THE RENO TAHOE AIRPORT NV CLIMATE NORMALS FOR TODAY
                         NORMAL    RECORD    YEAR
 MAXIMUM TEMPERATURE (F)   62        77      2005
                                             1960
 MINIMUM TEMPERATURE (F)   34        15      1971
                                             1943


SUNRISE AND SUNSET
NOVEMBER  1 2014......SUNRISE   727 AM PDT   SUNSET   557 PM PDT
NOVEMBER  2 2014......SUNRISE   629 AM PST   SUNSET   456 PM PST


-  INDICATES NEGATIVE NUMBERS.
R  INDICATES RECORD WAS SET OR TIED.
MM INDICATES DATA IS MISSING.
T  INDICATES TRACE AMOUNT.




$$
