000
CDUS45 KREV 240839
CLIRNO


CLIMATE REPORT
NATIONAL WEATHER SERVICE RENO NV
139 AM PDT SUN JUL 24 2016


...................................

...THE RENO TAHOE AIRPORT NV CLIMATE SUMMARY FOR JULY 23 2016...

CLIMATE NORMAL PERIOD 1981 TO 2010
CLIMATE RECORD PERIOD 1888 TO 2016


WEATHER ITEM   OBSERVED TIME   RECORD YEAR NORMAL DEPARTURE LAST
                VALUE   (LST)  VALUE       VALUE  FROM      YEAR
                                                  NORMAL
..................................................................
TEMPERATURE (F)
 YESTERDAY
  MAXIMUM         93    525 PM 103    1942  94     -1       87
  MINIMUM         57    526 AM  38    1965  59     -2       58
                                      1947
  AVERAGE         75                        76     -1       73

PRECIPITATION (IN)
  YESTERDAY        0.00          0.91 1913   0.00   0.00     0.00
  MONTH TO DATE    0.00                      0.12  -0.12     0.51
  SINCE OCT 1      9.16                      6.76   2.40     5.72
  SINCE JAN 1      5.21                      4.40   0.81     4.30

SNOWFALL (IN)
  YESTERDAY        0.0           0.0    MM   0.0    0.0      0.0
  MONTH TO DATE    0.0                       0.0    0.0      0.0
  SINCE JUN 1      0.0                       T      0.0      0.0
  SINCE JUL 1      0.0                       0.0    0.0      0.0
  SNOW DEPTH       0

DEGREE DAYS
 HEATING
  YESTERDAY        0                         0      0        0
  MONTH TO DATE    0                         0      0        1
  SINCE JUN 1     15                        56    -41        8
  SINCE JUL 1      0                         0      0        1

 COOLING
  YESTERDAY       10                        11     -1        8
  MONTH TO DATE  227                       226      1      242
  SINCE JUN 1    491                       362    129      527
  SINCE JAN 1    519                       399    120      561
..................................................................


WIND (MPH)
  RESULTANT WIND SPEED   2   RESULTANT WIND DIRECTION   N (10)
  HIGHEST WIND SPEED    17   HIGHEST WIND DIRECTION     N (10)
  HIGHEST GUST SPEED    20   HIGHEST GUST DIRECTION     N (20)
  AVERAGE WIND SPEED     4.4



WEATHER CONDITIONS
 THE FOLLOWING WEATHER WAS RECORDED YESTERDAY.
  NO SIGNIFICANT WEATHER WAS OBSERVED.


RELATIVE HUMIDITY (PERCENT)
 HIGHEST    30           500 AM
 LOWEST      8           100 PM
 AVERAGE    19

..........................................................


THE RENO TAHOE AIRPORT NV CLIMATE NORMALS FOR TODAY
                         NORMAL    RECORD    YEAR
 MAXIMUM TEMPERATURE (F)   94       102      2010
                                             1928
 MINIMUM TEMPERATURE (F)   59        38      1947


SUNRISE AND SUNSET
JULY 24 2016..........SUNRISE   552 AM PDT   SUNSET   819 PM PDT
JULY 25 2016..........SUNRISE   553 AM PDT   SUNSET   818 PM PDT


-  INDICATES NEGATIVE NUMBERS.
R  INDICATES RECORD WAS SET OR TIED.
MM INDICATES DATA IS MISSING.
T  INDICATES TRACE AMOUNT.




$$
