000
CDUS45 KREV 230848
CLIRNO


CLIMATE REPORT
NATIONAL WEATHER SERVICE RENO NV
1246 AM PST MON JAN 23 2017


...................................

...THE RENO TAHOE AIRPORT NV CLIMATE SUMMARY FOR JANUARY 22 2017...

CLIMATE NORMAL PERIOD 1981 TO 2010
CLIMATE RECORD PERIOD 1888 TO 2017


WEATHER ITEM   OBSERVED TIME   RECORD YEAR NORMAL DEPARTURE LAST
                VALUE   (LST)  VALUE       VALUE  FROM      YEAR
                                                  NORMAL
..................................................................
TEMPERATURE (F)
 YESTERDAY
  MAXIMUM         42    230 PM  65    1981  46     -4       58
  MINIMUM         29   1056 PM  -9    1890  26      3       36
  AVERAGE         36                        36      0       47

PRECIPITATION (IN)
  YESTERDAY        0.69          0.97 1943   0.03   0.66     0.05
  MONTH TO DATE    5.57                      0.77   4.80     0.71
  SINCE OCT 1      9.36                      3.13   6.23     4.66
  SINCE JAN 1      5.57                      0.77   4.80     0.71

SNOWFALL (IN)
  YESTERDAY        7.6 R         4.0  1923   0.1    7.5      0.0
  MONTH TO DATE   18.8                       4.6   14.2      3.1
  SINCE DEC 1     19.6                       9.5   10.1      9.4
  SINCE JUL 1     20.2                      13.0    7.2     14.5
  SNOW DEPTH       5

DEGREE DAYS
 HEATING
  YESTERDAY       29                        29      0       18
  MONTH TO DATE  673                       656     17      624
  SINCE DEC 1   1536                      1577    -41     1519
  SINCE JUL 1   2414                      2680   -266     2512

 COOLING
  YESTERDAY        0                         0      0        0
  MONTH TO DATE    0                         0      0        0
  SINCE DEC 1      0                         0      0        0
  SINCE JAN 1      0                         0      0        0
..................................................................


WIND (MPH)
  RESULTANT WIND SPEED   1   RESULTANT WIND DIRECTION  NW (310)
  HIGHEST WIND SPEED    21   HIGHEST WIND DIRECTION     S (200)
  HIGHEST GUST SPEED    23   HIGHEST GUST DIRECTION     S (190)
  AVERAGE WIND SPEED     5.7



WEATHER CONDITIONS
 THE FOLLOWING WEATHER WAS RECORDED YESTERDAY.
  LIGHT RAIN
  HEAVY SNOW
  SNOW
  LIGHT SNOW
  FOG


RELATIVE HUMIDITY (PERCENT)
 HIGHEST   100           400 AM
 LOWEST     54          1200 AM
 AVERAGE    77

..........................................................


THE RENO TAHOE AIRPORT NV CLIMATE NORMALS FOR TODAY
                         NORMAL    RECORD    YEAR
 MAXIMUM TEMPERATURE (F)   46        68      1948
 MINIMUM TEMPERATURE (F)   26       -10      1962


SUNRISE AND SUNSET
JANUARY 23 2017.......SUNRISE   713 AM PST   SUNSET   509 PM PST
JANUARY 24 2017.......SUNRISE   713 AM PST   SUNSET   510 PM PST


-  INDICATES NEGATIVE NUMBERS.
R  INDICATES RECORD WAS SET OR TIED.
MM INDICATES DATA IS MISSING.
T  INDICATES TRACE AMOUNT.




$$
