000
CDUS41 KRNK 050904
CLIROA


CLIMATE REPORT
NATIONAL WEATHER SERVICE BLACKSBURG VA
403 AM EST MON DEC 5 2016


...................................

...THE ROANOKE VA CLIMATE SUMMARY FOR DECEMBER 4 2016...

CLIMATE NORMAL PERIOD 1981 TO 2010
CLIMATE RECORD PERIOD 1912 TO 2016


WEATHER ITEM   OBSERVED TIME   RECORD YEAR NORMAL DEPARTURE LAST
                VALUE   (LST)  VALUE       VALUE  FROM      YEAR
                                                  NORMAL
..................................................................
TEMPERATURE (F)
 YESTERDAY
  MAXIMUM         39    302 PM  76    1982  51    -12       54
  MINIMUM         36    835 AM  10    1940  33      3       27
  AVERAGE         38                        42     -4       41

PRECIPITATION (IN)
  YESTERDAY        0.20          2.61 1993   0.11   0.09     0.00
  MONTH TO DATE    0.20                      0.42  -0.22     1.55
  SINCE DEC 1      0.20                      0.42  -0.22     1.55
  SINCE JAN 1     44.22                     38.73   5.49    51.56

SNOWFALL (IN)
  YESTERDAY        0.0                                       0.0
  MONTH TO DATE    0.0                                       0.0
  SINCE DEC 1      0.0                                       0.0
  SINCE JUL 1      0.0                                       0.0
  SNOW DEPTH       0

DEGREE DAYS
 HEATING
  YESTERDAY       27                        23      4       24
  MONTH TO DATE   86                        91     -5       84
  SINCE DEC 1     86                        91     -5       84
  SINCE JUL 1    614                       895   -281      726

 COOLING
  YESTERDAY        0                         0      0        0
  MONTH TO DATE    0                         0      0        0
  SINCE DEC 1      0                         0      0        0
  SINCE JAN 1   1563                      1208    355     1413
..................................................................


WIND (MPH)
  HIGHEST WIND SPEED    12   HIGHEST WIND DIRECTION    SE (140)
  HIGHEST GUST SPEED    14   HIGHEST GUST DIRECTION    SE (140)
  AVERAGE WIND SPEED     5.3


SKY COVER
  AVERAGE SKY COVER 0.8


WEATHER CONDITIONS
 THE FOLLOWING WEATHER WAS RECORDED YESTERDAY.
  LIGHT RAIN
  FOG


RELATIVE HUMIDITY (PERCENT)
 HIGHEST    92           500 PM
 LOWEST     64          1200 AM
 AVERAGE    78

..........................................................


THE ROANOKE VA CLIMATE NORMALS FOR TODAY
                         NORMAL    RECORD    YEAR
 MAXIMUM TEMPERATURE (F)   51        76      2001
 MINIMUM TEMPERATURE (F)   32        17      1974


SUNRISE AND SUNSET
DECEMBER  5 2016......SUNRISE   719 AM EST   SUNSET   502 PM EST
DECEMBER  6 2016......SUNRISE   720 AM EST   SUNSET   502 PM EST


-  INDICATES NEGATIVE NUMBERS.
R  INDICATES RECORD WAS SET OR TIED.
MM INDICATES DATA IS MISSING.
T  INDICATES TRACE AMOUNT.




$$
