000
CDUS41 KRNK 190842
CLIROA


CLIMATE REPORT
NATIONAL WEATHER SERVICE BLACKSBURG VA
342 AM EST MON FEB 19 2018


...................................

...THE ROANOKE VA CLIMATE SUMMARY FOR FEBRUARY 18 2018...

CLIMATE NORMAL PERIOD 1981 TO 2010
CLIMATE RECORD PERIOD 1912 TO 2018


WEATHER ITEM   OBSERVED TIME   RECORD YEAR NORMAL DEPARTURE LAST
                VALUE   (LST)  VALUE       VALUE  FROM      YEAR
                                                  NORMAL
..................................................................
TEMPERATURE (F)
 YESTERDAY
  MAXIMUM         55    336 PM  72    2011  50      5       71
                                      1971
  MINIMUM         37   1200 AM   4    1958  30      7       47
  AVERAGE         46                        40      6       59

PRECIPITATION (IN)
  YESTERDAY        0.00          1.67 1940   0.11  -0.11      T
  MONTH TO DATE    3.69                      1.88   1.81     0.22
  SINCE DEC 1      6.19                      7.74  -1.55     7.11
  SINCE JAN 1      5.83                      4.80   1.03     4.32

SNOWFALL (IN)
  YESTERDAY        0.0                                       0.0
  MONTH TO DATE    1.5                                        T
  SINCE DEC 1      5.1                                       4.5
  SINCE JUL 1      5.1                                       4.5
  SNOW DEPTH       0

DEGREE DAYS
 HEATING
  YESTERDAY       19                        25     -6        6
  MONTH TO DATE  411                       476    -65      334
  SINCE DEC 1   2158                      2164     -6     1810
  SINCE JUL 1   2893                      2968    -75     2338

 COOLING
  YESTERDAY        0                         0      0        0
  MONTH TO DATE    0                         0      0        0
  SINCE DEC 1      0                         0      0        0
  SINCE JAN 1      0                         0      0        0
..................................................................


WIND (MPH)
  HIGHEST WIND SPEED    28   HIGHEST WIND DIRECTION    NW (300)
  HIGHEST GUST SPEED    39   HIGHEST GUST DIRECTION    NW (310)
  AVERAGE WIND SPEED     6.9


SKY COVER
  AVERAGE SKY COVER 0.3


WEATHER CONDITIONS
 THE FOLLOWING WEATHER WAS RECORDED YESTERDAY.
  NO SIGNIFICANT WEATHER WAS OBSERVED.


RELATIVE HUMIDITY (PERCENT)
 HIGHEST   100           100 AM
 LOWEST     35           300 PM
 AVERAGE    68

..........................................................


THE ROANOKE VA CLIMATE NORMALS FOR TODAY
                         NORMAL    RECORD    YEAR
 MAXIMUM TEMPERATURE (F)   50        77      1939
 MINIMUM TEMPERATURE (F)   30         4      2015


SUNRISE AND SUNSET
FEBRUARY 19 2018......SUNRISE   704 AM EST   SUNSET   604 PM EST
FEBRUARY 20 2018......SUNRISE   703 AM EST   SUNSET   605 PM EST


-  INDICATES NEGATIVE NUMBERS.
R  INDICATES RECORD WAS SET OR TIED.
MM INDICATES DATA IS MISSING.
T  INDICATES TRACE AMOUNT.




$$
